{"text_format":"3","workbook":"xlsx","n_sheets":5,"sheets":["Page 1 (Vegetation)","Privacy Act Information","Page 2 (Soil & Hydrology)","Vegetation Continued","Plant List"],"not_rendered":{"images":6,"macros":1,"defined_names":8,"comments":2},"read":"whole","date_system":"1900"}

{"sheet":"Page 1 (Vegetation)","index":0,"n_rows":76,"n_cols":59,"rows_kept":76,"merged":[[0,0,0,27],[0,28,0,36],[1,3,1,14],[1,15,1,23],[1,24,1,30],[1,31,1,34],[1,35,1,36],[2,5,2,25],[2,26,2,28],[2,29,2,30],[2,31,2,34],[2,35,2,36],[3,4,3,23],[3,24,3,27],[3,28,3,36],[4,7,4,12],[4,13,4,27],[4,28,4,32],[4,33,4,34],[4,35,4,36],[5,2,5,9],[5,11,5,24],[5,25,5,27],[5,28,5,31],[5,32,5,36],[6,5,6,28],[6,29,6,32],[6,33,6,36],[7,0,7,20],[7,21,7,23],[7,25,7,27],[7,29,7,34],[7,35,7,36],[8,11,8,20],[9,11,9,20],[9,21,9,36],[11,0,13,0],[11,1,11,7],[11,10,11,11],[11,13,13,17],[11,18,14,18],[11,19,11,36],[12,1,12,7],[12,10,12,11],[12,19,12,28],[12,31,12,32],[12,34,12,36],[13,1,13,7],[13,10,13,11],[13,19,14,36],[14,0,14,17],[15,0,17,0],[15,1,15,36],[16,1,17,36],[18,0,18,36],[19,0,46,0],[19,1,19,4],[19,5,19,6],[19,7,19,9],[19,12,19,14],[19,15,24,15],[19,16,19,20],[19,21,24,21],[19,22,19,24],[19,25,24,25],[19,26,25,26],[19,27,19,36],[20,2,20,10],[20,11,24,11],[20,12,20,14],[20,16,20,20],[20,22,20,24],[20,27,21,33],[20,34,20,36],[21,2,21,10],[21,12,21,14],[21,16,21,20],[21,22,21,24],[21,34,21,35],[22,2,22,10],[22,12,22,14],[22,16,22,20],[22,22,22,24],[22,27,23,33],[22,34,22,36],[23,2,23,10],[23,12,23,14],[23,16,23,20],[23,22,23,24],[23,34,23,35],[24,2,24,10],[24,12,24,14],[24,16,24,20],[24,22,24,24],[24,27,25,33],[24,34,24,36],[25,1,25,11],[25,12,25,14],[25,15,25,25],[25,34,25,35],[26,6,26,8],[26,9,26,10],[26,11,26,25],[26,26,26,36],[27,2,27,10],[27,11,31,11],[27,12,27,14],[27,15,31,15],[27,16,27,20],[27,21,31,21],[27,22,27,24],[27,25,31,25],[27,26,36,26],[27,27,27,36],[28,2,28,10],[28,12,28,14],[28,16,28,20],[28,22,28,24],[28,27,28,31],[28,33,28,35],[28,36,33,36],[29,2,29,10],[29,12,29,14],[29,16,29,20],[29,22,29,24],[29,27,29,29],[29,30,29,31],[29,34,29,35],[30,2,30,10],[30,12,30,14],[30,16,30,20],[30,22,30,24],[30,27,30,29],[30,30,30,31],[30,34,30,35],[31,2,31,10],[31,12,31,14],[31,16,31,20],[31,22,31,24],[31,27,31,29],[31,30,31,31],[31,34,31,35],[32,1,32,11],[32,12,32,14],[32,15,32,25],[32,27,32,29],[32,30,32,31],[32,34,32,35],[33,1,33,4],[33,5,33,6],[33,7,33,9],[33,10,33,25],[33,27,33,29],[33,30,33,31],[33,34,33,35],[34,2,34,10],[34,11,41,11],[34,12,34,14],[34,15,41,15],[34,16,34,20],[34,21,41,21],[34,22,34,24],[34,25,41,25],[34,30,34,31],[34,34,34,35],[35,2,35,10],[35,12,35,14],[35,16,35,20],[35,22,35,24],[35,27,35,32],[35,33,35,35],[36,2,36,10],[36,12,36,14],[36,16,36,20],[36,22,36,24],[36,27,36,36],[37,2,37,10],[37,12,37,14],[37,16,37,20],[37,22,37,24],[37,26,43,26],[37,27,37,36],[38,2,38,10],[38,12,38,14],[38,16,38,20],[38,22,38,24],[38,28,38,36],[39,2,39,10],[39,12,39,14],[39,16,39,20],[39,22,39,24],[39,28,39,36],[40,2,40,10],[40,12,40,14],[40,16,40,20],[40,22,40,24],[40,28,40,36],[41,2,41,10],[41,12,41,14],[41,16,41,20],[41,22,41,24],[41,28,41,36],[42,1,42,11],[42,12,42,14],[42,15,42,25],[42,27,43,36],[43,6,43,8],[43,9,43,10],[43,11,43,25],[44,2,44,10],[44,11,45,11],[44,12,44,14],[44,15,45,15],[44,16,44,20],[44,21,45,21],[44,22,44,24],[44,25,45,25],[44,26,46,26],[44,27,46,29],[44,30,45,36],[45,2,45,10],[45,12,45,14],[45,16,45,20],[45,22,45,24],[46,1,46,11],[46,12,46,14],[46,15,46,25],[46,32,46,33],[46,35,46,36],[47,1,47,25],[47,26,47,36],[48,0,51,0],[48,1,48,36],[49,1,51,36]]}
["U.S.  Army Corps of Engineers\nWETLAND DETERMINATION DATA SHEET – Caribbean Islands Region\nSee ERDC/EL TR-11-4; the proponent agency is CECW-CO-R",{"$nulls":27},"OMB Control #: 0710-0024, Exp: 11/30/2024\nRequirement Control Symbol EXEMPT:\n(Authority: AR 335-15, paragraph 5-2a)",{"$nulls":8},"Caribbean Islands Region Automated Wetland Determination Data Sheet (ADS) version 1.15",null,null,{"$f":"IF(AND(C25=\"\",C32=\"\",C42=\"\",C46=\"\"),FALSE,TRUE)","v":false},{"$f":"ISERROR('Vegetation Continued'!Z4)","v":false}]
["Project/Site:",{"$nulls":14},"Municipality/Town:",{"$nulls":15},"Sampling Date:",{"$nulls":7},"State List"]
["Applicant/Owner:",{"$nulls":25},"PR or USVI:",{"$nulls":4},"Sampling Point:",{"$nulls":7},"PR"]
["Investigator(s):",{"$nulls":23},"Ward/Estate:",{"$nulls":14},"USVI"]
["Landform (hillside, terrace, etc.):",{"$nulls":12},"Local relief (concave, convex, none):",{"$nulls":19},"Slope (%):"]
["Lat:",{"$nulls":9},"Long:",{"$nulls":14},"Datum:",{"$nulls":13},"Indicators"]
["Soil Map Unit Name:",{"$nulls":28},"NWI classification:",{"$nulls":9},"OBL"]
["Are climatic / hydrologic conditions on the site typical for this time of year?",{"$nulls":20},"Yes",{"$nulls":3},"No",{"$nulls":3},"(If no, explain in Remarks.) ",{"$nulls":9},"FACW","Hydric Soil Present? "]
["Are Vegetation",{"$nulls":4},", Soil",null,", or Hydrology",{"$nulls":3},"significantly disturbed?",{"$nulls":9},"Are “Normal Circumstances” present?",{"$nulls":10},"Yes",null,"No",{"$nulls":4},"FAC",{"$f":"'Page 2 (Soil & Hydrology)'!AA27","v":""},{"$f":"'Page 2 (Soil & Hydrology)'!AC27","v":"X"}]
["Are Vegetation",{"$nulls":4},", Soil",null,", or Hydrology",{"$nulls":3},"naturally problematic?",{"$nulls":9},"(If needed, explain any answers in Remarks.)",{"$nulls":17},"FACU","Wetland Hydrology Present?"]
["SUMMARY OF FINDINGS – Attach site map showing sampling point locations, transects, important features, etc.",{"$nulls":38},"UPL",{"$f":"'Page 2 (Soil & Hydrology)'!AA50","v":""},{"$f":"'Page 2 (Soil & Hydrology)'!AC50","v":"X"}]
[null,"Hydrophytic Vegetation Present?",{"$nulls":6},"Yes",{"$f":"AF47","v":""},"No",null,{"$f":"AI47","v":"X"},{"$nulls":6},"Is the Sampled Area",{"$nulls":20},"Sampled Area within a Wetland"]
[null,"Hydric Soil Present? ",{"$nulls":6},"Yes",{"$f":"AO9","v":""},"No",null,{"$f":"AP9","v":"X"},{"$nulls":6},"within a Wetland?",{"$nulls":9},"Yes",{"$f":"AO13","v":""},"No",null,{"$f":"AP13","v":"X"},{"$nulls":6},{"$f":"IF(AND(J12=\"X\",J13=\"X\",J14=\"X\"),\"X\",\"\")","v":""},{"$f":"IF(AE13=\"\",\"X\",\"\")","v":"X"}]
[null,"Wetland Hydrology Present?",{"$nulls":6},"Yes",{"$f":"AO11","v":""},"No",null,{"$f":"AP11","v":"X"}]
[]
[null,"Remarks:"]
[]
[]
["VEGETATION – Use scientific names of plants."]
[null,"Tree Stratum",{"$nulls":3},"(Plot size:",{"$nulls":4},")",null,"Absolute % Cover",{"$nulls":3},"Dominant Species?",{"$nulls":5},"Indicator Status",{"$nulls":4},"Dominance Test worksheet:",{"$nulls":9},false,"This sampling point has passed the Rapid Test for Hydrophytic Vegetation.",null,null,"Absolute Cover","Dominance",null,"FAC-Neutral",{"$nulls":3},"Rapid","Prevalence Index Plant Totals For Worksheet",{"$nulls":4},"50/20 rule",{"$nulls":3},"Indicator Status"]
[null,"1.","",{"$nulls":13},{"$f":"IF(M21>0,IF(OR(AND(M$26<5,M$33=\"\",M$43=\"\",M$47=\"\"),M$26>=5),IF(AND(ISNA(MATCH(M21,BF$21:BF$33,0)),BC21<0.2),\"No\",\"Yes\"),\"No\"),\"\")","v":""},{"$nulls":5},{"$f":"IF(BG21=0,\"\",BG21)","v":""},{"$nulls":4},"Number of Dominant Species That Are OBL, FACW, or FAC:",{"$nulls":10},"I do not wish to have the Dominance Test worksheet calculated.",null,null,{"$f":"M21","v":0},{"$f":"IF(AND(Q21=\"Yes\",OR(W21=\"OBL\",W21=\"FACW\",W21=\"FAC\")),1,0)","v":0},{"$f":"IF(Q21=\"Yes\",1,0)","v":0},{"$f":"IF(AND(Q21=\"Yes\",OR(W21=\"OBL\",W21=\"FACW\")),1,0)","v":0},{"$f":"IF(AND(Q21=\"Yes\",OR(W21=\"UPL\",W21=\"FACU\")),1,0)","v":0},{"$f":"IF(OR(W21=\"OBL\",W21=\"FACW\"),1,0)","v":0},{"$f":"IF(OR(W21=\"UPL\",W21=\"FACU\"),1,0)","v":0},{"$f":"IF(AND(Q21=\"YES\",OR(W21=\"UPL\",W21=\"FACU\",W21=\"FAC\")),FALSE,TRUE)","v":true},{"$f":"IF($W21=\"obl\",$M21,0)","v":0},{"$f":"IF($W21=\"facw\",$M21,0)","v":0},{"$f":"IF($W21=\"fac\",$M21,0)","v":0},{"$f":"IF($W21=\"facu\",$M21,0)","v":0},{"$f":"IF($W21=\"upl\",$M21,0)","v":0},{"$f":"IFERROR(M21/M$26,0)","v":0},{"$f":"IFERROR(LARGE(AP$21:AP$33,1),0)","v":0},{"$f":"IFERROR(BD21/M$26,0)","v":0},{"$f":"IF(BD21>0,BD21,\"\")","v":""},{"$f":"IFERROR(VLOOKUP(C21,Plant_List,2,FALSE),\"\")","v":""}]
[null,"2.","",{"$nulls":13},{"$f":"IF(M22>0,IF(OR(AND(M$26<5,M$33=\"\",M$43=\"\",M$47=\"\"),M$26>=5),IF(AND(ISNA(MATCH(M22,BF$21:BF$33,0)),BC22<0.2),\"No\",\"Yes\"),\"No\"),\"\")","v":""},{"$nulls":5},{"$f":"IF(BG22=0,\"\",BG22)","v":""},{"$nulls":11},{"$f":"IF($AL$20=FALSE,IF(AI24=\"\",\"\",SUM(AQ21:AQ76)),\"\")","v":""},null,"(A)",{"$nulls":4},{"$f":"M22","v":0},{"$f":"IF(AND(Q22=\"Yes\",OR(W22=\"OBL\",W22=\"FACW\",W22=\"FAC\")),1,0)","v":0},{"$f":"IF(Q22=\"Yes\",1,0)","v":0},{"$f":"IF(AND(Q22=\"Yes\",OR(W22=\"OBL\",W22=\"FACW\")),1,0)","v":0},{"$f":"IF(AND(Q22=\"Yes\",OR(W22=\"UPL\",W22=\"FACU\")),1,0)","v":0},{"$f":"IF(OR(W22=\"OBL\",W22=\"FACW\"),1,0)","v":0},{"$f":"IF(OR(W22=\"UPL\",W22=\"FACU\"),1,0)","v":0},{"$f":"IF(AND(Q22=\"YES\",OR(W22=\"UPL\",W22=\"FACU\",W22=\"FAC\")),FALSE,TRUE)","v":true},{"$f":"IF($W22=\"obl\",$M22,0)","v":0},{"$f":"IF($W22=\"facw\",$M22,0)","v":0},{"$f":"IF($W22=\"fac\",$M22,0)","v":0},{"$f":"IF($W22=\"facu\",$M22,0)","v":0},{"$f":"IF($W22=\"upl\",$M22,0)","v":0},{"$f":"IFERROR(M22/M$26,0)","v":0},{"$f":"IFERROR(LARGE(AP$21:AP$33,2),0)","v":0},{"$f":"IFERROR(BD22/M$26,0)","v":0},{"$f":"IF(AND(BD22>0,BE21>0.5),\"\",BD22)","v":0},{"$f":"IFERROR(VLOOKUP(C22,Plant_List,2,FALSE),\"\")","v":""}]
[null,"3.",{"$nulls":14},"",{"$nulls":5},{"$f":"IF(BG23=0,\"\",BG23)","v":""},{"$nulls":4},"Total Number of Dominant Species Across All Strata:",{"$nulls":13},0,{"$f":"IF(AND(Q23=\"Yes\",OR(W23=\"OBL\",W23=\"FACW\",W23=\"FAC\")),1,0)","v":0},{"$f":"IF(Q23=\"Yes\",1,0)","v":0},{"$f":"IF(AND(Q23=\"Yes\",OR(W23=\"OBL\",W23=\"FACW\")),1,0)","v":0},{"$f":"IF(AND(Q23=\"Yes\",OR(W23=\"UPL\",W23=\"FACU\")),1,0)","v":0},0,0,{"$f":"IF(AND(Q23=\"YES\",OR(W23=\"UPL\",W23=\"FACU\",W23=\"FAC\")),FALSE,TRUE)","v":true},{"$f":"IF($W23=\"obl\",$M23,0)","v":0},{"$f":"IF($W23=\"facw\",$M23,0)","v":0},{"$f":"IF($W23=\"fac\",$M23,0)","v":0},{"$f":"IF($W23=\"facu\",$M23,0)","v":0},{"$f":"IF($W23=\"upl\",$M23,0)","v":0},{"$f":"IFERROR(M23/M$26,0)","v":0},{"$f":"IFERROR(LARGE(AP$21:AP$33,3),0)","v":0},{"$f":"IFERROR(BD23/M$26,0)","v":0},{"$f":"IF(AND(BD23>0,SUM(BE$21:BE22)>0.5),\"\",BD23)","v":0},{"$f":"IFERROR(VLOOKUP(C23,Plant_List,2,FALSE),\"\")","v":""}]
[null,"4.",{"$nulls":14},"",{"$nulls":5},{"$f":"IF(BG24=0,\"\",BG24)","v":""},{"$nulls":11},{"$f":"IF($AL$20=FALSE,IF(SUM(AR21:AR76)>0,SUM(AR21:AR76),\"\"),\"\")","v":""},null,"(B)",{"$nulls":4},0,{"$f":"IF(AND(Q24=\"Yes\",OR(W24=\"OBL\",W24=\"FACW\",W24=\"FAC\")),1,0)","v":0},{"$f":"IF(Q24=\"Yes\",1,0)","v":0},{"$f":"IF(AND(Q24=\"Yes\",OR(W24=\"OBL\",W24=\"FACW\")),1,0)","v":0},{"$f":"IF(AND(Q24=\"Yes\",OR(W24=\"UPL\",W24=\"FACU\")),1,0)","v":0},0,0,{"$f":"IF(AND(Q24=\"YES\",OR(W24=\"UPL\",W24=\"FACU\",W24=\"FAC\")),FALSE,TRUE)","v":true},{"$f":"IF($W24=\"obl\",$M24,0)","v":0},{"$f":"IF($W24=\"facw\",$M24,0)","v":0},{"$f":"IF($W24=\"fac\",$M24,0)","v":0},{"$f":"IF($W24=\"facu\",$M24,0)","v":0},{"$f":"IF($W24=\"upl\",$M24,0)","v":0},{"$f":"IFERROR(M24/M$26,0)","v":0},{"$f":"IFERROR(LARGE(AP$21:AP$33,4),0)","v":0},{"$f":"IFERROR(BD24/M$26,0)","v":0},{"$f":"IF(AND(BD24>0,SUM(BE$21:BE23)>0.5),\"\",BD24)","v":0},{"$f":"IFERROR(VLOOKUP(C24,Plant_List,2,FALSE),\"\")","v":""}]
[null,"5.","",{"$nulls":13},"",{"$nulls":5},{"$f":"IF(BG25=0,\"\",BG25)","v":""},{"$nulls":4},"Percent of Dominant Species That Are OBL, FACW, or FAC:",{"$nulls":13},0,{"$f":"IF(AND(Q25=\"Yes\",OR(W25=\"OBL\",W25=\"FACW\",W25=\"FAC\")),1,0)","v":0},{"$f":"IF(Q25=\"Yes\",1,0)","v":0},{"$f":"IF(AND(Q25=\"Yes\",OR(W25=\"OBL\",W25=\"FACW\")),1,0)","v":0},{"$f":"IF(AND(Q25=\"Yes\",OR(W25=\"UPL\",W25=\"FACU\")),1,0)","v":0},0,0,{"$f":"IF(AND(Q25=\"YES\",OR(W25=\"UPL\",W25=\"FACU\",W25=\"FAC\")),FALSE,TRUE)","v":true},{"$f":"IF($W25=\"obl\",$M25,0)","v":0},{"$f":"IF($W25=\"facw\",$M25,0)","v":0},{"$f":"IF($W25=\"fac\",$M25,0)","v":0},{"$f":"IF($W25=\"facu\",$M25,0)","v":0},{"$f":"IF($W25=\"upl\",$M25,0)","v":0},{"$f":"IFERROR(M25/M$26,0)","v":0},{"$f":"IFERROR(LARGE(AP$21:AP$33,5),0)","v":0},{"$f":"IFERROR(BD25/M$26,0)","v":0},{"$f":"IF(AND(BD25>0,SUM(BE$21:BE24)>0.5),\"\",BD25)","v":0},{"$f":"IFERROR(VLOOKUP(C25,Plant_List,2,FALSE),\"\")","v":""}]
[{"$nulls":12},{"$f":"IF(SUM(AP21:AP33)>0,SUM(AP21:AP33),\"\")","v":""},null,null,"=Total Cover",{"$nulls":18},{"$f":"IF(AI24=\"\",\"\",ROUND(AI22/AI24,3))","v":""},null,"(A/B)",{"$nulls":4},{"$f":"IFERROR('Vegetation Continued'!Z4,0)","v":0},{"$f":"IFERROR(IF(AND('Vegetation Continued'!AF4=\"Yes\",OR('Vegetation Continued'!AL4=\"OBL\",'Vegetation Continued'!AL4=\"FACW\",'Vegetation Continued'!AL4=\"FAC\")),1,0),0)","v":0},{"$f":"IFERROR(IF('Vegetation Continued'!AF4=\"Yes\",1,0),0)","v":0},{"$f":"IFERROR(IF(AND('Vegetation Continued'!AF4=\"Yes\",OR('Vegetation Continued'!AL4=\"OBL\",'Vegetation Continued'!AL4=\"FACW\")),1,0),0)","v":0},{"$f":"IFERROR(IF(AND('Vegetation Continued'!AF4=\"Yes\",OR('Vegetation Continued'!AL4=\"UPL\",'Vegetation Continued'!AL4=\"FACU\")),1,0),0)","v":0},{"$f":"IFERROR(IF(OR('Vegetation Continued'!AL4=\"OBL\",'Vegetation Continued'!AL4=\"FACW\"),1,0),0)","v":0},{"$f":"IFERROR(IF(OR('Vegetation Continued'!AL4=\"UPL\",'Vegetation Continued'!AL4=\"FACU\"),1,0),0)","v":0},{"$f":"IFERROR(IF(AND('Vegetation Continued'!AF4=\"YES\",OR('Vegetation Continued'!AL4=\"UPL\",'Vegetation Continued'!AL4=\"FACU\",'Vegetation Continued'!AL4=\"FAC\")),FALSE,TRUE),TRUE)","v":true},{"$f":"IFERROR(IF('Vegetation Continued'!AL4=\"obl\",AP26,0),0)","v":0},{"$f":"IFERROR(IF('Vegetation Continued'!AL4=\"facw\",AP26,0),0)","v":0},{"$f":"IFERROR(IF('Vegetation Continued'!AL4=\"fac\",AP26,0),0)","v":0},{"$f":"IFERROR(IF('Vegetation Continued'!AL4=\"facu\",AP26,0),0)","v":0},{"$f":"IFERROR(IF('Vegetation Continued'!AL4=\"upl\",AP26,0),0)","v":0},{"$f":"IFERROR(AP26/M$26,0)","v":0},{"$f":"IFERROR(LARGE(AP$21:AP$33,6),0)","v":0},{"$f":"IFERROR(BC26/M$26,0)","v":0},{"$f":"IF(AND(BD26>0,SUM(BE$21:BE25)>0.5),\"\",BD26)","v":0},{"$f":"IFERROR(VLOOKUP('Vegetation Continued'!D4,Plant_List,2,FALSE),\"\")","v":""}]
[null,"Sapling/Shrub Stratum",{"$nulls":4},"(Plot size:",{"$nulls":4},")",{"$nulls":29},{"$f":"IFERROR('Vegetation Continued'!Z5,0)","v":0},{"$f":"IFERROR(IF(AND('Vegetation Continued'!AF5=\"Yes\",OR('Vegetation Continued'!AL5=\"OBL\",'Vegetation Continued'!AL5=\"FACW\",'Vegetation Continued'!AL5=\"FAC\")),1,0),0)","v":0},{"$f":"IFERROR(IF('Vegetation Continued'!AF5=\"Yes\",1,0),0)","v":0},{"$f":"IFERROR(IF(AND('Vegetation Continued'!AF5=\"Yes\",OR('Vegetation Continued'!AL5=\"OBL\",'Vegetation Continued'!AL5=\"FACW\")),1,0),0)","v":0},{"$f":"IFERROR(IF(AND('Vegetation Continued'!AF5=\"Yes\",OR('Vegetation Continued'!AL5=\"UPL\",'Vegetation Continued'!AL5=\"FACU\")),1,0),0)","v":0},{"$f":"IFERROR(IF(OR('Vegetation Continued'!AL5=\"OBL\",'Vegetation Continued'!AL5=\"FACW\"),1,0),0)","v":0},{"$f":"IFERROR(IF(OR('Vegetation Continued'!AL5=\"UPL\",'Vegetation Continued'!AL5=\"FACU\"),1,0),0)","v":0},{"$f":"IFERROR(IF(AND('Vegetation Continued'!AF5=\"YES\",OR('Vegetation Continued'!AL5=\"UPL\",'Vegetation Continued'!AL5=\"FACU\",'Vegetation Continued'!AL5=\"FAC\")),FALSE,TRUE),TRUE)","v":true},{"$f":"IFERROR(IF('Vegetation Continued'!AL5=\"obl\",AP27,0),0)","v":0},{"$f":"IFERROR(IF('Vegetation Continued'!AL5=\"facw\",AP27,0),0)","v":0},{"$f":"IFERROR(IF('Vegetation Continued'!AL5=\"fac\",AP27,0),0)","v":0},{"$f":"IFERROR(IF('Vegetation Continued'!AL5=\"facu\",AP27,0),0)","v":0},{"$f":"IFERROR(IF('Vegetation Continued'!AL5=\"upl\",AP27,0),0)","v":0},{"$f":"IFERROR(AP27/M$26,0)","v":0},{"$f":"IFERROR(LARGE(AP$21:AP$33,7),0)","v":0},{"$f":"IFERROR(BC27/M$26,0)","v":0},{"$f":"IF(AND(BD27>0,SUM(BE$21:BE26)>0.5),\"\",BD27)","v":0},{"$f":"IFERROR(VLOOKUP('Vegetation Continued'!D5,Plant_List,2,FALSE),\"\")","v":""}]
[null,"1.","",{"$nulls":13},{"$f":"IF(M28>0,IF(OR(AND(M$33<5,M$26=\"\",M$43=\"\",M$47=\"\"),M$33>=5),IF(AND(ISNA(MATCH(M28,BF$35:BF$47,0)),BC35<0.2),\"No\",\"Yes\"),\"No\"),\"\")","v":""},{"$nulls":5},{"$f":"IF(BG35=0,\"\",BG35)","v":""},{"$nulls":4},"Prevalence Index worksheet:",{"$nulls":9},false,"This sampling point has passed the Rapid Test for Hydrophytic Vegetation",null,null,{"$f":"IFERROR('Vegetation Continued'!Z6,0)","v":0},{"$f":"IFERROR(IF(AND('Vegetation Continued'!AF6=\"Yes\",OR('Vegetation Continued'!AL6=\"OBL\",'Vegetation Continued'!AL6=\"FACW\",'Vegetation Continued'!AL6=\"FAC\")),1,0),0)","v":0},{"$f":"IFERROR(IF('Vegetation Continued'!AF6=\"Yes\",1,0),0)","v":0},{"$f":"IFERROR(IF(AND('Vegetation Continued'!AF6=\"Yes\",OR('Vegetation Continued'!AL6=\"OBL\",'Vegetation Continued'!AL6=\"FACW\")),1,0),0)","v":0},{"$f":"IFERROR(IF(AND('Vegetation Continued'!AF6=\"Yes\",OR('Vegetation Continued'!AL6=\"UPL\",'Vegetation Continued'!AL6=\"FACU\")),1,0),0)","v":0},{"$f":"IFERROR(IF(OR('Vegetation Continued'!AL6=\"OBL\",'Vegetation Continued'!AL6=\"FACW\"),1,0),0)","v":0},{"$f":"IFERROR(IF(OR('Vegetation Continued'!AL6=\"UPL\",'Vegetation Continued'!AL6=\"FACU\"),1,0),0)","v":0},{"$f":"IFERROR(IF(AND('Vegetation Continued'!AF6=\"YES\",OR('Vegetation Continued'!AL6=\"UPL\",'Vegetation Continued'!AL6=\"FACU\",'Vegetation Continued'!AL6=\"FAC\")),FALSE,TRUE),TRUE)","v":true},{"$f":"IFERROR(IF('Vegetation Continued'!AL6=\"obl\",AP28,0),0)","v":0},{"$f":"IFERROR(IF('Vegetation Continued'!AL6=\"facw\",AP28,0),0)","v":0},{"$f":"IFERROR(IF('Vegetation Continued'!AL6=\"fac\",AP28,0),0)","v":0},{"$f":"IFERROR(IF('Vegetation Continued'!AL6=\"facu\",AP28,0),0)","v":0},{"$f":"IFERROR(IF('Vegetation Continued'!AL6=\"upl\",AP28,0),0)","v":0},0,{"$f":"IFERROR(LARGE(AP$21:AP$33,8),0)","v":0},0,{"$f":"IF(AND(BD28>0,SUM(BE$21:BE27)>0.5),\"\",BD28)","v":0},{"$f":"IFERROR(VLOOKUP('Vegetation Continued'!D6,Plant_List,2,FALSE),\"\")","v":""}]
[null,"2.","",{"$nulls":13},{"$f":"IF(M29>0,IF(OR(AND(M$33<5,M$26=\"\",M$43=\"\",M$47=\"\"),M$33>=5),IF(AND(ISNA(MATCH(M29,BF$35:BF$47,0)),BC36<0.2),\"No\",\"Yes\"),\"No\"),\"\")","v":""},{"$nulls":5},{"$f":"IF(BG36=0,\"\",BG36)","v":""},{"$nulls":4},"Total % Cover of:",{"$nulls":5},"Multiply by:",{"$nulls":4},"and/or the Dominance Test.  I do not wish to have the Prevalence Index",null,null,{"$f":"IFERROR('Vegetation Continued'!Z7,0)","v":0},{"$f":"IFERROR(IF(AND('Vegetation Continued'!AF7=\"Yes\",OR('Vegetation Continued'!AL7=\"OBL\",'Vegetation Continued'!AL7=\"FACW\",'Vegetation Continued'!AL7=\"FAC\")),1,0),0)","v":0},{"$f":"IFERROR(IF('Vegetation Continued'!AF7=\"Yes\",1,0),0)","v":0},{"$f":"IFERROR(IF(AND('Vegetation Continued'!AF7=\"Yes\",OR('Vegetation Continued'!AL7=\"OBL\",'Vegetation Continued'!AL7=\"FACW\")),1,0),0)","v":0},{"$f":"IFERROR(IF(AND('Vegetation Continued'!AF7=\"Yes\",OR('Vegetation Continued'!AL7=\"UPL\",'Vegetation Continued'!AL7=\"FACU\")),1,0),0)","v":0},{"$f":"IFERROR(IF(OR('Vegetation Continued'!AL7=\"OBL\",'Vegetation Continued'!AL7=\"FACW\"),1,0),0)","v":0},{"$f":"IFERROR(IF(OR('Vegetation Continued'!AL7=\"UPL\",'Vegetation Continued'!AL7=\"FACU\"),1,0),0)","v":0},{"$f":"IFERROR(IF(AND('Vegetation Continued'!AF7=\"YES\",OR('Vegetation Continued'!AL7=\"UPL\",'Vegetation Continued'!AL7=\"FACU\",'Vegetation Continued'!AL7=\"FAC\")),FALSE,TRUE),TRUE)","v":true},{"$f":"IFERROR(IF('Vegetation Continued'!AL7=\"obl\",AP29,0),0)","v":0},{"$f":"IFERROR(IF('Vegetation Continued'!AL7=\"facw\",AP29,0),0)","v":0},{"$f":"IFERROR(IF('Vegetation Continued'!AL7=\"fac\",AP29,0),0)","v":0},{"$f":"IFERROR(IF('Vegetation Continued'!AL7=\"facu\",AP29,0),0)","v":0},{"$f":"IFERROR(IF('Vegetation Continued'!AL7=\"upl\",AP29,0),0)","v":0},0,{"$f":"IFERROR(LARGE(AP$21:AP$33,9),0)","v":0},0,{"$f":"IF(AND(BD29>0,SUM(BE$21:BE28)>0.5),\"\",BD29)","v":0},{"$f":"IFERROR(VLOOKUP('Vegetation Continued'!D7,Plant_List,2,FALSE),\"\")","v":""}]
[null,"3.","",{"$nulls":13},"",{"$nulls":5},{"$f":"IF(BG37=0,\"\",BG37)","v":""},{"$nulls":4},"OBL species",null,null,{"$f":"IF($AL$28=FALSE,IF(OR(ISNUMBER($M$26),ISNUMBER($M$33),ISNUMBER($M$43),ISNUMBER($M$47)),SUM(AX$21:AX$76),\"\"),\"\")","v":""},null,null,"x 1 =",{"$f":"IF(ISNUMBER(AE30),AE30,\"\")","v":""},{"$nulls":3},"worksheet calculated.",null,null,{"$f":"IFERROR('Vegetation Continued'!Z8,0)","v":0},{"$f":"IFERROR(IF(AND('Vegetation Continued'!AF8=\"Yes\",OR('Vegetation Continued'!AL8=\"OBL\",'Vegetation Continued'!AL8=\"FACW\",'Vegetation Continued'!AL8=\"FAC\")),1,0),0)","v":0},{"$f":"IFERROR(IF('Vegetation Continued'!AF8=\"Yes\",1,0),0)","v":0},{"$f":"IFERROR(IF(AND('Vegetation Continued'!AF8=\"Yes\",OR('Vegetation Continued'!AL8=\"OBL\",'Vegetation Continued'!AL8=\"FACW\")),1,0),0)","v":0},{"$f":"IFERROR(IF(AND('Vegetation Continued'!AF8=\"Yes\",OR('Vegetation Continued'!AL8=\"UPL\",'Vegetation Continued'!AL8=\"FACU\")),1,0),0)","v":0},{"$f":"IFERROR(IF(OR('Vegetation Continued'!AL8=\"OBL\",'Vegetation Continued'!AL8=\"FACW\"),1,0),0)","v":0},{"$f":"IFERROR(IF(OR('Vegetation Continued'!AL8=\"UPL\",'Vegetation Continued'!AL8=\"FACU\"),1,0),0)","v":0},{"$f":"IFERROR(IF(AND('Vegetation Continued'!AF8=\"YES\",OR('Vegetation Continued'!AL8=\"UPL\",'Vegetation Continued'!AL8=\"FACU\",'Vegetation Continued'!AL8=\"FAC\")),FALSE,TRUE),TRUE)","v":true},{"$f":"IFERROR(IF('Vegetation Continued'!AL8=\"obl\",AP30,0),0)","v":0},{"$f":"IFERROR(IF('Vegetation Continued'!AL8=\"facw\",AP30,0),0)","v":0},{"$f":"IFERROR(IF('Vegetation Continued'!AL8=\"fac\",AP30,0),0)","v":0},{"$f":"IFERROR(IF('Vegetation Continued'!AL8=\"facu\",AP30,0),0)","v":0},{"$f":"IFERROR(IF('Vegetation Continued'!AL8=\"upl\",AP30,0),0)","v":0},0,{"$f":"IFERROR(LARGE(AP$21:AP$33,10),0)","v":0},0,{"$f":"IF(AND(BD30>0,SUM(BE$21:BE29)>0.5),\"\",BD30)","v":0},{"$f":"IFERROR(VLOOKUP('Vegetation Continued'!D8,Plant_List,2,FALSE),\"\")","v":""}]
[null,"4.","",{"$nulls":13},"",{"$nulls":5},{"$f":"IF(BG38=0,\"\",BG38)","v":""},{"$nulls":4},"FACW species",null,null,{"$f":"IF($AL$28=FALSE,IF(OR(ISNUMBER($M$26),ISNUMBER($M$33),ISNUMBER($M$43),ISNUMBER($M$47)),SUM(AY$21:AY$76),\"\"),\"\")","v":""},null,null,"x 2 =",{"$f":"IF(ISNUMBER(AE31),AE31*2,\"\")","v":""},{"$nulls":6},{"$f":"IFERROR('Vegetation Continued'!Z9,0)","v":0},{"$f":"IFERROR(IF(AND('Vegetation Continued'!AF9=\"Yes\",OR('Vegetation Continued'!AL9=\"OBL\",'Vegetation Continued'!AL9=\"FACW\",'Vegetation Continued'!AL9=\"FAC\")),1,0),0)","v":0},{"$f":"IFERROR(IF('Vegetation Continued'!AF9=\"Yes\",1,0),0)","v":0},{"$f":"IFERROR(IF(AND('Vegetation Continued'!AF9=\"Yes\",OR('Vegetation Continued'!AL9=\"OBL\",'Vegetation Continued'!AL9=\"FACW\")),1,0),0)","v":0},{"$f":"IFERROR(IF(AND('Vegetation Continued'!AF9=\"Yes\",OR('Vegetation Continued'!AL9=\"UPL\",'Vegetation Continued'!AL9=\"FACU\")),1,0),0)","v":0},{"$f":"IFERROR(IF(OR('Vegetation Continued'!AL9=\"OBL\",'Vegetation Continued'!AL9=\"FACW\"),1,0),0)","v":0},{"$f":"IFERROR(IF(OR('Vegetation Continued'!AL9=\"UPL\",'Vegetation Continued'!AL9=\"FACU\"),1,0),0)","v":0},{"$f":"IFERROR(IF(AND('Vegetation Continued'!AF9=\"YES\",OR('Vegetation Continued'!AL9=\"UPL\",'Vegetation Continued'!AL9=\"FACU\",'Vegetation Continued'!AL9=\"FAC\")),FALSE,TRUE),TRUE)","v":true},{"$f":"IFERROR(IF('Vegetation Continued'!AL9=\"obl\",AP31,0),0)","v":0},{"$f":"IFERROR(IF('Vegetation Continued'!AL9=\"facw\",AP31,0),0)","v":0},{"$f":"IFERROR(IF('Vegetation Continued'!AL9=\"fac\",AP31,0),0)","v":0},{"$f":"IFERROR(IF('Vegetation Continued'!AL9=\"facu\",AP31,0),0)","v":0},{"$f":"IFERROR(IF('Vegetation Continued'!AL9=\"upl\",AP31,0),0)","v":0},0,{"$f":"IFERROR(LARGE(AP$21:AP$33,11),0)","v":0},0,{"$f":"IF(AND(BD31>0,SUM(BE$21:BE30)>0.5),\"\",BD31)","v":0},{"$f":"IFERROR(VLOOKUP('Vegetation Continued'!D9,Plant_List,2,FALSE),\"\")","v":""}]
[null,"5.","",{"$nulls":13},"",{"$nulls":5},{"$f":"IF(BG39=0,\"\",BG39)","v":""},{"$nulls":4},"FAC species",null,null,{"$f":"IF($AL$28=FALSE,IF(OR(ISNUMBER($M$26),ISNUMBER($M$33),ISNUMBER($M$43),ISNUMBER($M$47)),SUM(AZ$21:AZ$76),\"\"),\"\")","v":""},null,null,"x 3 =",{"$f":"IF(ISNUMBER(AE32),AE32*3,\"\")","v":""},{"$nulls":6},{"$f":"IFERROR('Vegetation Continued'!Z10,0)","v":0},{"$f":"IFERROR(IF(AND('Vegetation Continued'!AF10=\"Yes\",OR('Vegetation Continued'!AL10=\"OBL\",'Vegetation Continued'!AL10=\"FACW\",'Vegetation Continued'!AL10=\"FAC\")),1,0),0)","v":0},{"$f":"IFERROR(IF('Vegetation Continued'!AF10=\"Yes\",1,0),0)","v":0},{"$f":"IFERROR(IF(AND('Vegetation Continued'!AF10=\"Yes\",OR('Vegetation Continued'!AL10=\"OBL\",'Vegetation Continued'!AL10=\"FACW\")),1,0),0)","v":0},{"$f":"IFERROR(IF(AND('Vegetation Continued'!AF10=\"Yes\",OR('Vegetation Continued'!AL10=\"UPL\",'Vegetation Continued'!AL10=\"FACU\")),1,0),0)","v":0},{"$f":"IFERROR(IF(OR('Vegetation Continued'!AL10=\"OBL\",'Vegetation Continued'!AL10=\"FACW\"),1,0),0)","v":0},{"$f":"IFERROR(IF(OR('Vegetation Continued'!AL10=\"UPL\",'Vegetation Continued'!AL10=\"FACU\"),1,0),0)","v":0},{"$f":"IFERROR(IF(AND('Vegetation Continued'!AF10=\"YES\",OR('Vegetation Continued'!AL10=\"UPL\",'Vegetation Continued'!AL10=\"FACU\",'Vegetation Continued'!AL10=\"FAC\")),FALSE,TRUE),TRUE)","v":true},{"$f":"IFERROR(IF('Vegetation Continued'!AL10=\"obl\",AP32,0),0)","v":0},{"$f":"IFERROR(IF('Vegetation Continued'!AL10=\"facw\",AP32,0),0)","v":0},{"$f":"IFERROR(IF('Vegetation Continued'!AL10=\"fac\",AP32,0),0)","v":0},{"$f":"IFERROR(IF('Vegetation Continued'!AL10=\"facu\",AP32,0),0)","v":0},{"$f":"IFERROR(IF('Vegetation Continued'!AL10=\"upl\",AP32,0),0)","v":0},0,{"$f":"IFERROR(LARGE(AP$21:AP$33,12),0)","v":0},0,{"$f":"IF(AND(BD32>0,SUM(BE$21:BE31)>0.5),\"\",BD32)","v":0},{"$f":"IFERROR(VLOOKUP('Vegetation Continued'!D10,Plant_List,2,FALSE),\"\")","v":""}]
[{"$nulls":12},{"$f":"IF(SUM(AP35:AP47)>0,SUM(AP35:AP47),\"\")","v":""},null,null,"=Total Cover",{"$nulls":11},"FACU species",null,null,{"$f":"IF($AL$28=FALSE,IF(OR(ISNUMBER($M$26),ISNUMBER($M$33),ISNUMBER($M$43),ISNUMBER($M$47)),SUM(BA$21:BA$76),\"\"),\"\")","v":""},null,null,"x 4 =",{"$f":"IF(ISNUMBER(AE33),AE33*4,\"\")","v":""},{"$nulls":6},{"$f":"IFERROR('Vegetation Continued'!Z11,0)","v":0},{"$f":"IFERROR(IF(AND('Vegetation Continued'!AF11=\"Yes\",OR('Vegetation Continued'!AL11=\"OBL\",'Vegetation Continued'!AL11=\"FACW\",'Vegetation Continued'!AL11=\"FAC\")),1,0),0)","v":0},{"$f":"IFERROR(IF('Vegetation Continued'!AF11=\"Yes\",1,0),0)","v":0},{"$f":"IFERROR(IF(AND('Vegetation Continued'!AF11=\"Yes\",OR('Vegetation Continued'!AL11=\"OBL\",'Vegetation Continued'!AL11=\"FACW\")),1,0),0)","v":0},{"$f":"IFERROR(IF(AND('Vegetation Continued'!AF11=\"Yes\",OR('Vegetation Continued'!AL11=\"UPL\",'Vegetation Continued'!AL11=\"FACU\")),1,0),0)","v":0},{"$f":"IFERROR(IF(OR('Vegetation Continued'!AL11=\"OBL\",'Vegetation Continued'!AL11=\"FACW\"),1,0),0)","v":0},{"$f":"IFERROR(IF(OR('Vegetation Continued'!AL11=\"UPL\",'Vegetation Continued'!AL11=\"FACU\"),1,0),0)","v":0},{"$f":"IFERROR(IF(AND('Vegetation Continued'!AF11=\"YES\",OR('Vegetation Continued'!AL11=\"UPL\",'Vegetation Continued'!AL11=\"FACU\",'Vegetation Continued'!AL11=\"FAC\")),FALSE,TRUE),TRUE)","v":true},{"$f":"IFERROR(IF('Vegetation Continued'!AL11=\"obl\",AP33,0),0)","v":0},{"$f":"IFERROR(IF('Vegetation Continued'!AL11=\"facw\",AP33,0),0)","v":0},{"$f":"IFERROR(IF('Vegetation Continued'!AL11=\"fac\",AP33,0),0)","v":0},{"$f":"IFERROR(IF('Vegetation Continued'!AL11=\"facu\",AP33,0),0)","v":0},{"$f":"IFERROR(IF('Vegetation Continued'!AL11=\"upl\",AP33,0),0)","v":0},0,{"$f":"IFERROR(LARGE(AP$21:AP$33,13),0)","v":0},0,{"$f":"IF(AND(BD33>0,SUM(BE$21:BE32)>0.5),\"\",BD33)","v":0},{"$f":"IFERROR(VLOOKUP('Vegetation Continued'!D11,Plant_List,2,FALSE),\"\")","v":""}]
[null,"Herb Stratum",{"$nulls":3},"(Plot size:",{"$nulls":4},")",{"$nulls":16},"UPL species",null,null,{"$f":"IF($AL$28=FALSE,IF(OR(ISNUMBER($M$26),ISNUMBER($M$33),ISNUMBER($M$43),ISNUMBER($M$47)),SUM(BB$21:BB$76),\"\"),\"\")","v":""},null,null,"x 5 =",{"$f":"IF(ISNUMBER(AE34),AE34*5,\"\")","v":""}]
[null,"1.","",{"$nulls":13},{"$f":"IF(M35>0,IF(OR(AND(M$43<5,M$26=\"\",M$33=\"\",M$47=\"\"),M$43>=5),IF(AND(ISNA(MATCH(M35,BF$49:BF$68,0)),BC49<0.2),\"No\",\"Yes\"),\"No\"),\"\")","v":""},{"$nulls":5},{"$f":"IF(BG49=0,\"\",BG49)","v":""},{"$nulls":4},"Column Totals:",null,null,{"$f":"IF(AND(AE30=\"\",AE31=\"\",AE32=\"\",AE33=\"\",AE34=\"\"),\"\",SUM(AE30:AF34))","v":""},null,"(A)",null,{"$f":"IF(AND(AE30=\"\",AE31=\"\",AE32=\"\",AE33=\"\",AE34=\"\"),\"\",SUM(AI30:AJ34))","v":""},null,"(B)",{"$nulls":4},{"$f":"M28","v":0},{"$f":"IF(AND(Q28=\"Yes\",OR(W28=\"OBL\",W28=\"FACW\",W28=\"FAC\")),1,0)","v":0},{"$f":"IF(Q28=\"Yes\",1,0)","v":0},{"$f":"IF(AND(Q28=\"Yes\",OR(W28=\"OBL\",W28=\"FACW\")),1,0)","v":0},{"$f":"IF(AND(Q28=\"Yes\",OR(W28=\"UPL\",W28=\"FACU\")),1,0)","v":0},{"$f":"IF(OR(W28=\"OBL\",W28=\"FACW\"),1,0)","v":0},{"$f":"IF(OR(W28=\"UPL\",W28=\"FACU\"),1,0)","v":0},{"$f":"IF(AND(Q28=\"YES\",OR(W28=\"UPL\",W28=\"FACU\",W28=\"FAC\")),FALSE,TRUE)","v":true},{"$f":"IF($W28=\"obl\",$M28,0)","v":0},{"$f":"IF($W28=\"facw\",$M28,0)","v":0},{"$f":"IF($W28=\"fac\",$M28,0)","v":0},{"$f":"IF($W28=\"facu\",$M28,0)","v":0},{"$f":"IF($W28=\"upl\",$M28,0)","v":0},{"$f":"IFERROR(M28/M$33,0)","v":0},{"$f":"IFERROR(LARGE(AP$35:AP$47,1),0)","v":0},{"$f":"IFERROR(BD35/M$33,0)","v":0},{"$f":"IF(BD35>0,BD35,\"\")","v":""},{"$f":"IFERROR(VLOOKUP(C28,Plant_List,2,FALSE),\"\")","v":""}]
[null,"2.","",{"$nulls":13},{"$f":"IF(M36>0,IF(OR(AND(M$43<5,M$26=\"\",M$33=\"\",M$47=\"\"),M$43>=5),IF(AND(ISNA(MATCH(M36,BF$49:BF$68,0)),BC50<0.2),\"No\",\"Yes\"),\"No\"),\"\")","v":""},{"$nulls":5},{"$f":"IF(BG50=0,\"\",BG50)","v":""},{"$nulls":4},"Prevalence Index  = B/A =",{"$nulls":5},{"$f":"IFERROR(IF(ISNUMBER(AI35),ROUND(AI35/AE35,2),\"\"),\"\")","v":""},{"$nulls":7},{"$f":"M29","v":0},{"$f":"IF(AND(Q29=\"Yes\",OR(W29=\"OBL\",W29=\"FACW\",W29=\"FAC\")),1,0)","v":0},{"$f":"IF(Q29=\"Yes\",1,0)","v":0},{"$f":"IF(AND(Q29=\"Yes\",OR(W29=\"OBL\",W29=\"FACW\")),1,0)","v":0},{"$f":"IF(AND(Q29=\"Yes\",OR(W29=\"UPL\",W29=\"FACU\")),1,0)","v":0},0,0,{"$f":"IF(AND(Q29=\"YES\",OR(W29=\"UPL\",W29=\"FACU\",W29=\"FAC\")),FALSE,TRUE)","v":true},{"$f":"IF($W29=\"obl\",$M29,0)","v":0},{"$f":"IF($W29=\"facw\",$M29,0)","v":0},{"$f":"IF($W29=\"fac\",$M29,0)","v":0},{"$f":"IF($W29=\"facu\",$M29,0)","v":0},{"$f":"IF($W29=\"upl\",$M29,0)","v":0},{"$f":"IFERROR(M29/M$33,0)","v":0},{"$f":"IFERROR(LARGE(AP$35:AP$47,2),0)","v":0},{"$f":"IFERROR(BD36/M$33,0)","v":0},{"$f":"IF(AND(BD36>0,BE35>0.5),\"\",BD36)","v":0},{"$f":"IFERROR(VLOOKUP(C29,Plant_List,2,FALSE),\"\")","v":""}]
[null,"3.",{"$nulls":14},"",{"$nulls":5},"",{"$nulls":18},0,{"$f":"IF(AND(Q30=\"Yes\",OR(W30=\"OBL\",W30=\"FACW\",W30=\"FAC\")),1,0)","v":0},{"$f":"IF(Q30=\"Yes\",1,0)","v":0},{"$f":"IF(AND(Q30=\"Yes\",OR(W30=\"OBL\",W30=\"FACW\")),1,0)","v":0},{"$f":"IF(AND(Q30=\"Yes\",OR(W30=\"UPL\",W30=\"FACU\")),1,0)","v":0},0,0,{"$f":"IF(AND(Q30=\"YES\",OR(W30=\"UPL\",W30=\"FACU\",W30=\"FAC\")),FALSE,TRUE)","v":true},{"$f":"IF($W30=\"obl\",$M30,0)","v":0},{"$f":"IF($W30=\"facw\",$M30,0)","v":0},{"$f":"IF($W30=\"fac\",$M30,0)","v":0},{"$f":"IF($W30=\"facu\",$M30,0)","v":0},{"$f":"IF($W30=\"upl\",$M30,0)","v":0},{"$f":"IFERROR(M30/M$33,0)","v":0},{"$f":"IFERROR(LARGE(AP$35:AP$47,3),0)","v":0},{"$f":"IFERROR(BD37/M$33,0)","v":0},{"$f":"IF(AND(BD37>0,SUM(BE$35:BE36)>0.5),\"\",BD37)","v":0},{"$f":"IFERROR(VLOOKUP(C30,Plant_List,2,FALSE),\"\")","v":""}]
[null,"4.",{"$nulls":14},"",{"$nulls":5},"",{"$nulls":4},"Hydrophytic Vegetation Indicators:",{"$nulls":11},"Rapid Test",null,0,{"$f":"IF(AND(Q31=\"Yes\",OR(W31=\"OBL\",W31=\"FACW\",W31=\"FAC\")),1,0)","v":0},{"$f":"IF(Q31=\"Yes\",1,0)","v":0},{"$f":"IF(AND(Q31=\"Yes\",OR(W31=\"OBL\",W31=\"FACW\")),1,0)","v":0},{"$f":"IF(AND(Q31=\"Yes\",OR(W31=\"UPL\",W31=\"FACU\")),1,0)","v":0},0,0,{"$f":"IF(AND(Q31=\"YES\",OR(W31=\"UPL\",W31=\"FACU\",W31=\"FAC\")),FALSE,TRUE)","v":true},{"$f":"IF($W31=\"obl\",$M31,0)","v":0},{"$f":"IF($W31=\"facw\",$M31,0)","v":0},{"$f":"IF($W31=\"fac\",$M31,0)","v":0},{"$f":"IF($W31=\"facu\",$M31,0)","v":0},{"$f":"IF($W31=\"upl\",$M31,0)","v":0},{"$f":"IFERROR(M31/M$33,0)","v":0},{"$f":"IFERROR(LARGE(AP$35:AP$47,4),0)","v":0},{"$f":"IFERROR(BD38/M$33,0)","v":0},{"$f":"IF(AND(BD38>0,SUM(BE$35:BE37)>0.5),\"\",BD38)","v":0},{"$f":"IFERROR(VLOOKUP(C31,Plant_List,2,FALSE),\"\")","v":""}]
[null,"5.","",{"$nulls":13},"",{"$nulls":5},"",{"$nulls":5},"1 - Rapid Test for Hydrophytic Vegetation",{"$nulls":10},{"$f":"IF(ISNA(MATCH(FALSE,AW21:AW76,0)),TRUE,FALSE)","v":true},null,0,{"$f":"IF(AND(Q32=\"Yes\",OR(W32=\"OBL\",W32=\"FACW\",W32=\"FAC\")),1,0)","v":0},{"$f":"IF(Q32=\"Yes\",1,0)","v":0},{"$f":"IF(AND(Q32=\"Yes\",OR(W32=\"OBL\",W32=\"FACW\")),1,0)","v":0},{"$f":"IF(AND(Q32=\"Yes\",OR(W32=\"UPL\",W32=\"FACU\")),1,0)","v":0},0,0,{"$f":"IF(AND(Q32=\"YES\",OR(W32=\"UPL\",W32=\"FACU\",W32=\"FAC\")),FALSE,TRUE)","v":true},{"$f":"IF($W32=\"obl\",$M32,0)","v":0},{"$f":"IF($W32=\"facw\",$M32,0)","v":0},{"$f":"IF($W32=\"fac\",$M32,0)","v":0},{"$f":"IF($W32=\"facu\",$M32,0)","v":0},{"$f":"IF($W32=\"upl\",$M32,0)","v":0},{"$f":"IFERROR(M32/M$33,0)","v":0},{"$f":"IFERROR(LARGE(AP$35:AP$47,5),0)","v":0},{"$f":"IFERROR(BD39/M$33,0)","v":0},{"$f":"IF(AND(BD39>0,SUM(BE$35:BE38)>0.5),\"\",BD39)","v":0},{"$f":"IFERROR(VLOOKUP(C32,Plant_List,2,FALSE),\"\")","v":""}]
[null,"6.","",{"$nulls":13},"",{"$nulls":5},"",{"$nulls":4},{"$f":"IF(AND(AI26>0.5,AI26<>\"\"),\"X\",\"\")","v":""},"2 - Dominance Test is >50%",{"$nulls":12},{"$f":"IFERROR('Vegetation Continued'!Z14,0)","v":0},{"$f":"IFERROR(IF(AND('Vegetation Continued'!AF14=\"Yes\",OR('Vegetation Continued'!AL14=\"OBL\",'Vegetation Continued'!AL14=\"FACW\",'Vegetation Continued'!AL14=\"FAC\")),1,0),0)","v":0},{"$f":"IFERROR(IF('Vegetation Continued'!AF14=\"Yes\",1,0),0)","v":0},{"$f":"IFERROR(IF(AND('Vegetation Continued'!AF14=\"Yes\",OR('Vegetation Continued'!AL14=\"OBL\",'Vegetation Continued'!AL14=\"FACW\")),1,0),0)","v":0},{"$f":"IFERROR(IF(AND('Vegetation Continued'!AF14=\"Yes\",OR('Vegetation Continued'!AL14=\"UPL\",'Vegetation Continued'!AL14=\"FACU\")),1,0),0)","v":0},{"$f":"IFERROR(IF(OR('Vegetation Continued'!AL14=\"OBL\",'Vegetation Continued'!AL14=\"FACW\"),1,0),0)","v":0},{"$f":"IFERROR(IF(OR('Vegetation Continued'!AL14=\"UPL\",'Vegetation Continued'!AL14=\"FACU\"),1,0),0)","v":0},{"$f":"IFERROR(IF(AND('Vegetation Continued'!AF14=\"YES\",OR('Vegetation Continued'!AL14=\"UPL\",'Vegetation Continued'!AL14=\"FACU\",'Vegetation Continued'!AL14=\"FAC\")),FALSE,TRUE),TRUE)","v":true},{"$f":"IFERROR(IF('Vegetation Continued'!AL14=\"obl\",AP40,0),0)","v":0},{"$f":"IFERROR(IF('Vegetation Continued'!AL14=\"facw\",AP40,0),0)","v":0},{"$f":"IFERROR(IF('Vegetation Continued'!AL14=\"fac\",AP40,0),0)","v":0},{"$f":"IFERROR(IF('Vegetation Continued'!AL14=\"facu\",AP40,0),0)","v":0},{"$f":"IFERROR(IF('Vegetation Continued'!AL14=\"upl\",AP40,0),0)","v":0},{"$f":"IFERROR(AP40/M$33,0)","v":0},{"$f":"IFERROR(LARGE(AP$35:AP$47,6),0)","v":0},{"$f":"IFERROR(BC40/M$33,0)","v":0},{"$f":"IF(AND(BD40>0,SUM(BE$35:BE39)>0.5),\"\",BD40)","v":0},{"$f":"IFERROR(VLOOKUP('Vegetation Continued'!D14,Plant_List,2,FALSE),\"\")","v":""}]
[null,"7.","",{"$nulls":13},"",{"$nulls":5},"",{"$nulls":4},{"$f":"IF(AND(AH36<=3,AN46=TRUE),\"X\",\"\")","v":""},"3 - Prevalence Index is ≤3.01",{"$nulls":10},"Hydro/Soil",null,{"$f":"IFERROR('Vegetation Continued'!Z15,0)","v":0},{"$f":"IFERROR(IF(AND('Vegetation Continued'!AF15=\"Yes\",OR('Vegetation Continued'!AL15=\"OBL\",'Vegetation Continued'!AL15=\"FACW\",'Vegetation Continued'!AL15=\"FAC\")),1,0),0)","v":0},{"$f":"IFERROR(IF('Vegetation Continued'!AF15=\"Yes\",1,0),0)","v":0},{"$f":"IFERROR(IF(AND('Vegetation Continued'!AF15=\"Yes\",OR('Vegetation Continued'!AL15=\"OBL\",'Vegetation Continued'!AL15=\"FACW\")),1,0),0)","v":0},{"$f":"IFERROR(IF(AND('Vegetation Continued'!AF15=\"Yes\",OR('Vegetation Continued'!AL15=\"UPL\",'Vegetation Continued'!AL15=\"FACU\")),1,0),0)","v":0},{"$f":"IFERROR(IF(OR('Vegetation Continued'!AL15=\"OBL\",'Vegetation Continued'!AL15=\"FACW\"),1,0),0)","v":0},{"$f":"IFERROR(IF(OR('Vegetation Continued'!AL15=\"UPL\",'Vegetation Continued'!AL15=\"FACU\"),1,0),0)","v":0},{"$f":"IFERROR(IF(AND('Vegetation Continued'!AF15=\"YES\",OR('Vegetation Continued'!AL15=\"UPL\",'Vegetation Continued'!AL15=\"FACU\",'Vegetation Continued'!AL15=\"FAC\")),FALSE,TRUE),TRUE)","v":true},{"$f":"IFERROR(IF('Vegetation Continued'!AL15=\"obl\",AP41,0),0)","v":0},{"$f":"IFERROR(IF('Vegetation Continued'!AL15=\"facw\",AP41,0),0)","v":0},{"$f":"IFERROR(IF('Vegetation Continued'!AL15=\"fac\",AP41,0),0)","v":0},{"$f":"IFERROR(IF('Vegetation Continued'!AL15=\"facu\",AP41,0),0)","v":0},{"$f":"IFERROR(IF('Vegetation Continued'!AL15=\"upl\",AP41,0),0)","v":0},{"$f":"IFERROR(AP41/M$33,0)","v":0},{"$f":"IFERROR(LARGE(AP$35:AP$47,7),0)","v":0},{"$f":"IFERROR(BC41/M$33,0)","v":0},{"$f":"IF(AND(BD41>0,SUM(BE$35:BE40)>0.5),\"\",BD41)","v":0},{"$f":"IFERROR(VLOOKUP('Vegetation Continued'!D15,Plant_List,2,FALSE),\"\")","v":""}]
[null,"8.","",{"$nulls":13},"",{"$nulls":5},"",{"$nulls":5},"Problematic Hydrophytic Vegetation1 (Explain)",{"$nulls":10},{"$f":"IF(OR(K9=\"X\",K9=\"Yes\",K9=\"Y\",K10=\"X\",K10=\"Yes\",K10=\"Y\"),TRUE,FALSE)","v":false},null,{"$f":"IFERROR('Vegetation Continued'!Z16,0)","v":0},{"$f":"IFERROR(IF(AND('Vegetation Continued'!AF16=\"Yes\",OR('Vegetation Continued'!AL16=\"OBL\",'Vegetation Continued'!AL16=\"FACW\",'Vegetation Continued'!AL16=\"FAC\")),1,0),0)","v":0},{"$f":"IFERROR(IF('Vegetation Continued'!AF16=\"Yes\",1,0),0)","v":0},{"$f":"IFERROR(IF(AND('Vegetation Continued'!AF16=\"Yes\",OR('Vegetation Continued'!AL16=\"OBL\",'Vegetation Continued'!AL16=\"FACW\")),1,0),0)","v":0},{"$f":"IFERROR(IF(AND('Vegetation Continued'!AF16=\"Yes\",OR('Vegetation Continued'!AL16=\"UPL\",'Vegetation Continued'!AL16=\"FACU\")),1,0),0)","v":0},{"$f":"IFERROR(IF(OR('Vegetation Continued'!AL16=\"OBL\",'Vegetation Continued'!AL16=\"FACW\"),1,0),0)","v":0},{"$f":"IFERROR(IF(OR('Vegetation Continued'!AL16=\"UPL\",'Vegetation Continued'!AL16=\"FACU\"),1,0),0)","v":0},{"$f":"IFERROR(IF(AND('Vegetation Continued'!AF16=\"YES\",OR('Vegetation Continued'!AL16=\"UPL\",'Vegetation Continued'!AL16=\"FACU\",'Vegetation Continued'!AL16=\"FAC\")),FALSE,TRUE),TRUE)","v":true},{"$f":"IFERROR(IF('Vegetation Continued'!AL16=\"obl\",AP42,0),0)","v":0},{"$f":"IFERROR(IF('Vegetation Continued'!AL16=\"facw\",AP42,0),0)","v":0},{"$f":"IFERROR(IF('Vegetation Continued'!AL16=\"fac\",AP42,0),0)","v":0},{"$f":"IFERROR(IF('Vegetation Continued'!AL16=\"facu\",AP42,0),0)","v":0},{"$f":"IFERROR(IF('Vegetation Continued'!AL16=\"upl\",AP42,0),0)","v":0},0,{"$f":"IFERROR(LARGE(AP$35:AP$47,8),0)","v":0},0,{"$f":"IF(AND(BD42>0,SUM(BE$35:BE41)>0.5),\"\",BD42)","v":0},{"$f":"IFERROR(VLOOKUP('Vegetation Continued'!D16,Plant_List,2,FALSE),\"\")","v":""}]
[{"$nulls":12},{"$f":"IF(SUM(AP49:AP68)>0,SUM(AP49:AP68),\"\")","v":""},null,null,"=Total Cover",{"$nulls":11},"1Indicators of hydric soil and wetland hydrology must be present, unless disturbed or problematic.",{"$nulls":11},{"$f":"IF(OR('Page 2 (Soil & Hydrology)'!AA50=\"X\",J14=\"X\"),TRUE,FALSE)","v":false},null,{"$f":"IFERROR('Vegetation Continued'!Z17,0)","v":0},{"$f":"IFERROR(IF(AND('Vegetation Continued'!AF17=\"Yes\",OR('Vegetation Continued'!AL17=\"OBL\",'Vegetation Continued'!AL17=\"FACW\",'Vegetation Continued'!AL17=\"FAC\")),1,0),0)","v":0},{"$f":"IFERROR(IF('Vegetation Continued'!AF17=\"Yes\",1,0),0)","v":0},{"$f":"IFERROR(IF(AND('Vegetation Continued'!AF17=\"Yes\",OR('Vegetation Continued'!AL17=\"OBL\",'Vegetation Continued'!AL17=\"FACW\")),1,0),0)","v":0},{"$f":"IFERROR(IF(AND('Vegetation Continued'!AF17=\"Yes\",OR('Vegetation Continued'!AL17=\"UPL\",'Vegetation Continued'!AL17=\"FACU\")),1,0),0)","v":0},{"$f":"IFERROR(IF(OR('Vegetation Continued'!AL17=\"OBL\",'Vegetation Continued'!AL17=\"FACW\"),1,0),0)","v":0},{"$f":"IFERROR(IF(OR('Vegetation Continued'!AL17=\"UPL\",'Vegetation Continued'!AL17=\"FACU\"),1,0),0)","v":0},{"$f":"IFERROR(IF(AND('Vegetation Continued'!AF17=\"YES\",OR('Vegetation Continued'!AL17=\"UPL\",'Vegetation Continued'!AL17=\"FACU\",'Vegetation Continued'!AL17=\"FAC\")),FALSE,TRUE),TRUE)","v":true},{"$f":"IFERROR(IF('Vegetation Continued'!AL17=\"obl\",AP43,0),0)","v":0},{"$f":"IFERROR(IF('Vegetation Continued'!AL17=\"facw\",AP43,0),0)","v":0},{"$f":"IFERROR(IF('Vegetation Continued'!AL17=\"fac\",AP43,0),0)","v":0},{"$f":"IFERROR(IF('Vegetation Continued'!AL17=\"facu\",AP43,0),0)","v":0},{"$f":"IFERROR(IF('Vegetation Continued'!AL17=\"upl\",AP43,0),0)","v":0},0,{"$f":"IFERROR(LARGE(AP$35:AP$47,9),0)","v":0},0,{"$f":"IF(AND(BD43>0,SUM(BE$35:BE42)>0.5),\"\",BD43)","v":0},{"$f":"IFERROR(VLOOKUP('Vegetation Continued'!D17,Plant_List,2,FALSE),\"\")","v":""}]
[null,"Woody Vine Stratum",{"$nulls":4},"(Plot size:",{"$nulls":4},")",{"$nulls":27},{"$f":"IF(OR(G9=\"X\",G9=\"Yes\",G9=\"Y\",G10=\"X\",G10=\"Yes\",G10=\"Y\"),TRUE,FALSE)","v":false},null,{"$f":"IFERROR('Vegetation Continued'!Z18,0)","v":0},{"$f":"IFERROR(IF(AND('Vegetation Continued'!AF18=\"Yes\",OR('Vegetation Continued'!AL18=\"OBL\",'Vegetation Continued'!AL18=\"FACW\",'Vegetation Continued'!AL18=\"FAC\")),1,0),0)","v":0},{"$f":"IFERROR(IF('Vegetation Continued'!AF18=\"Yes\",1,0),0)","v":0},{"$f":"IFERROR(IF(AND('Vegetation Continued'!AF18=\"Yes\",OR('Vegetation Continued'!AL18=\"OBL\",'Vegetation Continued'!AL18=\"FACW\")),1,0),0)","v":0},{"$f":"IFERROR(IF(AND('Vegetation Continued'!AF18=\"Yes\",OR('Vegetation Continued'!AL18=\"UPL\",'Vegetation Continued'!AL18=\"FACU\")),1,0),0)","v":0},{"$f":"IFERROR(IF(OR('Vegetation Continued'!AL18=\"OBL\",'Vegetation Continued'!AL18=\"FACW\"),1,0),0)","v":0},{"$f":"IFERROR(IF(OR('Vegetation Continued'!AL18=\"UPL\",'Vegetation Continued'!AL18=\"FACU\"),1,0),0)","v":0},{"$f":"IFERROR(IF(AND('Vegetation Continued'!AF18=\"YES\",OR('Vegetation Continued'!AL18=\"UPL\",'Vegetation Continued'!AL18=\"FACU\",'Vegetation Continued'!AL18=\"FAC\")),FALSE,TRUE),TRUE)","v":true},{"$f":"IFERROR(IF('Vegetation Continued'!AL18=\"obl\",AP44,0),0)","v":0},{"$f":"IFERROR(IF('Vegetation Continued'!AL18=\"facw\",AP44,0),0)","v":0},{"$f":"IFERROR(IF('Vegetation Continued'!AL18=\"fac\",AP44,0),0)","v":0},{"$f":"IFERROR(IF('Vegetation Continued'!AL18=\"facu\",AP44,0),0)","v":0},{"$f":"IFERROR(IF('Vegetation Continued'!AL18=\"upl\",AP44,0),0)","v":0},0,{"$f":"IFERROR(LARGE(AP$35:AP$47,10),0)","v":0},0,{"$f":"IF(AND(BD44>0,SUM(BE$35:BE43)>0.5),\"\",BD44)","v":0},{"$f":"IFERROR(VLOOKUP('Vegetation Continued'!D18,Plant_List,2,FALSE),\"\")","v":""}]
[null,"1.","",{"$nulls":13},{"$f":"IF(M45>0,IF(OR(AND(M$47<5,M$26=\"\",M$33=\"\",M$43=\"\"),M$47>=5),IF(AND(ISNA(MATCH(M45,BF$70:BF$76,0)),BC70<0.2),\"No\",\"Yes\"),\"No\"),\"\")","v":""},{"$nulls":5},{"$f":"IF(BG70=0,\"\",BG70)","v":""},{"$nulls":4},"Hydrophytic Vegetation Present?",{"$nulls":11},{"$f":"IF(OR('Page 2 (Soil & Hydrology)'!AA27=\"X\",J13=\"X\"),TRUE,FALSE)","v":false},null,{"$f":"IFERROR('Vegetation Continued'!Z19,0)","v":0},{"$f":"IFERROR(IF(AND('Vegetation Continued'!AF19=\"Yes\",OR('Vegetation Continued'!AL19=\"OBL\",'Vegetation Continued'!AL19=\"FACW\",'Vegetation Continued'!AL19=\"FAC\")),1,0),0)","v":0},{"$f":"IFERROR(IF('Vegetation Continued'!AF19=\"Yes\",1,0),0)","v":0},{"$f":"IFERROR(IF(AND('Vegetation Continued'!AF19=\"Yes\",OR('Vegetation Continued'!AL19=\"OBL\",'Vegetation Continued'!AL19=\"FACW\")),1,0),0)","v":0},{"$f":"IFERROR(IF(AND('Vegetation Continued'!AF19=\"Yes\",OR('Vegetation Continued'!AL19=\"UPL\",'Vegetation Continued'!AL19=\"FACU\")),1,0),0)","v":0},{"$f":"IFERROR(IF(OR('Vegetation Continued'!AL19=\"OBL\",'Vegetation Continued'!AL19=\"FACW\"),1,0),0)","v":0},{"$f":"IFERROR(IF(OR('Vegetation Continued'!AL19=\"UPL\",'Vegetation Continued'!AL19=\"FACU\"),1,0),0)","v":0},{"$f":"IFERROR(IF(AND('Vegetation Continued'!AF19=\"YES\",OR('Vegetation Continued'!AL19=\"UPL\",'Vegetation Continued'!AL19=\"FACU\",'Vegetation Continued'!AL19=\"FAC\")),FALSE,TRUE),TRUE)","v":true},{"$f":"IFERROR(IF('Vegetation Continued'!AL19=\"obl\",AP45,0),0)","v":0},{"$f":"IFERROR(IF('Vegetation Continued'!AL19=\"facw\",AP45,0),0)","v":0},{"$f":"IFERROR(IF('Vegetation Continued'!AL19=\"fac\",AP45,0),0)","v":0},{"$f":"IFERROR(IF('Vegetation Continued'!AL19=\"facu\",AP45,0),0)","v":0},{"$f":"IFERROR(IF('Vegetation Continued'!AL19=\"upl\",AP45,0),0)","v":0},0,{"$f":"IFERROR(LARGE(AP$35:AP$47,11),0)","v":0},0,{"$f":"IF(AND(BD45>0,SUM(BE$35:BE44)>0.5),\"\",BD45)","v":0},{"$f":"IFERROR(VLOOKUP('Vegetation Continued'!D19,Plant_List,2,FALSE),\"\")","v":""}]
[null,"2.","",{"$nulls":13},{"$f":"IF(M46>0,IF(OR(AND(M$47<5,M$26=\"\",M$33=\"\",M$43=\"\"),M$47>=5),IF(AND(ISNA(MATCH(M46,BF$70:BF$76,0)),BC71<0.2),\"No\",\"Yes\"),\"No\"),\"\")","v":""},{"$nulls":5},{"$f":"IF(BG71=0,\"\",BG71)","v":""},{"$nulls":16},{"$f":"IF(AND(OR(AN42=TRUE,AN43=TRUE),OR(AN44=TRUE,AN45=TRUE)),TRUE,FALSE)","v":false},null,{"$f":"IFERROR('Vegetation Continued'!Z20,0)","v":0},{"$f":"IFERROR(IF(AND('Vegetation Continued'!AF20=\"Yes\",OR('Vegetation Continued'!AL20=\"OBL\",'Vegetation Continued'!AL20=\"FACW\",'Vegetation Continued'!AL20=\"FAC\")),1,0),0)","v":0},{"$f":"IFERROR(IF('Vegetation Continued'!AF20=\"Yes\",1,0),0)","v":0},{"$f":"IFERROR(IF(AND('Vegetation Continued'!AF20=\"Yes\",OR('Vegetation Continued'!AL20=\"OBL\",'Vegetation Continued'!AL20=\"FACW\")),1,0),0)","v":0},{"$f":"IFERROR(IF(AND('Vegetation Continued'!AF20=\"Yes\",OR('Vegetation Continued'!AL20=\"UPL\",'Vegetation Continued'!AL20=\"FACU\")),1,0),0)","v":0},{"$f":"IFERROR(IF(OR('Vegetation Continued'!AL20=\"OBL\",'Vegetation Continued'!AL20=\"FACW\"),1,0),0)","v":0},{"$f":"IFERROR(IF(OR('Vegetation Continued'!AL20=\"UPL\",'Vegetation Continued'!AL20=\"FACU\"),1,0),0)","v":0},{"$f":"IFERROR(IF(AND('Vegetation Continued'!AF20=\"YES\",OR('Vegetation Continued'!AL20=\"UPL\",'Vegetation Continued'!AL20=\"FACU\",'Vegetation Continued'!AL20=\"FAC\")),FALSE,TRUE),TRUE)","v":true},{"$f":"IFERROR(IF('Vegetation Continued'!AL20=\"obl\",AP46,0),0)","v":0},{"$f":"IFERROR(IF('Vegetation Continued'!AL20=\"facw\",AP46,0),0)","v":0},{"$f":"IFERROR(IF('Vegetation Continued'!AL20=\"fac\",AP46,0),0)","v":0},{"$f":"IFERROR(IF('Vegetation Continued'!AL20=\"facu\",AP46,0),0)","v":0},{"$f":"IFERROR(IF('Vegetation Continued'!AL20=\"upl\",AP46,0),0)","v":0},0,{"$f":"IFERROR(LARGE(AP$35:AP$47,12),0)","v":0},0,{"$f":"IF(AND(BD46>0,SUM(BE$35:BE45)>0.5),\"\",BD46)","v":0},{"$f":"IFERROR(VLOOKUP('Vegetation Continued'!D20,Plant_List,2,FALSE),\"\")","v":""}]
[{"$nulls":12},{"$f":"IF(SUM(AP70:AP76)>0,SUM(AP70:AP76),\"\")","v":""},null,null,"=Total Cover",{"$nulls":14},"Yes",{"$f":"AN50","v":""},"No",null,{"$f":"AO50","v":"X"},{"$nulls":6},{"$f":"IFERROR('Vegetation Continued'!Z21,0)","v":0},{"$f":"IFERROR(IF(AND('Vegetation Continued'!AF21=\"Yes\",OR('Vegetation Continued'!AL21=\"OBL\",'Vegetation Continued'!AL21=\"FACW\",'Vegetation Continued'!AL21=\"FAC\")),1,0),0)","v":0},{"$f":"IFERROR(IF('Vegetation Continued'!AF21=\"Yes\",1,0),0)","v":0},{"$f":"IFERROR(IF(AND('Vegetation Continued'!AF21=\"Yes\",OR('Vegetation Continued'!AL21=\"OBL\",'Vegetation Continued'!AL21=\"FACW\")),1,0),0)","v":0},{"$f":"IFERROR(IF(AND('Vegetation Continued'!AF21=\"Yes\",OR('Vegetation Continued'!AL21=\"UPL\",'Vegetation Continued'!AL21=\"FACU\")),1,0),0)","v":0},{"$f":"IFERROR(IF(OR('Vegetation Continued'!AL21=\"OBL\",'Vegetation Continued'!AL21=\"FACW\"),1,0),0)","v":0},{"$f":"IFERROR(IF(OR('Vegetation Continued'!AL21=\"UPL\",'Vegetation Continued'!AL21=\"FACU\"),1,0),0)","v":0},{"$f":"IFERROR(IF(AND('Vegetation Continued'!AF21=\"YES\",OR('Vegetation Continued'!AL21=\"UPL\",'Vegetation Continued'!AL21=\"FACU\",'Vegetation Continued'!AL21=\"FAC\")),FALSE,TRUE),TRUE)","v":true},{"$f":"IFERROR(IF('Vegetation Continued'!AL21=\"obl\",AP47,0),0)","v":0},{"$f":"IFERROR(IF('Vegetation Continued'!AL21=\"facw\",AP47,0),0)","v":0},{"$f":"IFERROR(IF('Vegetation Continued'!AL21=\"fac\",AP47,0),0)","v":0},{"$f":"IFERROR(IF('Vegetation Continued'!AL21=\"facu\",AP47,0),0)","v":0},{"$f":"IFERROR(IF('Vegetation Continued'!AL21=\"upl\",AP47,0),0)","v":0},0,{"$f":"IFERROR(LARGE(AP$35:AP$47,13),0)","v":0},0,{"$f":"IF(AND(BD47>0,SUM(BE$35:BE46)>0.5),\"\",BD47)","v":0},{"$f":"IFERROR(VLOOKUP('Vegetation Continued'!D21,Plant_List,2,FALSE),\"\")","v":""}]
[]
[null,"Remarks:",{"$nulls":37},"Hydrophytic Vegetation Present",null,{"$f":"M35","v":0},{"$f":"IF(AND(Q35=\"Yes\",OR(W35=\"OBL\",W35=\"FACW\",W35=\"FAC\")),1,0)","v":0},{"$f":"IF(Q35=\"Yes\",1,0)","v":0},{"$f":"IF(AND(Q35=\"Yes\",OR(W35=\"OBL\",W35=\"FACW\")),1,0)","v":0},{"$f":"IF(AND(Q35=\"Yes\",OR(W35=\"UPL\",W35=\"FACU\")),1,0)","v":0},{"$f":"IF(OR(W35=\"OBL\",W35=\"FACW\"),1,0)","v":0},{"$f":"IF(OR(W35=\"UPL\",W35=\"FACU\"),1,0)","v":0},{"$f":"IF(AND(Q35=\"YES\",OR(W35=\"UPL\",W35=\"FACU\",W35=\"FAC\")),FALSE,TRUE)","v":true},{"$f":"IF($W35=\"obl\",$M35,0)","v":0},{"$f":"IF($W35=\"facw\",$M35,0)","v":0},{"$f":"IF($W35=\"fac\",$M35,0)","v":0},{"$f":"IF($W35=\"facu\",$M35,0)","v":0},{"$f":"IF($W35=\"upl\",$M35,0)","v":0},{"$f":"IFERROR(M35/M$43,0)","v":0},{"$f":"IFERROR(LARGE(AP$49:AP$68,1),0)","v":0},{"$f":"IFERROR(BD49/M$43,0)","v":0},{"$f":"IF(BD49>0,BD49,\"\")","v":""},{"$f":"IFERROR(VLOOKUP(C35,Plant_List,2,FALSE),\"\")","v":""}]
[{"$nulls":39},{"$f":"IF(OR(AB39=\"X\",AB40=\"X\",AB41=\"X\"),\"X\",\"\")","v":""},{"$f":"IF(OR(E9=\"X\",E9=\"Yes\",E9=\"Y\",E10=\"X\",E10=\"Yes\",E10=\"Y\",ISTEXT(AB42)),\"\",IF(AND(AF47=\"\",J12=\"\"),\"X\",\"\"))","v":"X"},{"$f":"M36","v":0},0,0,0,0,0,0,true,0,0,0,0,0,0,{"$f":"IFERROR(LARGE(AP$49:AP$68,2),0)","v":0},0,{"$f":"IF(AND(BD50>0,BE49>0.5),\"\",BD50)","v":0},""]
[{"$nulls":41},0,0,0,0,0,0,0,true,0,0,0,0,0,0,{"$f":"IFERROR(LARGE(AP$49:AP$68,3),0)","v":0},0,{"$f":"IF(AND(BD51>0,SUM(BE$49:BE50)>0.5),\"\",BD51)","v":0},""]
[{"$nulls":41},0,0,0,0,0,0,0,true,0,0,0,0,0,0,{"$f":"IFERROR(LARGE(AP$49:AP$68,4),0)","v":0},0,{"$f":"IF(AND(BD52>0,SUM(BE$49:BE51)>0.5),\"\",BD52)","v":0},""]
["ENG FORM 6116-3, JUL 2018",{"$nulls":30},"Caribbean Islands – Version 2.0",{"$nulls":9},0,0,0,0,0,0,0,true,0,0,0,0,0,0,{"$f":"IFERROR(LARGE(AP$49:AP$68,5),0)","v":0},0,{"$f":"IF(AND(BD53>0,SUM(BE$49:BE52)>0.5),\"\",BD53)","v":0},""]
[{"$nulls":41},0,0,0,0,0,0,0,true,0,0,0,0,0,0,{"$f":"IFERROR(LARGE(AP$49:AP$68,6),0)","v":0},0,{"$f":"IF(AND(BD54>0,SUM(BE$49:BE53)>0.5),\"\",BD54)","v":0},""]
[{"$nulls":41},0,0,0,0,0,0,0,true,0,0,0,0,0,0,{"$f":"IFERROR(LARGE(AP$49:AP$68,7),0)","v":0},0,{"$f":"IF(AND(BD55>0,SUM(BE$49:BE54)>0.5),\"\",BD55)","v":0},""]
[{"$nulls":41},0,0,0,0,0,0,0,true,0,0,0,0,0,0,{"$f":"IFERROR(LARGE(AP$49:AP$68,8),0)","v":0},0,{"$f":"IF(AND(BD56>0,SUM(BE$49:BE55)>0.5),\"\",BD56)","v":0},""]
[{"$nulls":41},{"$f":"IFERROR('Vegetation Continued'!Z24,0)","v":0},{"$f":"IFERROR(IF(AND('Vegetation Continued'!AF24=\"Yes\",OR('Vegetation Continued'!AL24=\"OBL\",'Vegetation Continued'!AL24=\"FACW\",'Vegetation Continued'!AL24=\"FAC\")),1,0),0)","v":0},{"$f":"IFERROR(IF('Vegetation Continued'!AF24=\"Yes\",1,0),0)","v":0},{"$f":"IFERROR(IF(AND('Vegetation Continued'!AF24=\"Yes\",OR('Vegetation Continued'!AL24=\"OBL\",'Vegetation Continued'!AL24=\"FACW\")),1,0),0)","v":0},{"$f":"IFERROR(IF(AND('Vegetation Continued'!AF24=\"Yes\",OR('Vegetation Continued'!AL24=\"UPL\",'Vegetation Continued'!AL24=\"FACU\")),1,0),0)","v":0},{"$f":"IFERROR(IF(OR('Vegetation Continued'!AL24=\"OBL\",'Vegetation Continued'!AL24=\"FACW\"),1,0),0)","v":0},{"$f":"IFERROR(IF(OR('Vegetation Continued'!AL24=\"UPL\",'Vegetation Continued'!AL24=\"FACU\"),1,0),0)","v":0},{"$f":"IFERROR(IF(AND('Vegetation Continued'!AF24=\"YES\",OR('Vegetation Continued'!AL24=\"UPL\",'Vegetation Continued'!AL24=\"FACU\",'Vegetation Continued'!AL24=\"FAC\")),FALSE,TRUE),TRUE)","v":true},{"$f":"IFERROR(IF('Vegetation Continued'!AL24=\"obl\",AP57,0),0)","v":0},{"$f":"IFERROR(IF('Vegetation Continued'!AL24=\"facw\",AP57,0),0)","v":0},{"$f":"IFERROR(IF('Vegetation Continued'!AL24=\"fac\",AP57,0),0)","v":0},{"$f":"IFERROR(IF('Vegetation Continued'!AL24=\"facu\",AP57,0),0)","v":0},{"$f":"IFERROR(IF('Vegetation Continued'!AL24=\"upl\",AP57,0),0)","v":0},{"$f":"IFERROR(AP57/M$43,0)","v":0},{"$f":"IFERROR(LARGE(AP$49:AP$68,9),0)","v":0},{"$f":"IFERROR(BC57/M$43,0)","v":0},{"$f":"IF(AND(BD57>0,SUM(BE$49:BE56)>0.5),\"\",BD57)","v":0},{"$f":"IFERROR(VLOOKUP('Vegetation Continued'!D24,Plant_List,2,FALSE),\"\")","v":""}]
[{"$nulls":41},{"$f":"IFERROR('Vegetation Continued'!Z25,0)","v":0},{"$f":"IFERROR(IF(AND('Vegetation Continued'!AF25=\"Yes\",OR('Vegetation Continued'!AL25=\"OBL\",'Vegetation Continued'!AL25=\"FACW\",'Vegetation Continued'!AL25=\"FAC\")),1,0),0)","v":0},{"$f":"IFERROR(IF('Vegetation Continued'!AF25=\"Yes\",1,0),0)","v":0},{"$f":"IFERROR(IF(AND('Vegetation Continued'!AF25=\"Yes\",OR('Vegetation Continued'!AL25=\"OBL\",'Vegetation Continued'!AL25=\"FACW\")),1,0),0)","v":0},{"$f":"IFERROR(IF(AND('Vegetation Continued'!AF25=\"Yes\",OR('Vegetation Continued'!AL25=\"UPL\",'Vegetation Continued'!AL25=\"FACU\")),1,0),0)","v":0},{"$f":"IFERROR(IF(OR('Vegetation Continued'!AL25=\"OBL\",'Vegetation Continued'!AL25=\"FACW\"),1,0),0)","v":0},{"$f":"IFERROR(IF(OR('Vegetation Continued'!AL25=\"UPL\",'Vegetation Continued'!AL25=\"FACU\"),1,0),0)","v":0},{"$f":"IFERROR(IF(AND('Vegetation Continued'!AF25=\"YES\",OR('Vegetation Continued'!AL25=\"UPL\",'Vegetation Continued'!AL25=\"FACU\",'Vegetation Continued'!AL25=\"FAC\")),FALSE,TRUE),TRUE)","v":true},{"$f":"IFERROR(IF('Vegetation Continued'!AL25=\"obl\",AP58,0),0)","v":0},{"$f":"IFERROR(IF('Vegetation Continued'!AL25=\"facw\",AP58,0),0)","v":0},{"$f":"IFERROR(IF('Vegetation Continued'!AL25=\"fac\",AP58,0),0)","v":0},{"$f":"IFERROR(IF('Vegetation Continued'!AL25=\"facu\",AP58,0),0)","v":0},{"$f":"IFERROR(IF('Vegetation Continued'!AL25=\"upl\",AP58,0),0)","v":0},{"$f":"IFERROR(AP58/M$43,0)","v":0},{"$f":"IFERROR(LARGE(AP$49:AP$68,10),0)","v":0},{"$f":"IFERROR(BC58/M$43,0)","v":0},{"$f":"IF(AND(BD58>0,SUM(BE$49:BE57)>0.5),\"\",BD58)","v":0},{"$f":"IFERROR(VLOOKUP('Vegetation Continued'!D25,Plant_List,2,FALSE),\"\")","v":""}]
[{"$nulls":41},{"$f":"IFERROR('Vegetation Continued'!Z26,0)","v":0},{"$f":"IFERROR(IF(AND('Vegetation Continued'!AF26=\"Yes\",OR('Vegetation Continued'!AL26=\"OBL\",'Vegetation Continued'!AL26=\"FACW\",'Vegetation Continued'!AL26=\"FAC\")),1,0),0)","v":0},{"$f":"IFERROR(IF('Vegetation Continued'!AF26=\"Yes\",1,0),0)","v":0},{"$f":"IFERROR(IF(AND('Vegetation Continued'!AF26=\"Yes\",OR('Vegetation Continued'!AL26=\"OBL\",'Vegetation Continued'!AL26=\"FACW\")),1,0),0)","v":0},{"$f":"IFERROR(IF(AND('Vegetation Continued'!AF26=\"Yes\",OR('Vegetation Continued'!AL26=\"UPL\",'Vegetation Continued'!AL26=\"FACU\")),1,0),0)","v":0},{"$f":"IFERROR(IF(OR('Vegetation Continued'!AL26=\"OBL\",'Vegetation Continued'!AL26=\"FACW\"),1,0),0)","v":0},{"$f":"IFERROR(IF(OR('Vegetation Continued'!AL26=\"UPL\",'Vegetation Continued'!AL26=\"FACU\"),1,0),0)","v":0},{"$f":"IFERROR(IF(AND('Vegetation Continued'!AF26=\"YES\",OR('Vegetation Continued'!AL26=\"UPL\",'Vegetation Continued'!AL26=\"FACU\",'Vegetation Continued'!AL26=\"FAC\")),FALSE,TRUE),TRUE)","v":true},{"$f":"IFERROR(IF('Vegetation Continued'!AL26=\"obl\",AP59,0),0)","v":0},{"$f":"IFERROR(IF('Vegetation Continued'!AL26=\"facw\",AP59,0),0)","v":0},{"$f":"IFERROR(IF('Vegetation Continued'!AL26=\"fac\",AP59,0),0)","v":0},{"$f":"IFERROR(IF('Vegetation Continued'!AL26=\"facu\",AP59,0),0)","v":0},{"$f":"IFERROR(IF('Vegetation Continued'!AL26=\"upl\",AP59,0),0)","v":0},0,{"$f":"IFERROR(LARGE(AP$49:AP$68,11),0)","v":0},0,{"$f":"IF(AND(BD59>0,SUM(BE$49:BE58)>0.5),\"\",BD59)","v":0},{"$f":"IFERROR(VLOOKUP('Vegetation Continued'!D26,Plant_List,2,FALSE),\"\")","v":""}]
[{"$nulls":41},{"$f":"IFERROR('Vegetation Continued'!Z27,0)","v":0},{"$f":"IFERROR(IF(AND('Vegetation Continued'!AF27=\"Yes\",OR('Vegetation Continued'!AL27=\"OBL\",'Vegetation Continued'!AL27=\"FACW\",'Vegetation Continued'!AL27=\"FAC\")),1,0),0)","v":0},{"$f":"IFERROR(IF('Vegetation Continued'!AF27=\"Yes\",1,0),0)","v":0},{"$f":"IFERROR(IF(AND('Vegetation Continued'!AF27=\"Yes\",OR('Vegetation Continued'!AL27=\"OBL\",'Vegetation Continued'!AL27=\"FACW\")),1,0),0)","v":0},{"$f":"IFERROR(IF(AND('Vegetation Continued'!AF27=\"Yes\",OR('Vegetation Continued'!AL27=\"UPL\",'Vegetation Continued'!AL27=\"FACU\")),1,0),0)","v":0},{"$f":"IFERROR(IF(OR('Vegetation Continued'!AL27=\"OBL\",'Vegetation Continued'!AL27=\"FACW\"),1,0),0)","v":0},{"$f":"IFERROR(IF(OR('Vegetation Continued'!AL27=\"UPL\",'Vegetation Continued'!AL27=\"FACU\"),1,0),0)","v":0},{"$f":"IFERROR(IF(AND('Vegetation Continued'!AF27=\"YES\",OR('Vegetation Continued'!AL27=\"UPL\",'Vegetation Continued'!AL27=\"FACU\",'Vegetation Continued'!AL27=\"FAC\")),FALSE,TRUE),TRUE)","v":true},{"$f":"IFERROR(IF('Vegetation Continued'!AL27=\"obl\",AP60,0),0)","v":0},{"$f":"IFERROR(IF('Vegetation Continued'!AL27=\"facw\",AP60,0),0)","v":0},{"$f":"IFERROR(IF('Vegetation Continued'!AL27=\"fac\",AP60,0),0)","v":0},{"$f":"IFERROR(IF('Vegetation Continued'!AL27=\"facu\",AP60,0),0)","v":0},{"$f":"IFERROR(IF('Vegetation Continued'!AL27=\"upl\",AP60,0),0)","v":0},0,{"$f":"IFERROR(LARGE(AP$49:AP$68,12),0)","v":0},0,{"$f":"IF(AND(BD60>0,SUM(BE$49:BE59)>0.5),\"\",BD60)","v":0},{"$f":"IFERROR(VLOOKUP('Vegetation Continued'!D27,Plant_List,2,FALSE),\"\")","v":""}]
[{"$nulls":41},{"$f":"IFERROR('Vegetation Continued'!Z28,0)","v":0},{"$f":"IFERROR(IF(AND('Vegetation Continued'!AF28=\"Yes\",OR('Vegetation Continued'!AL28=\"OBL\",'Vegetation Continued'!AL28=\"FACW\",'Vegetation Continued'!AL28=\"FAC\")),1,0),0)","v":0},{"$f":"IFERROR(IF('Vegetation Continued'!AF28=\"Yes\",1,0),0)","v":0},{"$f":"IFERROR(IF(AND('Vegetation Continued'!AF28=\"Yes\",OR('Vegetation Continued'!AL28=\"OBL\",'Vegetation Continued'!AL28=\"FACW\")),1,0),0)","v":0},{"$f":"IFERROR(IF(AND('Vegetation Continued'!AF28=\"Yes\",OR('Vegetation Continued'!AL28=\"UPL\",'Vegetation Continued'!AL28=\"FACU\")),1,0),0)","v":0},{"$f":"IFERROR(IF(OR('Vegetation Continued'!AL28=\"OBL\",'Vegetation Continued'!AL28=\"FACW\"),1,0),0)","v":0},{"$f":"IFERROR(IF(OR('Vegetation Continued'!AL28=\"UPL\",'Vegetation Continued'!AL28=\"FACU\"),1,0),0)","v":0},{"$f":"IFERROR(IF(AND('Vegetation Continued'!AF28=\"YES\",OR('Vegetation Continued'!AL28=\"UPL\",'Vegetation Continued'!AL28=\"FACU\",'Vegetation Continued'!AL28=\"FAC\")),FALSE,TRUE),TRUE)","v":true},{"$f":"IFERROR(IF('Vegetation Continued'!AL28=\"obl\",AP61,0),0)","v":0},{"$f":"IFERROR(IF('Vegetation Continued'!AL28=\"facw\",AP61,0),0)","v":0},{"$f":"IFERROR(IF('Vegetation Continued'!AL28=\"fac\",AP61,0),0)","v":0},{"$f":"IFERROR(IF('Vegetation Continued'!AL28=\"facu\",AP61,0),0)","v":0},{"$f":"IFERROR(IF('Vegetation Continued'!AL28=\"upl\",AP61,0),0)","v":0},0,{"$f":"IFERROR(LARGE(AP$49:AP$68,13),0)","v":0},0,{"$f":"IF(AND(BD61>0,SUM(BE$49:BE60)>0.5),\"\",BD61)","v":0},{"$f":"IFERROR(VLOOKUP('Vegetation Continued'!D28,Plant_List,2,FALSE),\"\")","v":""}]
[{"$nulls":41},{"$f":"IFERROR('Vegetation Continued'!Z29,0)","v":0},{"$f":"IFERROR(IF(AND('Vegetation Continued'!AF29=\"Yes\",OR('Vegetation Continued'!AL29=\"OBL\",'Vegetation Continued'!AL29=\"FACW\",'Vegetation Continued'!AL29=\"FAC\")),1,0),0)","v":0},{"$f":"IFERROR(IF('Vegetation Continued'!AF29=\"Yes\",1,0),0)","v":0},{"$f":"IFERROR(IF(AND('Vegetation Continued'!AF29=\"Yes\",OR('Vegetation Continued'!AL29=\"OBL\",'Vegetation Continued'!AL29=\"FACW\")),1,0),0)","v":0},{"$f":"IFERROR(IF(AND('Vegetation Continued'!AF29=\"Yes\",OR('Vegetation Continued'!AL29=\"UPL\",'Vegetation Continued'!AL29=\"FACU\")),1,0),0)","v":0},{"$f":"IFERROR(IF(OR('Vegetation Continued'!AL29=\"OBL\",'Vegetation Continued'!AL29=\"FACW\"),1,0),0)","v":0},{"$f":"IFERROR(IF(OR('Vegetation Continued'!AL29=\"UPL\",'Vegetation Continued'!AL29=\"FACU\"),1,0),0)","v":0},{"$f":"IFERROR(IF(AND('Vegetation Continued'!AF29=\"YES\",OR('Vegetation Continued'!AL29=\"UPL\",'Vegetation Continued'!AL29=\"FACU\",'Vegetation Continued'!AL29=\"FAC\")),FALSE,TRUE),TRUE)","v":true},{"$f":"IFERROR(IF('Vegetation Continued'!AL29=\"obl\",AP62,0),0)","v":0},{"$f":"IFERROR(IF('Vegetation Continued'!AL29=\"facw\",AP62,0),0)","v":0},{"$f":"IFERROR(IF('Vegetation Continued'!AL29=\"fac\",AP62,0),0)","v":0},{"$f":"IFERROR(IF('Vegetation Continued'!AL29=\"facu\",AP62,0),0)","v":0},{"$f":"IFERROR(IF('Vegetation Continued'!AL29=\"upl\",AP62,0),0)","v":0},0,{"$f":"IFERROR(LARGE(AP$49:AP$68,14),0)","v":0},0,{"$f":"IF(AND(BD62>0,SUM(BE$49:BE61)>0.5),\"\",BD62)","v":0},{"$f":"IFERROR(VLOOKUP('Vegetation Continued'!D29,Plant_List,2,FALSE),\"\")","v":""}]
[{"$nulls":41},{"$f":"IFERROR('Vegetation Continued'!Z30,0)","v":0},{"$f":"IFERROR(IF(AND('Vegetation Continued'!AF30=\"Yes\",OR('Vegetation Continued'!AL30=\"OBL\",'Vegetation Continued'!AL30=\"FACW\",'Vegetation Continued'!AL30=\"FAC\")),1,0),0)","v":0},{"$f":"IFERROR(IF('Vegetation Continued'!AF30=\"Yes\",1,0),0)","v":0},{"$f":"IFERROR(IF(AND('Vegetation Continued'!AF30=\"Yes\",OR('Vegetation Continued'!AL30=\"OBL\",'Vegetation Continued'!AL30=\"FACW\")),1,0),0)","v":0},{"$f":"IFERROR(IF(AND('Vegetation Continued'!AF30=\"Yes\",OR('Vegetation Continued'!AL30=\"UPL\",'Vegetation Continued'!AL30=\"FACU\")),1,0),0)","v":0},{"$f":"IFERROR(IF(OR('Vegetation Continued'!AL30=\"OBL\",'Vegetation Continued'!AL30=\"FACW\"),1,0),0)","v":0},{"$f":"IFERROR(IF(OR('Vegetation Continued'!AL30=\"UPL\",'Vegetation Continued'!AL30=\"FACU\"),1,0),0)","v":0},{"$f":"IFERROR(IF(AND('Vegetation Continued'!AF30=\"YES\",OR('Vegetation Continued'!AL30=\"UPL\",'Vegetation Continued'!AL30=\"FACU\",'Vegetation Continued'!AL30=\"FAC\")),FALSE,TRUE),TRUE)","v":true},{"$f":"IFERROR(IF('Vegetation Continued'!AL30=\"obl\",AP63,0),0)","v":0},{"$f":"IFERROR(IF('Vegetation Continued'!AL30=\"facw\",AP63,0),0)","v":0},{"$f":"IFERROR(IF('Vegetation Continued'!AL30=\"fac\",AP63,0),0)","v":0},{"$f":"IFERROR(IF('Vegetation Continued'!AL30=\"facu\",AP63,0),0)","v":0},{"$f":"IFERROR(IF('Vegetation Continued'!AL30=\"upl\",AP63,0),0)","v":0},0,{"$f":"IFERROR(LARGE(AP$49:AP$68,15),0)","v":0},0,{"$f":"IF(AND(BD63>0,SUM(BE$49:BE62)>0.5),\"\",BD63)","v":0},{"$f":"IFERROR(VLOOKUP('Vegetation Continued'!D30,Plant_List,2,FALSE),\"\")","v":""}]
[{"$nulls":41},{"$f":"IFERROR('Vegetation Continued'!Z31,0)","v":0},{"$f":"IFERROR(IF(AND('Vegetation Continued'!AF31=\"Yes\",OR('Vegetation Continued'!AL31=\"OBL\",'Vegetation Continued'!AL31=\"FACW\",'Vegetation Continued'!AL31=\"FAC\")),1,0),0)","v":0},{"$f":"IFERROR(IF('Vegetation Continued'!AF31=\"Yes\",1,0),0)","v":0},{"$f":"IFERROR(IF(AND('Vegetation Continued'!AF31=\"Yes\",OR('Vegetation Continued'!AL31=\"OBL\",'Vegetation Continued'!AL31=\"FACW\")),1,0),0)","v":0},{"$f":"IFERROR(IF(AND('Vegetation Continued'!AF31=\"Yes\",OR('Vegetation Continued'!AL31=\"UPL\",'Vegetation Continued'!AL31=\"FACU\")),1,0),0)","v":0},{"$f":"IFERROR(IF(OR('Vegetation Continued'!AL31=\"OBL\",'Vegetation Continued'!AL31=\"FACW\"),1,0),0)","v":0},{"$f":"IFERROR(IF(OR('Vegetation Continued'!AL31=\"UPL\",'Vegetation Continued'!AL31=\"FACU\"),1,0),0)","v":0},{"$f":"IFERROR(IF(AND('Vegetation Continued'!AF31=\"YES\",OR('Vegetation Continued'!AL31=\"UPL\",'Vegetation Continued'!AL31=\"FACU\",'Vegetation Continued'!AL31=\"FAC\")),FALSE,TRUE),TRUE)","v":true},{"$f":"IFERROR(IF('Vegetation Continued'!AL31=\"obl\",AP64,0),0)","v":0},{"$f":"IFERROR(IF('Vegetation Continued'!AL31=\"facw\",AP64,0),0)","v":0},{"$f":"IFERROR(IF('Vegetation Continued'!AL31=\"fac\",AP64,0),0)","v":0},{"$f":"IFERROR(IF('Vegetation Continued'!AL31=\"facu\",AP64,0),0)","v":0},{"$f":"IFERROR(IF('Vegetation Continued'!AL31=\"upl\",AP64,0),0)","v":0},0,{"$f":"IFERROR(LARGE(AP$49:AP$68,16),0)","v":0},0,{"$f":"IF(AND(BD64>0,SUM(BE$49:BE63)>0.5),\"\",BD64)","v":0},{"$f":"IFERROR(VLOOKUP('Vegetation Continued'!D31,Plant_List,2,FALSE),\"\")","v":""}]
[{"$nulls":41},{"$f":"IFERROR('Vegetation Continued'!Z32,0)","v":0},{"$f":"IFERROR(IF(AND('Vegetation Continued'!AF32=\"Yes\",OR('Vegetation Continued'!AL32=\"OBL\",'Vegetation Continued'!AL32=\"FACW\",'Vegetation Continued'!AL32=\"FAC\")),1,0),0)","v":0},{"$f":"IFERROR(IF('Vegetation Continued'!AF32=\"Yes\",1,0),0)","v":0},{"$f":"IFERROR(IF(AND('Vegetation Continued'!AF32=\"Yes\",OR('Vegetation Continued'!AL32=\"OBL\",'Vegetation Continued'!AL32=\"FACW\")),1,0),0)","v":0},{"$f":"IFERROR(IF(AND('Vegetation Continued'!AF32=\"Yes\",OR('Vegetation Continued'!AL32=\"UPL\",'Vegetation Continued'!AL32=\"FACU\")),1,0),0)","v":0},{"$f":"IFERROR(IF(OR('Vegetation Continued'!AL32=\"OBL\",'Vegetation Continued'!AL32=\"FACW\"),1,0),0)","v":0},{"$f":"IFERROR(IF(OR('Vegetation Continued'!AL32=\"UPL\",'Vegetation Continued'!AL32=\"FACU\"),1,0),0)","v":0},{"$f":"IFERROR(IF(AND('Vegetation Continued'!AF32=\"YES\",OR('Vegetation Continued'!AL32=\"UPL\",'Vegetation Continued'!AL32=\"FACU\",'Vegetation Continued'!AL32=\"FAC\")),FALSE,TRUE),TRUE)","v":true},{"$f":"IFERROR(IF('Vegetation Continued'!AL32=\"obl\",AP65,0),0)","v":0},{"$f":"IFERROR(IF('Vegetation Continued'!AL32=\"facw\",AP65,0),0)","v":0},{"$f":"IFERROR(IF('Vegetation Continued'!AL32=\"fac\",AP65,0),0)","v":0},{"$f":"IFERROR(IF('Vegetation Continued'!AL32=\"facu\",AP65,0),0)","v":0},{"$f":"IFERROR(IF('Vegetation Continued'!AL32=\"upl\",AP65,0),0)","v":0},0,{"$f":"IFERROR(LARGE(AP$49:AP$68,17),0)","v":0},0,{"$f":"IF(AND(BD65>0,SUM(BE$49:BE64)>0.5),\"\",BD65)","v":0},{"$f":"IFERROR(VLOOKUP('Vegetation Continued'!D32,Plant_List,2,FALSE),\"\")","v":""}]
[{"$nulls":41},{"$f":"IFERROR('Vegetation Continued'!Z33,0)","v":0},{"$f":"IFERROR(IF(AND('Vegetation Continued'!AF33=\"Yes\",OR('Vegetation Continued'!AL33=\"OBL\",'Vegetation Continued'!AL33=\"FACW\",'Vegetation Continued'!AL33=\"FAC\")),1,0),0)","v":0},{"$f":"IFERROR(IF('Vegetation Continued'!AF33=\"Yes\",1,0),0)","v":0},{"$f":"IFERROR(IF(AND('Vegetation Continued'!AF33=\"Yes\",OR('Vegetation Continued'!AL33=\"OBL\",'Vegetation Continued'!AL33=\"FACW\")),1,0),0)","v":0},{"$f":"IFERROR(IF(AND('Vegetation Continued'!AF33=\"Yes\",OR('Vegetation Continued'!AL33=\"UPL\",'Vegetation Continued'!AL33=\"FACU\")),1,0),0)","v":0},{"$f":"IFERROR(IF(OR('Vegetation Continued'!AL33=\"OBL\",'Vegetation Continued'!AL33=\"FACW\"),1,0),0)","v":0},{"$f":"IFERROR(IF(OR('Vegetation Continued'!AL33=\"UPL\",'Vegetation Continued'!AL33=\"FACU\"),1,0),0)","v":0},{"$f":"IFERROR(IF(AND('Vegetation Continued'!AF33=\"YES\",OR('Vegetation Continued'!AL33=\"UPL\",'Vegetation Continued'!AL33=\"FACU\",'Vegetation Continued'!AL33=\"FAC\")),FALSE,TRUE),TRUE)","v":true},{"$f":"IFERROR(IF('Vegetation Continued'!AL33=\"obl\",AP66,0),0)","v":0},{"$f":"IFERROR(IF('Vegetation Continued'!AL33=\"facw\",AP66,0),0)","v":0},{"$f":"IFERROR(IF('Vegetation Continued'!AL33=\"fac\",AP66,0),0)","v":0},{"$f":"IFERROR(IF('Vegetation Continued'!AL33=\"facu\",AP66,0),0)","v":0},{"$f":"IFERROR(IF('Vegetation Continued'!AL33=\"upl\",AP66,0),0)","v":0},0,{"$f":"IFERROR(LARGE(AP$49:AP$68,18),0)","v":0},0,{"$f":"IF(AND(BD66>0,SUM(BE$49:BE65)>0.5),\"\",BD66)","v":0},{"$f":"IFERROR(VLOOKUP('Vegetation Continued'!D33,Plant_List,2,FALSE),\"\")","v":""}]
[{"$nulls":41},{"$f":"IFERROR('Vegetation Continued'!Z34,0)","v":0},{"$f":"IFERROR(IF(AND('Vegetation Continued'!AF34=\"Yes\",OR('Vegetation Continued'!AL34=\"OBL\",'Vegetation Continued'!AL34=\"FACW\",'Vegetation Continued'!AL34=\"FAC\")),1,0),0)","v":0},{"$f":"IFERROR(IF('Vegetation Continued'!AF34=\"Yes\",1,0),0)","v":0},{"$f":"IFERROR(IF(AND('Vegetation Continued'!AF34=\"Yes\",OR('Vegetation Continued'!AL34=\"OBL\",'Vegetation Continued'!AL34=\"FACW\")),1,0),0)","v":0},{"$f":"IFERROR(IF(AND('Vegetation Continued'!AF34=\"Yes\",OR('Vegetation Continued'!AL34=\"UPL\",'Vegetation Continued'!AL34=\"FACU\")),1,0),0)","v":0},{"$f":"IFERROR(IF(OR('Vegetation Continued'!AL34=\"OBL\",'Vegetation Continued'!AL34=\"FACW\"),1,0),0)","v":0},{"$f":"IFERROR(IF(OR('Vegetation Continued'!AL34=\"UPL\",'Vegetation Continued'!AL34=\"FACU\"),1,0),0)","v":0},{"$f":"IFERROR(IF(AND('Vegetation Continued'!AF34=\"YES\",OR('Vegetation Continued'!AL34=\"UPL\",'Vegetation Continued'!AL34=\"FACU\",'Vegetation Continued'!AL34=\"FAC\")),FALSE,TRUE),TRUE)","v":true},{"$f":"IFERROR(IF('Vegetation Continued'!AL34=\"obl\",AP67,0),0)","v":0},{"$f":"IFERROR(IF('Vegetation Continued'!AL34=\"facw\",AP67,0),0)","v":0},{"$f":"IFERROR(IF('Vegetation Continued'!AL34=\"fac\",AP67,0),0)","v":0},{"$f":"IFERROR(IF('Vegetation Continued'!AL34=\"facu\",AP67,0),0)","v":0},{"$f":"IFERROR(IF('Vegetation Continued'!AL34=\"upl\",AP67,0),0)","v":0},0,{"$f":"IFERROR(LARGE(AP$49:AP$68,19),0)","v":0},0,{"$f":"IF(AND(BD67>0,SUM(BE$49:BE66)>0.5),\"\",BD67)","v":0},{"$f":"IFERROR(VLOOKUP('Vegetation Continued'!D34,Plant_List,2,FALSE),\"\")","v":""}]
[{"$nulls":41},{"$f":"IFERROR('Vegetation Continued'!Z35,0)","v":0},{"$f":"IFERROR(IF(AND('Vegetation Continued'!AF35=\"Yes\",OR('Vegetation Continued'!AL35=\"OBL\",'Vegetation Continued'!AL35=\"FACW\",'Vegetation Continued'!AL35=\"FAC\")),1,0),0)","v":0},{"$f":"IFERROR(IF('Vegetation Continued'!AF35=\"Yes\",1,0),0)","v":0},{"$f":"IFERROR(IF(AND('Vegetation Continued'!AF35=\"Yes\",OR('Vegetation Continued'!AL35=\"OBL\",'Vegetation Continued'!AL35=\"FACW\")),1,0),0)","v":0},{"$f":"IFERROR(IF(AND('Vegetation Continued'!AF35=\"Yes\",OR('Vegetation Continued'!AL35=\"UPL\",'Vegetation Continued'!AL35=\"FACU\")),1,0),0)","v":0},{"$f":"IFERROR(IF(OR('Vegetation Continued'!AL35=\"OBL\",'Vegetation Continued'!AL35=\"FACW\"),1,0),0)","v":0},{"$f":"IFERROR(IF(OR('Vegetation Continued'!AL35=\"UPL\",'Vegetation Continued'!AL35=\"FACU\"),1,0),0)","v":0},{"$f":"IFERROR(IF(AND('Vegetation Continued'!AF35=\"YES\",OR('Vegetation Continued'!AL35=\"UPL\",'Vegetation Continued'!AL35=\"FACU\",'Vegetation Continued'!AL35=\"FAC\")),FALSE,TRUE),TRUE)","v":true},{"$f":"IFERROR(IF('Vegetation Continued'!AL35=\"obl\",AP68,0),0)","v":0},{"$f":"IFERROR(IF('Vegetation Continued'!AL35=\"facw\",AP68,0),0)","v":0},{"$f":"IFERROR(IF('Vegetation Continued'!AL35=\"fac\",AP68,0),0)","v":0},{"$f":"IFERROR(IF('Vegetation Continued'!AL35=\"facu\",AP68,0),0)","v":0},{"$f":"IFERROR(IF('Vegetation Continued'!AL35=\"upl\",AP68,0),0)","v":0},0,{"$f":"IFERROR(LARGE(AP$49:AP$68,20),0)","v":0},0,{"$f":"IF(AND(BD68>0,SUM(BE$49:BE67)>0.5),\"\",BD68)","v":0},{"$f":"IFERROR(VLOOKUP('Vegetation Continued'!D35,Plant_List,2,FALSE),\"\")","v":""}]
[]
[{"$nulls":41},{"$f":"M45","v":0},{"$f":"IF(AND(Q45=\"Yes\",OR(W45=\"OBL\",W45=\"FACW\",W45=\"FAC\")),1,0)","v":0},{"$f":"IF(Q45=\"Yes\",1,0)","v":0},{"$f":"IF(AND(Q45=\"Yes\",OR(W45=\"OBL\",W45=\"FACW\")),1,0)","v":0},{"$f":"IF(AND(Q45=\"Yes\",OR(W45=\"UPL\",W45=\"FACU\")),1,0)","v":0},{"$f":"IF(OR(W45=\"OBL\",W45=\"FACW\"),1,0)","v":0},{"$f":"IF(OR(W45=\"UPL\",W45=\"FACU\"),1,0)","v":0},{"$f":"IF(AND(Q45=\"YES\",OR(W45=\"UPL\",W45=\"FACU\",W45=\"FAC\")),FALSE,TRUE)","v":true},{"$f":"IF($W45=\"obl\",$M45,0)","v":0},{"$f":"IF($W45=\"facw\",$M45,0)","v":0},{"$f":"IF($W45=\"fac\",$M45,0)","v":0},{"$f":"IF($W45=\"facu\",$M45,0)","v":0},{"$f":"IF($W45=\"upl\",$M45,0)","v":0},{"$f":"IFERROR(M45/M$47,0)","v":0},{"$f":"IFERROR(LARGE(AP$70:AP$76,1),0)","v":0},{"$f":"IFERROR(BD70/$M$47,0)","v":0},{"$f":"IF(BD70>0,BD70,\"\")","v":""},{"$f":"IFERROR(VLOOKUP(C45,Plant_List,2,FALSE),\"\")","v":""}]
[{"$nulls":41},{"$f":"M46","v":0},{"$f":"IF(AND(Q46=\"Yes\",OR(W46=\"OBL\",W46=\"FACW\",W46=\"FAC\")),1,0)","v":0},{"$f":"IF(Q46=\"Yes\",1,0)","v":0},{"$f":"IF(AND(Q46=\"Yes\",OR(W46=\"OBL\",W46=\"FACW\")),1,0)","v":0},{"$f":"IF(AND(Q46=\"Yes\",OR(W46=\"UPL\",W46=\"FACU\")),1,0)","v":0},0,0,{"$f":"IF(AND(Q46=\"YES\",OR(W46=\"UPL\",W46=\"FACU\",W46=\"FAC\")),FALSE,TRUE)","v":true},{"$f":"IF($W46=\"obl\",$M46,0)","v":0},{"$f":"IF($W46=\"facw\",$M46,0)","v":0},{"$f":"IF($W46=\"fac\",$M46,0)","v":0},{"$f":"IF($W46=\"facu\",$M46,0)","v":0},{"$f":"IF($W46=\"upl\",$M46,0)","v":0},{"$f":"IFERROR(M46/M$47,0)","v":0},{"$f":"IFERROR(LARGE(AP$70:AP$76,2),0)","v":0},{"$f":"IFERROR(BD71/$M$47,0)","v":0},{"$f":"IF(AND(BD71>0,BE70>0.5),\"\",BD71)","v":0},{"$f":"IFERROR(VLOOKUP(C46,Plant_List,2,FALSE),\"\")","v":""}]
[{"$nulls":41},{"$f":"IFERROR('Vegetation Continued'!Z38,0)","v":0},{"$f":"IFERROR(IF(AND('Vegetation Continued'!AF38=\"Yes\",OR('Vegetation Continued'!AL38=\"OBL\",'Vegetation Continued'!AL38=\"FACW\",'Vegetation Continued'!AL38=\"FAC\")),1,0),0)","v":0},{"$f":"IFERROR(IF('Vegetation Continued'!AF38=\"Yes\",1,0),0)","v":0},{"$f":"IFERROR(IF(AND('Vegetation Continued'!AF38=\"Yes\",OR('Vegetation Continued'!AL38=\"OBL\",'Vegetation Continued'!AL38=\"FACW\")),1,0),0)","v":0},{"$f":"IFERROR(IF(AND('Vegetation Continued'!AF38=\"Yes\",OR('Vegetation Continued'!AL38=\"UPL\",'Vegetation Continued'!AL38=\"FACU\")),1,0),0)","v":0},{"$f":"IFERROR(IF(OR('Vegetation Continued'!AL38=\"OBL\",'Vegetation Continued'!AL38=\"FACW\"),1,0),0)","v":0},{"$f":"IFERROR(IF(OR('Vegetation Continued'!AL38=\"UPL\",'Vegetation Continued'!AL38=\"FACU\"),1,0),0)","v":0},{"$f":"IFERROR(IF(AND('Vegetation Continued'!AF38=\"YES\",OR('Vegetation Continued'!AL38=\"UPL\",'Vegetation Continued'!AL38=\"FACU\",'Vegetation Continued'!AL38=\"FAC\")),FALSE,TRUE),TRUE)","v":true},{"$f":"IFERROR(IF('Vegetation Continued'!AL38=\"obl\",AP72,0),0)","v":0},{"$f":"IFERROR(IF('Vegetation Continued'!AL38=\"facw\",AP72,0),0)","v":0},{"$f":"IFERROR(IF('Vegetation Continued'!AL38=\"fac\",AP72,0),0)","v":0},{"$f":"IFERROR(IF('Vegetation Continued'!AL38=\"facu\",AP72,0),0)","v":0},{"$f":"IFERROR(IF('Vegetation Continued'!AL38=\"upl\",AP72,0),0)","v":0},{"$f":"IFERROR(AP72/M$47,0)","v":0},{"$f":"IFERROR(LARGE(AP$70:AP$76,3),0)","v":0},{"$f":"IFERROR(BC72/M$47,0)","v":0},{"$f":"IF(AND(BD72>0,SUM(BE$70:BE71)>0.5),\"\",BD72)","v":0},{"$f":"IFERROR(VLOOKUP('Vegetation Continued'!D38,Plant_List,2,FALSE),\"\")","v":""}]
[{"$nulls":41},{"$f":"IFERROR('Vegetation Continued'!Z39,0)","v":0},{"$f":"IFERROR(IF(AND('Vegetation Continued'!AF39=\"Yes\",OR('Vegetation Continued'!AL39=\"OBL\",'Vegetation Continued'!AL39=\"FACW\",'Vegetation Continued'!AL39=\"FAC\")),1,0),0)","v":0},{"$f":"IFERROR(IF('Vegetation Continued'!AF39=\"Yes\",1,0),0)","v":0},{"$f":"IFERROR(IF(AND('Vegetation Continued'!AF39=\"Yes\",OR('Vegetation Continued'!AL39=\"OBL\",'Vegetation Continued'!AL39=\"FACW\")),1,0),0)","v":0},{"$f":"IFERROR(IF(AND('Vegetation Continued'!AF39=\"Yes\",OR('Vegetation Continued'!AL39=\"UPL\",'Vegetation Continued'!AL39=\"FACU\")),1,0),0)","v":0},{"$f":"IFERROR(IF(OR('Vegetation Continued'!AL39=\"OBL\",'Vegetation Continued'!AL39=\"FACW\"),1,0),0)","v":0},{"$f":"IFERROR(IF(OR('Vegetation Continued'!AL39=\"UPL\",'Vegetation Continued'!AL39=\"FACU\"),1,0),0)","v":0},{"$f":"IFERROR(IF(AND('Vegetation Continued'!AF39=\"YES\",OR('Vegetation Continued'!AL39=\"UPL\",'Vegetation Continued'!AL39=\"FACU\",'Vegetation Continued'!AL39=\"FAC\")),FALSE,TRUE),TRUE)","v":true},{"$f":"IFERROR(IF('Vegetation Continued'!AL39=\"obl\",AP73,0),0)","v":0},{"$f":"IFERROR(IF('Vegetation Continued'!AL39=\"facw\",AP73,0),0)","v":0},{"$f":"IFERROR(IF('Vegetation Continued'!AL39=\"fac\",AP73,0),0)","v":0},{"$f":"IFERROR(IF('Vegetation Continued'!AL39=\"facu\",AP73,0),0)","v":0},{"$f":"IFERROR(IF('Vegetation Continued'!AL39=\"upl\",AP73,0),0)","v":0},{"$f":"IFERROR(AP73/M$47,0)","v":0},{"$f":"IFERROR(LARGE(AP$70:AP$76,4),0)","v":0},{"$f":"IFERROR(BC73/M$47,0)","v":0},{"$f":"IF(AND(BD73>0,SUM(BE$70:BE72)>0.5),\"\",BD73)","v":0},{"$f":"IFERROR(VLOOKUP('Vegetation Continued'!D39,Plant_List,2,FALSE),\"\")","v":""}]
[{"$nulls":41},{"$f":"IFERROR('Vegetation Continued'!Z40,0)","v":0},{"$f":"IFERROR(IF(AND('Vegetation Continued'!AF40=\"Yes\",OR('Vegetation Continued'!AL40=\"OBL\",'Vegetation Continued'!AL40=\"FACW\",'Vegetation Continued'!AL40=\"FAC\")),1,0),0)","v":0},{"$f":"IFERROR(IF('Vegetation Continued'!AF40=\"Yes\",1,0),0)","v":0},{"$f":"IFERROR(IF(AND('Vegetation Continued'!AF40=\"Yes\",OR('Vegetation Continued'!AL40=\"OBL\",'Vegetation Continued'!AL40=\"FACW\")),1,0),0)","v":0},{"$f":"IFERROR(IF(AND('Vegetation Continued'!AF40=\"Yes\",OR('Vegetation Continued'!AL40=\"UPL\",'Vegetation Continued'!AL40=\"FACU\")),1,0),0)","v":0},{"$f":"IFERROR(IF(OR('Vegetation Continued'!AL40=\"OBL\",'Vegetation Continued'!AL40=\"FACW\"),1,0),0)","v":0},{"$f":"IFERROR(IF(OR('Vegetation Continued'!AL40=\"UPL\",'Vegetation Continued'!AL40=\"FACU\"),1,0),0)","v":0},{"$f":"IFERROR(IF(AND('Vegetation Continued'!AF40=\"YES\",OR('Vegetation Continued'!AL40=\"UPL\",'Vegetation Continued'!AL40=\"FACU\",'Vegetation Continued'!AL40=\"FAC\")),FALSE,TRUE),TRUE)","v":true},{"$f":"IFERROR(IF('Vegetation Continued'!AL40=\"obl\",AP74,0),0)","v":0},{"$f":"IFERROR(IF('Vegetation Continued'!AL40=\"facw\",AP74,0),0)","v":0},{"$f":"IFERROR(IF('Vegetation Continued'!AL40=\"fac\",AP74,0),0)","v":0},{"$f":"IFERROR(IF('Vegetation Continued'!AL40=\"facu\",AP74,0),0)","v":0},{"$f":"IFERROR(IF('Vegetation Continued'!AL40=\"upl\",AP74,0),0)","v":0},0,{"$f":"IFERROR(LARGE(AP$70:AP$76,5),0)","v":0},0,{"$f":"IF(AND(BD74>0,SUM(BE$70:BE73)>0.5),\"\",BD74)","v":0},{"$f":"IFERROR(VLOOKUP('Vegetation Continued'!D40,Plant_List,2,FALSE),\"\")","v":""}]
[{"$nulls":41},{"$f":"IFERROR('Vegetation Continued'!Z41,0)","v":0},{"$f":"IFERROR(IF(AND('Vegetation Continued'!AF41=\"Yes\",OR('Vegetation Continued'!AL41=\"OBL\",'Vegetation Continued'!AL41=\"FACW\",'Vegetation Continued'!AL41=\"FAC\")),1,0),0)","v":0},{"$f":"IFERROR(IF('Vegetation Continued'!AF41=\"Yes\",1,0),0)","v":0},{"$f":"IFERROR(IF(AND('Vegetation Continued'!AF41=\"Yes\",OR('Vegetation Continued'!AL41=\"OBL\",'Vegetation Continued'!AL41=\"FACW\")),1,0),0)","v":0},{"$f":"IFERROR(IF(AND('Vegetation Continued'!AF41=\"Yes\",OR('Vegetation Continued'!AL41=\"UPL\",'Vegetation Continued'!AL41=\"FACU\")),1,0),0)","v":0},{"$f":"IFERROR(IF(OR('Vegetation Continued'!AL41=\"OBL\",'Vegetation Continued'!AL41=\"FACW\"),1,0),0)","v":0},{"$f":"IFERROR(IF(OR('Vegetation Continued'!AL41=\"UPL\",'Vegetation Continued'!AL41=\"FACU\"),1,0),0)","v":0},{"$f":"IFERROR(IF(AND('Vegetation Continued'!AF41=\"YES\",OR('Vegetation Continued'!AL41=\"UPL\",'Vegetation Continued'!AL41=\"FACU\",'Vegetation Continued'!AL41=\"FAC\")),FALSE,TRUE),TRUE)","v":true},{"$f":"IFERROR(IF('Vegetation Continued'!AL41=\"obl\",AP75,0),0)","v":0},{"$f":"IFERROR(IF('Vegetation Continued'!AL41=\"facw\",AP75,0),0)","v":0},{"$f":"IFERROR(IF('Vegetation Continued'!AL41=\"fac\",AP75,0),0)","v":0},{"$f":"IFERROR(IF('Vegetation Continued'!AL41=\"facu\",AP75,0),0)","v":0},{"$f":"IFERROR(IF('Vegetation Continued'!AL41=\"upl\",AP75,0),0)","v":0},0,{"$f":"IFERROR(LARGE(AP$70:AP$76,6),0)","v":0},0,{"$f":"IF(AND(BD75>0,SUM(BE$70:BE74)>0.5),\"\",BD75)","v":0},{"$f":"IFERROR(VLOOKUP('Vegetation Continued'!D41,Plant_List,2,FALSE),\"\")","v":""}]
[{"$nulls":41},{"$f":"IFERROR('Vegetation Continued'!Z42,0)","v":0},{"$f":"IFERROR(IF(AND('Vegetation Continued'!AF42=\"Yes\",OR('Vegetation Continued'!AL42=\"OBL\",'Vegetation Continued'!AL42=\"FACW\",'Vegetation Continued'!AL42=\"FAC\")),1,0),0)","v":0},{"$f":"IFERROR(IF('Vegetation Continued'!AF42=\"Yes\",1,0),0)","v":0},{"$f":"IFERROR(IF(AND('Vegetation Continued'!AF42=\"Yes\",OR('Vegetation Continued'!AL42=\"OBL\",'Vegetation Continued'!AL42=\"FACW\")),1,0),0)","v":0},{"$f":"IFERROR(IF(AND('Vegetation Continued'!AF42=\"Yes\",OR('Vegetation Continued'!AL42=\"UPL\",'Vegetation Continued'!AL42=\"FACU\")),1,0),0)","v":0},{"$f":"IFERROR(IF(OR('Vegetation Continued'!AL42=\"OBL\",'Vegetation Continued'!AL42=\"FACW\"),1,0),0)","v":0},{"$f":"IFERROR(IF(OR('Vegetation Continued'!AL42=\"UPL\",'Vegetation Continued'!AL42=\"FACU\"),1,0),0)","v":0},{"$f":"IFERROR(IF(AND('Vegetation Continued'!AF42=\"YES\",OR('Vegetation Continued'!AL42=\"UPL\",'Vegetation Continued'!AL42=\"FACU\",'Vegetation Continued'!AL42=\"FAC\")),FALSE,TRUE),TRUE)","v":true},{"$f":"IFERROR(IF('Vegetation Continued'!AL42=\"obl\",AP76,0),0)","v":0},{"$f":"IFERROR(IF('Vegetation Continued'!AL42=\"facw\",AP76,0),0)","v":0},{"$f":"IFERROR(IF('Vegetation Continued'!AL42=\"fac\",AP76,0),0)","v":0},{"$f":"IFERROR(IF('Vegetation Continued'!AL42=\"facu\",AP76,0),0)","v":0},{"$f":"IFERROR(IF('Vegetation Continued'!AL42=\"upl\",AP76,0),0)","v":0},0,{"$f":"IFERROR(LARGE(AP$70:AP$76,7),0)","v":0},0,{"$f":"IF(AND(BD76>0,SUM(BE$70:BE75)>0.5),\"\",BD76)","v":0},{"$f":"IFERROR(VLOOKUP('Vegetation Continued'!D42,Plant_List,2,FALSE),\"\")","v":""}]

{"sheet":"Privacy Act Information","index":1,"n_rows":7,"n_cols":1,"rows_kept":7,"merged":[[0,0,0,9],[1,0,4,9],[5,0,5,9],[6,0,8,9]]}
["AGENCY DISCLOSURE NOTIFICATION"]
["The public reporting burden for this collection of information, OMB Control Number 0710-xxxx, is estimated to average 1 hour per response, including the timefor reviewing instructions, searching existing data sources, gathering and maintaining the data needed, and completing and reviewing the collection of information. Send comments regarding the burden estimate or burden reduction suggestions to the Department of Defense, Washington Headquarters Services,at whs.mc-alex.esd.mbx.dd-dod-information-collections@mail.mil. Respondents should be aware that notwithstanding any other provision of law, no person shall be subject to any penalty for failing to comply with a collection of information if it does not display a currently valid OMB control number. PLEASE DO NOT RETURN YOUR REQEUST TO THE ABOVE EMAIL."]
[]
[]
[]
["PRIVACY ACT STATEMENT"]
["Authorities: Rivers and Harbors Act, Section 10, 33 USC 403; Clean Water Act, Section 404, 33 USC 1344; Marine Protection, Research, and Sanctuaries Act, Section 103, 33 USC 1413; Regulatory Programs of the Corps of Engineers; Final Rule 33 CFR 320-332. Principal Purpose: Information provided on this form will be used in evaluating the application for a permit. Routine Uses: This information may be shared with the Department of Justice and other federal, state, and local government agencies, and the public and may be made available as part of a public notice as required by Federal law. Submission of requested information is voluntary, however, if information is not provided the permit application cannot be evaluated nor can a permit be issued. One set of original drawings or good reproducible copies which show the location and character of the proposed activity must be attached to this application (see sample drawings and/or instructions) and be submitted to the District Engineer having jurisdiction over the location of the proposed activity. An application that is not completed in full will be returned. System of Record Notice (SORN). The information received is entered into our permit tracking database and a SORN has been completed (SORN #A1145b) and may be accessed at the following website: http://dpcld.defense.gov/Privacy/SORNsIndex/DOD-wide-SORN-Article-View/Article/570115/a1145b-ce.aspx"]

{"sheet":"Page 2 (Soil & Hydrology)","index":2,"n_rows":486,"n_cols":216,"rows_kept":486,"merged":[[0,0,0,23],[0,27,0,28],[1,0,1,29],[2,0,12,0],[2,1,2,29],[3,1,3,2],[3,3,11,3],[3,4,3,7],[3,8,11,8],[3,9,3,18],[3,19,3,29],[4,1,4,2],[4,4,4,5],[4,6,11,6],[4,9,4,12],[4,13,11,13],[4,15,11,15],[4,17,11,17],[4,19,11,19],[4,20,4,22],[4,24,4,28],[4,29,11,29],[5,1,5,2],[5,4,5,5],[5,9,5,12],[5,20,5,22],[5,24,5,28],[6,1,6,2],[6,4,6,5],[6,9,6,12],[6,20,6,22],[6,24,6,28],[7,1,7,2],[7,4,7,5],[7,9,7,12],[7,20,7,22],[7,24,7,28],[8,1,8,2],[8,4,8,5],[8,9,8,12],[8,20,8,22],[8,24,8,28],[9,1,9,2],[9,4,9,5],[9,9,9,12],[9,20,9,22],[9,24,9,28],[10,1,10,2],[10,4,10,5],[10,9,10,12],[10,20,10,22],[10,24,10,28],[11,1,11,2],[11,4,11,5],[11,9,11,12],[11,20,11,22],[11,24,11,28],[12,1,12,20],[12,21,12,29],[13,1,13,20],[13,21,13,29],[14,2,14,9],[14,11,14,20],[14,22,14,29],[15,2,15,9],[15,11,15,20],[15,22,15,29],[16,2,16,9],[16,11,16,20],[16,22,16,29],[17,2,17,9],[17,11,17,20],[17,22,17,29],[18,2,18,9],[18,11,18,29],[19,2,19,9],[19,11,19,29],[20,2,20,9],[20,11,20,20],[20,21,20,29],[21,2,21,9],[21,11,21,21],[21,22,21,29],[22,2,22,9],[22,11,22,21],[22,22,22,29],[23,0,23,29],[24,0,27,0],[24,1,24,18],[24,19,25,29],[25,1,26,1],[25,3,25,9],[25,10,26,18],[26,5,26,9],[27,1,27,18],[27,19,27,29],[28,0,32,0],[28,1,28,29],[29,1,32,29],[33,0,33,29],[34,1,34,29],[36,2,36,9],[36,11,36,20],[36,22,36,29],[37,2,37,9],[37,11,37,20],[37,22,37,29],[38,2,38,9],[38,11,38,20],[38,22,38,29],[39,2,39,9],[39,11,39,20],[39,22,39,29],[40,2,40,9],[40,11,40,20],[40,22,40,29],[41,2,41,9],[41,11,41,20],[41,22,41,29],[42,2,42,9],[42,11,42,20],[42,22,42,29],[43,2,43,9],[43,11,43,20],[43,22,43,29],[44,2,44,9],[44,11,44,29],[45,0,45,29],[46,1,46,19],[46,20,48,29],[46,30,46,31],[47,0,50,0],[47,8,47,10],[47,12,47,16],[47,17,47,18],[47,19,49,19],[48,8,48,10],[48,12,48,16],[48,17,48,18],[49,8,49,10],[49,12,49,16],[49,17,49,18],[50,1,50,19],[50,20,50,29],[51,0,53,0],[51,1,51,29],[52,1,53,29],[54,0,58,0],[54,1,54,29],[55,1,58,29],[59,24,59,29]]}
["SOIL",{"$nulls":25},"Sampling Point:",{"$f":"IF('Page 1 (Vegetation)'!AJ3=0,\"\",'Page 1 (Vegetation)'!AJ3)","v":""},{"$nulls":187}," "]
[]
[null,"Profile Description:  (Describe to the depth needed to document the indicator or confirm the absence of indicators.)",{"$nulls":165},"Hydrology Indicator and Hydric Soil Definition"]
[null,"Depth",null,null,"Matrix",{"$nulls":4},"Redox Features",{"$nulls":33},"Redox 2% Prominent/Distinct",{"$nulls":3},"Redox 5% Prominent/Distinct",{"$nulls":3},"Histosol (A1)",{"$nulls":5},"Histic Epipedon (A2)",{"$nulls":3},"Black Histic (A3)",{"$nulls":5},"Hydrogen Sulfide (A4)","Stratified Layers (A5)",{"$nulls":7},"Organic Bodies (A6)",{"$nulls":3},"5 cm Mucky Mineral (A7)",{"$nulls":4},"Muck Presence (A8)",{"$nulls":3},"Depleted Below Dark Surface (A11)",{"$nulls":7},"Thick Dark Surface (A12)",{"$nulls":7},"Sandy Gleyed Matrix (S4)",{"$nulls":3},"Sandy Redox (S5)",{"$nulls":4},"Stripped Matrix (S6)",null,"Dark Surface (S7)",{"$nulls":6},"Loamy Gleyed Matrix (F2)",{"$nulls":3},"Depleted Matrix (F3)",{"$nulls":6},"Redox Dark Surface (F6)",{"$nulls":4},"Depleted Dark Surface (F7)",{"$nulls":11},"Redox Depressions (F8)",null,null,"Red Parent Material (F21)",{"$nulls":6},"Very Shallow Dark Surface (F22)",{"$nulls":5},"Presence of Reduced Iron (C4)"]
[null,"(inches)",null,null,"Color (moist)",null,null,"%",null,"Color (moist)",{"$nulls":4},"%",null,"Type1",null,"Loc2",null,"Texture",{"$nulls":3},"Remarks",{"$nulls":5},"Start Depth","End Depth","Matrix Color","Hue","Value","Chroma","%","Hue","Value","Chroma","Contrast hue-chroma-value","Redox","Texture","Checks if there is a qualifying prominent or distinct redox in the same row and then checks if the redox is high enough %.  Else, it looks down the same soil layer (same start depth) and determines if there is a TRUE in the same layer.","Adds percentages of lines that qualify as Prominent or Distinct but are insufficient %.","Checks if there is Prominent or Distinct redox in that line.","Checks below this line in the same layer to see if there is Prominent or Distinct redox in that soil layer.","Checks if there is a qualifying prominent or distinct redox in the same row and then checks if the redox is high enough %.  Else, it looks down the same soil layer (same start depth) and determines if there is a TRUE in the same layer.","Adds percentages of lines that qualify as Prominent or Distinct but are insufficient %.","Checks if there is Prominent or Distinct redox in that line.","Checks below this line in the same layer to see if there is Prominent or Distinct redox in that soil layer.","Conditions","Calculates depth if organic soil","Running total of previous column that matches conditions","Checks if current soil layer is organic for Histosols <16\" over a restrictive layer.","Checks for mineral soils with chroma > 2 and calculates depth","Totals the previous column and checks if >= 6 above indicator","Conditions","Calculates depth if organic soil","Running total of previous column that matches conditions","Checks for organic soil in layer above at the proper thickness, then checks if mineral soil exists at the current layer at chroma <= 2","Conditions","Checks for organic soils, then checks for 10YR or yellower, then checks for chroma 1 or less and calculates depth","Running total of previous column that matches conditions","Checks for organic soil in layer above at the proper thickness, then checks if mineral soil exists at the current layer at chroma <= 2","Checks for mineral soils with chroma > 2 and calculates depth","Totals the previous column and checks if >= 6 above indicator","BP6 checks if Hydrogen Sulfide Odor (C1) hydrology indicator is checked.","Conditions","Checks for a layer with value <=3 chroma <=1, then checks for organic or mucky modified mineral.  TRUE for layer with color qualify or organic/mucky modified, False for colors that don't qualify, 0 for layers that are repeats (for redox) so they are not counted twice.","Checks for a layer with  chroma <=2, if not already qualified in BR.  TRUE for layer with color qualify, False for colors that don't qualify, 0 for layers that are repeats (for redox) so they are not counted twice.  ","Checks BS for >=2 qualifying layers <=6\" in depth.","Checks BR if any qualifying layers are above the current layer,else checks for 2 qualifying BS layers above, and finally checks if a qualifying layer in BR or BS has begun.","Checks BR if any qualifying layers are below the current layer, then if that layer <=6\" in depth, and finally checks if a qualifying layer in BS has begun.","Checks BR and BS to see if the indicator has started above.","Returns TRUE if a layer does not qualify in either BR or BS if the indicator has started.","Conditions","Checks for starting depth meeting conditions, then checks if there are organic bodies by checking if non-automated remarks have been entered in that line.","Checks for mineral soils with chroma > 2 and calculates depth","Totals the previous column and checks if >= 6 above indicator","Conditions","Calculates layers with mucky mineral","Running total of previous column that matches conditions","Checks for mineral soils with chroma > 2 and calculates depth","Totals the previous column and checks if >= 6 above indicator","Conditions","Checks for starting depth meeting conditions, then checks if there is muck and if it is value <=3 and chroma <=1.","Checks for mineral soils with chroma > 2 and calculates depth","Totals the previous column and checks if >= 6 above indicator","Conditions","Conditions","Checks for dark layers, organic and loamy/clayey with value <=3 chroma <=2 and sands value <=3, chroma <=1.  Returns TRUE for qualifying organic or loamy/clayey, SAND for sands, and FALSE if layer does not meet requirements.","Checks in columns 2 and 4 in Master Soil List to see if depleted matrix or gleyed matrix at 60% matrix, if not it checks column 3 with 2% prominent or distinct redox.  It calculates layer depth if TRUE in either case.","Running total of previous column that matches conditions in CL","Running total of CN that matches conditions in CM","Checks for mineral soils with chroma > 2 and calculates depth","Totals the previous column and checks if >= 6 above indicator","Conditions","Calculates depth of layers above depleted matrix with value <=2.5 chroma <=1.","Running total of previous column that matches conditions","Checks in columns 2 and 4 in Master Soil List to see if depleted matrix or gleyed matrix at 60% matrix, if not it checks column 3 with 2% prominent or distinct redox.  It calculates layer depth if TRUE in either case.","Running total of previous column that matches conditions","Checks for layers above depleted matrix for value <=3, chroma <=1 if upper and lower totals are met.  Returns TRUE for qualifying, SAND for sands, FALSE if any layer does not meet requirements, and 0 for layers that qualify in CW.","Checks for mineral soils with chroma > 2 and calculates depth","Totals the previous column and checks if >= 6 above indicator","Conditions","Checks for sandy soil, then gleyed matrix in Master Soil List, then checks if start depth meets conditions.","Checks for mineral soils with chroma > 2 and calculates depth","Totals the previous column and checks if >= 6 above indicator","Conditions","Calculates layers that are sandy, have matrix >=60, and have 2% prominent/distinct redox","Running total of previous column that matches conditions","Checks for mineral soils with chroma > 2 and calculates depth","Totals the previous column and checks if >= 6 above indicator","Conditions","Checks for sandy soil and starting depth meeting conditions, then checks if there is >=10% stripped material by checking if matrix <=90%","Conditions","Calculates sandy layers with value<=3 chroma <=1","Running total of previous column that matches conditions","Checks for sand in one layer greater than 4 inches, else checks for qualifying sand in layer above at the proper thickness, then checks if current layer has chroma <=2.","Checks for qualifying sand in layer above without thickness (for combination indicators), then checks if current layer has chroma <=2","Checks for mineral soils with chroma > 2 and calculates depth","Totals the previous column and checks if >= 6 above indicator","Conditions","Checks for loamy/clayey soil, then gleyed matrix in Master Soil List, then if it meets conditions","Checks for mineral soils with chroma > 2 and calculates depth","Totals the previous column and checks if >= 6 above indicator","Conditions","Conditions","Checks in column 2 in Master Soil List to see if depleted matrix at 60% matrix, if not it checks column 3 with 2% prominent or distinct redox.  It calculates layer depth if TRUE in either case.","Running total of previous column that matches conditions in DX","Running total of column DZ that matches conditions in DY","Checks for mineral soils with chroma > 2 and calculates depth","Totals the previous column and checks if >= 6 above indicator","Conditions","Calculates for prominent/distinct redox of >=2% with value <=3, chroma <=1 or for prominent/distinct redox >=5% with value <=3, chroma <=2.","Running total of previous column that matches conditions","Checks for mineral soils with chroma > 2 and calculates depth","Totals the previous column and checks if >= 6 above indicator","Conditions","Checks if there is a qualifying redox depletions in the same row and then checks if the redox >=10%.  Else, it looks down the same layer (same start depth) and determines if there is a TRUE in the same layer.","Adds percentages of lines that qualify as depletions but are insufficient %.","Checks if there are qualifying depletions in that line.","Checks below this line in the same layer to see if there are qualifying depletions in that soil layer.","Checks if there is a qualifying redox depletions in the same row and then checks if the redox >=20%.  Else, it looks down the same layer (same start depth) and determines if there is a TRUE in the same layer.","Checks if there are qualifying depletions in that line.","Checks below this line in the same layer to see if there are qualifying depletions in that soil layer.","Calculates depleted redox of >=10% with value <=3, chroma <=1 or for depleted redox >=20% with value <=3, chroma <=2.","Running total of previous column that matches conditions","Checks for mineral soils with chroma > 2 and calculates depth","Totals the previous column and checks if >= 6 above indicator","Conditions","Calculates loamy/clayey with prominent/distinct redox of >=5%.","Running total of previous column that matches conditions","Conditions","Checks if there is a qualifying prominent or distinct redox in the same row and then checks if the redox or qualifying depletions are high enough %.  Else, it looks down the same soil layer (same start depth) and determines if there is a TRUE in the same layer.","Adds percentages of lines that qualify as Prominent or Distinct redox or qualifying depletions but are insufficient %.","Checks if there is Prominent or Distinct redox or qualifying depletions in that line.","Checks below this line in the same layer to see if there is Prominent or Distinct redox or qualifying in that soil layer.","Calculates layers that are loamy/clayey, 7.5YR or redder hue, value and chroma <=4 with 10% redox concentrations or depletions","Running total of previous column that matches conditions","Conditions","Conditions","Calculates layers with loam/clay, bedrock<=10 inches, value<=2.5, and chroma<=1","Running total of previous column that matches conditions in FF","Running total of FH that matches conditions in FG","Checks for layers that don't qualify for FH for chroma <=2","Conditions","Checks if there is a reduced matrix in the layer."," "]
[{"$nulls":24},{"$f":"IF(AP6=\"\",\"\",AP6)","v":""},{"$nulls":5},{"$f":"IFERROR(IF(B6=\"\",\"\",VALUE(LEFT(B6,SEARCH(\"-\",B6)-1))),\"\")","v":""},{"$f":"IFERROR(IF(B6=\"\",\"\",VALUE(RIGHT(B6,LEN(B6)-SEARCH(\"-\",B6)))),\"\")","v":""},{"$f":"IF(E6=\"\",\"\",E6)","v":""},{"$f":"IFERROR(IF(E6=\"\",\"\",LEFT(TRIM(E6),SEARCH(\" \",(TRIM(E6)))-1)),\"\")","v":""},{"$f":"IFERROR(IF(E6=\"\",\"\",VALUE(MID(TRIM(E6),SEARCH(\" \",(TRIM(E6)))+1,(SEARCH(\"/\",(TRIM(E6)))-SEARCH(\" \",(TRIM(E6)))-1)))),\"\")","v":""},{"$f":"IFERROR(IF(AND(E6<>\"\",ISNUMBER(VALUE(RIGHT(TRIM(E6),1)))),VALUE(RIGHT(TRIM(E6),LEN(TRIM(E6))-SEARCH(\"/\",(TRIM(E6))))),\"\"),\"\")","v":""},{"$f":"VALUE(H6)","v":0},{"$f":"IFERROR(IF(J6=\"\",\"\",LEFT(TRIM(J6),SEARCH(\" \",(TRIM(J6)))-1)),\"\")","v":""},{"$f":"IFERROR(IF(J6=\"\",\"\",VALUE(MID(TRIM(J6),SEARCH(\" \",(TRIM(J6)))+1,(SEARCH(\"/\",(TRIM(J6)))-SEARCH(\" \",(TRIM(J6)))-1)))),\"\")","v":""},{"$f":"IFERROR(IF(AND(J6<>\"\",ISNUMBER(VALUE(RIGHT(TRIM(J6),1)))),VALUE(RIGHT(TRIM(J6),LEN(TRIM(J6))-SEARCH(\"/\",(TRIM(J6))))),\"\"),\"\")","v":""},{"$f":"IFERROR(IF($AL6=\"\",\"\",IF(AND($AH6=\"N\",$AL6=\"N\"),TEXT(0,\"0\")&\"-\"&TEXT(ABS($AM6-$AI6),\"0.0\")&\"-\"&TEXT(ABS(IF($AN6=\"\",0,$AN6)-IF($AJ6=\"\",0,$AJ6)),\"0\"),IF(OR($AH6=\"N\",$AL6=\"N\"),TEXT(1,\"0\")&\"-\"&TEXT(ABS($AM6-$AI6),\"0.0\")&\"-\"&TEXT(ABS(IF($AN6=\"\",0,$AN6)-IF($AJ6=\"\",0,$AJ6)),\"0\"),TEXT(ABS(VLOOKUP($AL6,$AW$51:$AX$70,2,FALSE)-VLOOKUP($AH6,$AW$51:$AX$70,2,FALSE)),\"0\")&\"-\"&TEXT(ABS($AM6-$AI6),\"0.0\")&\"-\"&TEXT(ABS(IF($AN6=\"\",0,$AN6)-IF($AJ6=\"\",0,$AJ6)),\"0\")))),\"\")","v":""},{"$f":"IFERROR(IF(SEARCH(\"C\",Q6,1)>=1,IF(AND($AM6<>\"\",$AM6<=3,OR($AN6=2,$AN6=1,$AN6=\"\"),$AI6<>\"\",$AI6<=3,OR($AN6=2,$AN6=1,$AN6=\"\")),$AT$50,IF(OR($AH6=\"N\",$AL6=\"N\"),VLOOKUP($AO6,$BC$51:$BD$434,2,FALSE),IF(ABS(VLOOKUP($AL6,$AW$51:$AX$70,2,FALSE)-VLOOKUP($AH6,$AW$51:$AX$70,2,FALSE))>=3,$AT$52,VLOOKUP($AO6,$BC$51:$BD$434,2,FALSE)))),\"\"),\"\")","v":""},{"$f":"IF(U6=\"\",\"\",U6)","v":""},{"$f":"IF(AND(OR($AP6=$AT$51,$AP6=$AT$52),$O6>=AR$13),TRUE,IF(AND($AE6=$AE7,AR7=TRUE),TRUE,FALSE))","v":false},{"$f":"IF(AND(($O6>0),OR($AP6=$AT$51,$AP6=$AT$52)),$O6,0)","v":0},{"$f":"IF(OR(AR6=TRUE,AS6>=AR$13),TRUE,FALSE)","v":false},{"$f":"IF($AE6=$AE7,IF(OR(AT6=TRUE,AT7=TRUE,AU7=TRUE),TRUE,FALSE),IF(AT6=TRUE,TRUE,FALSE))","v":false},{"$f":"IF(AND(OR($AP6=$AT$51,$AP6=$AT$52),$O6>=AV$13),TRUE,IF(AND($AE6=$AE7,AV7=TRUE),TRUE,FALSE))","v":false},{"$f":"IF(AND(($O6>0),OR($AP6=$AT$51,$AP6=$AT$52)),$O6,0)","v":0},{"$f":"IF(OR(AV6=TRUE,AW6>=AV$13),TRUE,FALSE)","v":false},{"$f":"IF($AE6=$AE7,IF(OR(AX6=TRUE,AX7=TRUE,AY7=TRUE),TRUE,FALSE),IF(AX6=TRUE,TRUE,FALSE))","v":false},"Min Cum. Thickness",{"$f":"IF(ISNA(MATCH($U6,$AR$54:$AR$56,0)),0,$AF6-$AE6)","v":0},{"$f":"IF($AF6<=AZ$9,BA6,IF(AND($AE6<AZ$9,BA6>0),BA6-($AF6-AZ$9),0))","v":0},{"$f":"IF(ISNA(MATCH(AQ6,$AR$54:$AR$56,0)),FALSE,TRUE)","v":false},{"$f":"IF(ISNA(MATCH($AQ6,$AR$50:$AR$53,0)),0,IF(AND(SUM(BB$6:BB6)=0,$AJ6>2,$AJ6<>\"\"),$AF6-$AE6,0))","v":0},{"$f":"IF(AND($B6<>\"\",$U6<>\"\",SUM(BD$6:BD6)>=6),TRUE,FALSE)","v":false},"Min Cum. Thickness",{"$f":"IF(ISNA(MATCH($AQ6,$AR$54:$AR$56,0)),0,$AF6-$AE6)","v":0},{"$f":"BG6","v":0},null,"Min Cum. Thickness",{"$f":"IF(ISNA(MATCH($U6,$AR$54:$AR$56,0)),0,IF(ISNA(MATCH($AH6,$AW$57:$AW$59,0)),0,IF(AND($AI6<>\"\",$AI6<=3,OR($AJ6=1,$AJ6=\"\")),$AF6-$AE6,0)))","v":0},{"$f":"IF($AE6>BJ$9,0,BK6)","v":0},null,{"$f":"IF(ISNA(MATCH($AQ6,$AR$50:$AR$53,0)),0,IF(AND(SUM(BL$6:BL6)=0,$AJ6>2,$AJ6<>\"\"),$AF6-$AE6,0))","v":0},{"$f":"IF(AND($B6<>\"\",$U6<>\"\",SUM(BN$6:BN6)>=6),TRUE,FALSE)","v":false},{"$f":"IF(K39=\"X\",\"X\",\"\")","v":""},"Max Start Depth",{"$f":"IF($B6=\"\",0,IF(AND($AI6<>\"\",$AI6<=3,OR($AJ6=1,$AJ6=\"\")),IF($U6<>\"\",TRUE,FALSE),IF(ISNA(MATCH($AQ6,$AR$52:$AR$56,0)),FALSE,IF($U6<>\"\",TRUE,FALSE))))","v":0},{"$f":"IF(OR($B6=\"\",BR6=TRUE),0,IF(OR($AJ6=2,$AJ6=1,$AJ6=\"\"),IF($U6<>\"\",TRUE,FALSE),FALSE))","v":0},{"$f":"IF($AE6<=$BQ$7,COUNTIF(BS6,TRUE),0)","v":0},null,{"$f":"IF(ISNA(MATCH(TRUE,$BR7:$BR$12,0)),FALSE,IF(AND($AE6<=$BQ$7,INDIRECT(ADDRESS(MATCH(TRUE,$BR7:$BR$12,0)+6,31))<=$BQ$7,BS6=TRUE),TRUE,FALSE))","v":false},null,null,"Max Start Depth",{"$f":"IF(ISNA(MATCH(Y6,$AT$50:$AT$52,0)),IF(AND($AE6<=BY$7,$B6<>\"\",$U6<>\"\",$Y6<>\"\"),TRUE,FALSE),FALSE)","v":false},{"$f":"IF(ISNA(MATCH($AQ6,$AR$50:$AR$53,0)),0,IF(ISNA(MATCH(TRUE,BZ$6:BZ6,0)),IF(AND($AJ6>2,$AJ6<>\"\"),$AF6-$AE6,0),0))","v":0},{"$f":"IF(AND($B6<>\"\",$U6<>\"\",SUM(CA$6:CA6)>=6),TRUE,FALSE)","v":false},"Min Cum. Thickness",{"$f":"IF(OR($AQ6=$AR$52,$AQ6=$AR$53),$AF6-$AE6,0)","v":0},{"$f":"IF($AE6>CC$9,0,CD6)","v":0},{"$f":"IF(ISNA(MATCH($AQ6,$AR$50:$AR$53,0)),0,IF(AND(SUM(CE$6:CE6)=0,$AJ6>2,$AJ6<>\"\"),$AF6-$AE6,0))","v":0},{"$f":"IF(AND($B6<>\"\",$U6<>\"\",SUM(CF$6:CF6)>=6),TRUE,FALSE)","v":false},"Max Start Depth",{"$f":"IF(AND($B6<>\"\",$U6<>\"\",$AQ6=$AR$54,$AI6<>\"\",$AI6<=3,OR($AJ6=1,$AJ6=\"\"),$AE6<=CH$7),TRUE,FALSE)","v":false},{"$f":"IF(ISNA(MATCH($AQ6,$AR$50:$AR$53,0)),0,IF(ISNA(MATCH(TRUE,CI$6:CI6,0)),IF(AND($AJ6>2,$AJ6<>\"\"),$AF6-$AE6,0),0))","v":0},{"$f":"IF(AND($B6<>\"\",$U6<>\"\",SUM(CJ$6:CJ6)>=6),TRUE,FALSE)","v":false},"Min Cum. Thickness","Min Cum. Thickness Fragmental",{"$f":"IF(AE6<=6,IF(AND(OR($AQ6=AR$51,$AQ6=$AR$53),$AI6<>\"\",$AI6<=3,OR($AJ6=1,$AJ6=\"\")),\"SAND\",IF(AND(OR($AQ6=AR$50,$AQ6=$AR$52,$AQ6=AR$54,$AQ6=$AR$55,$AQ6=AR$56),$AI6<>\"\",$AI6<=3,OR($AJ6=2,$AJ6=1,$AJ6=\"\")),TRUE,FALSE)),FALSE)","v":false},{"$nulls":3},{"$f":"IF(ISNA(MATCH($AQ6,$AR$50:$AR$53,0)),0,IF(ISNA(MATCH(TRUE,CN$6:CN6,0)),IF(AND($AJ6>2,$AJ6<>\"\"),$AF6-$AE6,0),0))","v":0},{"$f":"IF(AND($B6<>\"\",$U6<>\"\",SUM(CR$6:CR6)>=6),TRUE,FALSE)","v":false},"Upper Min Cum. Thickness",{"$f":"IF(AND($AI6<>\"\",$AI6<=2.5,OR($AJ6=1,$AJ6=\"\")),$AF6-$AE6,0)","v":0},{"$f":"IF($AE6>=CT$9,0,CU6)","v":0},{"$f":"IFERROR(IF($AG6=\"\",0,IF(AND(OR(VLOOKUP($AG6,$AI$51:$AL$486,2,FALSE),VLOOKUP($AG6,$AI$51:$AL$486,4,FALSE)),$AK6>=60),$AF6-$AE6,IF(AND(VLOOKUP($AG6,$AI$51:$AL$486,3,FALSE),AU6=TRUE,$AK6>=60),$AF6-$AE6,0))),0)","v":0},{"$f":"IF($AE6>=CT$13,CW6,0)","v":0},{"$f":"IF(AND(CX$12>=CT$11,CV$11>=CT$7,CV6>0,CX6=0),IF(AND($AI6<>\"\",$AI6<=3,OR($AJ6=1,$AJ6=\"\")),IF(OR($AQ6=$AR$51,$AQ6=$AR$53),\"SAND\",TRUE),FALSE),\"0\")","v":"0"},{"$f":"IF(ISNA(MATCH($AQ6,$AR$50:$AR$53,0)),0,IF(AND(SUM(CV$6:CV6)=0,$AJ6>2,$AJ6<>\"\"),$AF6-$AE6,0))","v":0},{"$f":"IF(AND($B6<>\"\",$U6<>\"\",SUM(CZ$6:CZ6)>=6),TRUE,FALSE)","v":false},"Max Start Depth",{"$f":"IFERROR(IF($AG6=\"\",FALSE,IF(AND($B6<>\"\",$U6<>\"\",OR($AQ6=$AR$51,$AQ6=$AR$53),VLOOKUP($AG6,$AI$51:$AL$486,4,FALSE),$AK6>=60,$AE6<=DB$7),TRUE,FALSE)),FALSE)","v":false},{"$f":"IF(ISNA(MATCH($AQ6,$AR$50:$AR$53,0)),0,IF(ISNA(MATCH(TRUE,DC$6:DC6,0)),IF(AND($AJ6>2,$AJ6<>\"\"),$AF6-$AE6,0),0))","v":0},{"$f":"IF(AND($B6<>\"\",$U6<>\"\",SUM(DD$6:DD6)>=6),TRUE,FALSE)","v":false},"Min Cum. Thickness",{"$f":"IF(AND(OR($AQ6=$AR$51,$AQ6=$AR$53),$AK6>=60,OR($AJ6=2,$AJ6=1,$AJ6=\"\"),$AU6=TRUE),$AF6-$AE6,0)","v":0},{"$f":"IF($AE6>DF$9,0,DG6)","v":0},{"$f":"IF(ISNA(MATCH($AQ6,$AR$50:$AR$53,0)),0,IF(AND(SUM(DH$6:DH6)=0,$AJ6>2,$AJ6<>\"\"),$AF6-$AE6,0))","v":0},{"$f":"IF(AND($B6<>\"\",$U6<>\"\",SUM(DI$6:DI6)>=6),TRUE,FALSE)","v":false},"Max Start Depth",{"$f":"IF(AND($B6<>\"\",$U6<>\"\",OR($AQ6=$AR$51,$AQ6=$AR$53),$AE6<=DK$7,$AK6>0,$AK6<=90),TRUE,FALSE)","v":false},"Min Cum. Thickness",{"$f":"IF(AND(OR($AQ6=$AR$51,$AQ6=$AR$53),$AI6<>\"\",$AI6<=3,OR($AJ6=1,$AJ6=\"\")),$AF6-$AE6,0)","v":0},{"$f":"IF($AE6>DM$9,0,DN6)","v":0},{"$f":"IF(AND(DN6>DM$7,AE6<=DM$9,$B6<>\"\",$U6<>\"\"),TRUE,FALSE)","v":false},null,{"$f":"IF(ISNA(MATCH($AQ6,$AR$50:$AR$53,0)),0,IF(AND(SUM(DO$6:DO6)=0,$AJ6>2,$AJ6<>\"\"),$AF6-$AE6,0))","v":0},{"$f":"IF(AND($B6<>\"\",$U6<>\"\",SUM(DR$6:DR6)>=6),TRUE,FALSE)","v":false},"Max Start Depth",{"$f":"IFERROR(IF($AG6=\"\",FALSE,IF(AND($B6<>\"\",$U6<>\"\",OR($AQ6=$AR$50,$AQ6=$AR$52),VLOOKUP($AG6,$AI$51:$AL$486,4,FALSE),$AK6>=60,$AE6<=DT$7),TRUE,FALSE)),FALSE)","v":false},{"$f":"IF(ISNA(MATCH($AQ6,$AR$50:$AR$53,0)),0,IF(ISNA(MATCH(TRUE,DU$6:DU6,0)),IF(AND($AJ6>2,$AJ6<>\"\"),$AF6-$AE6,0),0))","v":0},{"$f":"IF(AND($B6<>\"\",$U6<>\"\",SUM(DV$6:DV6)>=6),TRUE,FALSE)","v":false},"Min Cum. Thickness","Min Cum. Thickness",{"$f":"IFERROR(IF($AG6=\"\",0,IF(AND(OR($AQ6=$AR$50,$AQ6=$AR$52),VLOOKUP($AG6,$AI$51:$AL$486,2,FALSE),$AK6>=60),$AF6-$AE6,IF(AND(OR($AQ6=$AR$50,$AQ6=$AR$52),VLOOKUP($AG6,$AI$51:$AL$486,3,FALSE),$AU6=TRUE,$AK6>=60),$AF6-$AE6,0))),0)","v":0},{"$f":"IF($AF6<=DX$9,DZ6,IF(AND($AE6<DX$9,DZ6>0),DZ6-($AF6-DX$9),0))","v":0},{"$f":"IF($AE6>DY$9,0,DZ6)","v":0},{"$f":"IF(ISNA(MATCH($AQ6,$AR$50:$AR$53,0)),0,IF(AND(SUM(EB$6:EB6)=0,$AJ6>2,$AJ6<>\"\"),$AF6-$AE6,0))","v":0},{"$f":"IF(AND($B6<>\"\",$U6<>\"\",SUM(EC$6:EC6)>=6),TRUE,FALSE)","v":false},"Min Cum. Thickness",{"$f":"IF(OR($AQ6=$AR$50,$AQ6=$AR$52),IF(AND($AI6<>\"\",$AI6<=3,OR($AJ6=1,$AJ6=\"\"),$AU6=TRUE),$AF6-$AE6,IF(AND($AI6<>\"\",$AI6<=3,OR($AJ6=2,AJ6=1,$AJ6=\"\"),$AY6=TRUE),$AF6-$AE6,0)),0)","v":0},{"$f":"IF($AF6<=EE$9,EF6,IF(AND($AE6<EE$9,EF6>0),EF6-($AF6-EE$9),0))","v":0},{"$f":"IF(ISNA(MATCH($AQ6,$AR$50:$AR$53,0)),0,IF(AND(SUM(EG$6:EG6)=0,$AJ6>2,$AJ6<>\"\"),$AF6-$AE6,0))","v":0},{"$f":"IF(AND($B6<>\"\",$U6<>\"\",SUM(EH$6:EH6)>=6),TRUE,FALSE)","v":false},"Redox Depletions",{"$f":"IF(AND(IFERROR(IF(SEARCH(\"D\",Q6,1)>=1,TRUE,FALSE),FALSE),$O6>=$EJ$7,$AM6<>\"\",$AM6>=5,OR($AN6=2,$AN6=1,$AN6=\"\")),TRUE,IF(AND($AE6=$AE7,EK7=TRUE),TRUE,FALSE))","v":false},{"$f":"IFERROR(IF(AND($O6>0,IFERROR(IF(SEARCH(\"D\",Q6,1)>=1,TRUE,FALSE),FALSE),$AM6<>\"\",$AM6>=5,OR($AN6=2,$AN6=1,$AN6=\"\")),$O6,0),0)","v":0},{"$f":"IF(OR(EK6=TRUE,EL6>=EJ$7),TRUE,FALSE)","v":false},{"$f":"IF($AE6=$AE7,IF(OR(EM6=TRUE,EM7=TRUE,EN7=TRUE),TRUE,FALSE),IF(EM6=TRUE,TRUE,FALSE))","v":false},{"$f":"IF(AND(IFERROR(IF(SEARCH(\"D\",Q6,1)>=1,TRUE,FALSE),FALSE),$O6>=$EJ$8,$AM6<>\"\",$AM6>=5,OR($AN6=2,$AN6=1,$AN6=\"\")),TRUE,IF(AND($AE6=$AE7,EO7=TRUE),TRUE,FALSE))","v":false},{"$f":"IF(OR(EO6=TRUE,EL6=EJ$8),TRUE,FALSE)","v":false},{"$f":"IF($AE6=$AE7,IF(OR(EP6=TRUE,EP7=TRUE,EQ7=TRUE),TRUE,FALSE),IF(EP6=TRUE,TRUE,FALSE))","v":false},{"$f":"IF(OR($AQ6=$AR$50,$AQ6=$AR$52),IF(OR(AND($AI6<>\"\",$AI6<=3,OR($AJ6=1,$AJ6=\"\"),$EN6=TRUE),AND($AI6<>\"\",$AI6<=3,OR($AJ6=2,$AJ6=1,$AJ6=\"\"),$EQ6=TRUE)),$AF6-$AE6,0),0)","v":0},{"$f":"IF($AF6<=EJ$12,ER6,IF(AND($AE6<EJ$12,ER6>0),ER6-($AF6-EJ$12),0))","v":0},{"$f":"IF(ISNA(MATCH($AQ6,$AR$50:$AR$53,0)),0,IF(AND(SUM(ES$6:ES6)=0,$AJ6>2,$AJ6<>\"\"),$AF6-$AE6,0))","v":0},{"$f":"IF(AND($B6<>\"\",$U6<>\"\",SUM(ET$6:ET6)>=6),TRUE,FALSE)","v":false},"Min Cum. Thickness",{"$f":"IF(OR($AQ6=$AR$50,$AQ6=$AR$52),IF($AY6=TRUE,$AF6-$AE6,0),0)","v":0},{"$f":"IF($AF6<=EV$9,EW6,IF(AND($AE6<EV$9,EW6>0),EW6-($AF6-EV$9),0))","v":0},"Redox/Depletions",{"$f":"IFERROR(IF(AND(OR($AP6=$AT$51,$AP6=$AT$52,AND(IFERROR(IF(SEARCH(\"D\",Q6,1)>=1,TRUE,FALSE),FALSE),OR(AND($AM6-$AI6>=1,IFERROR($AJ6-$AN6>=1,IF(AND($AM6<>\"\",$AN6=\"\"),TRUE,FALSE))),AND($AM6>=4,OR($AN6=2,$AN6=1,$AN6=\"\"))))),$O6>=EY$7),TRUE,IF(AND($AE6=$AE7,EZ7=TRUE),TRUE,FALSE)),FALSE)","v":false},{"$f":"IFERROR(IF(AND($O6>0,OR($AP6=$AT$51,$AP6=$AT$52,AND(IFERROR(IF(SEARCH(\"D\",Q6,1)>=1,TRUE,FALSE),FALSE),OR(AND($AM6-$AI6>=1,IFERROR($AJ6-$AN6>=1,IF(AND($AM6<>\"\",$AN6=\"\"),TRUE,FALSE))),AND($AM6>=4,OR($AN6=2,$AN6=1,$AN6=\"\")))))),$O6,0),0)","v":0},{"$f":"IF(OR(EZ6=TRUE,FA6>=EY$7),TRUE,FALSE)","v":false},{"$f":"IF($AE6=$AE7,IF(OR(FB6=TRUE,FB7=TRUE,FC7=TRUE),TRUE,FALSE),IF(FB6=TRUE,TRUE,FALSE))","v":false},{"$f":"IF(ISNA(MATCH($AH6,$AW$51:$AW$56,0)),0,IF(AND(OR($AQ6=$AR$50,$AQ6=$AR$52),$AI6<>\"\",$AI6<=4,$AI6>2,$AJ6<>\"\",$AJ6<=4,$AJ6>2,$FC6=TRUE),$AF6-$AE6,0))","v":0},{"$f":"IF($AE6>EY$11,0,FD6)","v":0},"Min Cum. Thickness if bedrock is between 6-10 inches down","Min Cum. Thickness if bedrock is <=6 inches down",{"$f":"IF(AND(OR($AQ6=$AR$50,$AQ6=$AR$52),IFERROR(IF(SEARCH(\"bedrock\",$D$26,1)>=1,TRUE,FALSE),FALSE),$F$27<=10,$AI6<>\"\",$AI6<=2.5,OR($AJ6=1,$AJ6=\"\")),$AF6-$AE6,0)","v":0},{"$f":"IF($AE6>FF$9,0,FH6)","v":0},{"$f":"FH6","v":0},{"$f":"IF(FH6>0,TRUE,IF(AND(OR($AQ6=$AR$50,$AQ6=$AR$52),OR($AJ6=2,$AJ6=1,$AJ6=\"\")),TRUE,FALSE))","v":false},"Max Start Depth",{"$f":"IF(AND(AE6<=FL$7,Q6=\"RM\"),TRUE,FALSE)","v":false}]
[{"$nulls":24},"",{"$nulls":5},{"$f":"IFERROR(IF(B7=\"\",AE6,IF(B7=\"\",\"\",VALUE(LEFT(B7,SEARCH(\"-\",B7)-1)))),\"\")","v":""},{"$f":"IFERROR(IF(B7=\"\",AF6,IF(B7=\"\",\"\",VALUE(RIGHT(B7,LEN(B7)-SEARCH(\"-\",B7))))),\"\")","v":""},{"$f":"IF(E7=\"\",AG6,E7)","v":""},{"$f":"IFERROR(IF(E7=\"\",AH6,IF(E7=\"\",\"\",LEFT(TRIM(E7),SEARCH(\" \",(TRIM(E7)))-1))),\"\")","v":""},{"$f":"IFERROR(IF(E7=\"\",AI6,IF(E7=\"\",\"\",VALUE(MID(TRIM(E7),SEARCH(\" \",(TRIM(E7)))+1,(SEARCH(\"/\",(TRIM(E7)))-SEARCH(\" \",(TRIM(E7)))-1))))),\"\")","v":""},{"$f":"IFERROR(IF(E7=\"\",AJ6,IF(AND(E7<>\"\",ISNUMBER(VALUE(RIGHT(TRIM(E7),1)))),VALUE(RIGHT(TRIM(E7),LEN(TRIM(E7))-SEARCH(\"/\",(TRIM(E7))))),\"\")),\"\")","v":""},{"$f":"IF(E7=\"\",AK6,VALUE(H7))","v":0},{"$f":"IFERROR(IF(J7=\"\",\"\",LEFT(TRIM(J7),SEARCH(\" \",(TRIM(J7)))-1)),\"\")","v":""},{"$f":"IFERROR(IF(J7=\"\",\"\",VALUE(MID(TRIM(J7),SEARCH(\" \",(TRIM(J7)))+1,(SEARCH(\"/\",(TRIM(J7)))-SEARCH(\" \",(TRIM(J7)))-1)))),\"\")","v":""},{"$f":"IFERROR(IF(AND(J7<>\"\",ISNUMBER(VALUE(RIGHT(TRIM(J7),1)))),VALUE(RIGHT(TRIM(J7),LEN(TRIM(J7))-SEARCH(\"/\",(TRIM(J7))))),\"\"),\"\")","v":""},{"$f":"IFERROR(IF($AL7=\"\",\"\",IF(AND($AH7=\"N\",$AL7=\"N\"),TEXT(0,\"0\")&\"-\"&TEXT(ABS($AM7-$AI7),\"0.0\")&\"-\"&TEXT(ABS(IF($AN7=\"\",0,$AN7)-IF($AJ7=\"\",0,$AJ7)),\"0\"),IF(OR($AH7=\"N\",$AL7=\"N\"),TEXT(1,\"0\")&\"-\"&TEXT(ABS($AM7-$AI7),\"0.0\")&\"-\"&TEXT(ABS(IF($AN7=\"\",0,$AN7)-IF($AJ7=\"\",0,$AJ7)),\"0\"),TEXT(ABS(VLOOKUP($AL7,$AW$51:$AX$70,2,FALSE)-VLOOKUP($AH7,$AW$51:$AX$70,2,FALSE)),\"0\")&\"-\"&TEXT(ABS($AM7-$AI7),\"0.0\")&\"-\"&TEXT(ABS(IF($AN7=\"\",0,$AN7)-IF($AJ7=\"\",0,$AJ7)),\"0\")))),\"\")","v":""},{"$f":"IFERROR(IF(SEARCH(\"C\",Q7,1)>=1,IF(AND($AM7<>\"\",$AM7<=3,OR($AN7=2,$AN7=1,$AN7=\"\"),$AI7<>\"\",$AI7<=3,OR($AN7=2,$AN7=1,$AN7=\"\")),$AT$50,IF(OR($AH7=\"N\",$AL7=\"N\"),VLOOKUP($AO7,$BC$51:$BD$434,2,FALSE),IF(ABS(VLOOKUP($AL7,$AW$51:$AX$70,2,FALSE)-VLOOKUP($AH7,$AW$51:$AX$70,2,FALSE))>=3,$AT$52,VLOOKUP($AO7,$BC$51:$BD$434,2,FALSE)))),\"\"),\"\")","v":""},{"$f":"IF(U7=\"\",AQ6,U7)","v":""},false,{"$f":"IF($AE7=$AE6,IF(OR($AP7=$AT$51,$AP7=$AT$52),$O7+AS6,AS6),IF(OR($AP7=$AT$51,$AP7=$AT$52),$O7,0))","v":0},false,false,false,{"$f":"IF($AE7=$AE6,IF(OR($AP7=$AT$51,$AP7=$AT$52),$O7+AW6,AW6),IF(OR($AP7=$AT$51,$AP7=$AT$52),$O7,0))","v":0},false,false,16,0,{"$f":"IF(OR($B7=\"\",$U7=\"\"),BB6,IF($AF7<=AZ$9,BB6+BA7,IF(AND($AE7<AZ$9,BA7>0),(BB6+BA7)-($AF7-AZ$9),BB6)))","v":0},false,{"$f":"IF(ISNA(MATCH($AQ7,$AR$50:$AR$53,0)),0,IF(AND(SUM(BB$6:BB7)=0,$AJ7>2,$AJ7<>\"\"),$AF7-$AE7,0))","v":0},{"$f":"IF(AND($B7<>\"\",$U7<>\"\",SUM(BD$6:BD7)>=6),TRUE,FALSE)","v":false},8,0,{"$f":"IF(OR($B7=\"\",$U7=\"\"),BH6,IF(ISNA(MATCH(0,BG$6:BG7,0)),BH6+BG7,0))","v":0},{"$f":"IF(BH6>=BF$7,IF(ISNA(MATCH($AQ7,$AR$50:$AR$53,0)),FALSE,IF(OR($AJ7=2,$AJ7=1,$AJ7=\"\"),TRUE,FALSE)),FALSE)","v":false},8,0,{"$f":"IF(AND($AE7>BJ$9,BL6=0),0,IF(OR($B7=\"\",$U7=\"\",$AE7>(BJ$7+BJ$9)),BL6,IF(AND(BK7=0,BL6<BJ$7),0,BL6+BK7)))","v":0},{"$f":"IF(AND(BL6>=BJ$7,BK6>0),IF(ISNA(MATCH($U7,$AR$50:$AR$53,0)),FALSE,IF(OR($AJ7=2,$AJ7=1,$AJ7=\"\"),TRUE,FALSE)),FALSE)","v":false},{"$f":"IF(ISNA(MATCH($AQ7,$AR$50:$AR$53,0)),0,IF(AND(SUM(BL$6:BL7)=0,$AJ7>2,$AJ7<>\"\"),$AF7-$AE7,0))","v":0},{"$f":"IF(AND($B7<>\"\",$U7<>\"\",SUM(BN$6:BN7)>=6),TRUE,FALSE)","v":false},null,6,{"$f":"IF($B7=\"\",0,IF(AND($AI7<>\"\",$AI7<=3,OR($AJ7=1,$AJ7=\"\")),IF($U7<>\"\",TRUE,FALSE),IF(ISNA(MATCH($AQ7,$AR$52:$AR$56,0)),FALSE,IF($U7<>\"\",TRUE,FALSE))))","v":0},{"$f":"IF(OR($B7=\"\",BR7=TRUE),0,IF(OR($AJ7=2,$AJ7=1,$AJ7=\"\"),IF($U7<>\"\",TRUE,FALSE),FALSE))","v":0},{"$f":"IF($AE7<=$BQ$7,COUNTIF(BS7,TRUE)+BT6,BT6)","v":0},{"$f":"IF(ISNA(MATCH(TRUE,$BR$6:$BR6,0)),IF(AND(BT6>=2,BR7=TRUE),TRUE,FALSE),IF(AND($AE7<=$BQ$7,BS7=TRUE),TRUE,IF(AND($AE7<=$BQ$7,BR7=TRUE),TRUE,FALSE)))","v":false},{"$f":"IF(ISNA(MATCH(TRUE,$BR8:$BR$12,0)),FALSE,IF(AND($AE7<=$BQ$7,INDIRECT(ADDRESS(MATCH(TRUE,$BR8:$BR$12,0)+7,31))<=$BQ$7,BS7=TRUE),TRUE,FALSE))","v":false},{"$f":"IF(ISNA(MATCH(TRUE,$BR$6:$BR6,0)),IF(ISNA(MATCH(TRUE,$BS$6:$BS6,0)),FALSE,TRUE),TRUE)","v":false},{"$f":"IF(AND($BR7=FALSE,$BS7=FALSE,$BW7=TRUE),TRUE,FALSE)","v":false},6,false,{"$f":"IF(ISNA(MATCH($AQ7,$AR$50:$AR$53,0)),0,IF(ISNA(MATCH(TRUE,BZ$6:BZ7,0)),IF(AND($AJ7>2,$AJ7<>\"\"),$AF7-$AE7,0),0))","v":0},{"$f":"IF(AND($B7<>\"\",$U7<>\"\",SUM(CA$6:CA7)>=6),TRUE,FALSE)","v":false},2,{"$f":"IF(OR($AQ7=$AR$52,$AQ7=$AR$53),$AF7-$AE7,0)","v":0},{"$f":"IF(AND($AE7>CC$9,CE6=0),0,IF(OR($B7=\"\",$U7=\"\",$AE7>(CC$7+CC$9)),CE6,IF(AND(CD7=0,CE6<CC$7),0,CE6+CD7)))","v":0},{"$f":"IF(ISNA(MATCH($AQ7,$AR$50:$AR$53,0)),0,IF(AND(SUM(CE$6:CE7)=0,$AJ7>2,$AJ7<>\"\"),$AF7-$AE7,0))","v":0},{"$f":"IF(AND($B7<>\"\",$U7<>\"\",SUM(CF$6:CF7)>=6),TRUE,FALSE)","v":false},6,false,{"$f":"IF(ISNA(MATCH($AQ7,$AR$50:$AR$53,0)),0,IF(ISNA(MATCH(TRUE,CI$6:CI7,0)),IF(AND($AJ7>2,$AJ7<>\"\"),$AF7-$AE7,0),0))","v":0},{"$f":"IF(AND($B7<>\"\",$U7<>\"\",SUM(CJ$6:CJ7)>=6),TRUE,FALSE)","v":false},6,2,{"$f":"IF(OR(AE7<=6,CN6=TRUE,CN6=\"SAND\"),IF(AND(OR($AQ7=AR$51,$AQ7=$AR$53),$AI7<>\"\",$AI7<=3,OR($AJ7=1,$AJ7=\"\")),\"SAND\",IF(AND(OR($AQ7=AR$50,$AQ7=$AR$52,$AQ7=AR$54,$AQ7=$AR$55,$AQ7=AR$56),$AI7<>\"\",$AI7<=3,OR($AJ7=2,$AJ7=1,$AJ7=\"\")),TRUE,FALSE)),FALSE)","v":false},{"$f":"IFERROR(IF(OR($CN6=TRUE,$CN6=\"SAND\"),IF(AND(OR(VLOOKUP($AG7,$AI$51:$AL$486,2,FALSE),VLOOKUP($AG7,$AI$51:$AL$486,4,FALSE)),$AK7>=60),$AF7-$AE7,IF(AND(VLOOKUP($AG7,$AI$51:$AL$486,3,FALSE),$AU7=TRUE,$AK7>=60),$AF7-$AE7,0)),0),0)","v":0},{"$f":"IF($AE7>CL9,0,$CO7)","v":0},{"$f":"IF($AE7>CM9,0,$CO7)","v":0},{"$f":"IF(ISNA(MATCH($AQ7,$AR$50:$AR$53,0)),0,IF(ISNA(MATCH(TRUE,CN$6:CN7,0)),IF(AND($AJ7>2,$AJ7<>\"\"),$AF7-$AE7,0),0))","v":0},{"$f":"IF(AND($B7<>\"\",$U7<>\"\",SUM(CR$6:CR7)>=6),TRUE,FALSE)","v":false},12,0,{"$f":"IF(AND($AE7>=CT$9,CV6=0),0,IF(OR($B7=\"\",$U7=\"\",$AE7>(CT$7+CT$9)),CV6,IF(AND(CU7=0,CV6<CT$7),0,CV6+CU7)))","v":0},{"$f":"IFERROR(IF($AG7=\"\",0,IF(AND(OR(VLOOKUP($AG7,$AI$51:$AL$486,2,FALSE),VLOOKUP($AG7,$AI$51:$AL$486,4,FALSE)),$AK7>=60),$AF7-$AE7,IF(AND(VLOOKUP($AG7,$AI$51:$AL$486,3,FALSE),AU7=TRUE,$AK7>=60),$AF7-$AE7,0))),0)","v":0},{"$f":"IF(OR($AE7<CT$13,AND($AE7>=CT$13,CW7=0,CX6<CT$11)),0,IF(OR($B7=\"\",$U7=\"\"),CX6,CX6+CW7))","v":0},"0",{"$f":"IF(ISNA(MATCH($AQ7,$AR$50:$AR$53,0)),0,IF(AND(SUM(CV$6:CV7)=0,$AJ7>2,$AJ7<>\"\"),$AF7-$AE7,0))","v":0},{"$f":"IF(AND($B7<>\"\",$U7<>\"\",SUM(CZ$6:CZ7)>=6),TRUE,FALSE)","v":false},6,{"$f":"IFERROR(IF($AG7=\"\",FALSE,IF(AND($B7<>\"\",$U7<>\"\",OR($AQ7=$AR$51,$AQ7=$AR$53),VLOOKUP($AG7,$AI$51:$AL$486,4,FALSE),$AK7>=60,$AE7<=DB$7),TRUE,FALSE)),FALSE)","v":false},{"$f":"IF(ISNA(MATCH($AQ7,$AR$50:$AR$53,0)),0,IF(ISNA(MATCH(TRUE,DC$6:DC7,0)),IF(AND($AJ7>2,$AJ7<>\"\"),$AF7-$AE7,0),0))","v":0},{"$f":"IF(AND($B7<>\"\",$U7<>\"\",SUM(DD$6:DD7)>=6),TRUE,FALSE)","v":false},4,0,{"$f":"IF(AND($AE7>DF$9,DH6=0),0,IF(OR($B7=\"\",$U7=\"\",$AE7>(DF$7+DF$9)),DH6,IF(AND(DG7=0,DH6<DF$7),0,DH6+DG7)))","v":0},{"$f":"IF(ISNA(MATCH($AQ7,$AR$50:$AR$53,0)),0,IF(AND(SUM(DH$6:DH7)=0,$AJ7>2,$AJ7<>\"\"),$AF7-$AE7,0))","v":0},{"$f":"IF(AND($B7<>\"\",$U7<>\"\",SUM(DI$6:DI7)>=6),TRUE,FALSE)","v":false},6,{"$f":"IF(AND($B7<>\"\",$U7<>\"\",OR($AQ7=$AR$51,$AQ7=$AR$53),$AE7<=DK$7,$AK7>0,$AK7<=90),TRUE,FALSE)","v":false},4,0,{"$f":"IF(AND($AE7>DM$9,DO6=0),0,IF(OR($B7=\"\",$U7=\"\",$AE7>(DM$7+DM$9)),DO6,IF(AND(DN7=0,DO6<DM$7),0,DO6+DN7)))","v":0},{"$f":"IF(AND(OR(AND(DN7>DM$7,AE7<=DM$9),AND(DO7>DM$7,DN6>0),AND(DO6>=DM$7,DN6>0)),$B7<>\"\",$U7<>\"\",OR($AJ7=2,$AJ7=1,$AJ7=\"\")),TRUE,FALSE)","v":false},{"$f":"IF(AND(DN6>0,$B7<>\"\",$U7<>\"\",OR($AJ7=2,$AJ7=1,$AJ7=\"\")),TRUE,FALSE)","v":false},{"$f":"IF(ISNA(MATCH($AQ7,$AR$50:$AR$53,0)),0,IF(AND(SUM(DO$6:DO7)=0,$AJ7>2,$AJ7<>\"\"),$AF7-$AE7,0))","v":0},{"$f":"IF(AND($B7<>\"\",$U7<>\"\",SUM(DR$6:DR7)>=6),TRUE,FALSE)","v":false},12,{"$f":"IFERROR(IF($AG7=\"\",FALSE,IF(AND($B7<>\"\",$U7<>\"\",OR($AQ7=$AR$50,$AQ7=$AR$52),VLOOKUP($AG7,$AI$51:$AL$486,4,FALSE),$AK7>=60,$AE7<=DT$7),TRUE,FALSE)),FALSE)","v":false},{"$f":"IF(ISNA(MATCH($AQ7,$AR$50:$AR$53,0)),0,IF(ISNA(MATCH(TRUE,DU$6:DU7,0)),IF(AND($AJ7>2,$AJ7<>\"\"),$AF7-$AE7,0),0))","v":0},{"$f":"IF(AND($B7<>\"\",$U7<>\"\",SUM(DV$6:DV7)>=6),TRUE,FALSE)","v":false},2,6,{"$f":"IFERROR(IF($AG7=\"\",0,IF(AND(OR($AQ7=$AR$50,$AQ7=$AR$52),VLOOKUP($AG7,$AI$51:$AL$486,2,FALSE),$AK7>=60),$AF7-$AE7,IF(AND(OR($AQ7=$AR$50,$AQ7=$AR$52),VLOOKUP($AG7,$AI$51:$AL$486,3,FALSE),$AU7=TRUE,$AK7>=60),$AF7-$AE7,0))),0)","v":0},{"$f":"IF(OR($B7=\"\",$U7=\"\"),EA6,IF(AND(DZ7=0,EA6<DX$7),0,IF($AF7<=DX$9,EA6+DZ7,IF(AND($AE7<DX$9,DZ7>0),(EA6+DZ7)-($AF7-DX$9),EA6))))","v":0},{"$f":"IF(AND($AE7>DY$9,EB6=0),0,IF(OR($B7=\"\",$U7=\"\",$AE7>(DY$7+DY$9)),EB6,IF(AND(DZ7=0,EB6<DY$7),0,EB6+DZ7)))","v":0},{"$f":"IF(ISNA(MATCH($AQ7,$AR$50:$AR$53,0)),0,IF(AND(SUM(EB$6:EB7)=0,$AJ7>2,$AJ7<>\"\"),$AF7-$AE7,0))","v":0},{"$f":"IF(AND($B7<>\"\",$U7<>\"\",SUM(EC$6:EC7)>=6),TRUE,FALSE)","v":false},4,0,{"$f":"IF(OR($B7=\"\",$U7=\"\"),EG6,IF(AND(EF7=0,EG6<EE$7),0,IF($AF7<=EE$9,EG6+EF7,IF(AND($AE7<EE$9,EF7>0),(EG6+EF7)-($AF7-EE$9),EG6))))","v":0},{"$f":"IF(ISNA(MATCH($AQ7,$AR$50:$AR$53,0)),0,IF(AND(SUM(EG$6:EG7)=0,$AJ7>2,$AJ7<>\"\"),$AF7-$AE7,0))","v":0},{"$f":"IF(AND($B7<>\"\",$U7<>\"\",SUM(EH$6:EH7)>=6),TRUE,FALSE)","v":false},10,false,{"$f":"IFERROR(IF($AE7=$AE6,IF(AND(IFERROR(IF(SEARCH(\"D\",Q7,1)>=1,TRUE,FALSE),FALSE),$AM7<>\"\",$AM7>=5,OR($AN7=2,$AN7=1,$AN7=\"\")),$O7+EL6,EL6),IF(AND($Q7=\"D\",$AM7<>\"\",$AM7>=5,OR($AN7=2,$AN7=1,$AN7=\"\")),$O7,0)),0)","v":0},{"$f":"IF(OR(EK7=TRUE,EL7>=EJ$7),TRUE,FALSE)","v":false},{"$f":"IF($AE7=$AE8,IF(OR(EM7=TRUE,EM8=TRUE,EN8=TRUE),TRUE,FALSE),IF(EM7=TRUE,TRUE,FALSE))","v":false},false,false,{"$f":"IF($AE7=$AE8,IF(OR(EP7=TRUE,EP8=TRUE,EQ8=TRUE),TRUE,FALSE),IF(EP7=TRUE,TRUE,FALSE))","v":false},0,{"$f":"IF(OR($B7=\"\",$U7=\"\"),ES6,IF(AND(ER7=0,ES6<EJ$10),0,IF($AF7<=EJ$12,ES6+ER7,IF(AND($AE7<EJ$12,ER7>0),(ES6+ER7)-($AF7-EJ$12),ES6))))","v":0},{"$f":"IF(ISNA(MATCH($AQ7,$AR$50:$AR$53,0)),0,IF(AND(SUM(ES$6:ES7)=0,$AJ7>2,$AJ7<>\"\"),$AF7-$AE7,0))","v":0},{"$f":"IF(AND($B7<>\"\",$U7<>\"\",SUM(ET$6:ET7)>=6),TRUE,FALSE)","v":false},2,0,{"$f":"IF(OR($B7=\"\",$U7=\"\"),EX6,IF(AND(EW7=0,EX6<EV$7),0,IF($AF7<=EV$9,EX6+EW7,IF(AND($AE7<EV$9,EW7>0),(EX6+EW7)-($AF7-EV$9),EX6))))","v":0},10,false,{"$f":"IFERROR(IF($AE7=$AE6,IF(OR($AP7=$AT$51,$AP7=$AT$52,AND(IFERROR(IF(SEARCH(\"D\",Q7,1)>=1,TRUE,FALSE),FALSE),OR(AND($AM7-$AI7>=1,IFERROR($AJ7-$AN7>=1,IF(AND($AM7<>\"\",$AN7=\"\"),TRUE,FALSE))),AND($AM7>=4,OR($AN7=2,$AN7=1,$AN7=\"\"))))),$O7+FA6,FA6),IF(OR($AP7=$AT$51,$AP7=$AT$52,AND(IFERROR(IF(SEARCH(\"D\",Q7,1)>=1,TRUE,FALSE),FALSE),OR(AND($AM7-$AI7>=1,IFERROR($AJ7-$AN7>=1,IF(AND($AM7<>\"\",$AN7=\"\"),TRUE,FALSE))),AND($AM7>=4,OR($AN7=2,$AN7=1,$AN7=\"\"))))),$O7,0)),0)","v":0},false,false,0,{"$f":"IF(AND($AE7>EY$11,FE6=0),0,IF(OR($B7=\"\",$U7=\"\",$AE7>(EY$9+EY$11)),FE6,IF(AND(FD7=0,FE6<EY$9),0,FE6+FD7)))","v":0},6,{"$f":"IF(F27<>\"\",F27/2,FALSE)","v":false},0,{"$f":"IF(AND($AE7>FF$9,FI6=0),0,IF(OR($B7=\"\",$U7=\"\",$AE7>(FF$7+FF$9)),FI6,IF(AND(FH7=0,FI6<FF$7),0,FI6+FH7)))","v":0},{"$f":"IF(OR($B7=\"\",$U7=\"\"),FJ6,IF(AND(FH7=0,FJ6<FG$7),0,FJ6+FH7))","v":0},{"$f":"IF(FH7>0,TRUE,IF(AND(OR($AQ7=$AR$50,$AQ7=$AR$52),OR($AJ7=2,$AJ7=1,$AJ7=\"\")),TRUE,FALSE))","v":false},12,false]
[{"$nulls":24},"",{"$nulls":5},"","","",{"$f":"IFERROR(IF(E8=\"\",AH7,IF(E8=\"\",\"\",LEFT(TRIM(E8),SEARCH(\" \",(TRIM(E8)))-1))),\"\")","v":""},{"$f":"IFERROR(IF(E8=\"\",AI7,IF(E8=\"\",\"\",VALUE(MID(TRIM(E8),SEARCH(\" \",(TRIM(E8)))+1,(SEARCH(\"/\",(TRIM(E8)))-SEARCH(\" \",(TRIM(E8)))-1))))),\"\")","v":""},{"$f":"IFERROR(IF(E8=\"\",AJ7,IF(AND(E8<>\"\",ISNUMBER(VALUE(RIGHT(TRIM(E8),1)))),VALUE(RIGHT(TRIM(E8),LEN(TRIM(E8))-SEARCH(\"/\",(TRIM(E8))))),\"\")),\"\")","v":""},0,"","","","",{"$f":"IFERROR(IF(SEARCH(\"C\",Q8,1)>=1,IF(AND($AM8<>\"\",$AM8<=3,OR($AN8=2,$AN8=1,$AN8=\"\"),$AI8<>\"\",$AI8<=3,OR($AN8=2,$AN8=1,$AN8=\"\")),$AT$50,IF(OR($AH8=\"N\",$AL8=\"N\"),VLOOKUP($AO8,$BC$51:$BD$434,2,FALSE),IF(ABS(VLOOKUP($AL8,$AW$51:$AX$70,2,FALSE)-VLOOKUP($AH8,$AW$51:$AX$70,2,FALSE))>=3,$AT$52,VLOOKUP($AO8,$BC$51:$BD$434,2,FALSE)))),\"\"),\"\")","v":""},"",false,0,false,false,false,0,false,false,"Max Comp Depth",0,{"$f":"IF(OR($B8=\"\",$U8=\"\"),BB7,IF($AF8<=AZ$9,BB7+BA8,IF(AND($AE8<AZ$9,BA8>0),(BB7+BA8)-($AF8-AZ$9),BB7)))","v":0},false,{"$f":"IF(ISNA(MATCH($AQ8,$AR$50:$AR$53,0)),0,IF(AND(SUM(BB$6:BB8)=0,$AJ8>2,$AJ8<>\"\"),$AF8-$AE8,0))","v":0},{"$f":"IF(AND($B8<>\"\",$U8<>\"\",SUM(BD$6:BD8)>=6),TRUE,FALSE)","v":false},null,0,{"$f":"IF(OR($B8=\"\",$U8=\"\"),BH7,IF(ISNA(MATCH(0,BG$6:BG8,0)),BH7+BG8,0))","v":0},{"$f":"IF(BH7>=BF$7,IF(ISNA(MATCH($AQ8,$AR$50:$AR$53,0)),FALSE,IF(OR($AJ8=2,$AJ8=1,$AJ8=\"\"),TRUE,FALSE)),FALSE)","v":false},"Max Start Depth",0,0,false,{"$f":"IF(ISNA(MATCH($AQ8,$AR$50:$AR$53,0)),0,IF(AND(SUM(BL$6:BL8)=0,$AJ8>2,$AJ8<>\"\"),$AF8-$AE8,0))","v":0},{"$f":"IF(AND($B8<>\"\",$U8<>\"\",SUM(BN$6:BN8)>=6),TRUE,FALSE)","v":false},null,null,{"$f":"IF($B8=\"\",0,IF(AND($AI8<>\"\",$AI8<=3,OR($AJ8=1,$AJ8=\"\")),IF($U8<>\"\",TRUE,FALSE),IF(ISNA(MATCH($AQ8,$AR$52:$AR$56,0)),FALSE,IF($U8<>\"\",TRUE,FALSE))))","v":0},0,{"$f":"IF($AE8<=$BQ$7,COUNTIF(BS8,TRUE)+BT7,BT7)","v":0},{"$f":"IF(ISNA(MATCH(TRUE,$BR$6:$BR7,0)),IF(AND(BT7>=2,BR8=TRUE),TRUE,FALSE),IF(AND($AE8<=$BQ$7,BS8=TRUE),TRUE,IF(AND($AE8<=$BQ$7,BR8=TRUE),TRUE,FALSE)))","v":false},{"$f":"IF(ISNA(MATCH(TRUE,$BR9:$BR$12,0)),FALSE,IF(AND($AE8<=$BQ$7,INDIRECT(ADDRESS(MATCH(TRUE,$BR9:$BR$12,0)+8,31))<=$BQ$7,BS8=TRUE),TRUE,FALSE))","v":false},{"$f":"IF(ISNA(MATCH(TRUE,$BR$6:$BR7,0)),IF(ISNA(MATCH(TRUE,$BS$6:$BS7,0)),FALSE,TRUE),TRUE)","v":false},false,null,false,{"$f":"IF(ISNA(MATCH($AQ8,$AR$50:$AR$53,0)),0,IF(ISNA(MATCH(TRUE,BZ$6:BZ8,0)),IF(AND($AJ8>2,$AJ8<>\"\"),$AF8-$AE8,0),0))","v":0},{"$f":"IF(AND($B8<>\"\",$U8<>\"\",SUM(CA$6:CA8)>=6),TRUE,FALSE)","v":false},"Max Start Depth",0,0,{"$f":"IF(ISNA(MATCH($AQ8,$AR$50:$AR$53,0)),0,IF(AND(SUM(CE$6:CE8)=0,$AJ8>2,$AJ8<>\"\"),$AF8-$AE8,0))","v":0},{"$f":"IF(AND($B8<>\"\",$U8<>\"\",SUM(CF$6:CF8)>=6),TRUE,FALSE)","v":false},null,false,{"$f":"IF(ISNA(MATCH($AQ8,$AR$50:$AR$53,0)),0,IF(ISNA(MATCH(TRUE,CI$6:CI8,0)),IF(AND($AJ8>2,$AJ8<>\"\"),$AF8-$AE8,0),0))","v":0},{"$f":"IF(AND($B8<>\"\",$U8<>\"\",SUM(CJ$6:CJ8)>=6),TRUE,FALSE)","v":false},"Max Start Depth","Max Start Depth",{"$f":"IF(OR(AE8<=6,CN7=TRUE,CN7=\"SAND\"),IF(AND(OR($AQ8=AR$51,$AQ8=$AR$53),$AI8<>\"\",$AI8<=3,OR($AJ8=1,$AJ8=\"\")),\"SAND\",IF(AND(OR($AQ8=AR$50,$AQ8=$AR$52,$AQ8=AR$54,$AQ8=$AR$55,$AQ8=AR$56),$AI8<>\"\",$AI8<=3,OR($AJ8=2,$AJ8=1,$AJ8=\"\")),TRUE,FALSE)),FALSE)","v":false},{"$f":"IFERROR(IF(OR($CN7=TRUE,$CN7=\"SAND\",CO7>0),IF(AND(OR(VLOOKUP($AG8,$AI$51:$AL$486,2,FALSE),VLOOKUP($AG8,$AI$51:$AL$486,4,FALSE)),$AK8>=60),$AF8-$AE8,IF(AND(VLOOKUP($AG8,$AI$51:$AL$486,3,FALSE),$AU8=TRUE,$AK8>=60),$AF8-$AE8,0)),0),0)","v":0},{"$f":"IF(AND($AE8>CL$9,CP7=0),0,IF(OR($B8=\"\",$U8=\"\",$AE8>(CL$7+CL$9)),CP7,IF(AND(CO8=0,CP7<CL$7),0,CP7+CO8)))","v":0},{"$f":"IF(AND($AE8>CM$9,CQ7=0),0,IF(OR($B8=\"\",$U8=\"\",$AE8>(CM$7+CM$9)),CQ7,IF(AND(CO8=0,CQ7<CM$7),0,CQ7+CER8)))","v":0},{"$f":"IF(ISNA(MATCH($AQ8,$AR$50:$AR$53,0)),0,IF(ISNA(MATCH(TRUE,CN$6:CN8,0)),IF(AND($AJ8>2,$AJ8<>\"\"),$AF8-$AE8,0),0))","v":0},{"$f":"IF(AND($B8<>\"\",$U8<>\"\",SUM(CR$6:CR8)>=6),TRUE,FALSE)","v":false},"Upper Max Start Depth",0,{"$f":"IF(AND($AE8>=CT$9,CV7=0),0,IF(OR($B8=\"\",$U8=\"\",$AE8>(CT$7+CT$9)),CV7,IF(AND(CU8=0,CV7<CT$7),0,CV7+CU8)))","v":0},0,{"$f":"IF(OR($AE8<CT$13,AND($AE8>=CT$13,CW8=0,CX7<CT$11)),0,IF(OR($B8=\"\",$U8=\"\"),CX7,CX7+CW8))","v":0},"0",{"$f":"IF(ISNA(MATCH($AQ8,$AR$50:$AR$53,0)),0,IF(AND(SUM(CV$6:CV8)=0,$AJ8>2,$AJ8<>\"\"),$AF8-$AE8,0))","v":0},{"$f":"IF(AND($B8<>\"\",$U8<>\"\",SUM(CZ$6:CZ8)>=6),TRUE,FALSE)","v":false},null,false,{"$f":"IF(ISNA(MATCH($AQ8,$AR$50:$AR$53,0)),0,IF(ISNA(MATCH(TRUE,DC$6:DC8,0)),IF(AND($AJ8>2,$AJ8<>\"\"),$AF8-$AE8,0),0))","v":0},{"$f":"IF(AND($B8<>\"\",$U8<>\"\",SUM(DD$6:DD8)>=6),TRUE,FALSE)","v":false},"Max Start Depth",0,0,{"$f":"IF(ISNA(MATCH($AQ8,$AR$50:$AR$53,0)),0,IF(AND(SUM(DH$6:DH8)=0,$AJ8>2,$AJ8<>\"\"),$AF8-$AE8,0))","v":0},{"$f":"IF(AND($B8<>\"\",$U8<>\"\",SUM(DI$6:DI8)>=6),TRUE,FALSE)","v":false},null,false,"Max Start Depth",0,0,false,{"$f":"IF(AND(DN7>0,$B8<>\"\",$U8<>\"\",OR($AJ8=2,$AJ8=1,$AJ8=\"\")),TRUE,FALSE)","v":false},{"$f":"IF(ISNA(MATCH($AQ8,$AR$50:$AR$53,0)),0,IF(AND(SUM(DO$6:DO8)=0,$AJ8>2,$AJ8<>\"\"),$AF8-$AE8,0))","v":0},{"$f":"IF(AND($B8<>\"\",$U8<>\"\",SUM(DR$6:DR8)>=6),TRUE,FALSE)","v":false},null,false,{"$f":"IF(ISNA(MATCH($AQ8,$AR$50:$AR$53,0)),0,IF(ISNA(MATCH(TRUE,DU$6:DU8,0)),IF(AND($AJ8>2,$AJ8<>\"\"),$AF8-$AE8,0),0))","v":0},{"$f":"IF(AND($B8<>\"\",$U8<>\"\",SUM(DV$6:DV8)>=6),TRUE,FALSE)","v":false},"Max Comp. Depth","Max Start Depth",0,{"$f":"IF(OR($B8=\"\",$U8=\"\"),EA7,IF(AND(DZ8=0,EA7<DX$7),0,IF($AF8<=DX$9,EA7+DZ8,IF(AND($AE8<DX$9,DZ8>0),(EA7+DZ8)-($AF8-DX$9),EA7))))","v":0},{"$f":"IF(AND($AE8>DY$9,EB7=0),0,IF(OR($B8=\"\",$U8=\"\",$AE8>(DY$7+DY$9)),EB7,IF(AND(DZ8=0,EB7<DY$7),0,EB7+DZ8)))","v":0},{"$f":"IF(ISNA(MATCH($AQ8,$AR$50:$AR$53,0)),0,IF(AND(SUM(EB$6:EB8)=0,$AJ8>2,$AJ8<>\"\"),$AF8-$AE8,0))","v":0},{"$f":"IF(AND($B8<>\"\",$U8<>\"\",SUM(EC$6:EC8)>=6),TRUE,FALSE)","v":false},"Max Comp. Depth",0,{"$f":"IF(OR($B8=\"\",$U8=\"\"),EG7,IF(AND(EF8=0,EG7<EE$7),0,IF($AF8<=EE$9,EG7+EF8,IF(AND($AE8<EE$9,EF8>0),(EG7+EF8)-($AF8-EE$9),EG7))))","v":0},{"$f":"IF(ISNA(MATCH($AQ8,$AR$50:$AR$53,0)),0,IF(AND(SUM(EG$6:EG8)=0,$AJ8>2,$AJ8<>\"\"),$AF8-$AE8,0))","v":0},{"$f":"IF(AND($B8<>\"\",$U8<>\"\",SUM(EH$6:EH8)>=6),TRUE,FALSE)","v":false},20,false,0,{"$f":"IF(OR(EK8=TRUE,EL8>=EJ$7),TRUE,FALSE)","v":false},false,false,false,false,0,{"$f":"IF(OR($B8=\"\",$U8=\"\"),ES7,IF(AND(ER8=0,ES7<EJ$10),0,IF($AF8<=EJ$12,ES7+ER8,IF(AND($AE8<EJ$12,ER8>0),(ES7+ER8)-($AF8-EJ$12),ES7))))","v":0},{"$f":"IF(ISNA(MATCH($AQ8,$AR$50:$AR$53,0)),0,IF(AND(SUM(ES$6:ES8)=0,$AJ8>2,$AJ8<>\"\"),$AF8-$AE8,0))","v":0},{"$f":"IF(AND($B8<>\"\",$U8<>\"\",SUM(ET$6:ET8)>=6),TRUE,FALSE)","v":false},"Max Comp. Depth",0,{"$f":"IF(OR($B8=\"\",$U8=\"\"),EX7,IF(AND(EW8=0,EX7<EV$7),0,IF($AF8<=EV$9,EX7+EW8,IF(AND($AE8<EV$9,EW8>0),(EX7+EW8)-($AF8-EV$9),EX7))))","v":0},"Min Cum. Thickness",false,0,false,false,0,0,"Max Start Depth if bedrock is 6-10 inches down"," ",0,0,{"$f":"IF(OR($B8=\"\",$U8=\"\"),FJ7,IF(AND(FH8=0,FJ7<FG$7),0,FJ7+FH8))","v":0},false,null,false]
[{"$nulls":24},"",{"$nulls":5},"","","","","","",0,"","","","","","",false,0,false,false,false,0,false,false,32,0,0,false,{"$f":"IF(ISNA(MATCH($AQ9,$AR$50:$AR$53,0)),0,IF(AND(SUM(BB$6:BB9)=0,$AJ9>2,$AJ9<>\"\"),$AF9-$AE9,0))","v":0},{"$f":"IF(AND($B9<>\"\",$U9<>\"\",SUM(BD$6:BD9)>=6),TRUE,FALSE)","v":false},null,0,{"$f":"IF(OR($B9=\"\",$U9=\"\"),BH8,IF(ISNA(MATCH(0,BG$6:BG9,0)),BH8+BG9,0))","v":0},false,6,0,0,false,{"$f":"IF(ISNA(MATCH($AQ9,$AR$50:$AR$53,0)),0,IF(AND(SUM(BL$6:BL9)=0,$AJ9>2,$AJ9<>\"\"),$AF9-$AE9,0))","v":0},{"$f":"IF(AND($B9<>\"\",$U9<>\"\",SUM(BN$6:BN9)>=6),TRUE,FALSE)","v":false},null,null,0,0,0,{"$f":"IF(ISNA(MATCH(TRUE,$BR$6:$BR8,0)),IF(AND(BT8>=2,BR9=TRUE),TRUE,FALSE),IF(AND($AE9<=$BQ$7,BS9=TRUE),TRUE,IF(AND($AE9<=$BQ$7,BR9=TRUE),TRUE,FALSE)))","v":false},{"$f":"IF(ISNA(MATCH(TRUE,$BR10:$BR$12,0)),FALSE,IF(AND($AE9<=$BQ$7,INDIRECT(ADDRESS(MATCH(TRUE,$BR10:$BR$12,0)+9,31))<=$BQ$7,BS9=TRUE),TRUE,FALSE))","v":false},{"$f":"IF(ISNA(MATCH(TRUE,$BR$6:$BR8,0)),IF(ISNA(MATCH(TRUE,$BS$6:$BS8,0)),FALSE,TRUE),TRUE)","v":false},false,null,false,{"$f":"IF(ISNA(MATCH($AQ9,$AR$50:$AR$53,0)),0,IF(ISNA(MATCH(TRUE,BZ$6:BZ9,0)),IF(AND($AJ9>2,$AJ9<>\"\"),$AF9-$AE9,0),0))","v":0},{"$f":"IF(AND($B9<>\"\",$U9<>\"\",SUM(CA$6:CA9)>=6),TRUE,FALSE)","v":false},6,0,0,{"$f":"IF(ISNA(MATCH($AQ9,$AR$50:$AR$53,0)),0,IF(AND(SUM(CE$6:CE9)=0,$AJ9>2,$AJ9<>\"\"),$AF9-$AE9,0))","v":0},{"$f":"IF(AND($B9<>\"\",$U9<>\"\",SUM(CF$6:CF9)>=6),TRUE,FALSE)","v":false},null,false,{"$f":"IF(ISNA(MATCH($AQ9,$AR$50:$AR$53,0)),0,IF(ISNA(MATCH(TRUE,CI$6:CI9,0)),IF(AND($AJ9>2,$AJ9<>\"\"),$AF9-$AE9,0),0))","v":0},{"$f":"IF(AND($B9<>\"\",$U9<>\"\",SUM(CJ$6:CJ9)>=6),TRUE,FALSE)","v":false},12,12,{"$f":"IF(OR(AE9<=6,CN8=TRUE,CN8=\"SAND\"),IF(AND(OR($AQ9=AR$51,$AQ9=$AR$53),$AI9<>\"\",$AI9<=3,OR($AJ9=1,$AJ9=\"\")),\"SAND\",IF(AND(OR($AQ9=AR$50,$AQ9=$AR$52,$AQ9=AR$54,$AQ9=$AR$55,$AQ9=AR$56),$AI9<>\"\",$AI9<=3,OR($AJ9=2,$AJ9=1,$AJ9=\"\")),TRUE,FALSE)),FALSE)","v":false},{"$f":"IFERROR(IF(OR($CN8=TRUE,$CN8=\"SAND\",CO8>0),IF(AND(OR(VLOOKUP($AG9,$AI$51:$AL$486,2,FALSE),VLOOKUP($AG9,$AI$51:$AL$486,4,FALSE)),$AK9>=60),$AF9-$AE9,IF(AND(VLOOKUP($AG9,$AI$51:$AL$486,3,FALSE),$AU9=TRUE,$AK9>=60),$AF9-$AE9,0)),0),0)","v":0},{"$f":"IF(AND($AE9>CL$9,CP8=0),0,IF(OR($B9=\"\",$U9=\"\",$AE9>(CL$7+CL$9)),CP8,IF(AND(CO9=0,CP8<CL$7),0,CP8+CO9)))","v":0},{"$f":"IF(AND($AE9>CM$9,CQ8=0),0,IF(OR($B9=\"\",$U9=\"\",$AE9>(CM$7+CM$9)),CQ8,IF(AND(CO9=0,CQ8<CM$7),0,CQ8+CER9)))","v":0},{"$f":"IF(ISNA(MATCH($AQ9,$AR$50:$AR$53,0)),0,IF(ISNA(MATCH(TRUE,CN$6:CN9,0)),IF(AND($AJ9>2,$AJ9<>\"\"),$AF9-$AE9,0),0))","v":0},{"$f":"IF(AND($B9<>\"\",$U9<>\"\",SUM(CR$6:CR9)>=6),TRUE,FALSE)","v":false},6,0,0,0,0,"0",{"$f":"IF(ISNA(MATCH($AQ9,$AR$50:$AR$53,0)),0,IF(AND(SUM(CV$6:CV9)=0,$AJ9>2,$AJ9<>\"\"),$AF9-$AE9,0))","v":0},{"$f":"IF(AND($B9<>\"\",$U9<>\"\",SUM(CZ$6:CZ9)>=6),TRUE,FALSE)","v":false},null,false,{"$f":"IF(ISNA(MATCH($AQ9,$AR$50:$AR$53,0)),0,IF(ISNA(MATCH(TRUE,DC$6:DC9,0)),IF(AND($AJ9>2,$AJ9<>\"\"),$AF9-$AE9,0),0))","v":0},{"$f":"IF(AND($B9<>\"\",$U9<>\"\",SUM(DD$6:DD9)>=6),TRUE,FALSE)","v":false},6,0,0,{"$f":"IF(ISNA(MATCH($AQ9,$AR$50:$AR$53,0)),0,IF(AND(SUM(DH$6:DH9)=0,$AJ9>2,$AJ9<>\"\"),$AF9-$AE9,0))","v":0},{"$f":"IF(AND($B9<>\"\",$U9<>\"\",SUM(DI$6:DI9)>=6),TRUE,FALSE)","v":false},null,false,6,0,0,false,false,{"$f":"IF(ISNA(MATCH($AQ9,$AR$50:$AR$53,0)),0,IF(AND(SUM(DO$6:DO9)=0,$AJ9>2,$AJ9<>\"\"),$AF9-$AE9,0))","v":0},{"$f":"IF(AND($B9<>\"\",$U9<>\"\",SUM(DR$6:DR9)>=6),TRUE,FALSE)","v":false},null,false,{"$f":"IF(ISNA(MATCH($AQ9,$AR$50:$AR$53,0)),0,IF(ISNA(MATCH(TRUE,DU$6:DU9,0)),IF(AND($AJ9>2,$AJ9<>\"\"),$AF9-$AE9,0),0))","v":0},{"$f":"IF(AND($B9<>\"\",$U9<>\"\",SUM(DV$6:DV9)>=6),TRUE,FALSE)","v":false},6,10,0,0,0,{"$f":"IF(ISNA(MATCH($AQ9,$AR$50:$AR$53,0)),0,IF(AND(SUM(EB$6:EB9)=0,$AJ9>2,$AJ9<>\"\"),$AF9-$AE9,0))","v":0},{"$f":"IF(AND($B9<>\"\",$U9<>\"\",SUM(EC$6:EC9)>=6),TRUE,FALSE)","v":false},12,0,0,{"$f":"IF(ISNA(MATCH($AQ9,$AR$50:$AR$53,0)),0,IF(AND(SUM(EG$6:EG9)=0,$AJ9>2,$AJ9<>\"\"),$AF9-$AE9,0))","v":0},{"$f":"IF(AND($B9<>\"\",$U9<>\"\",SUM(EH$6:EH9)>=6),TRUE,FALSE)","v":false},"Min Cum. Thickness",false,0,false,false,false,false,false,0,0,{"$f":"IF(ISNA(MATCH($AQ9,$AR$50:$AR$53,0)),0,IF(AND(SUM(ES$6:ES9)=0,$AJ9>2,$AJ9<>\"\"),$AF9-$AE9,0))","v":0},{"$f":"IF(AND($B9<>\"\",$U9<>\"\",SUM(ET$6:ET9)>=6),TRUE,FALSE)","v":false},6,0,0,4,false,0,false,false,0,0,4,null,0,0,{"$f":"IF(OR($B9=\"\",$U9=\"\"),FJ8,IF(AND(FH9=0,FJ8<FG$7),0,FJ8+FH9))","v":0},false,null,false]
[{"$nulls":24},"",{"$nulls":5},"","","","","","",0,"","","","","","",false,0,false,{"$f":"IF($AE10=$AE11,IF(OR(AT10=TRUE,AT11=TRUE,AU11=TRUE),TRUE,FALSE),IF(AT10=TRUE,TRUE,FALSE))","v":false},false,0,false,false,null,0,0,false,{"$f":"IF(ISNA(MATCH($AQ10,$AR$50:$AR$53,0)),0,IF(AND(SUM(BB$6:BB10)=0,$AJ10>2,$AJ10<>\"\"),$AF10-$AE10,0))","v":0},{"$f":"IF(AND($B10<>\"\",$U10<>\"\",SUM(BD$6:BD10)>=6),TRUE,FALSE)","v":false},null,0,{"$f":"IF(OR($B10=\"\",$U10=\"\"),BH9,IF(ISNA(MATCH(0,BG$6:BG10,0)),BH9+BG10,0))","v":0},false,null,0,0,false,{"$f":"IF(ISNA(MATCH($AQ10,$AR$50:$AR$53,0)),0,IF(AND(SUM(BL$6:BL10)=0,$AJ10>2,$AJ10<>\"\"),$AF10-$AE10,0))","v":0},{"$f":"IF(AND($B10<>\"\",$U10<>\"\",SUM(BN$6:BN10)>=6),TRUE,FALSE)","v":false},null,null,0,0,0,{"$f":"IF(ISNA(MATCH(TRUE,$BR$6:$BR9,0)),IF(AND(BT9>=2,BR10=TRUE),TRUE,FALSE),IF(AND($AE10<=$BQ$7,BS10=TRUE),TRUE,IF(AND($AE10<=$BQ$7,BR10=TRUE),TRUE,FALSE)))","v":false},{"$f":"IF(ISNA(MATCH(TRUE,$BR11:$BR$12,0)),FALSE,IF(AND($AE10<=$BQ$7,INDIRECT(ADDRESS(MATCH(TRUE,$BR11:$BR$12,0)+10,31))<=$BQ$7,BS10=TRUE),TRUE,FALSE))","v":false},{"$f":"IF(ISNA(MATCH(TRUE,$BR$6:$BR9,0)),IF(ISNA(MATCH(TRUE,$BS$6:$BS9,0)),FALSE,TRUE),TRUE)","v":false},false,null,false,{"$f":"IF(ISNA(MATCH($AQ10,$AR$50:$AR$53,0)),0,IF(ISNA(MATCH(TRUE,BZ$6:BZ10,0)),IF(AND($AJ10>2,$AJ10<>\"\"),$AF10-$AE10,0),0))","v":0},{"$f":"IF(AND($B10<>\"\",$U10<>\"\",SUM(CA$6:CA10)>=6),TRUE,FALSE)","v":false},null,0,0,{"$f":"IF(ISNA(MATCH($AQ10,$AR$50:$AR$53,0)),0,IF(AND(SUM(CE$6:CE10)=0,$AJ10>2,$AJ10<>\"\"),$AF10-$AE10,0))","v":0},{"$f":"IF(AND($B10<>\"\",$U10<>\"\",SUM(CF$6:CF10)>=6),TRUE,FALSE)","v":false},null,false,{"$f":"IF(ISNA(MATCH($AQ10,$AR$50:$AR$53,0)),0,IF(ISNA(MATCH(TRUE,CI$6:CI10,0)),IF(AND($AJ10>2,$AJ10<>\"\"),$AF10-$AE10,0),0))","v":0},{"$f":"IF(AND($B10<>\"\",$U10<>\"\",SUM(CJ$6:CJ10)>=6),TRUE,FALSE)","v":false},null,null,{"$f":"IF(OR(AE10<=6,CN9=TRUE,CN9=\"SAND\"),IF(AND(OR($AQ10=AR$51,$AQ10=$AR$53),$AI10<>\"\",$AI10<=3,OR($AJ10=1,$AJ10=\"\")),\"SAND\",IF(AND(OR($AQ10=AR$50,$AQ10=$AR$52,$AQ10=AR$54,$AQ10=$AR$55,$AQ10=AR$56),$AI10<>\"\",$AI10<=3,OR($AJ10=2,$AJ10=1,$AJ10=\"\")),TRUE,FALSE)),FALSE)","v":false},0,{"$f":"IF(AND($AE10>CL$9,CP9=0),0,IF(OR($B10=\"\",$U10=\"\",$AE10>(CL$7+CL$9)),CP9,IF(AND(CO10=0,CP9<CL$7),0,CP9+CO10)))","v":0},{"$f":"IF(AND($AE10>CM$9,CQ9=0),0,IF(OR($B10=\"\",$U10=\"\",$AE10>(CM$7+CM$9)),CQ9,IF(AND(CO10=0,CQ9<CM$7),0,CQ9+CER10)))","v":0},{"$f":"IF(ISNA(MATCH($AQ10,$AR$50:$AR$53,0)),0,IF(ISNA(MATCH(TRUE,CN$6:CN10,0)),IF(AND($AJ10>2,$AJ10<>\"\"),$AF10-$AE10,0),0))","v":0},{"$f":"IF(AND($B10<>\"\",$U10<>\"\",SUM(CR$6:CR10)>=6),TRUE,FALSE)","v":false},"Lower Min Cum. Thickness",0,0,0,0,"0",{"$f":"IF(ISNA(MATCH($AQ10,$AR$50:$AR$53,0)),0,IF(AND(SUM(CV$6:CV10)=0,$AJ10>2,$AJ10<>\"\"),$AF10-$AE10,0))","v":0},{"$f":"IF(AND($B10<>\"\",$U10<>\"\",SUM(CZ$6:CZ10)>=6),TRUE,FALSE)","v":false},null,false,{"$f":"IF(ISNA(MATCH($AQ10,$AR$50:$AR$53,0)),0,IF(ISNA(MATCH(TRUE,DC$6:DC10,0)),IF(AND($AJ10>2,$AJ10<>\"\"),$AF10-$AE10,0),0))","v":0},{"$f":"IF(AND($B10<>\"\",$U10<>\"\",SUM(DD$6:DD10)>=6),TRUE,FALSE)","v":false},null,0,0,{"$f":"IF(ISNA(MATCH($AQ10,$AR$50:$AR$53,0)),0,IF(AND(SUM(DH$6:DH10)=0,$AJ10>2,$AJ10<>\"\"),$AF10-$AE10,0))","v":0},{"$f":"IF(AND($B10<>\"\",$U10<>\"\",SUM(DI$6:DI10)>=6),TRUE,FALSE)","v":false},null,false,null,0,0,false,false,{"$f":"IF(ISNA(MATCH($AQ10,$AR$50:$AR$53,0)),0,IF(AND(SUM(DO$6:DO10)=0,$AJ10>2,$AJ10<>\"\"),$AF10-$AE10,0))","v":0},{"$f":"IF(AND($B10<>\"\",$U10<>\"\",SUM(DR$6:DR10)>=6),TRUE,FALSE)","v":false},null,false,{"$f":"IF(ISNA(MATCH($AQ10,$AR$50:$AR$53,0)),0,IF(ISNA(MATCH(TRUE,DU$6:DU10,0)),IF(AND($AJ10>2,$AJ10<>\"\"),$AF10-$AE10,0),0))","v":0},{"$f":"IF(AND($B10<>\"\",$U10<>\"\",SUM(DV$6:DV10)>=6),TRUE,FALSE)","v":false},null,null,0,0,0,{"$f":"IF(ISNA(MATCH($AQ10,$AR$50:$AR$53,0)),0,IF(AND(SUM(EB$6:EB10)=0,$AJ10>2,$AJ10<>\"\"),$AF10-$AE10,0))","v":0},{"$f":"IF(AND($B10<>\"\",$U10<>\"\",SUM(EC$6:EC10)>=6),TRUE,FALSE)","v":false},null,0,0,{"$f":"IF(ISNA(MATCH($AQ10,$AR$50:$AR$53,0)),0,IF(AND(SUM(EG$6:EG10)=0,$AJ10>2,$AJ10<>\"\"),$AF10-$AE10,0))","v":0},{"$f":"IF(AND($B10<>\"\",$U10<>\"\",SUM(EH$6:EH10)>=6),TRUE,FALSE)","v":false},4,false,0,false,false,false,false,false,0,0,{"$f":"IF(ISNA(MATCH($AQ10,$AR$50:$AR$53,0)),0,IF(AND(SUM(ES$6:ES10)=0,$AJ10>2,$AJ10<>\"\"),$AF10-$AE10,0))","v":0},{"$f":"IF(AND($B10<>\"\",$U10<>\"\",SUM(ET$6:ET10)>=6),TRUE,FALSE)","v":false},null,0,0,"Max Start Depth",false,0,false,false,0,0,null,null,0,0,0,false,null,false]
[{"$nulls":24},"",{"$nulls":5},"","","","","","",0,"","","","","","",false,0,false,false,false,0,false,false,null,0,0,false,{"$f":"IF(ISNA(MATCH($AQ11,$AR$50:$AR$53,0)),0,IF(AND(SUM(BB$6:BB11)=0,$AJ11>2,$AJ11<>\"\"),$AF11-$AE11,0))","v":0},{"$f":"IF(AND($B11<>\"\",$U11<>\"\",SUM(BD$6:BD11)>=6),TRUE,FALSE)","v":false},null,0,{"$f":"IF(OR($B11=\"\",$U11=\"\"),BH10,IF(ISNA(MATCH(0,BG$6:BG11,0)),BH10+BG11,0))","v":0},false,null,0,0,false,{"$f":"IF(ISNA(MATCH($AQ11,$AR$50:$AR$53,0)),0,IF(AND(SUM(BL$6:BL11)=0,$AJ11>2,$AJ11<>\"\"),$AF11-$AE11,0))","v":0},{"$f":"IF(AND($B11<>\"\",$U11<>\"\",SUM(BN$6:BN11)>=6),TRUE,FALSE)","v":false},null,null,0,0,0,{"$f":"IF(ISNA(MATCH(TRUE,$BR$6:$BR10,0)),IF(AND(BT10>=2,BR11=TRUE),TRUE,FALSE),IF(AND($AE11<=$BQ$7,BS11=TRUE),TRUE,IF(AND($AE11<=$BQ$7,BR11=TRUE),TRUE,FALSE)))","v":false},{"$f":"IF(ISNA(MATCH(TRUE,$BR12:$BR$12,0)),FALSE,IF(AND($AE11<=$BQ$7,INDIRECT(ADDRESS(MATCH(TRUE,$BR12:$BR$12,0)+11,31))<=$BQ$7,BS11=TRUE),TRUE,FALSE))","v":false},{"$f":"IF(ISNA(MATCH(TRUE,$BR$6:$BR10,0)),IF(ISNA(MATCH(TRUE,$BS$6:$BS10,0)),FALSE,TRUE),TRUE)","v":false},false,null,false,{"$f":"IF(ISNA(MATCH($AQ11,$AR$50:$AR$53,0)),0,IF(ISNA(MATCH(TRUE,BZ$6:BZ11,0)),IF(AND($AJ11>2,$AJ11<>\"\"),$AF11-$AE11,0),0))","v":0},{"$f":"IF(AND($B11<>\"\",$U11<>\"\",SUM(CA$6:CA11)>=6),TRUE,FALSE)","v":false},null,0,0,{"$f":"IF(ISNA(MATCH($AQ11,$AR$50:$AR$53,0)),0,IF(AND(SUM(CE$6:CE11)=0,$AJ11>2,$AJ11<>\"\"),$AF11-$AE11,0))","v":0},{"$f":"IF(AND($B11<>\"\",$U11<>\"\",SUM(CF$6:CF11)>=6),TRUE,FALSE)","v":false},null,false,{"$f":"IF(ISNA(MATCH($AQ11,$AR$50:$AR$53,0)),0,IF(ISNA(MATCH(TRUE,CI$6:CI11,0)),IF(AND($AJ11>2,$AJ11<>\"\"),$AF11-$AE11,0),0))","v":0},{"$f":"IF(AND($B11<>\"\",$U11<>\"\",SUM(CJ$6:CJ11)>=6),TRUE,FALSE)","v":false},null,null,{"$f":"IF(OR(AE11<=6,CN10=TRUE,CN10=\"SAND\"),IF(AND(OR($AQ11=AR$51,$AQ11=$AR$53),$AI11<>\"\",$AI11<=3,OR($AJ11=1,$AJ11=\"\")),\"SAND\",IF(AND(OR($AQ11=AR$50,$AQ11=$AR$52,$AQ11=AR$54,$AQ11=$AR$55,$AQ11=AR$56),$AI11<>\"\",$AI11<=3,OR($AJ11=2,$AJ11=1,$AJ11=\"\")),TRUE,FALSE)),FALSE)","v":false},0,{"$f":"IF(AND($AE11>CL$9,CP10=0),0,IF(OR($B11=\"\",$U11=\"\",$AE11>(CL$7+CL$9)),CP10,IF(AND(CO11=0,CP10<CL$7),0,CP10+CO11)))","v":0},{"$f":"IF(AND($AE11>CM$9,CQ10=0),0,IF(OR($B11=\"\",$U11=\"\",$AE11>(CM$7+CM$9)),CQ10,IF(AND(CO11=0,CQ10<CM$7),0,CQ10+CER11)))","v":0},{"$f":"IF(ISNA(MATCH($AQ11,$AR$50:$AR$53,0)),0,IF(ISNA(MATCH(TRUE,CN$6:CN11,0)),IF(AND($AJ11>2,$AJ11<>\"\"),$AF11-$AE11,0),0))","v":0},{"$f":"IF(AND($B11<>\"\",$U11<>\"\",SUM(CR$6:CR11)>=6),TRUE,FALSE)","v":false},6,0,0,0,0,"0",{"$f":"IF(ISNA(MATCH($AQ11,$AR$50:$AR$53,0)),0,IF(AND(SUM(CV$6:CV11)=0,$AJ11>2,$AJ11<>\"\"),$AF11-$AE11,0))","v":0},{"$f":"IF(AND($B11<>\"\",$U11<>\"\",SUM(CZ$6:CZ11)>=6),TRUE,FALSE)","v":false},null,false,{"$f":"IF(ISNA(MATCH($AQ11,$AR$50:$AR$53,0)),0,IF(ISNA(MATCH(TRUE,DC$6:DC11,0)),IF(AND($AJ11>2,$AJ11<>\"\"),$AF11-$AE11,0),0))","v":0},{"$f":"IF(AND($B11<>\"\",$U11<>\"\",SUM(DD$6:DD11)>=6),TRUE,FALSE)","v":false},null,0,0,{"$f":"IF(ISNA(MATCH($AQ11,$AR$50:$AR$53,0)),0,IF(AND(SUM(DH$6:DH11)=0,$AJ11>2,$AJ11<>\"\"),$AF11-$AE11,0))","v":0},{"$f":"IF(AND($B11<>\"\",$U11<>\"\",SUM(DI$6:DI11)>=6),TRUE,FALSE)","v":false},null,false,null,0,0,false,false,{"$f":"IF(ISNA(MATCH($AQ11,$AR$50:$AR$53,0)),0,IF(AND(SUM(DO$6:DO11)=0,$AJ11>2,$AJ11<>\"\"),$AF11-$AE11,0))","v":0},{"$f":"IF(AND($B11<>\"\",$U11<>\"\",SUM(DR$6:DR11)>=6),TRUE,FALSE)","v":false},null,false,{"$f":"IF(ISNA(MATCH($AQ11,$AR$50:$AR$53,0)),0,IF(ISNA(MATCH(TRUE,DU$6:DU11,0)),IF(AND($AJ11>2,$AJ11<>\"\"),$AF11-$AE11,0),0))","v":0},{"$f":"IF(AND($B11<>\"\",$U11<>\"\",SUM(DV$6:DV11)>=6),TRUE,FALSE)","v":false},null,null,0,0,0,{"$f":"IF(ISNA(MATCH($AQ11,$AR$50:$AR$53,0)),0,IF(AND(SUM(EB$6:EB11)=0,$AJ11>2,$AJ11<>\"\"),$AF11-$AE11,0))","v":0},{"$f":"IF(AND($B11<>\"\",$U11<>\"\",SUM(EC$6:EC11)>=6),TRUE,FALSE)","v":false},null,0,0,{"$f":"IF(ISNA(MATCH($AQ11,$AR$50:$AR$53,0)),0,IF(AND(SUM(EG$6:EG11)=0,$AJ11>2,$AJ11<>\"\"),$AF11-$AE11,0))","v":0},{"$f":"IF(AND($B11<>\"\",$U11<>\"\",SUM(EH$6:EH11)>=6),TRUE,FALSE)","v":false},"Max Comp. Depth",false,0,false,false,false,false,false,0,0,{"$f":"IF(ISNA(MATCH($AQ11,$AR$50:$AR$53,0)),0,IF(AND(SUM(ES$6:ES11)=0,$AJ11>2,$AJ11<>\"\"),$AF11-$AE11,0))","v":0},{"$f":"IF(AND($B11<>\"\",$U11<>\"\",SUM(ET$6:ET11)>=6),TRUE,FALSE)","v":false},null,0,0,10,false,0,false,false,0,0,null,null,0,0,0,false,null,false]
[{"$nulls":24},"",{"$nulls":5},"","","","","","",0,"","","","","","",{"$f":"IF(AND(OR($AP12=$AT$51,$AP12=$AT$52),$O12>=AR$13),TRUE,FALSE)","v":false},0,false,{"$f":"IF(AT12=TRUE,TRUE,FALSE)","v":false},{"$f":"IF(AND(OR($AP12=$AT$51,$AP12=$AT$52),$O12>=AV$13),TRUE,FALSE)","v":false},0,false,{"$f":"IF(AX12=TRUE,TRUE,FALSE)","v":false},null,0,0,false,{"$nulls":3},0,{"$f":"IF(OR($B12=\"\",$U12=\"\"),BH11,IF(ISNA(MATCH(0,BG$6:BG12,0)),BH11+BG12,0))","v":0},false,null,0,0,false,{"$nulls":4},0,0,0,{"$f":"IF(ISNA(MATCH(TRUE,$BR$6:$BR11,0)),IF(AND(BT11>=2,BR12=TRUE),TRUE,FALSE),IF(AND($AE12<=$BQ$7,BS12=TRUE),TRUE,IF(AND($AE12<=$BQ$7,BR12=TRUE),TRUE,FALSE)))","v":false},null,{"$f":"IF(ISNA(MATCH(TRUE,$BR$6:$BR11,0)),IF(ISNA(MATCH(TRUE,$BS$6:$BS11,0)),FALSE,TRUE),TRUE)","v":false},false,null,false,{"$nulls":3},0,0,{"$nulls":3},false,{"$nulls":5},0,{"$f":"IF(AND($AE12>CL$9,CP11=0),0,IF(OR($B12=\"\",$U12=\"\",$AE12>(CL$7+CL$9)),CP11,IF(AND(CO12=0,CP11<CL$7),0,CP11+CO12)))","v":0},{"$f":"IF(AND($AE12>CM$9,CQ11=0),0,IF(OR($B12=\"\",$U12=\"\",$AE12>(CM$7+CM$9)),CQ11,IF(AND(CO12=0,CQ11<CM$7),0,CQ11+CER12)))","v":0},null,null,"Lower Min Start Depth"," ",null,{"$f":"IFERROR(IF($AG12=\"\",0,IF(AND(OR(VLOOKUP($AG12,$AI$51:$AL$486,2,FALSE),VLOOKUP($AG12,$AI$51:$AL$486,4,FALSE)),$AK12>=60),$AF12-$AE12,IF(AND(VLOOKUP($AG12,$AI$51:$AL$486,3,FALSE),AU12=TRUE,$AK12>=60),$AF12-$AE12,0))),0)","v":0},0,{"$nulls":4},false,{"$nulls":3},0,0,{"$nulls":3},false,null,0,0,false,false,{"$nulls":3},false,{"$nulls":4},0,0,0,{"$nulls":3},0,0,null,null,12,{"$f":"IF(AND(IFERROR(IF(SEARCH(\"D\",Q12,1)>=1,TRUE,FALSE),FALSE),$O12>=$EJ$7,$AM12<>\"\",$AM12>=5,OR($AN12=2,$AN12=1,$AN12=\"\")),TRUE,FALSE)","v":false},0,false,{"$f":"IF(EM12=TRUE,TRUE,FALSE)","v":false},{"$f":"IF(AND(IFERROR(IF(SEARCH(\"D\",Q12,1)>=1,TRUE,FALSE),FALSE),$O12>=$EJ$8,$AM12<>\"\",$AM12>=5,OR($AN12=2,$AN12=1,$AN12=\"\")),TRUE,FALSE)","v":false},false,{"$f":"IF(EP12=TRUE,TRUE,FALSE)","v":false},0,0,{"$nulls":3},0,0,null,{"$f":"IFERROR(IF(AND(OR($AP12=$AT$51,$AP12=$AT$52,AND(IFERROR(IF(SEARCH(\"D\",Q12,1)>=1,TRUE,FALSE),FALSE),OR(AND($AM12-$AI12>=1,IFERROR($AJ12-$AN12>=1,IF(AND($AM12<>\"\",$AN12=\"\"),TRUE,FALSE))),AND($AM12>=4,OR($AN12=2,$AN12=1,$AN12=\"\"))))),$O12>=EY$7),TRUE,FALSE),FALSE)","v":false},0,false,{"$f":"IF(FB12=TRUE,TRUE,FALSE)","v":false},0,0,null,null,0,0,0,false,null,false]
[null,"1Type:  C=Concentration, D=Depletion, RM=Reduced Matrix, MS=Masked Sand Grains.",{"$nulls":19},"2Location:  PL=Pore Lining, M=Matrix.",{"$nulls":21},2,{"$nulls":3},5,{"$nulls":3},{"$f":"IF(ISNA(MATCH(TRUE,BE6:BE11,0)),IF(OR(AND(ISNA(MATCH(FALSE,BC6:BC12,0)),F27=AF12),BB12>=AZ7),\"?\",\"\"),\"\")","v":""},{"$nulls":5},{"$f":"IF(ISNA(MATCH(TRUE,BI7:BI12,0)),\"\",\"X\")","v":""},{"$nulls":3},{"$f":"IF(ISNA(MATCH(TRUE,BO6:BO11,0)),IF(ISNA(MATCH(TRUE,BM7:BM12,0)),\"\",\"X\"),\"\")","v":""},{"$nulls":6},{"$f":"IF(ISNA(MATCH(TRUE,$BX$7:$BX$12,0)),IF(BV14=TRUE,\"?\",\"\"),\"\")","v":""},{"$nulls":4},"BV14 checks for TRUE in either BU or BV."," ",null,{"$f":"IF(ISNA(MATCH(TRUE,CB6:CB11,0)),IF(ISNA(MATCH(TRUE,BZ6:BZ12,0)),\"\",\"?\"),\"\")","v":""},{"$nulls":3},{"$f":"IF(ISNA(MATCH(TRUE,CG6:CG11,0)),IF(CE12>=CC7,\"X\",\"\"),\"\")","v":""},{"$nulls":4},{"$f":"IF(ISNA(MATCH(TRUE,CK6:CK11,0)),IF(ISNA(MATCH(TRUE,CI6:CI12,0)),\"\",\"X\"),\"\")","v":""},{"$nulls":3},{"$f":"IF(ISNA(MATCH(TRUE,CS6:CS11,0)),IF(ISNA(MATCH(\"SAND\",CN6:CN11,0)),IF(ISNA(MATCH(TRUE,CN6:CN11,0)),\"\",IF(CP12>=CL7,\"X\",IF(CQ12>=CM7,\"?\",\"\"))),IF(OR(CP12>=CL7,CQ12>=CM7),\"?\",\"\")),\"\")","v":""},{"$nulls":7},12,{"$f":"IF(ISNA(MATCH(TRUE,DA6:DA11,0)),IF(ISNA(MATCH(FALSE,CY6:CY11,0)),IF(ISNA(MATCH(\"SAND\",CY6:CY11,0)),IF(ISNA(MATCH(TRUE,CY6:CY11,0)),\"\",\"X\"),\"?\"),\"\"),\"\")","v":""},{"$nulls":6},{"$f":"IF(ISNA(MATCH(TRUE,DE6:DE11,0)),IF(ISNA(MATCH(TRUE,DC6:DC12,0)),\"\",\"X\"),\"\")","v":""},{"$nulls":3},{"$f":"IF(ISNA(MATCH(TRUE,DJ6:DJ11,0)),IF(DH12>=DF7,\"X\",\"\"),\"\")","v":""},{"$f":"IF(ISNA(MATCH(TRUE,DJ6:DJ11,0)),IF(DF13=\"X\",\"X\",IF(OR(AND(DF13=\"\",DM13=\"\",AK40=\"?C\"),AND(DF13=\"\",DX13=\"\",OR(AR40=\"?C\",AY40=\"?C\")),AND(DF13=\"\",EE13=\"\",BF40=\"?C\"),AND(DF13=\"\",EJ13=\"\",BM40=\"?C\")),\"?C\",\"\")),\"\")","v":""},{"$nulls":3},{"$f":"IF(ISNA(MATCH(TRUE,DL6:DL12,0)),\"\",\"?\")","v":""},null,{"$f":"IF(ISNA(MATCH(TRUE,DS6:DS11,0)),IF(ISNA(MATCH(TRUE,DP6:DP12,0)),\"\",\"?\"),\"\")","v":""},{"$f":"IF(ISNA(MATCH(TRUE,DS6:DS11,0)),IF(DM13=\"?\",\"?\",IF(OR(AND(DM13=\"\",DF13=\"\",AK40=\"?C\"),AND(DM13=\"\",DX13=\"\",OR(BT40=\"?C\",CA40=\"?C\")),AND(DM13=\"\",EE13=\"\",CH40=\"?C\"),AND(DM13=\"\",EJ13=\"\",CO40=\"?C\")),\"?C\",\"\")),\"\")","v":""},{"$nulls":5},{"$f":"IF(ISNA(MATCH(TRUE,DW6:DW11,0)),IF(ISNA(MATCH(TRUE,DU6:DU12,0)),\"\",\"X\"),\"\")","v":""},{"$nulls":3},{"$f":"IF(ISNA(MATCH(TRUE,ED6:ED11,0)),IF(OR(EA12>=DX7,EB12>=DY7),\"X\",\"\"),\"\")","v":""},{"$f":"IF(ISNA(MATCH(TRUE,ED6:ED11,0)),IF(DX13=\"X\",\"X\",IF(OR(AND(DX13=\"\",DF13=\"\",OR(AR40=\"?C\",AY40=\"?C\")),AND(DX13=\"\",DM13=\"\",OR(BT40=\"?C\",CA40=\"?C\")),AND(DX13=\"\",EE13=\"\",OR(CV40=\"?C\",DC40=\"?C\")),AND(DX13=\"\",EJ13=\"\",OR(DJ40=\"?C\",DQ40=\"?C\"))),\"?C\",\"\")),\"\")","v":""},{"$nulls":5},{"$f":"IF(ISNA(MATCH(TRUE,EI6:EI11,0)),IF(EG12>=EE7,\"X\",\"\"),\"\")","v":""},{"$f":"IF(ISNA(MATCH(TRUE,EI6:EI11,0)),IF(EE13=\"X\",\"X\",IF(OR(AND(EE13=\"\",DF13=\"\",BF40=\"?C\"),AND(EE13=\"\",DM13=\"\",CH40=\"?C\"),AND(EE13=\"\",DX13=\"\",OR(CV40=\"?C\",DC40=\"?C\")),AND(EE13=\"\",EJ13=\"\",DX40=\"?C\")),\"?C\",\"\")),\"\")","v":""},{"$nulls":3},{"$f":"IF(ISNA(MATCH(TRUE,EU6:EU11,0)),IF(ES12>=EJ10,\"X\",\"\"),\"\")","v":""},{"$f":"IF(ISNA(MATCH(TRUE,EU6:EU12,0)),IF(EJ13=\"X\",\"X\",IF(OR(AND(EJ13=\"\",DF13=\"\",BM40=\"?C\"),AND(EJ13=\"\",DM13=\"\",CO40=\"?C\"),AND(EJ13=\"\",DX13=\"\",OR(DJ40=\"?C\",DQ40=\"?C\")),AND(EJ13=\"\",EE13=\"\",DX40=\"?C\")),\"?C\",\"\")),\"\")","v":""},{"$nulls":10},{"$f":"IF(EX12>=EV7,\"?\",\"\")","v":""},null,null,{"$f":"IF(FE12>=EY9,\"X\",\"\")","v":""},{"$nulls":6},{"$f":"IF(ISNA(MATCH(FALSE,FK6:FK12,0)),IF(AND(F27>6,FI12>=FF7),\"?\",IF(AND(F27<=6,FJ12>FG7),\"?\",\"\")),\"\")","v":""},{"$nulls":5},{"$f":"IF(ISNA(MATCH(TRUE,FM6:FM12,0)),\"\",\"X\")","v":""}]
[null,"Hydric Soil Indicators:",{"$nulls":19},"Indicators for Problematic Hydric Soils3:",{"$nulls":8},"Hydric Soil Indicators",{"$nulls":3},"Hydro/Veg",null,"Warning Depths",null,"Warning Textures",null,"Warning Matrix",{"$nulls":10},"AZ13 checks for TRUE in BE, then checks if the organic soil end depth = the restrictive layer depth or for total of BB to meet conditions."," ",{"$nulls":4},"BF13 checks if any BI (mineral soil below qualifying organic thickness) is TRUE"," ",null,null,"BJ13 checks for TRUE in BO, then checks if any BM (mineral soil below qualifying organic thickness) is TRUE."," ",{"$nulls":5},"BQ13 checks for TRUE in BX, then checks if there is a qualifying layer in BR and total layers >=2 at <=6\" depth."," ",{"$nulls":3},{"$f":"IF(ISNA(MATCH(TRUE,$BU$7:$BU$12,0)),IF(ISNA(MATCH(TRUE,$BV$6:$BV$11,0)),FALSE,TRUE),TRUE)","v":false}," ",null,"BY13 checks for TRUE in CB, then checks for TRUE in BZ."," ",null,null,"CC13 checks for TRUE in CG, then checks for minimum total thickness."," "," ",null,null,"CH13 checks for TRUE in CK, then checks for TRUE in CI."," ",null,null,"CL13 checks for FALSE in CS, then SAND in CN, and then TRUE in CN, if TRUE it checks if the minimum cumulative thickness is 6 inches for option a (\"X\"), then 2 inches for option b (\"?\")."," "," ",{"$nulls":6},"CR13 checks for TRUE in DA, then checks for FALSE in CY, else \"SAND\" in CY, else TRUE in CY.  \"?\" for SAND in CY, \"X\" for TRUE in CY."," ",{"$nulls":5},"DB13 checks for TRUE in DE, then checks for TRUE in DC."," ",null,null,"DF13 checks for TRUE in DJ, then checks for minimum total thickness.","DG13 checks for TRUE in DJ, then for a possible combinations of indicators if DF13 is blank "," ",null,null,"DK13 checks if there is a TRUE in DL."," ","DM13 checks if there is a TRUE in DS, then checks for a TRUE in DP.","DN13 checks for TRUE in DS, then checks if there is a possible combinations of indicators if DM13 is blank."," ",{"$nulls":4},"DT13 checks for TRUE in DW then checks for TRUE in DU"," ",null,null,"DX13 checks for TRUE in ED, then checks for qualifying thicknesses of either set of conditions.","DY13 checks for TRUE in ED, then checks if there is a possible combinations of indicators if DX13 is blank "," ",{"$nulls":4},"EE13 checks for TRUE in EI, then checks for qualifying thickness.","EF13 checks if there is a TRUE in EI, then checks if there is a possible combinations of indicators if EE13 is blank "," ",null,null,"EJ13 checks for TRUE in EU, then checks for qualifying thickness.","EK13 checks for TRUE in EU, then checks if there is a possible combinations of indicators if EJ13 is blank "," ",null,null," ",{"$nulls":6},"EV13 checks if thickness meets conditions"," ",null,"EY13 checks if the thickness qualifies for the conditions."," ",{"$nulls":5},"FF13 checks for FALSE in FK, then checks for thickness >=6 for bedrock >6 inches, then for thickness >=1/2 the bedrock depth for bedrock<=6 inches."," "," ",{"$nulls":3},"FL13 checks for TRUE in FM"," "]
[null,{"$f":"AE15","v":""},"Histosol (A1)",{"$nulls":7},{"$f":"AF15","v":""},"Sandy Gleyed Matrix (S4)",{"$nulls":9},{"$f":"AG15","v":""},"Stratified Layers (A5)",{"$nulls":7},{"$f":"IFERROR(AZ13,\"\")","v":""},{"$f":"IFERROR(DB13,\"\")","v":""},{"$f":"IFERROR(IF(BQ13<>\"\",IF($AI$19,\"?\",\"\"),\"\"),\"\")","v":""},null,{"$f":"IF(OR('Page 1 (Vegetation)'!K9=\"X\",'Page 1 (Vegetation)'!K9=\"Yes\",'Page 1 (Vegetation)'!K9=\"Y\",'Page 1 (Vegetation)'!K10=\"X\",'Page 1 (Vegetation)'!K10=\"Yes\",'Page 1 (Vegetation)'!K10=\"Y\"),TRUE,FALSE)","v":false},null,{"$f":"IF(ISBLANK(B6),FALSE,IF(OR(AND(B6<>\"\",OR(AE6=\"\",AF6=\"\")),ISERR(AE6),ISERR(AF6),AE6>=AF6),TRUE,FALSE))","v":false},null,{"$f":"IF(AND($B6=\"\",$U6<>\"\"),TRUE,FALSE)","v":false},null,{"$f":"IF(AND($B6=\"\",$E6<>\"\"),TRUE,FALSE)","v":false},{"$nulls":98}," "]
[null,{"$f":"AE16","v":""},"Histic Epipedon (A2)",{"$nulls":7},"","Sandy Redox (S5)",{"$nulls":9},{"$f":"AG16","v":""},"Red Parent Material (F21)",{"$nulls":7},{"$f":"IFERROR(IF(BF13=\"X\",IF($AI$19,\"X\",\"\"),\"\"),\"\")","v":""},{"$f":"IFERROR(DG13,\"\")","v":""},{"$f":"IFERROR(IF(EY13=\"X\",IF($AI$19,\"?\",\"\"),\"\"),\"\")","v":""},null,{"$f":"IF(OR(AA50=\"X\",'Page 1 (Vegetation)'!J14=\"X\"),TRUE,FALSE)","v":false},null,{"$f":"IF(ISBLANK(B7),FALSE,IF(OR(AND(B7<>\"\",OR(AE7=\"\",AF7=\"\")),ISERR(AE7),ISERR(AF7),AE7<>AF6,AE7>=AF7),TRUE,FALSE))","v":false},null,{"$f":"IF(AND($B7=\"\",$U7<>\"\"),TRUE,FALSE)","v":false},null,{"$f":"IF(AND($B7=\"\",$E7<>\"\"),TRUE,FALSE)","v":false},{"$nulls":113}," "]
[null,"","Black Histic (A3)",{"$nulls":7},"","Stripped Matrix (S6)",{"$nulls":9},{"$f":"AG17","v":""},"Very Shallow Dark Surface (F22)",{"$nulls":7},{"$f":"IFERROR(BJ13,\"\")","v":""},{"$f":"IFERROR(DK13,\"\")","v":""},{"$f":"IFERROR(IF(FF13=\"?\",IF($AI$19,\"?\",\"\"),\"\"),\"\")","v":""},null,{"$f":"IF(OR('Page 1 (Vegetation)'!E9=\"X\",'Page 1 (Vegetation)'!E9=\"Yes\",'Page 1 (Vegetation)'!E9=\"Y\",'Page 1 (Vegetation)'!E10=\"X\",'Page 1 (Vegetation)'!E10=\"Yes\",'Page 1 (Vegetation)'!E10=\"Y\",ISTEXT('Page 1 (Vegetation)'!AB42)),TRUE,FALSE)","v":false},null,{"$f":"IF(ISBLANK(B8),FALSE,IF(OR(AND(B8<>\"\",OR(AE8=\"\",AF8=\"\")),ISERR(AE8),ISERR(AF8),AE8<>AF7,AE8>=AF8),TRUE,FALSE))","v":false},null,false,null,false,{"$nulls":65}," "]
[null,{"$f":"AE18","v":""},"Hydrogen Sulfide (A4)",{"$nulls":7},"","Dark Surface (S7)",{"$nulls":10},"Other (Explain in Remarks)",{"$nulls":7},{"$f":"IFERROR(BP6,\"\")","v":""},{"$f":"IFERROR(DN13,\"\")","v":""},null,null,{"$f":"IF(OR('Page 1 (Vegetation)'!AF47=\"X\",'Page 1 (Vegetation)'!J12=\"X\"),TRUE,FALSE)","v":false},null,false,null,false,null,false]
[null,"","Organic Bodies (A6)",{"$nulls":7},"","Loamy Gleyed Matrix (F2)",{"$nulls":18},{"$f":"IFERROR(BY13,\"\")","v":""},{"$f":"IFERROR(DT13,\"\")","v":""},null,null,{"$f":"IF(AND(OR(AI15=TRUE,AI16=TRUE),OR(AI17=TRUE,AI18=TRUE)),TRUE,FALSE)","v":false},null,false,null,false,null,false]
[null,"","5 cm Mucky Mineral (A7)",{"$nulls":7},"","Depleted Matrix (F3)",{"$nulls":18},{"$f":"IFERROR(CC13,\"\")","v":""},{"$f":"IFERROR(DY13,\"\")","v":""},{"$nulls":4},false,null,false,null,false]
[null,{"$f":"AE21","v":""},"Muck Presence (A8)",{"$nulls":7},"","Redox Dark Surface (F6)",{"$nulls":9},"3Indicators of hydrophytic vegetation and",{"$nulls":8},{"$f":"IFERROR(CH13,\"\")","v":""},{"$f":"IFERROR(EF13,\"\")","v":""},{"$nulls":4},{"$f":"IF(ISBLANK(B12),FALSE,IF(OR(AND(B12<>\"\",OR(AE12=\"\",AF12=\"\")),ISERR(AE12),ISERR(AF12),AE12<>AF11,AE12>=AF12),TRUE,FALSE))","v":false},null,false,null,false]
[null,{"$f":"AE22","v":""},"Depleted Below Dark Surface (A11)",{"$nulls":7},"","Depleted Dark Surface (F7)",{"$nulls":10},"wetland hydrology must be present,",{"$nulls":7},{"$f":"IFERROR(CL13,\"\")","v":""},{"$f":"IFERROR(EK13,\"\")","v":""},{"$nulls":4},{"$f":"IF(ISNA(MATCH(TRUE,AK15:AK21,0)),FALSE,TRUE)","v":false},null,{"$f":"IF(ISNA(MATCH(TRUE,AM15:AM21,0)),FALSE,TRUE)","v":false},null,{"$f":"IF(ISNA(MATCH(TRUE,AO15:AO21,0)),FALSE,TRUE)","v":false}]
[null,{"$f":"AE23","v":""},"Thick Dark Surface (A12)",{"$nulls":7},{"$f":"AF23","v":""},"Redox Depressions (F8)",{"$nulls":10},"unless disturbed or problematic.",{"$nulls":7},{"$f":"IFERROR(CU13,\"\")","v":""},{"$f":"IFERROR(EV13,\"\")","v":""}]
[]
[null,"Restrictive Layer (if observed):"]
[null,null,"Type:",{"$nulls":29},"Hydric Soil Present"]
[null,null,"Depth (Inches):",{"$nulls":17},"Hydric Soil Present?",{"$nulls":4},"Yes",{"$f":"AG27","v":""},"No",{"$f":"AH27","v":"X"},{"$nulls":3},{"$f":"IF(SUM(AG31,AG33:AG40,AH31:AH39)>0,\"X\",\"\")","v":""},{"$f":"IF(OR('Page 1 (Vegetation)'!G9=\"X\",'Page 1 (Vegetation)'!G9=\"Yes\",'Page 1 (Vegetation)'!G9=\"Y\",'Page 1 (Vegetation)'!G10=\"X\",'Page 1 (Vegetation)'!G10=\"Yes\",'Page 1 (Vegetation)'!G10=\"Y\"),\"\",IF(AND(AA27=\"\",'Page 1 (Vegetation)'!J13=\"\"),\"X\",\"\"))","v":"X"}]
[]
[null,"Remarks:",{"$nulls":34},"Indicator Combinations"]
[null,{"$f":"IF(AG40=1,AH40,\"\")","v":""},{"$nulls":30},"Boxes checked X",{"$nulls":3},"Sandy Redox (S5) & Dark Surface (S7)",{"$nulls":6},"Sandy Redox (S5) & Depleted Matrix (F3) (a)",{"$nulls":6},"Sandy Redox (S5) & Depleted Matrix (F3) (b)",{"$nulls":6},"Sandy Redox (S5) & Redox Dark Surface (F6)",{"$nulls":6},"Sandy Redox (S5) & Depleted Dark Surface (F7)",{"$nulls":6},"Dark Surface (S7) & Depleted Matrix (F3) (a)",{"$nulls":6},"Dark Surface (S7) & Depleted Matrix (F3) (b)",{"$nulls":6},"Dark Surface (S7) & Redox Dark Surface (F6)",{"$nulls":6},"Dark Surface (S7) & Depleted Dark Surface (F7)",{"$nulls":6},"Depleted Matrix (F3) (a) & Redox Dark Surface (F6)",{"$nulls":6},"Depleted Matrix (F3) (b) & Redox Dark Surface (F6)",{"$nulls":6},"Depleted Matrix (F3) (a) & Depleted Dark Surface (F7)",{"$nulls":6},"Depleted Matrix (F3) (b) & Depleted Dark Surface (F7)",{"$nulls":6},"Redox Dark Surface (F6) & Depleted Dark Surface (F7)"]
[{"$nulls":32},{"$f":"IF(B15=\"X\",1,0)","v":0},{"$f":"IF(K15=\"X\",1,0)","v":0},{"$f":"IF(V15=\"X\",1,0)","v":0},null,"Conditions","Calculation of layers from Sandy Redox","Running total from Sandy Redox","Calculation of layers from Dark Surface","Running total from Dark Surface","Largest value from previous calculation columns (can only count a layer once for an indicator)","Running total of previous column that matches conditions","Conditions","Calculation of layers from Sandy Redox","Running total from Sandy Redox","Calculation of layers from Depleted Matrix","Running total from Depleted Matrix","Largest value from previous calculation columns (can only count a layer once for an indicator)","Running total of previous column that matches conditions","Conditions","Calculation of layers from Sandy Redox","Running total from Sandy Redox","Calculation of layers from Depleted Matrix","Running total from Depleted Matrix","Largest value from previous calculation columns (can only count a layer once for an indicator)","Running total of previous column that matches conditions","Conditions","Calculation of layers from Sandy Redox","Running total from Sandy Redox","Calculation of layers from Redox Dark Surface","Running total from Redox Dark Surface","Largest value from previous calculation columns (can only count a layer once for an indicator)","Running total of previous column that matches conditions","Conditions","Calculation of layers from Sandy Redox","Running total from Sandy Redox","Calculation of layers from Depleted Dark Surface","Running total from Depleted Dark Surface","Largest value from previous calculation columns (can only count a layer once for an indicator)","Running total of previous column that matches conditions","Conditions","Calculation of layers from Dark Surface","Running total from Dark Surface","Calculation of layers from Depleted Matrix","Running total from Depleted Matrix","Largest value from previous calculation columns (can only count a layer once for an indicator)","Running total of previous column that matches conditions","Conditions","Calculation of layers from Dark Surface","Running total from Dark Surface","Calculation of layers from Depleted Matrix","Running total from Depleted Matrix","Largest value from previous calculation columns (can only count a layer once for an indicator)","Running total of previous column that matches conditions","Conditions","Calculation of layers from Dark Surface","Running total from Dark Surface","Calculation of layers from Redox Dark Surface","Running total from Redox Dark Surface","Largest value from previous calculation columns (can only count a layer once for an indicator)","Running total of previous column that matches conditions","Conditions","Calculation of layers from Dark Surface","Running total from Dark Surface","Calculation of layers from Depleted Dark Surface","Running total from Depleted Dark Surface","Largest value from previous calculation columns (can only count a layer once for an indicator)","Running total of previous column that matches conditions","Conditions","Calculation of layers from Depleted Matrix","Running total from Depleted Matrix","Calculation of layers from Redox Dark Surface","Running total from Redox Dark Surface","Largest value from previous calculation columns (can only count a layer once for an indicator)","Running total of previous column that matches conditions","Conditions","Calculation of layers from Depleted Matrix","Running total from Depleted Matrix","Calculation of layers from Redox Dark Surface","Running total from Redox Dark Surface","Largest value from previous calculation columns (can only count a layer once for an indicator)","Running total of previous column that matches conditions","Conditions","Calculation of layers from Depleted Matrix","Running total from Depleted Matrix","Calculation of layers from Depleted Dark Surface","Running total from Depleted Dark Surface","Largest value from previous calculation columns (can only count a layer once for an indicator)","Running total of previous column that matches conditions","Conditions","Calculation of layers from Depleted Matrix","Running total from Depleted Matrix","Calculation of layers from Depleted Dark Surface","Running total from Depleted Dark Surface","Largest value from previous calculation columns (can only count a layer once for an indicator)","Running total of previous column that matches conditions","Conditions","Calculation of layers from Redox Dark Surface","Running total from Redox Dark Surface","Calculation of layers from Depleted Dark Surface","Running total from Depleted Dark Surface","Largest value from previous calculation columns (can only count a layer once for an indicator)","Running total of previous column that matches conditions"," "]
[{"$nulls":32},0,{"$f":"IF(K16=\"X\",1,0)","v":0},{"$f":"IF(V16=\"X\",1,0)","v":0},null,"Min Cum. Thickness",{"$f":"$DG6","v":0},{"$f":"$DH6","v":0},{"$f":"$DN6","v":0},{"$f":"$DO6","v":0},{"$f":"LARGE((AL32,AN32),1)","v":0},{"$f":"IF($AE6>AK$35,0,AP32)","v":0},"Min Cum. Thickness",{"$f":"$DG6","v":0},{"$f":"$DH6","v":0},{"$f":"$DZ6","v":0},{"$f":"$EA6","v":0},{"$f":"LARGE((AS32,AU32),1)","v":0},{"$f":"IF($AE6>AR$35,0,AW32)","v":0},"Min Cum. Thickness",{"$f":"$DG6","v":0},{"$f":"$DH6","v":0},{"$f":"$DZ6","v":0},{"$f":"$EB6","v":0},{"$f":"LARGE((AZ32,BB32),1)","v":0},{"$f":"IF($AE6>AY$35,0,BD32)","v":0},"Min Cum. Thickness",{"$f":"$DG6","v":0},{"$f":"$DH6","v":0},{"$f":"$EF6","v":0},{"$f":"$EG6","v":0},{"$f":"LARGE((BG32,BI32),1)","v":0},{"$f":"IF($AE6>BF$35,0,BK32)","v":0},"Min Cum. Thickness",{"$f":"$DG6","v":0},{"$f":"$DH6","v":0},{"$f":"$ER6","v":0},{"$f":"$ES6","v":0},{"$f":"LARGE((BN32,BP32),1)","v":0},{"$f":"IF($AE6>BM$35,0,BR32)","v":0},"Min Cum. Thickness",{"$f":"$DN6","v":0},{"$f":"$DO6","v":0},{"$f":"$DZ6","v":0},{"$f":"$EA6","v":0},{"$f":"LARGE((BU32,BW32),1)","v":0},{"$f":"IF($AE6>BT$35,0,BY32)","v":0},"Min Cum. Thickness",{"$f":"$DN6","v":0},{"$f":"$DO6","v":0},{"$f":"$DZ6","v":0},{"$f":"$EB6","v":0},{"$f":"LARGE((CB32,CD32),1)","v":0},{"$f":"IF($AE6>CA$35,0,CF32)","v":0},"Min Cum. Thickness",{"$f":"$DN6","v":0},{"$f":"$DO6","v":0},{"$f":"$EF6","v":0},{"$f":"$EG6","v":0},{"$f":"LARGE((CI32,CK32),1)","v":0},{"$f":"IF($AE6>CH$35,0,CM32)","v":0},"Min Cum. Thickness",{"$f":"$DN6","v":0},{"$f":"$DO6","v":0},{"$f":"$ER6","v":0},{"$f":"$ES6","v":0},{"$f":"LARGE((CP32,CR32),1)","v":0},{"$f":"IF($AE6>CO$35,0,CT32)","v":0},"Min Cum. Thickness",{"$f":"$DZ6","v":0},{"$f":"$EA6","v":0},{"$f":"$EF6","v":0},{"$f":"$EG6","v":0},{"$f":"LARGE((CW32,CY32),1)","v":0},{"$f":"IF($AF6<=CV$35,DA32,IF(AND($AE6<CV$35,DA32>0),DA32-($AF6-CV$35),0))","v":0},"Min Cum. Thickness",{"$f":"$DZ6","v":0},{"$f":"$EB6","v":0},{"$f":"$EF6","v":0},{"$f":"$EG6","v":0},{"$f":"LARGE((DD32,DF32),1)","v":0},{"$f":"IF($AE6>DC$35,0,DH32)","v":0},"Min Cum. Thickness",{"$f":"$DZ6","v":0},{"$f":"$EA6","v":0},{"$f":"$ER6","v":0},{"$f":"$ES6","v":0},{"$f":"LARGE((DK32,DM32),1)","v":0},{"$f":"IF($AF6<=DJ$35,DO32,IF(AND($AE6<DJ$35,DO32>0),DO32-($AF6-DJ$35),0))","v":0},"Min Cum. Thickness",{"$f":"$DZ6","v":0},{"$f":"$EB6","v":0},{"$f":"$ER6","v":0},{"$f":"$ES6","v":0},{"$f":"LARGE((DR32,DT32),1)","v":0},{"$f":"IF($AE6>DQ$35,0,DV32)","v":0},"Min Cum. Thickness",{"$f":"$EF6","v":0},{"$f":"$EG6","v":0},{"$f":"$ER6","v":0},{"$f":"$ES6","v":0},{"$f":"LARGE((DY32,EA32),1)","v":0},{"$f":"IF($AF6<=DX$35,EC32,IF(AND($AE6<DX$35,EC32>0),EC32-($AF6-DX$35),0))","v":0}]
[{"$nulls":32},0,0,{"$f":"IF(V17=\"X\",1,0)","v":0},null,4,0,0,0,0,{"$f":"LARGE((AL33,AN33),1)","v":0},{"$f":"IF(AND($AE7>AK$35,AQ32=0),0,IF(OR($B7=\"\",$U7=\"\",$AE7>(AK$33+AK$35)),AQ32,IF(AND(AP33=0,AQ32<AK$33),0,AQ32+AP33)))","v":0},4,0,0,0,0,{"$f":"LARGE((AS33,AU33),1)","v":0},{"$f":"IF(AND($AE7>AR$35,AX32=0),0,IF(OR($B7=\"\",$U7=\"\",$AE7>(AR$33+AR$35)),AX32,IF(AND(AW33=0,AX32<AR$33),0,AX32+AW33)))","v":0},6,0,0,0,0,{"$f":"LARGE((AZ33,BB33),1)","v":0},{"$f":"IF(AND($AE7>AY$35,BE32=0),0,IF(OR($B7=\"\",$U7=\"\",$AE7>(AY$33+AY$35)),BE32,IF(AND(BD33=0,BE32<AY$33),0,BE32+BD33)))","v":0},4,0,0,0,0,{"$f":"LARGE((BG33,BI33),1)","v":0},{"$f":"IF(AND($AE7>BF$35,BL32=0),0,IF(OR($B7=\"\",$U7=\"\",$AE7>(BF$33+BF$35)),BL32,IF(AND(BK33=0,BL32<BF$33),0,BL32+BK33)))","v":0},4,0,0,0,0,{"$f":"LARGE((BN33,BP33),1)","v":0},{"$f":"IF(AND($AE7>BM$35,BS32=0),0,IF(OR($B7=\"\",$U7=\"\",$AE7>(BM$33+BM$35)),BS32,IF(AND(BR33=0,BS32<BM$33),0,BS32+BR33)))","v":0},4,0,0,0,0,{"$f":"LARGE((BU33,BW33),1)","v":0},{"$f":"IF(AND($AE7>BT$35,BZ32=0),0,IF(OR($B7=\"\",$U7=\"\",$AE7>(BT$33+BT$35)),BZ32,IF(AND(BY33=0,BZ32<BT$33),0,BZ32+BY33)))","v":0},6,0,0,0,0,{"$f":"LARGE((CB33,CD33),1)","v":0},{"$f":"IF(AND($AE7>CA$35,CG32=0),0,IF(OR($B7=\"\",$U7=\"\",$AE7>(CA$33+CA$35)),CG32,IF(AND(CF33=0,CG32<CA$33),0,CG32+CF33)))","v":0},4,0,0,0,0,{"$f":"LARGE((CI33,CK33),1)","v":0},{"$f":"IF(AND($AE7>CH$35,CN32=0),0,IF(OR($B7=\"\",$U7=\"\",$AE7>(CH$33+CH$35)),CN32,IF(AND(CM33=0,CN32<CH$33),0,CN32+CM33)))","v":0},4,0,0,0,0,{"$f":"LARGE((CP33,CR33),1)","v":0},{"$f":"IF(AND($AE7>CO$35,CU32=0),0,IF(OR($B7=\"\",$U7=\"\",$AE7>(CO$33+CO$35)),CU32,IF(AND(CT33=0,CU32<CO$33),0,CU32+CT33)))","v":0},4,0,0,0,0,{"$f":"LARGE((CW33,CY33),1)","v":0},{"$f":"IF(OR($B7=\"\",$U7=\"\"),DB32,IF(AND(DA33=0,DB32<CV$33),0,IF($AF7<=CV$35,DB32+DA33,IF(AND($AE7<CV$35,DA33>0),(DB32+DA33)-($AF7-CV$35),DB32))))","v":0},6,0,0,0,0,{"$f":"LARGE((DD33,DF33),1)","v":0},{"$f":"IF(AND($AE7>DC$35,DI32=0),0,IF(OR($B7=\"\",$U7=\"\",$AE7>(DC$33+DC$35)),DI32,IF(AND(DH33=0,DI32<DC$33),0,DI32+DH33)))","v":0},4,0,0,0,0,{"$f":"LARGE((DK33,DM33),1)","v":0},{"$f":"IF(OR($B7=\"\",$U7=\"\"),DP32,IF(AND(DO33=0,DP32<DJ$33),0,IF($AF7<=DJ$35,DP32+DO33,IF(AND($AE7<DJ$35,DO33>0),(DP32+DO33)-($AF7-DJ$35),DP32))))","v":0},6,0,0,0,0,{"$f":"LARGE((DR33,DT33),1)","v":0},{"$f":"IF(AND($AE7>DQ$35,DW32=0),0,IF(OR($B7=\"\",$U7=\"\",$AE7>(DQ$33+DQ$35)),DW32,IF(AND(DV33=0,DW32<DQ$33),0,DW32+DV33)))","v":0},4,0,0,0,0,{"$f":"LARGE((DY33,EA33),1)","v":0},{"$f":"IF(OR($B7=\"\",$U7=\"\"),ED32,IF(AND(EC33=0,ED32<DX$33),0,IF($AF7<=DX$35,ED32+EC33,IF(AND($AE7<DX$35,EC33>0),(ED32+EC33)-($AF7-DX$35),ED32))))","v":0}]
["HYDROLOGY",{"$nulls":31},0,0,{"$f":"IF(V18=\"X\",1,0)","v":0},null,"Max Start Depth",0,0,0,0,{"$f":"LARGE((AL34,AN34),1)","v":0},0,"Max Start Depth",0,0,0,0,{"$f":"LARGE((AS34,AU34),1)","v":0},0,"Max Start Depth",0,0,0,0,{"$f":"LARGE((AZ34,BB34),1)","v":0},0,"Max Start Depth",0,0,0,0,{"$f":"LARGE((BG34,BI34),1)","v":0},0,"Max Start Depth",0,0,0,0,{"$f":"LARGE((BN34,BP34),1)","v":0},0,"Max Start Depth",0,0,0,0,{"$f":"LARGE((BU34,BW34),1)","v":0},0,"Max Start Depth",0,0,0,0,{"$f":"LARGE((CB34,CD34),1)","v":0},0,"Max Start Depth",0,0,0,0,{"$f":"LARGE((CI34,CK34),1)","v":0},0,"Max Start Depth",0,0,0,0,{"$f":"LARGE((CP34,CR34),1)","v":0},0,"Max Comp. Depth",0,0,0,0,{"$f":"LARGE((CW34,CY34),1)","v":0},{"$f":"IF(OR($B8=\"\",$U8=\"\"),DB33,IF(AND(DA34=0,DB33<CV$33),0,IF($AF8<=CV$35,DB33+DA34,IF(AND($AE8<CV$35,DA34>0),(DB33+DA34)-($AF8-CV$35),DB33))))","v":0},"Max Start Depth",0,0,0,0,{"$f":"LARGE((DD34,DF34),1)","v":0},0,"Max Comp. Depth",0,0,0,0,{"$f":"LARGE((DK34,DM34),1)","v":0},{"$f":"IF(OR($B8=\"\",$U8=\"\"),DP33,IF(AND(DO34=0,DP33<DJ$33),0,IF($AF8<=DJ$35,DP33+DO34,IF(AND($AE8<DJ$35,DO34>0),(DP33+DO34)-($AF8-DJ$35),DP33))))","v":0},"Max Start Depth",0,0,0,0,{"$f":"LARGE((DR34,DT34),1)","v":0},0,"Max Comp. Depth",0,0,0,0,{"$f":"LARGE((DY34,EA34),1)","v":0},{"$f":"IF(OR($B8=\"\",$U8=\"\"),ED33,IF(AND(EC34=0,ED33<DX$33),0,IF($AF8<=DX$35,ED33+EC34,IF(AND($AE8<DX$35,EC34>0),(ED33+EC34)-($AF8-DX$35),ED33))))","v":0}]
[null,"Wetland Hydrology Indicators:",{"$nulls":30},0,0,null,null,6,0,0,0,0,{"$f":"LARGE((AL35,AN35),1)","v":0},0,6,0,0,0,0,{"$f":"LARGE((AS35,AU35),1)","v":0},0,10,0,0,0,0,{"$f":"LARGE((AZ35,BB35),1)","v":0},0,6,0,0,0,0,{"$f":"LARGE((BG35,BI35),1)","v":0},0,6,0,0,0,0,{"$f":"LARGE((BN35,BP35),1)","v":0},0,6,0,0,0,0,{"$f":"LARGE((BU35,BW35),1)","v":0},0,10,0,0,0,0,{"$f":"LARGE((CB35,CD35),1)","v":0},0,6,0,0,0,0,{"$f":"LARGE((CI35,CK35),1)","v":0},0,6,0,0,0,0,{"$f":"LARGE((CP35,CR35),1)","v":0},0,12,0,0,0,0,{"$f":"LARGE((CW35,CY35),1)","v":0},0,10,0,0,0,0,{"$f":"LARGE((DD35,DF35),1)","v":0},0,12,0,0,0,0,{"$f":"LARGE((DK35,DM35),1)","v":0},0,10,0,0,0,0,{"$f":"LARGE((DR35,DT35),1)","v":0},0,12,0,0,0,0,{"$f":"LARGE((DY35,EA35),1)","v":0},0]
[null,"Primary Indicators (minimum of one is required; check all that apply)                                          ",{"$nulls":19},"Secondary Indicators (minimum of two required)",{"$nulls":8},"Wetland Hydrology",null,0,0,{"$f":"SUM(AG32,AI31:AI34)","v":0},null,null,0,0,0,0,{"$f":"LARGE((AL36,AN36),1)","v":0},0,null,0,0,0,0,{"$f":"LARGE((AS36,AU36),1)","v":0},0,null,0,0,0,0,{"$f":"LARGE((AZ36,BB36),1)","v":0},0,null,0,0,0,0,{"$f":"LARGE((BG36,BI36),1)","v":0},0,null,0,0,0,0,{"$f":"LARGE((BN36,BP36),1)","v":0},0,null,0,0,0,0,{"$f":"LARGE((BU36,BW36),1)","v":0},0,null,0,0,0,0,{"$f":"LARGE((CB36,CD36),1)","v":0},0,null,0,0,0,0,{"$f":"LARGE((CI36,CK36),1)","v":0},0,null,0,0,0,0,{"$f":"LARGE((CP36,CR36),1)","v":0},0,null,0,0,0,0,{"$f":"LARGE((CW36,CY36),1)","v":0},0,null,0,0,0,0,{"$f":"LARGE((DD36,DF36),1)","v":0},0,null,0,0,0,0,{"$f":"LARGE((DK36,DM36),1)","v":0},0,null,0,0,0,0,{"$f":"LARGE((DR36,DT36),1)","v":0},0,null,0,0,0,0,{"$f":"LARGE((DY36,EA36),1)","v":0},0]
[null,{"$f":"AE37","v":""},"Surface Water (A1)",{"$nulls":8},"Water-Stained Leaves (B9)",{"$nulls":10},"Surface Soil Cracks (B6)",{"$nulls":7},{"$f":"IFERROR(IF(ISTEXT(H48),\"X\",\"\"),\"\")","v":""},{"$f":"IFERROR(IF(AND(OR('Page 1 (Vegetation)'!M43=\"\",'Page 1 (Vegetation)'!M43<5),OR('Page 1 (Vegetation)'!M26<>\"\",'Page 1 (Vegetation)'!M33<>\"\",'Page 1 (Vegetation)'!M47<>\"\")),\"?\",\"\"),\"\")","v":""},0,0,{"$nulls":3},0,0,0,0,{"$f":"LARGE((AL37,AN37),1)","v":0},0,null,0,0,0,0,{"$f":"LARGE((AS37,AU37),1)","v":0},0,null,0,0,0,0,{"$f":"LARGE((AZ37,BB37),1)","v":0},0,null,0,0,0,0,{"$f":"LARGE((BG37,BI37),1)","v":0},0,null,0,0,0,0,{"$f":"LARGE((BN37,BP37),1)","v":0},0,null,0,0,0,0,{"$f":"LARGE((BU37,BW37),1)","v":0},0,null,0,0,0,0,{"$f":"LARGE((CB37,CD37),1)","v":0},0,null,0,0,0,0,{"$f":"LARGE((CI37,CK37),1)","v":0},0,null,0,0,0,0,{"$f":"LARGE((CP37,CR37),1)","v":0},0,null,0,0,0,0,{"$f":"LARGE((CW37,CY37),1)","v":0},0,null,0,0,0,0,{"$f":"LARGE((DD37,DF37),1)","v":0},0,null,0,0,0,0,{"$f":"LARGE((DK37,DM37),1)","v":0},0,null,0,0,0,0,{"$f":"LARGE((DR37,DT37),1)","v":0},0,null,0,0,0,0,{"$f":"LARGE((DY37,EA37),1)","v":0},0]
[null,{"$f":"AE38","v":""},"High Water Table (A2)",{"$nulls":8},"Aquatic Fauna (B13)",{"$nulls":9},{"$f":"AF37","v":""},"Sparsely Vegetated Concave Surface (B8)",{"$nulls":7},{"$f":"IFERROR(IF(AND(ISTEXT(H49),R49<=12,ISNUMBER(R49)),\"X\",\"\"),\"\")","v":""},{"$f":"IFERROR(IF(AND(ISTEXT(H49),R49>12,R49<=24),\"?\",\"\"),\"\")","v":""},0,0,{"$nulls":3},0,0,0,0,{"$f":"LARGE((AL38,AN38),1)","v":0},0,null,0,0,0,0,{"$f":"LARGE((AS38,AU38),1)","v":0},0,null,0,0,0,0,{"$f":"LARGE((AZ38,BB38),1)","v":0},0,null,0,0,0,0,{"$f":"LARGE((BG38,BI38),1)","v":0},0,null,0,0,0,0,{"$f":"LARGE((BN38,BP38),1)","v":0},0,null,0,0,0,0,{"$f":"LARGE((BU38,BW38),1)","v":0},0,null,0,0,0,0,{"$f":"LARGE((CB38,CD38),1)","v":0},0,null,0,0,0,0,{"$f":"LARGE((CI38,CK38),1)","v":0},0,null,0,0,0,0,{"$f":"LARGE((CP38,CR38),1)","v":0},0,null,0,0,0,0,{"$f":"LARGE((CW38,CY38),1)","v":0},0,null,0,0,0,0,{"$f":"LARGE((DD38,DF38),1)","v":0},0,null,0,0,0,0,{"$f":"LARGE((DK38,DM38),1)","v":0},0,null,0,0,0,0,{"$f":"LARGE((DR38,DT38),1)","v":0},0,null,0,0,0,0,{"$f":"LARGE((DY38,EA38),1)","v":0},0]
[null,{"$f":"AE39","v":""},"Saturation (A3)",{"$nulls":8},"Hydrogen Sulfide Odor (C1)",{"$nulls":10},"Drainage Patterns (B10)",{"$nulls":7},{"$f":"IFERROR(IF(AND(ISTEXT(H50),R50<=12,ISNUMBER(R50),OR(AND(ISTEXT(H49),R49>R50),AND(ISNUMBER(F27),F27<=12,F27>R50))),\"X\",\"\"),\"\")","v":""},{"$f":"IFERROR(IF(ISNUMBER(F27),\"?\",\"\"),\"\")","v":""},0,0]
[null,null,"Water Marks (B1)",{"$nulls":8},"Oxidized Rhizospheres on Living Roots (C3)",{"$nulls":9},{"$f":"AF38","v":""},"Dry-Season Water Table (C2)",{"$nulls":7},{"$f":"IFERROR(IF(FL13=\"X\",\"X\",\"\"),\"\")","v":""},{"$f":"IFERROR(IF(SUM('Page 1 (Vegetation)'!AS21:AS76)>SUM('Page 1 (Vegetation)'!AT21:AT76),\"X\",IF(SUM('Page 1 (Vegetation)'!AS21:AS76)=SUM('Page 1 (Vegetation)'!AT21:AT76),IF(SUM('Page 1 (Vegetation)'!AU21:AU76)>SUM('Page 1 (Vegetation)'!AV21:AV76),\"X\",\"\"),\"\")),\"\")","v":""},{"$f":"IF(OR(FL13=\"X\",K41=\"X\"),1,0)","v":0},"The presence of a reduced matrix within 12” of the soil surface indicates that this soil is hydric based on the hydric soil definition: ”a soil that formed under conditions of saturation, flooding or ponding long enough during the growing season to develop anaerobic conditions in the upper part”."," ",null,{"$f":"IF(ISNA(MATCH(TRUE,$DQ7:$DQ12,0)),IF(AND(AQ38>AK33,SUM(AL32:AL38)>0,SUM(AN32:AN38)>0),\"?C\",\"\"),IF(AND(AQ38>=AK33,SUM(AL32:AL38)>0,SUM(AN32:AN38)>0),\"?C\",\"\"))","v":""},{"$nulls":6},{"$f":"IF(AND(AX38>=AR33,SUM(AS32:AS38)>0,SUM(AU32:AU38)>0),\"?C\",\"\")","v":""},{"$nulls":6},{"$f":"IF(AND(BE38>=AY33,SUM(AZ32:AZ38)>0,SUM(BB32:BB38)>0),\"?C\",\"\")","v":""},{"$nulls":6},{"$f":"IF(AND(BL38>=BF33,SUM(BG32:BG38)>0,SUM(BI32:BI38)>0),\"?C\",\"\")","v":""},{"$nulls":6},{"$f":"IF(AND(BS38>=BM33,SUM(BN32:BN38)>0,SUM(BP32:BP38)>0),\"?C\",\"\")","v":""},{"$nulls":6},{"$f":"IF(ISNA(MATCH(TRUE,$DQ7:$DQ12,0)),IF(AND(BZ38>BT33,SUM(BU32:BU38)>0,SUM(BW32:BW38)>0),\"?C\",\"\"),IF(AND(BZ38>=BT33,SUM(BU32:BU38)>0,SUM(BW32:BW38)>0),\"?C\",\"\"))","v":""},{"$nulls":6},{"$f":"IF(ISNA(MATCH(TRUE,$DQ7:$DQ12,0)),IF(AND(CG38>CA33,SUM(CB32:CB38)>0,SUM(CD32:CD38)>0),\"?C\",\"\"),IF(AND(CG38>=CA33,SUM(CB32:CB38)>0,SUM(CD32:CD38)>0),\"?C\",\"\"))","v":""},{"$nulls":6},{"$f":"IF(ISNA(MATCH(TRUE,$DQ7:$DQ12,0)),IF(AND(CN38>CH33,SUM(CI32:CI38)>0,SUM(CK32:CK38)>0),\"?C\",\"\"),IF(AND(CN38>=CH33,SUM(CI32:CI38)>0,SUM(CK32:CK38)>0),\"?C\",\"\"))","v":""},{"$nulls":6},{"$f":"IF(ISNA(MATCH(TRUE,$DQ7:$DQ12,0)),IF(AND(CU38>CO33,SUM(CP32:CP38)>0,SUM(CR32:CR38)>0),\"?C\",\"\"),IF(AND(CU38>=CO33,SUM(CP32:CP38)>0,SUM(CR32:CR38)>0),\"?C\",\"\"))","v":""},{"$nulls":6},{"$f":"IF(AND(DB38>=CV33,SUM(CW32:CW38)>0,SUM(CY32:CY38)>0),\"?C\",\"\")","v":""},{"$nulls":6},{"$f":"IF(AND(DI38>=DC33,SUM(DD32:DD38)>0,SUM(DF32:DF38)>0),\"?C\",\"\")","v":""},{"$nulls":6},{"$f":"IF(AND(DP38>=DJ33,SUM(DK32:DK38)>0,SUM(DM32:DM38)>0),\"?C\",\"\")","v":""},{"$nulls":6},{"$f":"IF(AND(DW38>=DQ33,SUM(DR32:DR38)>0,SUM(DT32:DT38)>0),\"?C\",\"\")","v":""},{"$nulls":6},{"$f":"IF(AND(ED38>=DX33,SUM(DY32:DY38)>0,SUM(EA32:EA38)>0),\"?C\",\"\")","v":""}]
[null,null,"Sediment Deposits (B2)",{"$nulls":7},{"$f":"AE40","v":""},"Presence of Reduced Iron (C4)",{"$nulls":10},"Saturation Visible on Aerial Imagery (C9)",{"$nulls":7},{"$f":"IFERROR(IF(AND(AF6-AE6<=1,U6=AR54),\"X\",\"\"),\"\")","v":""},{"$nulls":5},"AK40 checks if Dark Surface conditions exist without thickness, then checks if Dark Surface in combination is equal to the exact minimum cumulative thickness without underlying chroma <=2, then checks if both indicators have started, and then checks if the combination thickness meets the conditions."," ",{"$nulls":5},"AR40 checks if both indicators have started and then checks if the combination thickness meets the conditions."," ",{"$nulls":5},"AY40 checks if both indicators have started and then checks if the combination thickness meets the conditions."," ",{"$nulls":5},"BF40 checks if both indicators have started and then checks if the combination thickness meets the conditions."," ",{"$nulls":5},"BM40 checks if both indicators have started and then checks if the combination thickness meets the conditions."," ",{"$nulls":5},"BT40 checks if Dark Surface conditions exist without thickness, then checks if Dark Surface in combination is equal to the exact minimum cumulative thickness without underlying chroma <=2, then checks if both indicators have started, and then checks if the combination thickness meets the conditions."," ",{"$nulls":5},"CA40 checks if Dark Surface conditions exist without thickness, then checks if Dark Surface in combination is equal to the exact minimum cumulative thickness without underlying chroma <=2, then checks if both indicators have started, and then checks if the combination thickness meets the conditions."," ",{"$nulls":5},"CH40 checks if Dark Surface conditions exist without thickness, then checks if Dark Surface in combination is equal to the exact minimum cumulative thickness without underlying chroma <=2, then checks if both indicators have started, and then checks if the combination thickness meets the conditions."," ",{"$nulls":5},"CO40 checks if Dark Surface conditions exist without thickness, then checks if Dark Surface in combination is equal to the exact minimum cumulative thickness without underlying chroma <=2, then checks if both indicators have started, and then checks if the combination thickness meets the conditions."," ",{"$nulls":5},"CV40 checks if both indicators have started and then checks if the combination thickness meets the conditions."," ",{"$nulls":5},"DC40 checks if both indicators have started and then checks if the combination thickness meets the conditions."," ",{"$nulls":5},"DJ40 checks if both indicators have started and then checks if the combination thickness meets the conditions."," ",{"$nulls":5},"DQ40 checks if both indicators have started and then checks if the combination thickness meets the conditions."," ",{"$nulls":5},"DX40 checks if both indicators have started and then checks if the combination thickness meets the conditions."," "]
[null,null,"Drift Deposits (B3)",{"$nulls":8},"Recent Iron Reduction in Tilled Soils (C6)",{"$nulls":10},"Geomorphic Position (D2)"]
[null,null,"Algal Mat or Crust (B4)",{"$nulls":7},{"$f":"AE41","v":""},"Thin Muck Surface (C7)",{"$nulls":9},{"$f":"AF39","v":""},"Shallow Aquitard (D3)"]
[null,null,"Iron Deposits (B5)",{"$nulls":8},"Fiddler Crab Burrows (C10)",{"$nulls":9},{"$f":"AF40","v":""},"FAC-Neutral Test (D5)"]
[null,null,"Inundation Visible on Aerial Imagery (B7)",{"$nulls":8},"Other (Explain in Remarks)",{"$nulls":156},"To Robert Schulz - In loving memory."]
[]
[null,"Field Observations:",{"$nulls":28},"Hydrology Indicators"]
[null,"Surface Water Present?",{"$nulls":4},"Yes",null,"No",{"$nulls":3},"Depth (inches):"]
[null,"Water Table Present?",{"$nulls":4},"Yes",null,"No",{"$nulls":3},"Depth (inches):",{"$nulls":17},{"$f":"IF(B37=\"X\",1,0)","v":0},{"$f":"IF(V37=\"X\",1,0)","v":0},null,null,"Master Soil List",{"$nulls":4},"Redox Type"," ","Redox Location",null,"Texture List",null,"Redox",null,null,"Hue Differential",null,null,"Contrast Determination Table",{"$nulls":3},"If both values <=3 and chromas <=2, contrast = Faint"]
[null,"Saturation Present?",{"$nulls":4},"Yes",null,"No",{"$nulls":3},"Depth (inches):",{"$nulls":7},"   Wetland Hydrology Present?",{"$nulls":4},"Yes",{"$f":"AE71","v":""},"No",{"$f":"AF71","v":"X"},null,{"$f":"IF(B38=\"X\",1,0)","v":0},{"$f":"IF(V38=\"X\",1,0)","v":0},null,null,"Soil Color List","Depleted Matrix","Redox Concentrations","Gleyed Matrix",null,"C",null,"PL",null,"Loamy/Clayey",null,"Faint redox concentrations",null,null,"Color #",null,null,"Hue","Value","Chroma","Combo","Contrast"]
[null,"(includes capillary fringe)",{"$nulls":28},0,0,null,null,"5R 8/1",true,true,false,null,"D",null,"M",null,"Sandy",null,"Distinct redox concentrations",null,null,"5R",1,null,0,0,0,{"$f":"TEXT(AZ51,\"0\")&\"-\"&TEXT(BA51,\"0.0\")&\"-\"&TEXT(BB51,\"0\")","v":"0-0.0-0"},{"$f":"$AT$50","v":"Faint redox concentrations"}]
[null,"Describe Recorded Data (stream gauge, monitoring well, aerial photos, previous inspections), if available:",{"$nulls":28},0,0,null,null,"5R 7/1",true,true,false,null,"RM",null,"PL/M",null,"Mucky Loam/Clay",null,"Prominent redox concentrations",null,null,"7.5R",2,null,0,0,1,"0-0.0-1",{"$f":"$AT$50","v":"Faint redox concentrations"}]
[{"$nulls":30},0,0,null,null,"5R 6/1",true,true,false,null,"MS",{"$nulls":3},"Mucky Sand",{"$nulls":4},"10R",3,null,0,0,2,"0-0.0-2",{"$f":"$AT$51","v":"Distinct redox concentrations"}]
[{"$nulls":30},0,0,null,null,"5R 5/1",true,true,false,{"$nulls":5},"Muck",{"$nulls":4},"2.5YR",4,null,0,0,3,"0-0.0-3",{"$f":"$AT$51","v":"Distinct redox concentrations"}]
[null,"Remarks:",{"$nulls":28},0,0,null,null,"5R 4/1",false,true,false,{"$nulls":5},"Mucky Peat",{"$nulls":4},"5YR",5,null,0,0,4,"0-0.0-4",{"$f":"$AT$52","v":"Prominent redox concentrations"}]
[{"$nulls":30},0,{"$f":"IF(V44=\"X\",1,0)","v":0},null,null,"5R 3/1",false,false,false,{"$nulls":5},"Peat",{"$nulls":4},"7.5YR",6,null,0,0,5,"0-0.0-5",{"$f":"$AT$52","v":"Prominent redox concentrations"}]
[{"$nulls":30},{"$f":"IF(B45=\"X\",1,0)","v":0},{"$nulls":3},"5R 2.5/1",false,false,false,{"$nulls":10},"10YR",7,null,0,0,6,"0-0.0-6",{"$f":"$AT$52","v":"Prominent redox concentrations"}]
[{"$nulls":30},{"$f":"IF(K37=\"X\",1,0)","v":0},{"$nulls":3},"5R 8/2",true,true,false,{"$nulls":10},"2.5Y",8,null,0,0,7,"0-0.0-7",{"$f":"$AT$52","v":"Prominent redox concentrations"}]
[{"$nulls":30},0,{"$nulls":3},"5R 7/2",true,true,false,{"$nulls":10},"5Y",9,null,0,0.5,0,"0-0.5-0",{"$f":"$AT$50","v":"Faint redox concentrations"}]
["ENG FORM 6116-3, JUL 2018",{"$nulls":23},"Caribbean Islands – Version 2.0",{"$nulls":5},0,{"$nulls":3},"5R 6/2",true,true,false,{"$nulls":10},"N",null,null,0,0.5,1,"0-0.5-1",{"$f":"$AT$50","v":"Faint redox concentrations"}]
[{"$nulls":30},0,{"$nulls":3},"5R 5/2",false,true,false,{"$nulls":10},"10Y",11,null,0,0.5,2,"0-0.5-2",{"$f":"$AT$51","v":"Distinct redox concentrations"}]
[{"$nulls":30},0,{"$nulls":3},"5R 4/2",false,true,false,{"$nulls":10},"5GY",13,null,0,0.5,3,"0-0.5-3",{"$f":"$AT$51","v":"Distinct redox concentrations"}]
[{"$nulls":30},0,{"$nulls":3},"5R 3/2",false,false,false,{"$nulls":10},"10GY",15,null,0,0.5,4,"0-0.5-4",{"$f":"$AT$52","v":"Prominent redox concentrations"}]
[{"$nulls":30},0,{"$nulls":3},"5R 2.5/2",false,false,false,{"$nulls":10},"5G",17,null,0,0.5,5,"0-0.5-5",{"$f":"$AT$52","v":"Prominent redox concentrations"}]
[{"$nulls":30},0,{"$nulls":3},"5R 8/3",false,false,false,{"$nulls":10},"10G",19,null,0,0.5,6,"0-0.5-6",{"$f":"$AT$52","v":"Prominent redox concentrations"}]
[{"$nulls":30},0,{"$nulls":3},"5R 7/3",false,false,false,{"$nulls":10},"5BG",21,null,0,0.5,7,"0-0.5-7",{"$f":"$AT$52","v":"Prominent redox concentrations"}]
[{"$nulls":34},"5R 6/3",false,false,false,{"$nulls":10},"10BG",23,null,0,1,0,"0-1.0-0",{"$f":"$AT$50","v":"Faint redox concentrations"}]
[{"$nulls":30},{"$f":"SUM(AE49:AE66)","v":0},{"$f":"SUM(AF49:AF56)","v":0},null,null,"5R 5/3",false,false,false,{"$nulls":10},"5B",25,null,0,1,1,"0-1.0-1",{"$f":"$AT$50","v":"Faint redox concentrations"}]
[{"$nulls":34},"5R 4/3",false,false,false,{"$nulls":10},"10B",27,null,0,1,2,"0-1.0-2",{"$f":"$AT$51","v":"Distinct redox concentrations"}]
[{"$nulls":30},"Wetland Hydrology Present",{"$nulls":3},"5R 3/3",false,false,false,{"$nulls":10},"5PB",29,null,0,1,3,"0-1.0-3",{"$f":"$AT$51","v":"Distinct redox concentrations"}]
[{"$nulls":30},{"$f":"IF(OR(AE68>0,AF68>1),\"X\",\"\")","v":""},{"$f":"IF(OR('Page 1 (Vegetation)'!K9=\"X\",'Page 1 (Vegetation)'!K9=\"Yes\",'Page 1 (Vegetation)'!K9=\"Y\",'Page 1 (Vegetation)'!K10=\"X\",'Page 1 (Vegetation)'!K10=\"Yes\",'Page 1 (Vegetation)'!K10=\"Y\"),\"\",IF(AND(AA50=\"\",'Page 1 (Vegetation)'!J14=\"\"),\"X\",\"\"))","v":"X"},null,null,"5R 2.5/3",false,false,false,{"$nulls":13},0,1,4,"0-1.0-4",{"$f":"$AT$52","v":"Prominent redox concentrations"}]
[{"$nulls":34},"5R 8/4",false,false,false,{"$nulls":13},0,1,5,"0-1.0-5",{"$f":"$AT$52","v":"Prominent redox concentrations"}]
[{"$nulls":34},"5R 7/4",false,false,false,{"$nulls":13},0,1,6,"0-1.0-6",{"$f":"$AT$52","v":"Prominent redox concentrations"}]
[{"$nulls":34},"5R 6/4",false,false,false,{"$nulls":13},0,1,7,"0-1.0-7",{"$f":"$AT$52","v":"Prominent redox concentrations"}]
[{"$nulls":34},"5R 5/4",false,false,false,{"$nulls":13},0,1.5,0,"0-1.5-0",{"$f":"$AT$50","v":"Faint redox concentrations"}]
[{"$nulls":34},"5R 4/4",false,false,false,{"$nulls":13},0,1.5,1,"0-1.5-1",{"$f":"$AT$50","v":"Faint redox concentrations"}]
[{"$nulls":34},"5R 3/4",false,false,false,{"$nulls":13},0,1.5,2,"0-1.5-2",{"$f":"$AT$51","v":"Distinct redox concentrations"}]
[{"$nulls":34},"5R 2.5/4",false,false,false,{"$nulls":13},0,1.5,3,"0-1.5-3",{"$f":"$AT$51","v":"Distinct redox concentrations"}]
[{"$nulls":34},"5R 7/6",false,false,false,{"$nulls":13},0,1.5,4,"0-1.5-4",{"$f":"$AT$52","v":"Prominent redox concentrations"}]
[{"$nulls":34},"5R 6/6",false,false,false,{"$nulls":13},0,1.5,5,"0-1.5-5",{"$f":"$AT$52","v":"Prominent redox concentrations"}]
[{"$nulls":34},"5R 5/6",false,false,false,{"$nulls":13},0,1.5,6,"0-1.5-6",{"$f":"$AT$52","v":"Prominent redox concentrations"}]
[{"$nulls":34},"5R 4/6",false,false,false,{"$nulls":13},0,1.5,7,"0-1.5-7",{"$f":"$AT$52","v":"Prominent redox concentrations"}]
[{"$nulls":34},"5R 3/6",false,false,false,{"$nulls":13},0,2,0,"0-2.0-0",{"$f":"$AT$50","v":"Faint redox concentrations"}]
[{"$nulls":34},"5R 2.5/6",false,false,false,{"$nulls":13},0,2,1,"0-2.0-1",{"$f":"$AT$50","v":"Faint redox concentrations"}]
[{"$nulls":34},"5R 7/8",false,false,false,{"$nulls":13},0,2,2,"0-2.0-2",{"$f":"$AT$51","v":"Distinct redox concentrations"}]
[{"$nulls":34},"5R 6/8",false,false,false,{"$nulls":13},0,2,3,"0-2.0-3",{"$f":"$AT$51","v":"Distinct redox concentrations"}]
[{"$nulls":34},"5R 5/8",false,false,false,{"$nulls":13},0,2,4,"0-2.0-4",{"$f":"$AT$52","v":"Prominent redox concentrations"}]
[{"$nulls":34},"5R 4/8",false,false,false,{"$nulls":13},0,2,5,"0-2.0-5",{"$f":"$AT$52","v":"Prominent redox concentrations"}]
[{"$nulls":34},"5R 3/8",false,false,false,{"$nulls":13},0,2,6,"0-2.0-6",{"$f":"$AT$52","v":"Prominent redox concentrations"}]
[{"$nulls":34},"7.5R 8/1",true,true,false,{"$nulls":13},0,2,7,"0-2.0-7",{"$f":"$AT$52","v":"Prominent redox concentrations"}]
[{"$nulls":34},"7.5R 7/1",true,true,false,{"$nulls":13},0,2.5,0,"0-2.5-0",{"$f":"$AT$51","v":"Distinct redox concentrations"}]
[{"$nulls":34},"7.5R 6/1",true,true,false,{"$nulls":13},0,2.5,1,"0-2.5-1",{"$f":"$AT$51","v":"Distinct redox concentrations"}]
[{"$nulls":34},"7.5R 5/1",true,true,false,{"$nulls":13},0,2.5,2,"0-2.5-2",{"$f":"$AT$51","v":"Distinct redox concentrations"}]
[{"$nulls":34},"7.5R 4/1",false,true,false,{"$nulls":13},0,2.5,3,"0-2.5-3",{"$f":"$AT$51","v":"Distinct redox concentrations"}]
[{"$nulls":34},"7.5R 3/1",false,false,false,{"$nulls":13},0,2.5,4,"0-2.5-4",{"$f":"$AT$52","v":"Prominent redox concentrations"}]
[{"$nulls":34},"7.5R 2.5/1",false,false,false,{"$nulls":13},0,2.5,5,"0-2.5-5",{"$f":"$AT$52","v":"Prominent redox concentrations"}]
[{"$nulls":34},"7.5R 8/2",true,true,false,{"$nulls":13},0,2.5,6,"0-2.5-6",{"$f":"$AT$52","v":"Prominent redox concentrations"}]
[{"$nulls":34},"7.5R 7/2",true,true,false,{"$nulls":13},0,2.5,7,"0-2.5-7",{"$f":"$AT$52","v":"Prominent redox concentrations"}]
[{"$nulls":34},"7.5R 6/2",true,true,false,{"$nulls":13},0,3,0,"0-3.0-0",{"$f":"$AT$51","v":"Distinct redox concentrations"}]
[{"$nulls":34},"7.5R 5/2",false,true,false,{"$nulls":13},0,3,1,"0-3.0-1",{"$f":"$AT$51","v":"Distinct redox concentrations"}]
[{"$nulls":34},"7.5R 4/2",false,true,false,{"$nulls":13},0,3,2,"0-3.0-2",{"$f":"$AT$51","v":"Distinct redox concentrations"}]
[{"$nulls":34},"7.5R 3/2",false,false,false,{"$nulls":13},0,3,3,"0-3.0-3",{"$f":"$AT$51","v":"Distinct redox concentrations"}]
[{"$nulls":34},"7.5R 2.5/2",false,false,false,{"$nulls":13},0,3,4,"0-3.0-4",{"$f":"$AT$52","v":"Prominent redox concentrations"}]
[{"$nulls":34},"7.5R 8/3",false,false,false,{"$nulls":13},0,3,5,"0-3.0-5",{"$f":"$AT$52","v":"Prominent redox concentrations"}]
[{"$nulls":34},"7.5R 7/3",false,false,false,{"$nulls":13},0,3,6,"0-3.0-6",{"$f":"$AT$52","v":"Prominent redox concentrations"}]
[{"$nulls":34},"7.5R 6/3",false,false,false,{"$nulls":13},0,3,7,"0-3.0-7",{"$f":"$AT$52","v":"Prominent redox concentrations"}]
[{"$nulls":34},"7.5R 5/3",false,false,false,{"$nulls":13},0,3.5,0,"0-3.5-0",{"$f":"$AT$51","v":"Distinct redox concentrations"}]
[{"$nulls":34},"7.5R 4/3",false,false,false,{"$nulls":13},0,3.5,1,"0-3.5-1",{"$f":"$AT$51","v":"Distinct redox concentrations"}]
[{"$nulls":34},"7.5R 3/3",false,false,false,{"$nulls":13},0,3.5,2,"0-3.5-2",{"$f":"$AT$51","v":"Distinct redox concentrations"}]
[{"$nulls":34},"7.5R 2.5/3",false,false,false,{"$nulls":13},0,3.5,3,"0-3.5-3",{"$f":"$AT$51","v":"Distinct redox concentrations"}]
[{"$nulls":34},"7.5R 8/4",false,false,false,{"$nulls":13},0,3.5,4,"0-3.5-4",{"$f":"$AT$52","v":"Prominent redox concentrations"}]
[{"$nulls":34},"7.5R 7/4",false,false,false,{"$nulls":13},0,3.5,5,"0-3.5-5","Prominent redox concentrations"]
[{"$nulls":34},"7.5R 6/4",false,false,false,{"$nulls":13},0,3.5,6,"0-3.5-6","Prominent redox concentrations"]
[{"$nulls":34},"7.5R 5/4",false,false,false,{"$nulls":13},0,3.5,7,"0-3.5-7","Prominent redox concentrations"]
[{"$nulls":34},"7.5R 4/4",false,false,false,{"$nulls":13},0,4,0,{"$f":"TEXT(AZ115,\"0\")&\"-\"&TEXT(BA115,\"0.0\")&\"-\"&TEXT(BB115,\"0\")","v":"0-4.0-0"},"Prominent redox concentrations"]
[{"$nulls":34},"7.5R 3/4",false,false,false,{"$nulls":13},0,4,1,"0-4.0-1","Prominent redox concentrations"]
[{"$nulls":34},"7.5R 2.5/4",false,false,false,{"$nulls":13},0,4,2,"0-4.0-2","Prominent redox concentrations"]
[{"$nulls":34},"7.5R 7/6",false,false,false,{"$nulls":13},0,4,3,"0-4.0-3","Prominent redox concentrations"]
[{"$nulls":34},"7.5R 6/6",false,false,false,{"$nulls":13},0,4,4,"0-4.0-4","Prominent redox concentrations"]
[{"$nulls":34},"7.5R 5/6",false,false,false,{"$nulls":13},0,4,5,"0-4.0-5","Prominent redox concentrations"]
[{"$nulls":34},"7.5R 4/6",false,false,false,{"$nulls":13},0,4,6,"0-4.0-6","Prominent redox concentrations"]
[{"$nulls":34},"7.5R 3/6",false,false,false,{"$nulls":13},0,4,7,"0-4.0-7","Prominent redox concentrations"]
[{"$nulls":34},"7.5R 7/8",false,false,false,{"$nulls":13},0,4.5,0,"0-4.5-0","Prominent redox concentrations"]
[{"$nulls":34},"7.5R 6/8",false,false,false,{"$nulls":13},0,4.5,1,"0-4.5-1","Prominent redox concentrations"]
[{"$nulls":34},"7.5R 5/8",false,false,false,{"$nulls":13},0,4.5,2,"0-4.5-2","Prominent redox concentrations"]
[{"$nulls":34},"7.5R 4/8",false,false,false,{"$nulls":13},0,4.5,3,"0-4.5-3","Prominent redox concentrations"]
[{"$nulls":34},"7.5R 3/8",false,false,false,{"$nulls":13},0,4.5,4,"0-4.5-4","Prominent redox concentrations"]
[{"$nulls":34},"10R 8/1",true,true,false,{"$nulls":13},0,4.5,5,"0-4.5-5","Prominent redox concentrations"]
[{"$nulls":34},"10R 7/1",true,true,false,{"$nulls":13},0,4.5,6,"0-4.5-6","Prominent redox concentrations"]
[{"$nulls":34},"10R 6/1",true,true,false,{"$nulls":13},0,4.5,7,"0-4.5-7","Prominent redox concentrations"]
[{"$nulls":34},"10R 5/1",true,true,false,{"$nulls":13},0,5,0,"0-5.0-0","Prominent redox concentrations"]
[{"$nulls":34},"10R 4/1",false,true,false,{"$nulls":13},0,5,1,"0-5.0-1","Prominent redox concentrations"]
[{"$nulls":34},"10R 3/1",false,false,false,{"$nulls":13},0,5,2,"0-5.0-2","Prominent redox concentrations"]
[{"$nulls":34},"10R 2.5/1",false,false,false,{"$nulls":13},0,5,3,"0-5.0-3","Prominent redox concentrations"]
[{"$nulls":34},"10R 8/2",true,true,false,{"$nulls":13},0,5,4,"0-5.0-4","Prominent redox concentrations"]
[{"$nulls":34},"10R 7/2",true,true,false,{"$nulls":13},0,5,5,"0-5.0-5","Prominent redox concentrations"]
[{"$nulls":34},"10R 6/2",true,true,false,{"$nulls":13},0,5,6,"0-5.0-6","Prominent redox concentrations"]
[{"$nulls":34},"10R 5/2",false,true,false,{"$nulls":13},0,5,7,"0-5.0-7","Prominent redox concentrations"]
[{"$nulls":34},"10R 4/2",false,true,false,{"$nulls":13},0,5.5,0,"0-5.5-0","Prominent redox concentrations"]
[{"$nulls":34},"10R 3/2",false,false,false,{"$nulls":13},0,5.5,1,"0-5.5-1","Prominent redox concentrations"]
[{"$nulls":34},"10R 2.5/2",false,false,false,{"$nulls":13},0,5.5,2,"0-5.5-2","Prominent redox concentrations"]
[{"$nulls":34},"10R 8/3",false,false,false,{"$nulls":13},0,5.5,3,"0-5.5-3","Prominent redox concentrations"]
[{"$nulls":34},"10R 7/3",false,false,false,{"$nulls":13},0,5.5,4,"0-5.5-4","Prominent redox concentrations"]
[{"$nulls":34},"10R 6/3",false,false,false,{"$nulls":13},0,5.5,5,"0-5.5-5","Prominent redox concentrations"]
[{"$nulls":34},"10R 5/3",false,false,false,{"$nulls":13},0,5.5,6,"0-5.5-6","Prominent redox concentrations"]
[{"$nulls":34},"10R 4/3",false,false,false,{"$nulls":13},0,5.5,7,"0-5.5-7","Prominent redox concentrations"]
[{"$nulls":34},"10R 3/3",false,false,false,{"$nulls":13},0,6,0,"0-6.0-0","Prominent redox concentrations"]
[{"$nulls":34},"10R 8/4",false,false,false,{"$nulls":13},0,6,1,"0-6.0-1","Prominent redox concentrations"]
[{"$nulls":34},"10R 7/4",false,false,false,{"$nulls":13},0,6,2,"0-6.0-2","Prominent redox concentrations"]
[{"$nulls":34},"10R 6/4",false,false,false,{"$nulls":13},0,6,3,"0-6.0-3","Prominent redox concentrations"]
[{"$nulls":34},"10R 5/4",false,false,false,{"$nulls":13},0,6,4,"0-6.0-4","Prominent redox concentrations"]
[{"$nulls":34},"10R 4/4",false,false,false,{"$nulls":13},0,6,5,"0-6.0-5","Prominent redox concentrations"]
[{"$nulls":34},"10R 3/4",false,false,false,{"$nulls":13},0,6,6,"0-6.0-6","Prominent redox concentrations"]
[{"$nulls":34},"10R 7/6",false,false,false,{"$nulls":13},0,6,7,"0-6.0-7","Prominent redox concentrations"]
[{"$nulls":34},"10R 6/6",false,false,false,{"$nulls":13},0,6.5,0,{"$f":"TEXT(AZ155,\"0\")&\"-\"&TEXT(BA155,\"0.0\")&\"-\"&TEXT(BB155,\"0\")","v":"0-6.5-0"},"Prominent redox concentrations"]
[{"$nulls":34},"10R 5/6",false,false,false,{"$nulls":13},0,6.5,1,"0-6.5-1","Prominent redox concentrations"]
[{"$nulls":34},"10R 4/6",false,false,false,{"$nulls":13},0,6.5,2,"0-6.5-2","Prominent redox concentrations"]
[{"$nulls":34},"10R 3/6",false,false,false,{"$nulls":13},0,6.5,3,"0-6.5-3","Prominent redox concentrations"]
[{"$nulls":34},"10R 7/8",false,false,false,{"$nulls":13},0,6.5,4,"0-6.5-4","Prominent redox concentrations"]
[{"$nulls":34},"10R 6/8",false,false,false,{"$nulls":13},0,6.5,5,"0-6.5-5","Prominent redox concentrations"]
[{"$nulls":34},"10R 5/8",false,false,false,{"$nulls":13},0,6.5,6,"0-6.5-6","Prominent redox concentrations"]
[{"$nulls":34},"10R 4/8",false,false,false,{"$nulls":13},0,6.5,7,"0-6.5-7","Prominent redox concentrations"]
[{"$nulls":34},"2.5YR 8/1",true,true,false,{"$nulls":13},0,7,0,"0-7.0-0","Prominent redox concentrations"]
[{"$nulls":34},"2.5YR 7/1",true,true,false,{"$nulls":13},0,7,1,"0-7.0-1","Prominent redox concentrations"]
[{"$nulls":34},"2.5YR 6/1",true,true,false,{"$nulls":13},0,7,2,"0-7.0-2","Prominent redox concentrations"]
[{"$nulls":34},"2.5YR 5/1",true,true,false,{"$nulls":13},0,7,3,"0-7.0-3","Prominent redox concentrations"]
[{"$nulls":34},"2.5YR 4/1",false,true,false,{"$nulls":13},0,7,4,"0-7.0-4","Prominent redox concentrations"]
[{"$nulls":34},"2.5YR 3/1",false,false,false,{"$nulls":13},0,7,5,"0-7.0-5","Prominent redox concentrations"]
[{"$nulls":34},"2.5YR 2.5/1",false,false,false,{"$nulls":13},0,7,6,"0-7.0-6","Prominent redox concentrations"]
[{"$nulls":34},"2.5YR 8/2",true,true,false,{"$nulls":13},0,7,7,"0-7.0-7","Prominent redox concentrations"]
[{"$nulls":34},"2.5YR 7/2",true,true,false,{"$nulls":13},0,7.5,0,{"$f":"TEXT(AZ171,\"0\")&\"-\"&TEXT(BA171,\"0.0\")&\"-\"&TEXT(BB171,\"0\")","v":"0-7.5-0"},"Prominent redox concentrations"]
[{"$nulls":34},"2.5YR 6/2",true,true,false,{"$nulls":13},0,7.5,1,"0-7.5-1","Prominent redox concentrations"]
[{"$nulls":34},"2.5YR 5/2",false,true,false,{"$nulls":13},0,7.5,2,"0-7.5-2","Prominent redox concentrations"]
[{"$nulls":34},"2.5YR 4/2",false,true,false,{"$nulls":13},0,7.5,3,"0-7.5-3","Prominent redox concentrations"]
[{"$nulls":34},"2.5YR 3/2",false,false,false,{"$nulls":13},0,7.5,4,"0-7.5-4",{"$f":"$AT$52","v":"Prominent redox concentrations"}]
[{"$nulls":34},"2.5YR 2.5/2",false,false,false,{"$nulls":13},0,7.5,5,"0-7.5-5","Prominent redox concentrations"]
[{"$nulls":34},"2.5YR 8/3",false,false,false,{"$nulls":13},0,7.5,6,"0-7.5-6","Prominent redox concentrations"]
[{"$nulls":34},"2.5YR 7/3",false,false,false,{"$nulls":13},0,7.5,7,"0-7.5-7","Prominent redox concentrations"]
[{"$nulls":34},"2.5YR 6/3",false,false,false,{"$nulls":13},1,0,0,{"$f":"TEXT(AZ179,\"0\")&\"-\"&TEXT(BA179,\"0.0\")&\"-\"&TEXT(BB179,\"0\")","v":"1-0.0-0"},{"$f":"$AT$50","v":"Faint redox concentrations"}]
[{"$nulls":34},"2.5YR 5/3",false,false,false,{"$nulls":13},1,0,1,"1-0.0-1",{"$f":"$AT$50","v":"Faint redox concentrations"}]
[{"$nulls":34},"2.5YR 4/3",false,false,false,{"$nulls":13},1,0,2,"1-0.0-2",{"$f":"$AT$51","v":"Distinct redox concentrations"}]
[{"$nulls":34},"2.5YR 3/3",false,false,false,{"$nulls":13},1,0,3,"1-0.0-3",{"$f":"$AT$52","v":"Prominent redox concentrations"}]
[{"$nulls":34},"2.5YR 2.5/3",false,false,false,{"$nulls":13},1,0,4,"1-0.0-4",{"$f":"$AT$52","v":"Prominent redox concentrations"}]
[{"$nulls":34},"2.5YR 8/4",false,false,false,{"$nulls":13},1,0,5,"1-0.0-5",{"$f":"$AT$52","v":"Prominent redox concentrations"}]
[{"$nulls":34},"2.5YR 7/4",false,false,false,{"$nulls":13},1,0,6,"1-0.0-6",{"$f":"$AT$52","v":"Prominent redox concentrations"}]
[{"$nulls":34},"2.5YR 6/4",false,false,false,{"$nulls":13},1,0,7,"1-0.0-7",{"$f":"$AT$52","v":"Prominent redox concentrations"}]
[{"$nulls":34},"2.5YR 5/4",false,false,false,{"$nulls":13},1,0.5,0,"1-0.5-0",{"$f":"$AT$50","v":"Faint redox concentrations"}]
[{"$nulls":34},"2.5YR 4/4",false,false,false,{"$nulls":13},1,0.5,1,"1-0.5-1",{"$f":"$AT$50","v":"Faint redox concentrations"}]
[{"$nulls":34},"2.5YR 3/4",false,false,false,{"$nulls":13},1,0.5,2,"1-0.5-2",{"$f":"$AT$51","v":"Distinct redox concentrations"}]
[{"$nulls":34},"2.5YR 2.5/4",false,false,false,{"$nulls":13},1,0.5,3,"1-0.5-3",{"$f":"$AT$52","v":"Prominent redox concentrations"}]
[{"$nulls":34},"2.5YR 7/6",false,false,false,{"$nulls":13},1,0.5,4,"1-0.5-4",{"$f":"$AT$52","v":"Prominent redox concentrations"}]
[{"$nulls":34},"2.5YR 6/6",false,false,false,{"$nulls":13},1,0.5,5,"1-0.5-5",{"$f":"$AT$52","v":"Prominent redox concentrations"}]
[{"$nulls":34},"2.5YR 5/6",false,false,false,{"$nulls":13},1,0.5,6,"1-0.5-6",{"$f":"$AT$52","v":"Prominent redox concentrations"}]
[{"$nulls":34},"2.5YR 4/6",false,false,false,{"$nulls":13},1,0.5,7,"1-0.5-7",{"$f":"$AT$52","v":"Prominent redox concentrations"}]
[{"$nulls":34},"2.5YR 3/6",false,false,false,{"$nulls":13},1,1,0,"1-1.0-0",{"$f":"$AT$50","v":"Faint redox concentrations"}]
[{"$nulls":34},"2.5YR 7/8",false,false,false,{"$nulls":13},1,1,1,"1-1.0-1",{"$f":"$AT$50","v":"Faint redox concentrations"}]
[{"$nulls":34},"2.5YR 6/8",false,false,false,{"$nulls":13},1,1,2,"1-1.0-2",{"$f":"$AT$51","v":"Distinct redox concentrations"}]
[{"$nulls":34},"2.5YR 5/8",false,false,false,{"$nulls":13},1,1,3,"1-1.0-3",{"$f":"$AT$52","v":"Prominent redox concentrations"}]
[{"$nulls":34},"2.5YR 4/8",false,false,false,{"$nulls":13},1,1,4,"1-1.0-4",{"$f":"$AT$52","v":"Prominent redox concentrations"}]
[{"$nulls":34},"5YR 8/1",true,true,false,{"$nulls":13},1,1,5,"1-1.0-5",{"$f":"$AT$52","v":"Prominent redox concentrations"}]
[{"$nulls":34},"5YR 7/1",true,true,false,{"$nulls":13},1,1,6,"1-1.0-6",{"$f":"$AT$52","v":"Prominent redox concentrations"}]
[{"$nulls":34},"5YR 6/1",true,true,false,{"$nulls":13},1,1,7,"1-1.0-7",{"$f":"$AT$52","v":"Prominent redox concentrations"}]
[{"$nulls":34},"5YR 5/1",true,true,false,{"$nulls":13},1,1.5,0,"1-1.5-0",{"$f":"$AT$51","v":"Distinct redox concentrations"}]
[{"$nulls":34},"5YR 4/1",false,true,false,{"$nulls":13},1,1.5,1,"1-1.5-1",{"$f":"$AT$51","v":"Distinct redox concentrations"}]
[{"$nulls":34},"5YR 3/1",false,false,false,{"$nulls":13},1,1.5,2,"1-1.5-2",{"$f":"$AT$51","v":"Distinct redox concentrations"}]
[{"$nulls":34},"5YR 2.5/1",false,false,false,{"$nulls":13},1,1.5,3,"1-1.5-3",{"$f":"$AT$52","v":"Prominent redox concentrations"}]
[{"$nulls":34},"5YR 8/2",true,true,false,{"$nulls":13},1,1.5,4,"1-1.5-4",{"$f":"$AT$52","v":"Prominent redox concentrations"}]
[{"$nulls":34},"5YR 7/2",true,true,false,{"$nulls":13},1,1.5,5,"1-1.5-5",{"$f":"$AT$52","v":"Prominent redox concentrations"}]
[{"$nulls":34},"5YR 6/2",true,true,false,{"$nulls":13},1,1.5,6,"1-1.5-6",{"$f":"$AT$52","v":"Prominent redox concentrations"}]
[{"$nulls":34},"5YR 5/2",false,true,false,{"$nulls":13},1,1.5,7,"1-1.5-7",{"$f":"$AT$52","v":"Prominent redox concentrations"}]
[{"$nulls":34},"5YR 4/2",false,true,false,{"$nulls":13},1,2,0,{"$f":"TEXT(AZ211,\"0\")&\"-\"&TEXT(BA211,\"0.0\")&\"-\"&TEXT(BB211,\"0\")","v":"1-2.0-0"},{"$f":"$AT$51","v":"Distinct redox concentrations"}]
[{"$nulls":34},"5YR 3/2",false,false,false,{"$nulls":13},1,2,1,"1-2.0-1",{"$f":"$AT$51","v":"Distinct redox concentrations"}]
[{"$nulls":34},"5YR 2.5/2",false,false,false,{"$nulls":13},1,2,2,"1-2.0-2",{"$f":"$AT$51","v":"Distinct redox concentrations"}]
[{"$nulls":34},"5YR 8/3",false,false,false,{"$nulls":13},1,2,3,"1-2.0-3",{"$f":"$AT$52","v":"Prominent redox concentrations"}]
[{"$nulls":34},"5YR 7/3",false,false,false,{"$nulls":13},1,2,4,"1-2.0-4",{"$f":"$AT$52","v":"Prominent redox concentrations"}]
[{"$nulls":34},"5YR 6/3",false,false,false,{"$nulls":13},1,2,5,"1-2.0-5",{"$f":"$AT$52","v":"Prominent redox concentrations"}]
[{"$nulls":34},"5YR 5/3",false,false,false,{"$nulls":13},1,2,6,"1-2.0-6",{"$f":"$AT$52","v":"Prominent redox concentrations"}]
[{"$nulls":34},"5YR 4/3",false,false,false,{"$nulls":13},1,2,7,"1-2.0-7",{"$f":"$AT$52","v":"Prominent redox concentrations"}]
[{"$nulls":34},"5YR 3/3",false,false,false,{"$nulls":13},1,2.5,0,"1-2.5-0",{"$f":"$AT$51","v":"Distinct redox concentrations"}]
[{"$nulls":34},"5YR 8/4",false,false,false,{"$nulls":13},1,2.5,1,"1-2.5-1",{"$f":"$AT$51","v":"Distinct redox concentrations"}]
[{"$nulls":34},"5YR 7/4",false,false,false,{"$nulls":13},1,2.5,2,"1-2.5-2",{"$f":"$AT$51","v":"Distinct redox concentrations"}]
[{"$nulls":34},"5YR 6/4",false,false,false,{"$nulls":13},1,2.5,3,"1-2.5-3",{"$f":"$AT$52","v":"Prominent redox concentrations"}]
[{"$nulls":34},"5YR 5/4",false,false,false,{"$nulls":13},1,2.5,4,"1-2.5-4","Prominent redox concentrations"]
[{"$nulls":34},"5YR 4/4",false,false,false,{"$nulls":13},1,2.5,5,"1-2.5-5","Prominent redox concentrations"]
[{"$nulls":34},"5YR 3/4",false,false,false,{"$nulls":13},1,2.5,6,"1-2.5-6","Prominent redox concentrations"]
[{"$nulls":34},"5YR 7/6",false,false,false,{"$nulls":13},1,2.5,7,"1-2.5-7","Prominent redox concentrations"]
[{"$nulls":34},"5YR 6/6",false,false,false,{"$nulls":13},1,3,0,"1-3.0-0","Prominent redox concentrations"]
[{"$nulls":34},"5YR 5/6",false,false,false,{"$nulls":13},1,3,1,"1-3.0-1","Prominent redox concentrations"]
[{"$nulls":34},"5YR 4/6",false,false,false,{"$nulls":13},1,3,2,"1-3.0-2","Prominent redox concentrations"]
[{"$nulls":34},"5YR 7/8",false,false,false,{"$nulls":13},1,3,3,"1-3.0-3","Prominent redox concentrations"]
[{"$nulls":34},"5YR 6/8",false,false,false,{"$nulls":13},1,3,4,"1-3.0-4","Prominent redox concentrations"]
[{"$nulls":34},"5YR 5/8",false,false,false,{"$nulls":13},1,3,5,"1-3.0-5","Prominent redox concentrations"]
[{"$nulls":34},"7.5YR 9.5/1",true,true,false,{"$nulls":13},1,3,6,"1-3.0-6","Prominent redox concentrations"]
[{"$nulls":34},"7.5YR 9/1",true,true,false,{"$nulls":13},1,3,7,"1-3.0-7","Prominent redox concentrations"]
[{"$nulls":34},"7.5YR 8.5/1",true,true,false,{"$nulls":13},1,3.5,0,"1-3.5-0","Prominent redox concentrations"]
[{"$nulls":34},"7.5YR 8/1",true,true,false,{"$nulls":13},1,3.5,1,"1-3.5-1","Prominent redox concentrations"]
[{"$nulls":34},"7.5YR 7/1",true,true,false,{"$nulls":13},1,3.5,2,"1-3.5-2","Prominent redox concentrations"]
[{"$nulls":34},"7.5YR 6/1",true,true,false,{"$nulls":13},1,3.5,3,"1-3.5-3","Prominent redox concentrations"]
[{"$nulls":34},"7.5YR 5/1",true,true,false,{"$nulls":13},1,3.5,4,"1-3.5-4","Prominent redox concentrations"]
[{"$nulls":34},"7.5YR 4/1",false,true,false,{"$nulls":13},1,3.5,5,"1-3.5-5","Prominent redox concentrations"]
[{"$nulls":34},"7.5YR 3/1",false,false,false,{"$nulls":13},1,3.5,6,"1-3.5-6","Prominent redox concentrations"]
[{"$nulls":34},"7.5YR 2.5/1",false,false,false,{"$nulls":13},1,3.5,7,"1-3.5-7","Prominent redox concentrations"]
[{"$nulls":34},"7.5YR 9.5/2",true,true,false,{"$nulls":13},1,4,0,{"$f":"TEXT(AZ243,\"0\")&\"-\"&TEXT(BA243,\"0.0\")&\"-\"&TEXT(BB243,\"0\")","v":"1-4.0-0"},"Prominent redox concentrations"]
[{"$nulls":34},"7.5YR 9/2",true,true,false,{"$nulls":13},1,4,1,"1-4.0-1","Prominent redox concentrations"]
[{"$nulls":34},"7.5YR 8.5/2",true,true,false,{"$nulls":13},1,4,2,"1-4.0-2","Prominent redox concentrations"]
[{"$nulls":34},"7.5YR 8/2",true,true,false,{"$nulls":13},1,4,3,"1-4.0-3","Prominent redox concentrations"]
[{"$nulls":34},"7.5YR 7/2",true,true,false,{"$nulls":13},1,4,4,"1-4.0-4","Prominent redox concentrations"]
[{"$nulls":34},"7.5YR 6/2",true,true,false,{"$nulls":13},1,4,5,"1-4.0-5","Prominent redox concentrations"]
[{"$nulls":34},"7.5YR 5/2",false,true,false,{"$nulls":13},1,4,6,"1-4.0-6","Prominent redox concentrations"]
[{"$nulls":34},"7.5YR 4/2",false,true,false,{"$nulls":13},1,4,7,"1-4.0-7","Prominent redox concentrations"]
[{"$nulls":34},"7.5YR 3/2",false,false,false,{"$nulls":13},1,4.5,0,"1-4.5-0","Prominent redox concentrations"]
[{"$nulls":34},"7.5YR 2.5/2",false,false,false,{"$nulls":13},1,4.5,1,"1-4.5-1","Prominent redox concentrations"]
[{"$nulls":34},"7.5YR 8/3",false,false,false,{"$nulls":13},1,4.5,2,"1-4.5-2","Prominent redox concentrations"]
[{"$nulls":34},"7.5YR 7/3",false,false,false,{"$nulls":13},1,4.5,3,"1-4.5-3",{"$f":"$AT$52","v":"Prominent redox concentrations"}]
[{"$nulls":34},"7.5YR 6/3",false,false,false,{"$nulls":13},1,4.5,4,"1-4.5-4","Prominent redox concentrations"]
[{"$nulls":34},"7.5YR 5/3",false,false,false,{"$nulls":13},1,4.5,5,"1-4.5-5","Prominent redox concentrations"]
[{"$nulls":34},"7.5YR 4/3",false,false,false,{"$nulls":13},1,4.5,6,"1-4.5-6","Prominent redox concentrations"]
[{"$nulls":34},"7.5YR 3/3",false,false,false,{"$nulls":13},1,4.5,7,"1-4.5-7","Prominent redox concentrations"]
[{"$nulls":34},"7.5YR 2.5/3",false,false,false,{"$nulls":13},1,5,0,"1-5.0-0","Prominent redox concentrations"]
[{"$nulls":34},"7.5YR 8/4",false,false,false,{"$nulls":13},1,5,1,"1-5.0-1","Prominent redox concentrations"]
[{"$nulls":34},"7.5YR 7/4",false,false,false,{"$nulls":13},1,5,2,"1-5.0-2","Prominent redox concentrations"]
[{"$nulls":34},"7.5YR 6/4",false,false,false,{"$nulls":13},1,5,3,"1-5.0-3","Prominent redox concentrations"]
[{"$nulls":34},"7.5YR 5/4",false,false,false,{"$nulls":13},1,5,4,"1-5.0-4","Prominent redox concentrations"]
[{"$nulls":34},"7.5YR 4/4",false,false,false,{"$nulls":13},1,5,5,"1-5.0-5","Prominent redox concentrations"]
[{"$nulls":34},"7.5YR 3/4",false,false,false,{"$nulls":13},1,5,6,"1-5.0-6","Prominent redox concentrations"]
[{"$nulls":34},"7.5YR 8/6",false,false,false,{"$nulls":13},1,5,7,"1-5.0-7","Prominent redox concentrations"]
[{"$nulls":34},"7.5YR 7/6",false,false,false,{"$nulls":13},1,5.5,0,"1-5.5-0","Prominent redox concentrations"]
[{"$nulls":34},"7.5YR 6/6",false,false,false,{"$nulls":13},1,5.5,1,"1-5.5-1","Prominent redox concentrations"]
[{"$nulls":34},"7.5YR 5/6",false,false,false,{"$nulls":13},1,5.5,2,"1-5.5-2","Prominent redox concentrations"]
[{"$nulls":34},"7.5YR 4/6",false,false,false,{"$nulls":13},1,5.5,3,"1-5.5-3","Prominent redox concentrations"]
[{"$nulls":34},"7.5YR 7/8",false,false,false,{"$nulls":13},1,5.5,4,"1-5.5-4","Prominent redox concentrations"]
[{"$nulls":34},"7.5YR 6/8",false,false,false,{"$nulls":13},1,5.5,5,"1-5.5-5","Prominent redox concentrations"]
[{"$nulls":34},"7.5YR 5/8",false,false,false,{"$nulls":13},1,5.5,6,"1-5.5-6","Prominent redox concentrations"]
[{"$nulls":34},"10YR 9.5/1",true,true,false,{"$nulls":13},1,5.5,7,"1-5.5-7","Prominent redox concentrations"]
[{"$nulls":34},"10YR 9/1",true,true,false,{"$nulls":13},1,6,0,{"$f":"TEXT(AZ275,\"0\")&\"-\"&TEXT(BA275,\"0.0\")&\"-\"&TEXT(BB275,\"0\")","v":"1-6.0-0"},"Prominent redox concentrations"]
[{"$nulls":34},"10YR 8.5/1",true,true,false,{"$nulls":13},1,6,1,"1-6.0-1","Prominent redox concentrations"]
[{"$nulls":34},"10YR 8/1",true,true,false,{"$nulls":13},1,6,2,"1-6.0-2","Prominent redox concentrations"]
[{"$nulls":34},"10YR 7/1",true,true,false,{"$nulls":13},1,6,3,"1-6.0-3","Prominent redox concentrations"]
[{"$nulls":34},"10YR 6/1",true,true,false,{"$nulls":13},1,6,4,"1-6.0-4","Prominent redox concentrations"]
[{"$nulls":34},"10YR 5/1",true,true,false,{"$nulls":13},1,6,5,"1-6.0-5","Prominent redox concentrations"]
[{"$nulls":34},"10YR 4/1",false,true,false,{"$nulls":13},1,6,6,"1-6.0-6","Prominent redox concentrations"]
[{"$nulls":34},"10YR 3/1",false,false,false,{"$nulls":13},1,6,7,"1-6.0-7","Prominent redox concentrations"]
[{"$nulls":34},"10YR 2/1",false,false,false,{"$nulls":13},1,6.5,0,{"$f":"TEXT(AZ283,\"0\")&\"-\"&TEXT(BA283,\"0.0\")&\"-\"&TEXT(BB283,\"0\")","v":"1-6.5-0"},"Prominent redox concentrations"]
[{"$nulls":34},"10YR 9.5/2",true,true,false,{"$nulls":13},1,6.5,1,"1-6.5-1","Prominent redox concentrations"]
[{"$nulls":34},"10YR 9/2",true,true,false,{"$nulls":13},1,6.5,2,"1-6.5-2","Prominent redox concentrations"]
[{"$nulls":34},"10YR 8.5/2",true,true,false,{"$nulls":13},1,6.5,3,"1-6.5-3","Prominent redox concentrations"]
[{"$nulls":34},"10YR 8/2",true,true,false,{"$nulls":13},1,6.5,4,"1-6.5-4","Prominent redox concentrations"]
[{"$nulls":34},"10YR 7/2",true,true,false,{"$nulls":13},1,6.5,5,"1-6.5-5","Prominent redox concentrations"]
[{"$nulls":34},"10YR 6/2",true,true,false,{"$nulls":13},1,6.5,6,"1-6.5-6","Prominent redox concentrations"]
[{"$nulls":34},"10YR 5/2",false,true,false,{"$nulls":13},1,6.5,7,"1-6.5-7","Prominent redox concentrations"]
[{"$nulls":34},"10YR 4/2",false,true,false,{"$nulls":13},1,7,0,"1-7.0-0","Prominent redox concentrations"]
[{"$nulls":34},"10YR 3/2",false,false,false,{"$nulls":13},1,7,1,"1-7.0-1","Prominent redox concentrations"]
[{"$nulls":34},"10YR 2/2",false,false,false,{"$nulls":13},1,7,2,"1-7.0-2","Prominent redox concentrations"]
[{"$nulls":34},"10YR 8/3",false,false,false,{"$nulls":13},1,7,3,"1-7.0-3","Prominent redox concentrations"]
[{"$nulls":34},"10YR 7/3",false,false,false,{"$nulls":13},1,7,4,"1-7.0-4","Prominent redox concentrations"]
[{"$nulls":34},"10YR 6/3",false,false,false,{"$nulls":13},1,7,5,"1-7.0-5","Prominent redox concentrations"]
[{"$nulls":34},"10YR 5/3",false,false,false,{"$nulls":13},1,7,6,"1-7.0-6","Prominent redox concentrations"]
[{"$nulls":34},"10YR 4/3",false,false,false,{"$nulls":13},1,7,7,"1-7.0-7","Prominent redox concentrations"]
[{"$nulls":34},"10YR 3/3",false,false,false,{"$nulls":13},1,7.5,0,"1-7.5-0","Prominent redox concentrations"]
[{"$nulls":34},"10YR 8/4",false,false,false,{"$nulls":13},1,7.5,1,"1-7.5-1","Prominent redox concentrations"]
[{"$nulls":34},"10YR 7/4",false,false,false,{"$nulls":13},1,7.5,2,"1-7.5-2","Prominent redox concentrations"]
[{"$nulls":34},"10YR 6/4",false,false,false,{"$nulls":13},1,7.5,3,"1-7.5-3","Prominent redox concentrations"]
[{"$nulls":34},"10YR 5/4",false,false,false,{"$nulls":13},1,7.5,4,"1-7.5-4","Prominent redox concentrations"]
[{"$nulls":34},"10YR 4/4",false,false,false,{"$nulls":13},1,7.5,5,"1-7.5-5","Prominent redox concentrations"]
[{"$nulls":34},"10YR 3/4",false,false,false,{"$nulls":13},1,7.5,6,"1-7.5-6","Prominent redox concentrations"]
[{"$nulls":34},"10YR 8/6",false,false,false,{"$nulls":13},1,7.5,7,"1-7.5-7","Prominent redox concentrations"]
[{"$nulls":34},"10YR 7/6",false,false,false,{"$nulls":13},2,0,0,{"$f":"TEXT(AZ307,\"0\")&\"-\"&TEXT(BA307,\"0.0\")&\"-\"&TEXT(BB307,\"0\")","v":"2-0.0-0"},{"$f":"$AT$50","v":"Faint redox concentrations"}]
[{"$nulls":34},"10YR 6/6",false,false,false,{"$nulls":13},2,0,1,"2-0.0-1",{"$f":"$AT$51","v":"Distinct redox concentrations"}]
[{"$nulls":34},"10YR 5/6",false,false,false,{"$nulls":13},2,0,2,"2-0.0-2",{"$f":"$AT$52","v":"Prominent redox concentrations"}]
[{"$nulls":34},"10YR 4/6",false,false,false,{"$nulls":13},2,0,3,"2-0.0-3","Prominent redox concentrations"]
[{"$nulls":34},"10YR 3/6",false,false,false,{"$nulls":13},2,0,4,"2-0.0-4","Prominent redox concentrations"]
[{"$nulls":34},"10YR 8/8",false,false,false,{"$nulls":13},2,0,5,"2-0.0-5","Prominent redox concentrations"]
[{"$nulls":34},"10YR 7/8",false,false,false,{"$nulls":13},2,0,6,"2-0.0-6","Prominent redox concentrations"]
[{"$nulls":34},"10YR 6/8",false,false,false,{"$nulls":13},2,0,7,"2-0.0-7","Prominent redox concentrations"]
[{"$nulls":34},"10YR 5/8",false,false,false,{"$nulls":13},2,0.5,0,"2-0.5-0",{"$f":"$AT$51","v":"Distinct redox concentrations"}]
[{"$nulls":34},"2.5Y 9.5/1",true,true,false,{"$nulls":13},2,0.5,1,"2-0.5-1",{"$f":"$AT$51","v":"Distinct redox concentrations"}]
[{"$nulls":34},"2.5Y 9/1",true,true,false,{"$nulls":13},2,0.5,2,"2-0.5-2",{"$f":"$AT$52","v":"Prominent redox concentrations"}]
[{"$nulls":34},"2.5Y 8.5/1",true,true,false,{"$nulls":13},2,0.5,3,"2-0.5-3","Prominent redox concentrations"]
[{"$nulls":34},"2.5Y 8/1",true,true,false,{"$nulls":13},2,0.5,4,"2-0.5-4","Prominent redox concentrations"]
[{"$nulls":34},"2.5Y 7/1",true,true,false,{"$nulls":13},2,0.5,5,"2-0.5-5","Prominent redox concentrations"]
[{"$nulls":34},"2.5Y 6/1",true,true,false,{"$nulls":13},2,0.5,6,"2-0.5-6","Prominent redox concentrations"]
[{"$nulls":34},"2.5Y 5/1",true,true,false,{"$nulls":13},2,0.5,7,"2-0.5-7","Prominent redox concentrations"]
[{"$nulls":34},"2.5Y 4/1",false,true,false,{"$nulls":13},2,1,0,"2-1.0-0",{"$f":"$AT$51","v":"Distinct redox concentrations"}]
[{"$nulls":34},"2.5Y 3/1",false,false,false,{"$nulls":13},2,1,1,"2-1.0-1",{"$f":"$AT$51","v":"Distinct redox concentrations"}]
[{"$nulls":34},"2.5Y 2.5/1",false,false,false,{"$nulls":13},2,1,2,"2-1.0-2",{"$f":"$AT$52","v":"Prominent redox concentrations"}]
[{"$nulls":34},"2.5Y 9.5/2",true,true,false,{"$nulls":13},2,1,3,"2-1.0-3","Prominent redox concentrations"]
[{"$nulls":34},"2.5Y 9/2",true,true,false,{"$nulls":13},2,1,4,"2-1.0-4","Prominent redox concentrations"]
[{"$nulls":34},"2.5Y 8.5/2",true,true,false,{"$nulls":13},2,1,5,"2-1.0-5","Prominent redox concentrations"]
[{"$nulls":34},"2.5Y 8/2",true,true,false,{"$nulls":13},2,1,6,"2-1.0-6","Prominent redox concentrations"]
[{"$nulls":34},"2.5Y 7/2",true,true,false,{"$nulls":13},2,1,7,"2-1.0-7","Prominent redox concentrations"]
[{"$nulls":34},"2.5Y 6/2",true,true,false,{"$nulls":13},2,1.5,0,"2-1.5-0",{"$f":"$AT$51","v":"Distinct redox concentrations"}]
[{"$nulls":34},"2.5Y 5/2",false,true,false,{"$nulls":13},2,1.5,1,"2-1.5-1",{"$f":"$AT$51","v":"Distinct redox concentrations"}]
[{"$nulls":34},"2.5Y 4/2",false,true,false,{"$nulls":13},2,1.5,2,"2-1.5-2",{"$f":"$AT$52","v":"Prominent redox concentrations"}]
[{"$nulls":34},"2.5Y 3/2",false,false,false,{"$nulls":13},2,1.5,3,"2-1.5-3","Prominent redox concentrations"]
[{"$nulls":34},"2.5Y 8/3",false,false,false,{"$nulls":13},2,1.5,4,"2-1.5-4","Prominent redox concentrations"]
[{"$nulls":34},"2.5Y 7/3",false,false,false,{"$nulls":13},2,1.5,5,"2-1.5-5","Prominent redox concentrations"]
[{"$nulls":34},"2.5Y 6/3",false,false,false,{"$nulls":13},2,1.5,6,"2-1.5-6","Prominent redox concentrations"]
[{"$nulls":34},"2.5Y 5/3",false,false,false,{"$nulls":13},2,1.5,7,"2-1.5-7","Prominent redox concentrations"]
[{"$nulls":34},"2.5Y 4/3",false,false,false,{"$nulls":13},2,2,0,{"$f":"TEXT(AZ339,\"0\")&\"-\"&TEXT(BA339,\"0.0\")&\"-\"&TEXT(BB339,\"0\")","v":"2-2.0-0"},"Prominent redox concentrations"]
[{"$nulls":34},"2.5Y 3/3",false,false,false,{"$nulls":13},2,2,1,"2-2.0-1","Prominent redox concentrations"]
[{"$nulls":34},"2.5Y 8/4",false,false,false,{"$nulls":13},2,2,2,"2-2.0-2","Prominent redox concentrations"]
[{"$nulls":34},"2.5Y 7/4",false,false,false,{"$nulls":13},2,2,3,"2-2.0-3","Prominent redox concentrations"]
[{"$nulls":34},"2.5Y 6/4",false,false,false,{"$nulls":13},2,2,4,"2-2.0-4","Prominent redox concentrations"]
[{"$nulls":34},"2.5Y 5/4",false,false,false,{"$nulls":13},2,2,5,"2-2.0-5","Prominent redox concentrations"]
[{"$nulls":34},"2.5Y 4/4",false,false,false,{"$nulls":13},2,2,6,"2-2.0-6","Prominent redox concentrations"]
[{"$nulls":34},"2.5Y 8/6",false,false,false,{"$nulls":13},2,2,7,"2-2.0-7","Prominent redox concentrations"]
[{"$nulls":34},"2.5Y 7/6",false,false,false,{"$nulls":13},2,2.5,0,"2-2.5-0","Prominent redox concentrations"]
[{"$nulls":34},"2.5Y 6/6",false,false,false,{"$nulls":13},2,2.5,1,"2-2.5-1","Prominent redox concentrations"]
[{"$nulls":34},"2.5Y 5/6",false,false,false,{"$nulls":13},2,2.5,2,"2-2.5-2","Prominent redox concentrations"]
[{"$nulls":34},"2.5Y 8/8",false,false,false,{"$nulls":13},2,2.5,3,"2-2.5-3","Prominent redox concentrations"]
[{"$nulls":34},"2.5Y 7/8",false,false,false,{"$nulls":13},2,2.5,4,"2-2.5-4","Prominent redox concentrations"]
[{"$nulls":34},"2.5Y 6/8",false,false,false,{"$nulls":13},2,2.5,5,"2-2.5-5","Prominent redox concentrations"]
[{"$nulls":34},"5Y 8/1",true,true,false,{"$nulls":13},2,2.5,6,"2-2.5-6","Prominent redox concentrations"]
[{"$nulls":34},"5Y 7/1",true,true,false,{"$nulls":13},2,2.5,7,"2-2.5-7","Prominent redox concentrations"]
[{"$nulls":34},"5Y 6/1",true,true,false,{"$nulls":13},2,3,0,"2-3.0-0","Prominent redox concentrations"]
[{"$nulls":34},"5Y 5/1",true,true,false,{"$nulls":13},2,3,1,"2-3.0-1","Prominent redox concentrations"]
[{"$nulls":34},"5Y 4/1",false,true,false,{"$nulls":13},2,3,2,"2-3.0-2","Prominent redox concentrations"]
[{"$nulls":34},"5Y 3/1",false,false,false,{"$nulls":13},2,3,3,"2-3.0-3","Prominent redox concentrations"]
[{"$nulls":34},"5Y 2.5/1",false,false,false,{"$nulls":13},2,3,4,"2-3.0-4","Prominent redox concentrations"]
[{"$nulls":34},"5Y 8/2",true,true,false,{"$nulls":13},2,3,5,"2-3.0-5","Prominent redox concentrations"]
[{"$nulls":34},"5Y 7/2",true,true,false,{"$nulls":13},2,3,6,"2-3.0-6","Prominent redox concentrations"]
[{"$nulls":34},"5Y 6/2",true,true,false,{"$nulls":13},2,3,7,"2-3.0-7","Prominent redox concentrations"]
[{"$nulls":34},"5Y 5/2",false,true,false,{"$nulls":13},2,3.5,0,"2-3.5-0","Prominent redox concentrations"]
[{"$nulls":34},"5Y 4/2",false,true,false,{"$nulls":13},2,3.5,1,"2-3.5-1","Prominent redox concentrations"]
[{"$nulls":34},"5Y 3/2",false,false,false,{"$nulls":13},2,3.5,2,"2-3.5-2",{"$f":"$AT$52","v":"Prominent redox concentrations"}]
[{"$nulls":34},"5Y 2.5/2",false,false,false,{"$nulls":13},2,3.5,3,"2-3.5-3","Prominent redox concentrations"]
[{"$nulls":34},"5Y 8/3",false,false,false,{"$nulls":13},2,3.5,4,"2-3.5-4","Prominent redox concentrations"]
[{"$nulls":34},"5Y 7/3",false,false,false,{"$nulls":13},2,3.5,5,"2-3.5-5","Prominent redox concentrations"]
[{"$nulls":34},"5Y 6/3",false,false,false,{"$nulls":13},2,3.5,6,"2-3.5-6","Prominent redox concentrations"]
[{"$nulls":34},"5Y 5/3",false,false,false,{"$nulls":13},2,3.5,7,"2-3.5-7","Prominent redox concentrations"]
[{"$nulls":34},"5Y 4/3",false,false,false,{"$nulls":13},2,4,0,{"$f":"TEXT(AZ371,\"0\")&\"-\"&TEXT(BA371,\"0.0\")&\"-\"&TEXT(BB371,\"0\")","v":"2-4.0-0"},"Prominent redox concentrations"]
[{"$nulls":34},"5Y 8/4",false,false,false,{"$nulls":13},2,4,1,"2-4.0-1","Prominent redox concentrations"]
[{"$nulls":34},"5Y 7/4",false,false,false,{"$nulls":13},2,4,2,"2-4.0-2","Prominent redox concentrations"]
[{"$nulls":34},"5Y 6/4",false,false,false,{"$nulls":13},2,4,3,"2-4.0-3","Prominent redox concentrations"]
[{"$nulls":34},"5Y 5/4",false,false,false,{"$nulls":13},2,4,4,"2-4.0-4","Prominent redox concentrations"]
[{"$nulls":34},"5Y 4/4",false,false,false,{"$nulls":13},2,4,5,"2-4.0-5","Prominent redox concentrations"]
[{"$nulls":34},"5Y 8/6",false,false,false,{"$nulls":13},2,4,6,"2-4.0-6","Prominent redox concentrations"]
[{"$nulls":34},"5Y 7/6",false,false,false,{"$nulls":13},2,4,7,"2-4.0-7","Prominent redox concentrations"]
[{"$nulls":34},"5Y 6/6",false,false,false,{"$nulls":13},2,4.5,0,"2-4.5-0","Prominent redox concentrations"]
[{"$nulls":34},"5Y 5/6",false,false,false,{"$nulls":13},2,4.5,1,"2-4.5-1","Prominent redox concentrations"]
[{"$nulls":34},"5Y 8/8",false,false,false,{"$nulls":13},2,4.5,2,"2-4.5-2","Prominent redox concentrations"]
[{"$nulls":34},"5Y 7/8",false,false,false,{"$nulls":13},2,4.5,3,"2-4.5-3","Prominent redox concentrations"]
[{"$nulls":34},"5Y 6/8",false,false,false,{"$nulls":13},2,4.5,4,"2-4.5-4","Prominent redox concentrations"]
[{"$nulls":34},"N 9.5/",false,false,true,{"$nulls":13},2,4.5,5,"2-4.5-5","Prominent redox concentrations"]
[{"$nulls":34},"N 9/",false,false,true,{"$nulls":13},2,4.5,6,"2-4.5-6","Prominent redox concentrations"]
[{"$nulls":34},"N 8.5/",false,false,true,{"$nulls":13},2,4.5,7,"2-4.5-7","Prominent redox concentrations"]
[{"$nulls":34},"N 8/",false,false,true,{"$nulls":13},2,5,0,"2-5.0-0","Prominent redox concentrations"]
[{"$nulls":34},"N 7/",false,false,true,{"$nulls":13},2,5,1,"2-5.0-1","Prominent redox concentrations"]
[{"$nulls":34},"N 6/",false,false,true,{"$nulls":13},2,5,2,"2-5.0-2","Prominent redox concentrations"]
[{"$nulls":34},"N 5/",false,false,true,{"$nulls":13},2,5,3,"2-5.0-3","Prominent redox concentrations"]
[{"$nulls":34},"N 4/",false,false,true,{"$nulls":13},2,5,4,"2-5.0-4","Prominent redox concentrations"]
[{"$nulls":34},"N 3/",false,false,false,{"$nulls":13},2,5,5,"2-5.0-5","Prominent redox concentrations"]
[{"$nulls":34},"N 2.5/",false,false,false,{"$nulls":13},2,5,6,"2-5.0-6","Prominent redox concentrations"]
[{"$nulls":34},"10Y 8/1",false,false,true,{"$nulls":13},2,5,7,"2-5.0-7","Prominent redox concentrations"]
[{"$nulls":34},"10Y 7/1",false,false,true,{"$nulls":13},2,5.5,0,"2-5.5-0","Prominent redox concentrations"]
[{"$nulls":34},"10Y 6/1",false,false,true,{"$nulls":13},2,5.5,1,"2-5.5-1","Prominent redox concentrations"]
[{"$nulls":34},"10Y 5/1",false,false,true,{"$nulls":13},2,5.5,2,"2-5.5-2",{"$f":"$AT$52","v":"Prominent redox concentrations"}]
[{"$nulls":34},"10Y 4/1",false,false,true,{"$nulls":13},2,5.5,3,"2-5.5-3","Prominent redox concentrations"]
[{"$nulls":34},"10Y 3/1",false,false,false,{"$nulls":13},2,5.5,4,"2-5.5-4","Prominent redox concentrations"]
[{"$nulls":34},"10Y 2.5/1",false,false,false,{"$nulls":13},2,5.5,5,"2-5.5-5","Prominent redox concentrations"]
[{"$nulls":34},"10Y 6/2",false,false,false,{"$nulls":13},2,5.5,6,"2-5.5-6","Prominent redox concentrations"]
[{"$nulls":34},"10Y 5/2",false,false,false,{"$nulls":13},2,5.5,7,"2-5.5-7","Prominent redox concentrations"]
[{"$nulls":34},"10Y 4/2",false,false,false,{"$nulls":13},2,6,0,{"$f":"TEXT(AZ403,\"0\")&\"-\"&TEXT(BA403,\"0.0\")&\"-\"&TEXT(BB403,\"0\")","v":"2-6.0-0"},"Prominent redox concentrations"]
[{"$nulls":34},"10Y 3/2",false,false,false,{"$nulls":13},2,6,1,"2-6.0-1","Prominent redox concentrations"]
[{"$nulls":34},"10Y 6/4",false,false,false,{"$nulls":13},2,6,2,"2-6.0-2","Prominent redox concentrations"]
[{"$nulls":34},"10Y 5/4",false,false,false,{"$nulls":13},2,6,3,"2-6.0-3","Prominent redox concentrations"]
[{"$nulls":34},"10Y 4/4",false,false,false,{"$nulls":13},2,6,4,"2-6.0-4","Prominent redox concentrations"]
[{"$nulls":34},"10Y 3/4",false,false,false,{"$nulls":13},2,6,5,"2-6.0-5","Prominent redox concentrations"]
[{"$nulls":34},"5GY 8/1",false,false,true,{"$nulls":13},2,6,6,"2-6.0-6","Prominent redox concentrations"]
[{"$nulls":34},"5GY 7/1",false,false,true,{"$nulls":13},2,6,7,"2-6.0-7","Prominent redox concentrations"]
[{"$nulls":34},"5GY 6/1",false,false,true,{"$nulls":13},2,6.5,0,{"$f":"TEXT(AZ411,\"0\")&\"-\"&TEXT(BA411,\"0.0\")&\"-\"&TEXT(BB411,\"0\")","v":"2-6.5-0"},"Prominent redox concentrations"]
[{"$nulls":34},"5GY 5/1",false,false,true,{"$nulls":13},2,6.5,1,"2-6.5-1","Prominent redox concentrations"]
[{"$nulls":34},"5GY 4/1",false,false,true,{"$nulls":13},2,6.5,2,"2-6.5-2","Prominent redox concentrations"]
[{"$nulls":34},"5GY 3/1",false,false,false,{"$nulls":13},2,6.5,3,"2-6.5-3","Prominent redox concentrations"]
[{"$nulls":34},"5GY 2.5/1",false,false,false,{"$nulls":13},2,6.5,4,"2-6.5-4","Prominent redox concentrations"]
[{"$nulls":34},"5GY 6/2",false,false,false,{"$nulls":13},2,6.5,5,"2-6.5-5","Prominent redox concentrations"]
[{"$nulls":34},"5GY 5/2",false,false,false,{"$nulls":13},2,6.5,6,"2-6.5-6","Prominent redox concentrations"]
[{"$nulls":34},"5GY 4/2",false,false,false,{"$nulls":13},2,6.5,7,"2-6.5-7","Prominent redox concentrations"]
[{"$nulls":34},"5GY 3/2",false,false,false,{"$nulls":13},2,7,0,"2-7.0-0","Prominent redox concentrations"]
[{"$nulls":34},"5GY 6/4",false,false,false,{"$nulls":13},2,7,1,"2-7.0-1","Prominent redox concentrations"]
[{"$nulls":34},"5GY 5/4",false,false,false,{"$nulls":13},2,7,2,"2-7.0-2","Prominent redox concentrations"]
[{"$nulls":34},"5GY 4/4",false,false,false,{"$nulls":13},2,7,3,"2-7.0-3","Prominent redox concentrations"]
[{"$nulls":34},"5GY 3/4",false,false,false,{"$nulls":13},2,7,4,"2-7.0-4","Prominent redox concentrations"]
[{"$nulls":34},"10GY 8/1",false,false,true,{"$nulls":13},2,7,5,"2-7.0-5","Prominent redox concentrations"]
[{"$nulls":34},"10GY 7/1",false,false,true,{"$nulls":13},2,7,6,"2-7.0-6","Prominent redox concentrations"]
[{"$nulls":34},"10GY 6/1",false,false,true,{"$nulls":13},2,7,7,"2-7.0-7","Prominent redox concentrations"]
[{"$nulls":34},"10GY 5/1",false,false,true,{"$nulls":13},2,7.5,0,"2-7.5-0","Prominent redox concentrations"]
[{"$nulls":34},"10GY 4/1",false,false,true,{"$nulls":13},2,7.5,1,"2-7.5-1","Prominent redox concentrations"]
[{"$nulls":34},"10GY 3/1",false,false,false,{"$nulls":13},2,7.5,2,"2-7.5-2","Prominent redox concentrations"]
[{"$nulls":34},"10GY 2.5/1",false,false,false,{"$nulls":13},2,7.5,3,"2-7.5-3","Prominent redox concentrations"]
[{"$nulls":34},"5G 8/1",false,false,true,{"$nulls":13},2,7.5,4,"2-7.5-4","Prominent redox concentrations"]
[{"$nulls":34},"5G 7/1",false,false,true,{"$nulls":13},2,7.5,5,"2-7.5-5","Prominent redox concentrations"]
[{"$nulls":34},"5G 6/1",false,false,true,{"$nulls":13},2,7.5,6,"2-7.5-6","Prominent redox concentrations"]
[{"$nulls":34},"5G 5/1",false,false,true,{"$nulls":13},2,7.5,7,"2-7.5-7","Prominent redox concentrations"]
[{"$nulls":34},"5G 4/1",false,false,true]
[{"$nulls":34},"5G 3/1",false,false,false]
[{"$nulls":34},"5G 2.5/1",false,false,false]
[{"$nulls":34},"5G 8/2",false,false,true]
[{"$nulls":34},"5G 7/2",false,false,true]
[{"$nulls":34},"5G 6/2",false,false,true]
[{"$nulls":34},"5G 5/2",false,false,true]
[{"$nulls":34},"5G 4/2",false,false,true]
[{"$nulls":34},"5G 3/2",false,false,false]
[{"$nulls":34},"5G 2.5/2",false,false,false]
[{"$nulls":34},"10G 8/1",false,false,true]
[{"$nulls":34},"10G 7/1",false,false,true]
[{"$nulls":34},"10G 6/1",false,false,true]
[{"$nulls":34},"10G 5/1",false,false,true]
[{"$nulls":34},"10G 4/1",false,false,true]
[{"$nulls":34},"10G 3/1",false,false,false]
[{"$nulls":34},"10G 2.5/1",false,false,false]
[{"$nulls":34},"5BG 8/1",false,false,true]
[{"$nulls":34},"5BG 7/1",false,false,true]
[{"$nulls":34},"5BG 6/1",false,false,true]
[{"$nulls":34},"5BG 5/1",false,false,true]
[{"$nulls":34},"5BG 4/1",false,false,true]
[{"$nulls":34},"5BG 3/1",false,false,false]
[{"$nulls":34},"5BG 2.5/1",false,false,false]
[{"$nulls":34},"10BG 8/1",false,false,true]
[{"$nulls":34},"10BG 7/1",false,false,true]
[{"$nulls":34},"10BG 6/1",false,false,true]
[{"$nulls":34},"10BG 5/1",false,false,true]
[{"$nulls":34},"10BG 4/1",false,false,true]
[{"$nulls":34},"10BG 3/1",false,false,false]
[{"$nulls":34},"10BG 2.5/1",false,false,false]
[{"$nulls":34},"5B 8/1",false,false,true]
[{"$nulls":34},"5B 7/1",false,false,true]
[{"$nulls":34},"5B 6/1",false,false,true]
[{"$nulls":34},"5B 5/1",false,false,true]
[{"$nulls":34},"5B 4/1",false,false,true]
[{"$nulls":34},"5B 3/1",false,false,false]
[{"$nulls":34},"5B 2.5/1",false,false,false]
[{"$nulls":34},"10B 8/1",false,false,true]
[{"$nulls":34},"10B 7/1",false,false,true]
[{"$nulls":34},"10B 6/1",false,false,true]
[{"$nulls":34},"10B 5/1",false,false,true]
[{"$nulls":34},"10B 4/1",false,false,true]
[{"$nulls":34},"10B 3/1",false,false,false]
[{"$nulls":34},"10B 2.5/1",false,false,false]
[{"$nulls":34},"5PB 8/1",false,false,true]
[{"$nulls":34},"5PB 7/1",false,false,true]
[{"$nulls":34},"5PB 6/1",false,false,true]
[{"$nulls":34},"5PB 5/1",false,false,true]
[{"$nulls":34},"5PB 4/1",false,false,true]
[{"$nulls":34},"5PB 3/1",false,false,false]
[{"$nulls":34},"5PB 2.5/1",false,false,false]

{"sheet":"Vegetation Continued","index":3,"n_rows":55,"n_cols":65,"rows_kept":55,"hidden":true,"merged":[[0,16,0,51],[0,58,0,63],[1,0,1,63],[2,0,43,0],[2,1,2,24],[2,25,2,29],[2,30,8,30],[2,31,2,35],[2,37,2,41],[2,42,8,42],[2,43,12,43],[2,44,2,63],[3,3,3,23],[3,24,8,24],[3,25,3,29],[3,31,3,35],[3,37,3,41],[3,44,5,63],[4,3,4,23],[4,25,4,29],[4,31,4,35],[4,37,4,41],[5,3,5,23],[5,25,5,29],[5,31,5,35],[5,37,5,41],[6,3,6,23],[6,25,6,29],[6,31,6,35],[6,37,6,41],[6,44,7,63],[7,3,7,23],[7,25,7,29],[7,31,7,35],[7,37,7,41],[8,3,8,23],[8,25,8,29],[8,31,8,35],[8,37,8,41],[8,44,10,63],[9,3,9,23],[9,24,10,24],[9,25,9,29],[9,30,10,30],[9,31,9,35],[9,37,9,41],[9,42,10,42],[10,3,10,23],[10,25,10,29],[10,31,10,35],[10,37,10,41],[11,1,11,24],[11,25,11,29],[11,30,11,42],[11,44,12,63],[12,1,12,42],[13,3,13,23],[13,24,16,24],[13,25,13,29],[13,30,16,30],[13,31,13,35],[13,36,16,36],[13,37,13,41],[13,42,16,42],[13,43,43,63],[14,3,14,23],[14,25,14,29],[14,31,14,35],[14,37,14,41],[15,3,15,23],[15,25,15,29],[15,31,15,35],[15,37,15,41],[16,3,16,23],[16,25,16,29],[16,31,16,35],[16,37,16,41],[17,3,17,23],[17,24,20,24],[17,25,17,29],[17,30,20,30],[17,31,17,35],[17,36,20,36],[17,37,17,41],[17,42,20,42],[18,3,18,23],[18,25,18,29],[18,31,18,35],[18,37,18,41],[19,3,19,23],[19,25,19,29],[19,31,19,35],[19,37,19,41],[20,3,20,23],[20,25,20,29],[20,31,20,35],[20,37,20,41],[21,1,21,24],[21,25,21,29],[21,30,21,42],[22,1,22,42],[23,3,23,23],[23,24,34,24],[23,25,23,29],[23,30,34,30],[23,31,23,35],[23,36,34,36],[23,37,23,41],[23,42,34,42],[24,3,24,23],[24,25,24,29],[24,31,24,35],[24,37,24,41],[25,3,25,23],[25,25,25,29],[25,31,25,35],[25,37,25,41],[26,3,26,23],[26,25,26,29],[26,31,26,35],[26,37,26,41],[27,3,27,23],[27,25,27,29],[27,31,27,35],[27,37,27,41],[28,3,28,23],[28,25,28,29],[28,31,28,35],[28,37,28,41],[29,3,29,23],[29,25,29,29],[29,31,29,35],[29,37,29,41],[30,3,30,23],[30,25,30,29],[30,31,30,35],[30,37,30,41],[31,3,31,23],[31,25,31,29],[31,31,31,35],[31,37,31,41],[32,3,32,23],[32,25,32,29],[32,31,32,35],[32,37,32,41],[33,3,33,23],[33,25,33,29],[33,31,33,35],[33,37,33,41],[34,3,34,23],[34,25,34,29],[34,31,34,35],[34,37,34,41],[35,1,35,24],[35,25,35,29],[35,30,35,42],[36,1,36,42],[37,3,37,23],[37,24,41,24],[37,25,37,29],[37,30,41,30],[37,31,37,35],[37,36,41,36],[37,37,37,41],[37,42,41,42],[38,3,38,23],[38,25,38,29],[38,31,38,35],[38,37,38,41],[39,3,39,23],[39,25,39,29],[39,31,39,35],[39,37,39,41],[40,3,40,23],[40,25,40,29],[40,31,40,35],[40,37,40,41],[41,3,41,23],[41,25,41,29],[41,31,41,35],[41,37,41,41],[42,1,42,24],[42,25,42,29],[42,30,42,42],[43,1,43,42],[44,0,53,0],[44,1,44,63],[45,1,53,63]]}
["VEGETATION Continued",{"$nulls":15},"– Use scientific names of plants.",{"$nulls":35},"Sampling Point:",{"$nulls":5},{"$f":"IF('Page 1 (Vegetation)'!AJ3=0,\"\",'Page 1 (Vegetation)'!AJ3)","v":""}]
[]
[null,"Tree Stratum",{"$nulls":23},"Absolute % Cover",{"$nulls":5},"Dominant Species?",{"$nulls":5},"Indicator Status",{"$nulls":6},"Definitions of Vegetation Strata:",{"$nulls":19},"Indicators"]
[null,"6.",null,"",{"$nulls":27},{"$f":"IF(Z4>0,IF(OR(AND(Z$12<5,Z$22=\"\",Z$36=\"\",Z$43=\"\"),Z$12>=5),IF(AND(ISNA(MATCH(Z4,'Page 1 (Vegetation)'!BF$21:BF$33,0)),'Page 1 (Vegetation)'!BC27<0.2),\"No\",\"Yes\"),\"No\"),\"\")","v":""},{"$nulls":5},{"$f":"IF('Page 1 (Vegetation)'!BG26=0,\"\",'Page 1 (Vegetation)'!BG26)","v":""},{"$nulls":6},"Tree – Woody plants 3 in. (7.6 cm) or more in diameter at breast height (DBH), regardless of height.",{"$nulls":19},"OBL"]
[null,"7.",null,"",{"$nulls":27},{"$f":"IF(Z5>0,IF(OR(AND(Z$12<5,Z$22=\"\",Z$36=\"\",Z$43=\"\"),Z$12>=5),IF(AND(ISNA(MATCH(Z5,'Page 1 (Vegetation)'!BF$21:BF$33,0)),'Page 1 (Vegetation)'!BC28<0.2),\"No\",\"Yes\"),\"No\"),\"\")","v":""},{"$nulls":5},{"$f":"IF('Page 1 (Vegetation)'!BG27=0,\"\",'Page 1 (Vegetation)'!BG27)","v":""},{"$nulls":26},"FACW"]
[null,"8.",null,"",{"$nulls":27},{"$f":"IF(Z6>0,IF(OR(AND(Z$12<5,Z$22=\"\",Z$36=\"\",Z$43=\"\"),Z$12>=5),IF(AND(ISNA(MATCH(Z6,'Page 1 (Vegetation)'!BF$21:BF$33,0)),'Page 1 (Vegetation)'!BC29<0.2),\"No\",\"Yes\"),\"No\"),\"\")","v":""},{"$nulls":5},{"$f":"IF('Page 1 (Vegetation)'!BG28=0,\"\",'Page 1 (Vegetation)'!BG28)","v":""},{"$nulls":26},"FAC"]
[null,"9.",null,"",{"$nulls":27},{"$f":"IF(Z7>0,IF(OR(AND(Z$12<5,Z$22=\"\",Z$36=\"\",Z$43=\"\"),Z$12>=5),IF(AND(ISNA(MATCH(Z7,'Page 1 (Vegetation)'!BF$21:BF$33,0)),'Page 1 (Vegetation)'!BC30<0.2),\"No\",\"Yes\"),\"No\"),\"\")","v":""},{"$nulls":5},{"$f":"IF('Page 1 (Vegetation)'!BG29=0,\"\",'Page 1 (Vegetation)'!BG29)","v":""},{"$nulls":6},"Sapling/Shrub – Woody plants less than 3 in. DBH and greater than or equal to 3.28 ft (1 m) tall.",{"$nulls":19},"FACU"]
[null,"10.",null,"",{"$nulls":27},{"$f":"IF(Z8>0,IF(OR(AND(Z$12<5,Z$22=\"\",Z$36=\"\",Z$43=\"\"),Z$12>=5),IF(AND(ISNA(MATCH(Z8,'Page 1 (Vegetation)'!BF$21:BF$33,0)),'Page 1 (Vegetation)'!BC31<0.2),\"No\",\"Yes\"),\"No\"),\"\")","v":""},{"$nulls":5},{"$f":"IF('Page 1 (Vegetation)'!BG30=0,\"\",'Page 1 (Vegetation)'!BG30)","v":""},{"$nulls":26},"UPL"]
[null,"11.",null,"",{"$nulls":27},{"$f":"IF(Z9>0,IF(OR(AND(Z$12<5,Z$22=\"\",Z$36=\"\",Z$43=\"\"),Z$12>=5),IF(AND(ISNA(MATCH(Z9,'Page 1 (Vegetation)'!BF$21:BF$33,0)),'Page 1 (Vegetation)'!BC32<0.2),\"No\",\"Yes\"),\"No\"),\"\")","v":""},{"$nulls":5},{"$f":"IF('Page 1 (Vegetation)'!BG31=0,\"\",'Page 1 (Vegetation)'!BG31)","v":""},{"$nulls":6},"Herb – All herbaceous (non-woody) plants, including herbaceous vines, regardless of size, and woody plants less than 3.28 ft tall."]
[null,"12.",{"$nulls":29},{"$f":"IF(Z10>0,IF(OR(AND(Z$12<5,Z$22=\"\",Z$36=\"\",Z$43=\"\"),Z$12>=5),IF(AND(ISNA(MATCH(Z10,'Page 1 (Vegetation)'!BF$21:BF$33,0)),'Page 1 (Vegetation)'!BC33<0.2),\"No\",\"Yes\"),\"No\"),\"\")","v":""},{"$nulls":5},{"$f":"IF('Page 1 (Vegetation)'!BG32=0,\"\",'Page 1 (Vegetation)'!BG32)","v":""}]
[null,"13.",null,"",{"$nulls":27},{"$f":"IF(Z11>0,IF(OR(AND(Z$12<5,Z$22=\"\",Z$36=\"\",Z$43=\"\"),Z$12>=5),IF(AND(ISNA(MATCH(Z11,'Page 1 (Vegetation)'!BF$21:BF$33,0)),'Page 1 (Vegetation)'!BC34<0.2),\"No\",\"Yes\"),\"No\"),\"\")","v":""},{"$nulls":5},{"$f":"IF('Page 1 (Vegetation)'!BG33=0,\"\",'Page 1 (Vegetation)'!BG33)","v":""}]
[{"$nulls":25},{"$f":"IFERROR('Page 1 (Vegetation)'!M26,\"\")","v":""},{"$nulls":4},"=Total Cover",{"$nulls":13},"Woody Vine – All woody vines greater than 3.28 ft in height."]
[null,"Sapling/Shrub Stratum"]
[null,"6.",{"$nulls":29},{"$f":"IF(Z14>0,IF(OR(AND(Z$22<5,Z$12=\"\",Z$36=\"\",Z$43=\"\"),Z$22>=5),IF(AND(ISNA(MATCH(Z14,'Page 1 (Vegetation)'!BF35:BF47,0)),'Page 1 (Vegetation)'!BC40<0.2),\"No\",\"Yes\"),\"No\"),\"\")","v":""},{"$nulls":5},{"$f":"IF('Page 1 (Vegetation)'!BG40=0,\"\",'Page 1 (Vegetation)'!BG40)","v":""}]
[null,"7.",null,"",{"$nulls":27},{"$f":"IF(Z15>0,IF(OR(AND(Z$22<5,Z$12=\"\",Z$36=\"\",Z$43=\"\"),Z$22>=5),IF(AND(ISNA(MATCH(Z15,'Page 1 (Vegetation)'!BF36:BF48,0)),'Page 1 (Vegetation)'!BC41<0.2),\"No\",\"Yes\"),\"No\"),\"\")","v":""},{"$nulls":5},{"$f":"IF('Page 1 (Vegetation)'!BG41=0,\"\",'Page 1 (Vegetation)'!BG41)","v":""}]
[null,"8.",null,"",{"$nulls":27},{"$f":"IF(Z16>0,IF(OR(AND(Z$22<5,Z$12=\"\",Z$36=\"\",Z$43=\"\"),Z$22>=5),IF(AND(ISNA(MATCH(Z16,'Page 1 (Vegetation)'!BF37:BF49,0)),'Page 1 (Vegetation)'!BC42<0.2),\"No\",\"Yes\"),\"No\"),\"\")","v":""},{"$nulls":5},{"$f":"IF('Page 1 (Vegetation)'!BG42=0,\"\",'Page 1 (Vegetation)'!BG42)","v":""}]
[null,"9.",null,"",{"$nulls":27},{"$f":"IF(Z17>0,IF(OR(AND(Z$22<5,Z$12=\"\",Z$36=\"\",Z$43=\"\"),Z$22>=5),IF(AND(ISNA(MATCH(Z17,'Page 1 (Vegetation)'!BF38:BF50,0)),'Page 1 (Vegetation)'!BC43<0.2),\"No\",\"Yes\"),\"No\"),\"\")","v":""},{"$nulls":5},{"$f":"IF('Page 1 (Vegetation)'!BG43=0,\"\",'Page 1 (Vegetation)'!BG43)","v":""}]
[null,"10.",{"$nulls":29},{"$f":"IF(Z18>0,IF(OR(AND(Z$22<5,Z$12=\"\",Z$36=\"\",Z$43=\"\"),Z$22>=5),IF(AND(ISNA(MATCH(Z18,'Page 1 (Vegetation)'!BF39:BF51,0)),'Page 1 (Vegetation)'!BC44<0.2),\"No\",\"Yes\"),\"No\"),\"\")","v":""},{"$nulls":5},{"$f":"IF('Page 1 (Vegetation)'!BG44=0,\"\",'Page 1 (Vegetation)'!BG44)","v":""}]
[null,"11.",null,"",{"$nulls":27},{"$f":"IF(Z19>0,IF(OR(AND(Z$22<5,Z$12=\"\",Z$36=\"\",Z$43=\"\"),Z$22>=5),IF(AND(ISNA(MATCH(Z19,'Page 1 (Vegetation)'!BF40:BF52,0)),'Page 1 (Vegetation)'!BC45<0.2),\"No\",\"Yes\"),\"No\"),\"\")","v":""},{"$nulls":5},{"$f":"IF('Page 1 (Vegetation)'!BG45=0,\"\",'Page 1 (Vegetation)'!BG45)","v":""}]
[null,"12.",null,"",{"$nulls":27},{"$f":"IF(Z20>0,IF(OR(AND(Z$22<5,Z$12=\"\",Z$36=\"\",Z$43=\"\"),Z$22>=5),IF(AND(ISNA(MATCH(Z20,'Page 1 (Vegetation)'!BF41:BF53,0)),'Page 1 (Vegetation)'!BC46<0.2),\"No\",\"Yes\"),\"No\"),\"\")","v":""},{"$nulls":5},{"$f":"IF('Page 1 (Vegetation)'!BG46=0,\"\",'Page 1 (Vegetation)'!BG46)","v":""}]
[null,"13.",null,"",{"$nulls":27},{"$f":"IF(Z21>0,IF(OR(AND(Z$22<5,Z$12=\"\",Z$36=\"\",Z$43=\"\"),Z$22>=5),IF(AND(ISNA(MATCH(Z21,'Page 1 (Vegetation)'!BF42:BF54,0)),'Page 1 (Vegetation)'!BC47<0.2),\"No\",\"Yes\"),\"No\"),\"\")","v":""},{"$nulls":5},{"$f":"IF('Page 1 (Vegetation)'!BG47=0,\"\",'Page 1 (Vegetation)'!BG47)","v":""}]
[{"$nulls":25},{"$f":"IFERROR('Page 1 (Vegetation)'!M33,\"\")","v":""},{"$nulls":4},"=Total Cover"]
[null,"Herb Stratum"]
[null,"9.",null,"",{"$nulls":27},{"$f":"IF(Z24>0,IF(OR(AND(Z$36<5,Z$12=\"\",Z$22=\"\",Z$43=\"\"),Z$36>=5),IF(AND(ISNA(MATCH(Z24,'Page 1 (Vegetation)'!BF$49:BF$68,0)),'Page 1 (Vegetation)'!BC57<0.2),\"No\",\"Yes\"),\"No\"),\"\")","v":""},{"$nulls":5},{"$f":"IF('Page 1 (Vegetation)'!BG57=0,\"\",'Page 1 (Vegetation)'!BG57)","v":""}]
[null,"10.",null,"",{"$nulls":27},{"$f":"IF(Z25>0,IF(OR(AND(Z$36<5,Z$12=\"\",Z$22=\"\",Z$43=\"\"),Z$36>=5),IF(AND(ISNA(MATCH(Z25,'Page 1 (Vegetation)'!BF$49:BF$68,0)),'Page 1 (Vegetation)'!BC58<0.2),\"No\",\"Yes\"),\"No\"),\"\")","v":""},{"$nulls":5},{"$f":"IF('Page 1 (Vegetation)'!BG58=0,\"\",'Page 1 (Vegetation)'!BG58)","v":""}]
[null,"11.",{"$nulls":29},{"$f":"IF(Z26>0,IF(OR(AND(Z$36<5,Z$12=\"\",Z$22=\"\",Z$43=\"\"),Z$36>=5),IF(AND(ISNA(MATCH(Z26,'Page 1 (Vegetation)'!BF$49:BF$68,0)),'Page 1 (Vegetation)'!BC59<0.2),\"No\",\"Yes\"),\"No\"),\"\")","v":""},{"$nulls":5},{"$f":"IF('Page 1 (Vegetation)'!BG59=0,\"\",'Page 1 (Vegetation)'!BG59)","v":""}]
[null,"12.",{"$nulls":29},{"$f":"IF(Z27>0,IF(OR(AND(Z$36<5,Z$12=\"\",Z$22=\"\",Z$43=\"\"),Z$36>=5),IF(AND(ISNA(MATCH(Z27,'Page 1 (Vegetation)'!BF$49:BF$68,0)),'Page 1 (Vegetation)'!BC60<0.2),\"No\",\"Yes\"),\"No\"),\"\")","v":""},{"$nulls":5},{"$f":"IF('Page 1 (Vegetation)'!BG60=0,\"\",'Page 1 (Vegetation)'!BG60)","v":""}]
[null,"13.",null,"",{"$nulls":27},{"$f":"IF(Z28>0,IF(OR(AND(Z$36<5,Z$12=\"\",Z$22=\"\",Z$43=\"\"),Z$36>=5),IF(AND(ISNA(MATCH(Z28,'Page 1 (Vegetation)'!BF$49:BF$68,0)),'Page 1 (Vegetation)'!BC61<0.2),\"No\",\"Yes\"),\"No\"),\"\")","v":""},{"$nulls":5},{"$f":"IF('Page 1 (Vegetation)'!BG61=0,\"\",'Page 1 (Vegetation)'!BG61)","v":""}]
[null,"14.",null,"",{"$nulls":27},{"$f":"IF(Z29>0,IF(OR(AND(Z$36<5,Z$12=\"\",Z$22=\"\",Z$43=\"\"),Z$36>=5),IF(AND(ISNA(MATCH(Z29,'Page 1 (Vegetation)'!BF$49:BF$68,0)),'Page 1 (Vegetation)'!BC62<0.2),\"No\",\"Yes\"),\"No\"),\"\")","v":""},{"$nulls":5},{"$f":"IF('Page 1 (Vegetation)'!BG62=0,\"\",'Page 1 (Vegetation)'!BG62)","v":""}]
[null,"15.",null,"",{"$nulls":27},{"$f":"IF(Z30>0,IF(OR(AND(Z$36<5,Z$12=\"\",Z$22=\"\",Z$43=\"\"),Z$36>=5),IF(AND(ISNA(MATCH(Z30,'Page 1 (Vegetation)'!BF$49:BF$68,0)),'Page 1 (Vegetation)'!BC63<0.2),\"No\",\"Yes\"),\"No\"),\"\")","v":""},{"$nulls":5},{"$f":"IF('Page 1 (Vegetation)'!BG63=0,\"\",'Page 1 (Vegetation)'!BG63)","v":""}]
[null,"16.",null,"",{"$nulls":27},{"$f":"IF(Z31>0,IF(OR(AND(Z$36<5,Z$12=\"\",Z$22=\"\",Z$43=\"\"),Z$36>=5),IF(AND(ISNA(MATCH(Z31,'Page 1 (Vegetation)'!BF$49:BF$68,0)),'Page 1 (Vegetation)'!BC64<0.2),\"No\",\"Yes\"),\"No\"),\"\")","v":""},{"$nulls":5},{"$f":"IF('Page 1 (Vegetation)'!BG64=0,\"\",'Page 1 (Vegetation)'!BG64)","v":""}]
[null,"17.",null,"",{"$nulls":27},{"$f":"IF(Z32>0,IF(OR(AND(Z$36<5,Z$12=\"\",Z$22=\"\",Z$43=\"\"),Z$36>=5),IF(AND(ISNA(MATCH(Z32,'Page 1 (Vegetation)'!BF$49:BF$68,0)),'Page 1 (Vegetation)'!BC65<0.2),\"No\",\"Yes\"),\"No\"),\"\")","v":""},{"$nulls":5},{"$f":"IF('Page 1 (Vegetation)'!BG65=0,\"\",'Page 1 (Vegetation)'!BG65)","v":""}]
[null,"18.",{"$nulls":29},{"$f":"IF(Z33>0,IF(OR(AND(Z$36<5,Z$12=\"\",Z$22=\"\",Z$43=\"\"),Z$36>=5),IF(AND(ISNA(MATCH(Z33,'Page 1 (Vegetation)'!BF$49:BF$68,0)),'Page 1 (Vegetation)'!BC66<0.2),\"No\",\"Yes\"),\"No\"),\"\")","v":""},{"$nulls":5},{"$f":"IF('Page 1 (Vegetation)'!BG66=0,\"\",'Page 1 (Vegetation)'!BG66)","v":""}]
[null,"19.",null,"",{"$nulls":27},{"$f":"IF(Z34>0,IF(OR(AND(Z$36<5,Z$12=\"\",Z$22=\"\",Z$43=\"\"),Z$36>=5),IF(AND(ISNA(MATCH(Z34,'Page 1 (Vegetation)'!BF$49:BF$68,0)),'Page 1 (Vegetation)'!BC67<0.2),\"No\",\"Yes\"),\"No\"),\"\")","v":""},{"$nulls":5},{"$f":"IF('Page 1 (Vegetation)'!BG67=0,\"\",'Page 1 (Vegetation)'!BG67)","v":""}]
[null,"20.",null,"",{"$nulls":27},{"$f":"IF(Z35>0,IF(OR(AND(Z$36<5,Z$12=\"\",Z$22=\"\",Z$43=\"\"),Z$36>=5),IF(AND(ISNA(MATCH(Z35,'Page 1 (Vegetation)'!BF$49:BF$68,0)),'Page 1 (Vegetation)'!BC68<0.2),\"No\",\"Yes\"),\"No\"),\"\")","v":""},{"$nulls":5},{"$f":"IF('Page 1 (Vegetation)'!BG68=0,\"\",'Page 1 (Vegetation)'!BG68)","v":""}]
[{"$nulls":25},{"$f":"IFERROR('Page 1 (Vegetation)'!M43,\"\")","v":""},{"$nulls":4},"=Total Cover"]
[null,"Woody Vine Stratum"]
[null,"3.",null,"",{"$nulls":27},{"$f":"IF(Z38>0,IF(OR(AND(Z$43<5,Z$12=\"\",Z$22=\"\",Z$36=\"\"),Z$43>=5),IF(AND(ISNA(MATCH(Z38,'Page 1 (Vegetation)'!BF$70:BF$76,0)),'Page 1 (Vegetation)'!BC72<0.2),\"No\",\"Yes\"),\"No\"),\"\")","v":""},{"$nulls":5},{"$f":"IF('Page 1 (Vegetation)'!BG72=0,\"\",'Page 1 (Vegetation)'!BG72)","v":""}]
[null,"4.",{"$nulls":29},{"$f":"IF(Z39>0,IF(OR(AND(Z$43<5,Z$12=\"\",Z$22=\"\",Z$36=\"\"),Z$43>=5),IF(AND(ISNA(MATCH(Z39,'Page 1 (Vegetation)'!BF$70:BF$76,0)),'Page 1 (Vegetation)'!BC73<0.2),\"No\",\"Yes\"),\"No\"),\"\")","v":""},{"$nulls":5},{"$f":"IF('Page 1 (Vegetation)'!BG73=0,\"\",'Page 1 (Vegetation)'!BG73)","v":""}]
[null,"5.",{"$nulls":29},{"$f":"IF(Z40>0,IF(OR(AND(Z$43<5,Z$12=\"\",Z$22=\"\",Z$36=\"\"),Z$43>=5),IF(AND(ISNA(MATCH(Z40,'Page 1 (Vegetation)'!BF$70:BF$76,0)),'Page 1 (Vegetation)'!BC74<0.2),\"No\",\"Yes\"),\"No\"),\"\")","v":""},{"$nulls":5},{"$f":"IF('Page 1 (Vegetation)'!BG74=0,\"\",'Page 1 (Vegetation)'!BG74)","v":""}]
[null,"6.",null,"",{"$nulls":27},{"$f":"IF(Z41>0,IF(OR(AND(Z$43<5,Z$12=\"\",Z$22=\"\",Z$36=\"\"),Z$43>=5),IF(AND(ISNA(MATCH(Z41,'Page 1 (Vegetation)'!BF$70:BF$76,0)),'Page 1 (Vegetation)'!BC75<0.2),\"No\",\"Yes\"),\"No\"),\"\")","v":""},{"$nulls":5},{"$f":"IF('Page 1 (Vegetation)'!BG75=0,\"\",'Page 1 (Vegetation)'!BG75)","v":""}]
[null,"7.",null,"",{"$nulls":27},{"$f":"IF(Z42>0,IF(OR(AND(Z$43<5,Z$12=\"\",Z$22=\"\",Z$36=\"\"),Z$43>=5),IF(AND(ISNA(MATCH(Z42,'Page 1 (Vegetation)'!BF$70:BF$76,0)),'Page 1 (Vegetation)'!BC76<0.2),\"No\",\"Yes\"),\"No\"),\"\")","v":""},{"$nulls":5},{"$f":"IF('Page 1 (Vegetation)'!BG76=0,\"\",'Page 1 (Vegetation)'!BG76)","v":""}]
[{"$nulls":25},{"$f":"IFERROR('Page 1 (Vegetation)'!M47,\"\")","v":""},{"$nulls":4},"=Total Cover"]
[]
[null,"Remarks:"]
{"$rows_empty":9}
["ENG FORM 6116-3, JUL 2018",{"$nulls":51},"Caribbean Islands – Version 2.0"]

{"sheet":"Plant List","index":4,"n_rows":14067,"n_cols":2,"rows_kept":14067,"hidden":true,"merged":[[0,0,0,1]]}
["Plant List"]
["Abelmoschus",""]
[" okra"]
["Abelmoschus esculentus","UPL"]
[" okra"]
["Abelmoschus moschatus","UPL"]
[" Musk Okra"]
["Abildgaardia",""]
[" sedge"]
["Abildgaardia ovata","FAC"]
[" Flat-Spike Sedge"]
["Abrus",""]
[" abrus"]
["Abrus precatorius","UPL"]
[" Rosary-Pea"]
["Abutilon",""]
[" Indian mallow"]
["Abutilon abutiloides","UPL"]
[" shrubby Indian mallow"]
["Abutilon hirtum","UPL"]
[" Florida Keys Indian mallow"]
["Abutilon hulseanum","UPL"]
[" mauve"]
["Abutilon indicum","UPL"]
[" Monkeybush"]
["Abutilon permolle","UPL"]
[" coastal Indian mallow"]
["Acacia",""]
[" acacia"]
["Acacia muricata","UPL"]
[" spineless wattle"]
["Acacia nilotica","UPL"]
[" gum arabic tree"]
["Acacia polyacantha","UPL"]
[" catechu tree"]
["Acacia retusa","UPL"]
[" catch and keep"]
["Acacia tortuosa","UPL"]
[" poponax"]
["Acacia vogeliana","UPL"]
[" macata bourse bastard"]
["Acalypha",""]
[" copperleaf"]
["Acalypha alopecuroidea","UPL"]
[" foxtail copperleaf"]
["Acalypha amentacea","UPL"]
[" Match-Me-If-You-Can"]
["Acalypha berteriana","UPL"]
[" Guayama Copperleaf"]
["Acalypha bisetosa","FACW"]
[" Streambank Copperleaf"]
["Acalypha chamaedryfolia","UPL"]
[" bastard copperleaf"]
["Acalypha hispida","UPL"]
[" red-hot cat's tail"]
["Acalypha ostryifolia","UPL"]
[" pineland threeseed mercury"]
["Acalypha poiretii","UPL"]
[" Poiret's Copperleaf"]
["Acalypha portoricensis","UPL"]
[" Puerto Rico copperleaf"]
["Acalypha setosa","UPL"]
[" Cuban copperleaf"]
["Acanthocereus",""]
[" triangle cactus"]
["Acanthocereus tetragonus","UPL"]
[" Triangle Cactus"]
["Acanthospermum",""]
[" starbur"]
["Acanthospermum hispidum","UPL"]
[" hispid starbur"]
["Achyranthes",""]
[" chaff flower"]
["Achyranthes aspera","UPL"]
[" Devil's-Horsewhip"]
["Acisanthera",""]
[" acisanthera"]
["Acisanthera quadrata","OBL"]
[" Camasey-de-Charco"]
["Acmella",""]
[" spotflower"]
["Acmella iodiscaea","OBL"]
[" Maluco"]
["Acmella pusilla","UPL"]
[" dwarf spotflower"]
["Acnistus",""]
[" acnistus"]
["Acnistus arborescens","FACU"]
[" Hollowheart"]
["Acrocomia",""]
[" acrocomia"]
["Acrocomia media","UPL"]
[" grugru palm"]
["Acrostichum",""]
[" leatherfern"]
["Acrostichum aureum","OBL"]
[" Golden Leather Fern"]
["Acrostichum danaeifolium","OBL"]
[" Inland Leather Fern"]
["Actinostachys",""]
[" actinostachys"]
["Actinostachys pennula","FAC"]
[" Ray Fern"]
["Adansonia",""]
[" adansonia"]
["Adansonia digitata","UPL"]
[" baobab"]
["Adelia",""]
[" wild lime"]
["Adelia ricinella","UPL"]
[" wild lime"]
["Adenanthera",""]
[" beadtree"]
["Adenanthera pavonina","UPL"]
[" Red Beadtree"]
["Adenostemma",""]
[" medicineplant"]
["Adenostemma verbesina","FACW"]
[" Tropical Medicine-Plant"]
["Adiantum",""]
[" maidenhair fern"]
["Adiantum capillus-veneris","FACW"]
[" Southern Maidenhair"]
["Adiantum concinnum","UPL"]
[" polished maidenhair"]
["Adiantum fragile","UPL"]
[" fragile maidenhair"]
["Adiantum latifolium","FAC"]
[" Broad-Leaf Maidenhair"]
["Adiantum macrophyllum","FACW"]
[" Large-Leaf Maidenhair"]
["Adiantum melanoleucum","UPL"]
[" fragrant maidenhair"]
["Adiantum obliquum","FACU"]
[" Oblique Maidenhair"]
["Adiantum petiolatum","FAC"]
[" Stalked Maidenhair"]
["Adiantum pulverulentum","FACU"]
[" Glossy Maidenhair"]
["Adiantum pyramidale","UPL"]
[" pyramid maidenhair"]
["Adiantum tenerum","FACU"]
[" Brittle Maidenhair"]
["Adiantum tetraphyllum","UPL"]
[" fourleaf maidenhair"]
["Adiantum villosum","UPL"]
[" woolly maidenhair"]
["Adiantum vivesii","UPL"]
[" Puerto Rico maidenhair"]
["Adiantum wilsonii","FAC"]
[" Wilson's Maidenhair"]
["Aechmea",""]
[" livingvase"]
["Aechmea fasciata","UPL"]
[" urnplant"]
["Aechmea lingulata","UPL"]
[" West Indian livingvase"]
["Aechmea nudicaulis","UPL"]
[" nakedstem livingvase"]
["Aegiphila",""]
[" spiritweed"]
["Aegiphila elata","UPL"]
[" tall spiritweed"]
["Aegiphila integrifolia","UPL"]
[" entireleaf spiritweed"]
["Aegiphila martinicensis","UPL"]
[" Caribbean spiritweed"]
["Aeschynomene",""]
[" jointvetch"]
["Aeschynomene americana","FAC"]
[" Shyleaf"]
["Aeschynomene evenia","FAC"]
[" Shrubby Joint-Vetch"]
["Aeschynomene gracilis","FAC"]
[" Puerto Rico Joint-Vetch"]
["Aeschynomene indica","FACW"]
[" Indian Joint-Vetch"]
["Aeschynomene rudis","UPL"]
[" zigzag jointvetch"]
["Aeschynomene sensitiva","OBL"]
[" Sensitive Joint-Vetch"]
["Aeschynomene villosa","UPL"]
[" hairy jointvetch"]
["Agalinis",""]
[" false foxglove"]
["Agalinis fasciculata","FACU"]
[" Beach False Foxglove"]
["Agalinis purpurea","FACW"]
[" Purple False Foxglove"]
["Agathis",""]
[" agathis"]
["Agathis robusta","UPL"]
[" Queensland kauri"]
["Agave",""]
[" agave"]
["Agave americana","UPL"]
[" American Century-Plant"]
["Agave eggersiana","UPL"]
[" Eggers' century plant"]
["Agave minor","UPL"]
[" Proctor's agave"]
["Agave missionum","UPL"]
[" corita"]
["Agave sisalana","UPL"]
[" Sisal-Hemp"]
["Agdestis",""]
[" agdestis"]
["Agdestis clematidea","UPL"]
[" rockroot"]
["Ageratina",""]
[" snakeroot"]
["Ageratina resiniflua","UPL"]
[" resinous snakeroot"]
["Ageratum",""]
[" whiteweed"]
["Ageratum conyzoides","FACU"]
[" Tropical Whiteweed"]
["Aglaonema",""]
[" aglaonema"]
["Aglaonema commutatum","UPL"]
[" Philippine-Evergreen"]
["Aglaonema pictum","UPL"]
[" cara de caballo"]
["Agrostis",""]
[" bentgrass"]
["Agrostis hyemalis","FACW"]
[" Winter Bent"]
["Aiphanes",""]
[" aiphanes"]
["Aiphanes minima","UPL"]
[" Guinea bactris"]
["Albizia",""]
[" albizia"]
["Albizia adinocephala","UPL"]
[" cream albizia"]
["Albizia carbonaria","UPL"]
[" naked albizia"]
["Albizia lebbeck","UPL"]
[" Woman's-Tongue"]
["Albizia procera","UPL"]
[" tall albizia"]
["Alcea",""]
[" hollyhock"]
["Alcea rosea","UPL"]
[" hollyhock"]
["Alchornea",""]
[" alchornea"]
["Alchornea latifolia","FACU"]
[" Achiotillo"]
["Alchorneopsis",""]
[" alchorneopsis"]
["Alchorneopsis floribunda","UPL"]
[" palo de gallina"]
["Alchorneopsis portoricensis","UPL"]
[" Puerto Rico palo de gallina"]
["Alectra",""]
[" alectra"]
["Alectra fluminensis","OBL"]
[" Yerba-de-Hierro"]
["Aleurites",""]
[" aleurites"]
["Aleurites moluccanus","UPL"]
[" Indian-Walnut"]
["Allamanda",""]
[" allamanda"]
["Allamanda blanchetii","UPL"]
[" purple allamanda"]
["Allamanda cathartica","UPL"]
[" golden trumpet"]
["Allamanda schottii","UPL"]
[" bush allamanda"]
["Allium",""]
[" onion"]
["Allium allegheniense","UPL"]
[" Allegheny onion"]
["Allophylus",""]
[" allophylus"]
["Allophylus crassinervis","UPL"]
[" palo blanco"]
["Allophylus racemosus","UPL"]
[" palo de caja"]
["Allosidastrum",""]
[" mock fanpetals"]
["Allosidastrum pyramidatum","UPL"]
[" mock fanpetals"]
["Alocasia",""]
[" taro"]
["Alocasia macrorrhizos","FACW"]
[" Giant Taro"]
["Alocasia plumbea","UPL"]
[" metallic taro"]
["Aloe",""]
[" aloe"]
["Aloe vera","UPL"]
[" Barbados aloe"]
["Aloysia",""]
[" beebrush"]
["Aloysia triphylla","UPL"]
[" lemon beebrush"]
["Alpinia",""]
[" alpinia"]
["Alpinia purpurata","UPL"]
[" Red-Ginger"]
["Alpinia zerumbet","FACU"]
[" Shellplant"]
["Alsophila",""]
[" alsophila"]
["Alsophila amintae","FACW"]
[" Forest Alsophila"]
["Alsophila brooksii","FAC"]
[" Brooks' Alsophila"]
["Alsophila bryophila","FACW"]
[" Helecho-Gigante-de-la-Sierra"]
["Alsophila portoricensis","FACW"]
[" Puerto Rico Alsophila"]
["Alternanthera",""]
[" joyweed"]
["Alternanthera bettzichiana","UPL"]
[" calicoplant"]
["Alternanthera brasiliana","UPL"]
[" Brazilian joyweed"]
["Alternanthera caracasana","UPL"]
[" washerwoman"]
["Alternanthera crucis","UPL"]
[" West Indian joyweed"]
["Alternanthera ficoidea","FACU"]
[" Sanguinaria"]
["Alternanthera flavescens","UPL"]
[" yellow joyweed"]
["Alternanthera paronychioides","FAC"]
[" Smooth Joyweed"]
["Alternanthera philoxeroides","OBL"]
[" Alligator-Weed"]
["Alternanthera pungens","UPL"]
[" khakiweed"]
["Alternanthera sessilis","FAC"]
[" Sessile Joyweed"]
["Alysicarpus",""]
[" moneywort"]
["Alysicarpus vaginalis","FAC"]
[" White Moneywort"]
["Amaranthus",""]
[" pigweed"]
["Amaranthus australis","OBL"]
[" Southern Amaranth"]
["Amaranthus blitum","UPL"]
[" Purple Amaranth"]
["Amaranthus caudatus","UPL"]
[" foxtail amaranth"]
["Amaranthus crassipes","FACU"]
[" Spreading Amaranth"]
["Amaranthus cruentus","UPL"]
[" red amaranth"]
["Amaranthus dubius","UPL"]
[" spleen amaranth"]
["Amaranthus polygonoides","UPL"]
[" tropical amaranth"]
["Amaranthus spinosus","FACU"]
[" Spiny Amaranth"]
["Amaranthus tricolor","UPL"]
[" Joseph's-Coat"]
["Amaranthus viridis","UPL"]
[" Slender Amaranth"]
["Ambrosia",""]
[" ragweed"]
["Ambrosia confertiflora","UPL"]
[" weakleaf bur ragweed"]
["Ambrosia hispida","UPL"]
[" coastal ragweed"]
["Ambrosia peruviana","UPL"]
[" Peruvian ragweed"]
["Ambrosia tenuifolia","UPL"]
[" slimleaf bur ragweed"]
["Ammannia",""]
[" redstem"]
["Ammannia auriculata","OBL"]
[" Eared Redstem"]
["Ammannia baccifera","FACW"]
[" Monarch Redstem"]
["Ammannia coccinea","OBL"]
[" Valley Redstem"]
["Ammannia latifolia","OBL"]
[" Pink Redstem"]
["Ampelopsis"]
[" peppervine"]
["Ampelopsis arborea","FAC"]
[" Peppervine"]
["Amphilophium",""]
[" amphilophium"]
["Amphilophium paniculatum","UPL"]
[" liana de cuello"]
["Amphitecna",""]
[" amphitecna"]
["Amphitecna latifolia","FAC"]
[" Black-Calabash"]
["Amyris",""]
[" torchwood"]
["Amyris balsamifera","UPL"]
[" balsam torchwood"]
["Amyris diatrypa","UPL"]
[" hairy torchwood"]
["Amyris elemifera","UPL"]
[" Smooth Torchwood"]
["Anacardium",""]
[" anacardium"]
["Anacardium occidentale","FACU"]
[" Cashewnut"]
["Anadenanthera",""]
[" anadenanthera"]
["Anadenanthera peregrina","UPL"]
[" cohoba tree"]
["Ananas",""]
[" pineapple"]
["Ananas comosus","UPL"]
[" pineapple"]
["Andira",""]
[" andira"]
["Andira inermis","FAC"]
[" Cabbagebark-Tree"]
["Andropogon",""]
[" bluestem"]
["Andropogon bicornis","FAC"]
[" Barbas-de-Indio"]
["Andropogon glomeratus","FAC"]
[" Bushy Bluestem"]
["Andropogon gracilis","UPL"]
[" Wiry Bluestem"]
["Andropogon leucostachyus","FAC"]
[" Matojillo"]
["Andropogon virginicus","FAC"]
[" Broom-Sedge"]
["Anechites",""]
[" anechites"]
["Anechites nerium","UPL"]
[" Natal plum"]
["Anemia",""]
[" anemia fern"]
["Anemia adiantifolia","UPL"]
[" pineland fern"]
["Anemia hirsuta","UPL"]
[" hairy flowering fern"]
["Anemia hirta","UPL"]
[" streambank flowering fern"]
["Anemia portoricensis","UPL"]
[" Puerto Rico flowering fern"]
["Anethum",""]
[" dill"]
["Anethum graveolens","UPL"]
[" dill"]
["Anetium",""]
[" treetrunk fern"]
["Anetium citrifolium","UPL"]
[" treetrunk fern"]
["Angelonia",""]
[" angelon"]
["Angelonia salicariifolia","UPL"]
[" willowleaf angelon"]
["Aniba",""]
[" aniba"]
["Aniba bracteata","FAC"]
[" Canelillo"]
["Aniseia",""]
[" aniseia"]
["Aniseia martinicensis","OBL"]
[" Whitejacket"]
["Annona",""]
[" annona"]
["Annona cherimola","UPL"]
[" cherimoya"]
["Annona glabra","OBL"]
[" Pond-Apple"]
["Annona montana","UPL"]
[" mountain soursop"]
["Annona muricata","UPL"]
[" Soursop"]
["Annona reticulata","UPL"]
[" custard apple"]
["Annona squamosa","UPL"]
[" sugar apple"]
["Anoda",""]
[" anoda"]
["Anoda cristata","UPL"]
[" Crested Anoda"]
["Anopteris",""]
[" anopteris"]
["Anopteris hexagona","UPL"]
[" Moore's brake"]
["Anredera",""]
[" madieravine"]
["Anredera cordifolia","UPL"]
[" heartleaf madeiravine"]
["Anredera vesicaria","UPL"]
[" Texas madeiravine"]
["Anthephora",""]
[" oldfield grass"]
["Anthephora hermaphrodita","UPL"]
[" oldfield grass"]
["Anthurium",""]
[" laceleaf"]
["Anthurium cordatum","UPL"]
[" Organ Mountain laceleaf"]
["Anthurium crenatum","UPL"]
[" scalloped laceleaf"]
["Anthurium dominicense","FAC"]
[" Lengua-de-Vaca"]
["Anthurium scandens","UPL"]
[" pearl laceleaf"]
["Anthurium X selloum","UPL"]
[" laceleaf"]
["Antidaphne",""]
[" antidaphne"]
["Antidaphne wrightii","UPL"]
[" Wright's catkin mistletoe"]
["Antigonon",""]
[" antigonon"]
["Antigonon guatemalense","UPL"]
[" bellisima grande"]
["Antigonon leptopus","UPL"]
[" Queen's-Jewels"]
["Antirhea",""]
[" quina"]
["Antirhea acutata","UPL"]
[" placa chiquitu"]
["Antirhea coriacea","UPL"]
[" pegwood"]
["Antirhea lucida","UPL"]
[" palo iloron"]
["Antirhea obtusifolia","FACW"]
[" Quina-Roja"]
["Antirhea portoricensis","UPL"]
[" Puerto Rico quina"]
["Antirhea sintenisii","UPL"]
[" Sintenis' quina"]
["Antrophyum",""]
[" lineleaf fern"]
["Antrophyum cajenense","UPL"]
[" forked lineleaf fern"]
["Antrophyum intramarginale","UPL"]
[" tufted lineleaf fern"]
["Antrophyum lanceolatum","UPL"]
[" straight lineleaf fern"]
["Antrophyum lineatum","UPL"]
[" narrow lineleaf fern"]
["Antrophyum urbanii","UPL"]
[" Urban's lineleaf fern"]
["Apteria",""]
[" apteria"]
["Apteria aphylla","FAC"]
[" Nodding-Nixie"]
["Arachis",""]
[" peanut"]
["Arachis hypogaea","UPL"]
[" peanut"]
["Arachis repens","UPL"]
[" creeping peanut"]
["Arachniodes",""]
[" hollyfern"]
["Arachniodes chaerophylloides","UPL"]
[" false hollyfern"]
["Ardisia",""]
[" marlberry"]
["Ardisia elliptica","UPL"]
[" Shoebutton"]
["Ardisia glauciflora","OBL"]
[" Ausubon"]
["Ardisia luquillensis","FAC"]
[" Mountain Marl-Berry"]
["Ardisia obovata","UPL"]
[" Guadeloupe marlberry"]
["Ardisia solanacea","UPL"]
[" China-shrub"]
["Argemone",""]
[" pricklypoppy"]
["Argemone mexicana","UPL"]
[" Mexican pricklypoppy"]
["Argusia",""]
[" sea rosemary"]
["Argusia gnaphalodes","FACU"]
[" Sea-Rosemary"]
["Argyreia",""]
[" argyreia"]
["Argyreia nervosa","UPL"]
[" elephant creeper"]
["Argythamnia",""]
[" silverbush"]
["Argythamnia candicans","UPL"]
[" sharpleaf silverbush"]
["Argythamnia fasciculata","UPL"]
[" broom silverbush"]
["Argythamnia stahlii","UPL"]
[" bluntleaf silverbush"]
["Aristida",""]
[" threeawn"]
["Aristida adscensionis","UPL"]
[" sixweeks threeawn"]
["Aristida chaseae","UPL"]
[" Chase's threeawn"]
["Aristida cognata","UPL"]
[" spreading threeawn"]
["Aristida portoricensis","UPL"]
[" pelos del diablo"]
["Aristida refracta","UPL"]
[" islandthicket threeawn"]
["Aristida spiciformis","FACU"]
[" Bottlebrush Three-Awn"]
["Aristida suringarii","UPL"]
[" St. Eustatius threeawn"]
["Aristida swartziana","UPL"]
[" Swartz's threeawn"]
["Aristolochia",""]
[" dutchman's pipe"]
["Aristolochia anguicida","UPL"]
[" harlequin dutchman's pipe"]
["Aristolochia bilabiata","UPL"]
[" West Indian dutchman's pipe"]
["Aristolochia bilobata","UPL"]
[" twolobe dutchman's pipe"]
["Aristolochia elegans","UPL"]
[" Elegant Dutchman's-Pipe"]
["Aristolochia grandiflora","UPL"]
[" pelicanflower"]
["Aristolochia odoratissima","UPL"]
[" fragrant dutchman's pipe"]
["Aristolochia peltata","UPL"]
[" peltate dutchman's pipe"]
["Aristolochia ringens","UPL"]
[" gaping dutchman's pipe"]
["Aristolochia trilobata","FACW"]
[" Bejuco-de-Santiago"]
["Arivela",""]
[" spiderflower"]
["Arivela viscosa","FACU"]
[" Tickweed"]
["Arrabidaea",""]
[" arrabidaea"]
["Arrabidaea chica","UPL"]
[" cricketvine"]
["Arracacia",""]
[" arracacia"]
["Arracacia xanthorrhiza","UPL"]
[" arracacha"]
["Arthraxon",""]
[" carpetgrass"]
["Arthraxon castratus","UPL"]
[" castrate carpetgrass"]
["Arthrostemma",""]
[" arthrostemma"]
["Arthrostemma fragile","UPL"]
[" fragile pinkfringe"]
["Arthrostylidium",""]
[" climbing bamboo"]
["Arthrostylidium farctum","UPL"]
[" old man's beard"]
["Arthrostylidium multispicatum","FAC"]
[" Woodland Climbing Bamboo"]
["Arthrostylidium sarmentosum","FAC"]
[" Forest Climbing Bamboo"]
["Artocarpus",""]
[" breadfruit"]
["Artocarpus altilis","UPL"]
[" breadfruit"]
["Artocarpus heterophyllus","UPL"]
[" jackfruit"]
["Arundina",""]
[" bamboo orchid"]
["Arundina graminifolia","FACU"]
[" Bamboo Orchid"]
["Arundinella",""]
[" rabo de gato"]
["Arundinella hispida","UPL"]
[" rabo de gato"]
["Arundo",""]
[" giant reed"]
["Arundo donax","FAC"]
[" Giant-Reed"]
["Asclepias",""]
[" milkweed"]
["Asclepias curassavica","FACU"]
[" Bloodflower"]
["Asclepias nivea","UPL"]
[" Caribbean milkweed"]
["Asparagus",""]
[" asparagus"]
["Asparagus aethiopicus","UPL"]
[" Sprenger's asparagus fern"]
["Asparagus setaceus","UPL"]
[" common asparagus fern"]
["Asplenium",""]
[" spleenwort"]
["Asplenium abscissum","FACW"]
[" Cut-Leaf Spleenwort"]
["Asplenium auriculatum","FAC"]
[" Tree-Trunk Spleenwort"]
["Asplenium cirrhatum","UPL"]
[" chestnut scale spleenwort"]
["Asplenium corderoanum","UPL"]
[" Rio Abajo spleenwort"]
["Asplenium cristatum","FAC"]
[" Parsley Spleenwort"]
["Asplenium dentatum","UPL"]
[" Toothed Spleenwort"]
["Asplenium erosum","UPL"]
[" eared spleenwort"]
["Asplenium feei","UPL"]
[" Fee's spleenwort"]
["Asplenium flabellulatum","UPL"]
[" Latin American spleenwort"]
["Asplenium formosum","FACW"]
[" Showy Spleenwort"]
["Asplenium heterochroum","UPL"]
[" Bicolored Spleenwort"]
["Asplenium insiticium","UPL"]
[" Royal Spleenwort"]
["Asplenium juglandifolium","FAC"]
[" Walnut Spleenwort"]
["Asplenium laetum","FACW"]
[" Brown-Stem Spleenwort"]
["Asplenium obtusifolium","OBL"]
[" Blunt-Leaf Spleenwort"]
["Asplenium ocoense","FAC"]
[" Rockledge Spleenwort"]
["Asplenium pseudoerectum","UPL"]
[" Antilles spleenwort"]
["Asplenium pteropus","FACU"]
[" West Indian Spleenwort"]
["Asplenium pumilum","UPL"]
[" Dwarf Spleenwort"]
["Asplenium radicans","UPL"]
[" dullgreen spleenwort"]
["Asplenium rhomboidale","UPL"]
[" Caribbean spleenwort"]
["Asplenium rutaceum","UPL"]
[" rue spleenwort"]
["Asplenium salicifolium","UPL"]
[" willowleaf spleenwort"]
["Asplenium serra","UPL"]
[" creeping spleenwort"]
["Asplenium serratum","UPL"]
[" wild birdnest fern"]
["Asplenium sessilifolium","UPL"]
[" Hispaniolan spleenwort"]
["Asplenium uniseriale","FAC"]
[" Shiny-Stem Spleenwort"]
["Asplenium verecundum","UPL"]
[" limestone spleenwort"]
["Astrolepis",""]
[" cloakfern"]
["Astrolepis sinuata","UPL"]
[" wavy scaly cloakfern"]
["Asystasia",""]
[" asystasia"]
["Asystasia gangetica","UPL"]
[" Chinese-Violet"]
["Atriplex",""]
[" saltbush"]
["Atriplex mucronata","FACU"]
[" Crested Saltbush"]
["Auerodendron",""]
[" auerodendron"]
["Auerodendron pauciflorum","UPL"]
[" turtlefat"]
["Avena",""]
[" oat"]
["Avena sativa","UPL"]
[" Oat"]
["Averrhoa",""]
[" averrhoa"]
["Averrhoa carambola","UPL"]
[" carambola"]
["Avicennia",""]
[" mangrove"]
["Avicennia germinans","OBL"]
[" Black Mangrove"]
["Axonopus",""]
[" carpetgrass"]
["Axonopus aureus","FAC"]
[" Golden Carpet Grass"]
["Axonopus compressus","FAC"]
[" Broad-Leaf Carpet Grass"]
["Axonopus fissifolius","FACU"]
[" Narrow-Leaf Carpet Grass"]
["Ayenia",""]
[" ayenia"]
["Ayenia ardua","UPL"]
[" wingstem ayenia"]
["Ayenia insulicola","UPL"]
[" dwarf ayenia"]
["Azadirachta",""]
[" azadirachta"]
["Azadirachta indica","UPL"]
[" neem"]
["Azolla",""]
[" mosquitofern"]
["Azolla microphylla","OBL"]
[" Mexican Mosquito Fern"]
["Baccharis",""]
[" baccharis"]
["Baccharis dioica","UPL"]
[" Broombush False Willow"]
["Baccharis myrsinites","UPL"]
[" Santo Domingo false willow"]
["Bacopa",""]
[" waterhyssop"]
["Bacopa innominata","OBL"]
[" Tropical Water-Hyssop"]
["Bacopa monnieri","OBL"]
[" Herb-of-Grace"]
["Bacopa repens","OBL"]
[" Creeping Water-Hyssop"]
["Bacopa stricta","OBL"]
[" Yerba-de-Culebra"]
["Bambusa",""]
[" bamboo"]
["Bambusa multiplex","UPL"]
[" hedge bamboo"]
["Bambusa vulgaris","FACU"]
[" Feathery Bamboo"]
["Banara",""]
[" palo de ramon"]
["Banara portoricensis","FACU"]
[" Puerto Rico Palo-de-Ramon"]
["Banara vanderbiltii","UPL"]
[" Vanderbilt's palo de ramon"]
["Banisteriopsis",""]
[" banisteriopsis"]
["Banisteriopsis lucida","UPL"]
[" paralejo de monte"]
["Barbieria",""]
[" barbieria"]
["Barbieria pinnata","UPL"]
[" clitoria"]
["Barleria",""]
[" Philippine violet"]
["Barleria cristata","UPL"]
[" Crested Philippine-Violet"]
["Barleria lupulina","UPL"]
[" hophead Philippine violet"]
["Barleria prionitis","UPL"]
[" porcupine flower"]
["Barleriola",""]
[" barleriola"]
["Barleriola solanifolia","UPL"]
[" false Philippine violet"]
["Barringtonia",""]
[" barringtonia"]
["Barringtonia asiatica","UPL"]
[" Sea Putat"]
["Basella",""]
[" basella"]
["Basella alba","UPL"]
[" Ceylon spinach"]
["Basiphyllaea",""]
[" basiphyllaea"]
["Basiphyllaea corallicola","UPL"]
[" Carter's orchid"]
["Bastardia",""]
[" bastardia"]
["Bastardia bivalvis","UPL"]
[" escoba babosa"]
["Bastardia viscosa","UPL"]
[" viscid mallow"]
["Bastardiopsis",""]
[" Indian mallow"]
["Bastardiopsis eggersii","UPL"]
[" Jost Van Dyke's Indian mallow"]
["Batis",""]
[" turtleweed"]
["Batis maritima","FACW"]
[" Turtleweed"]
["Bauhinia",""]
[" bauhinia"]
["Bauhinia galpinii","UPL"]
[" African plume"]
["Bauhinia monandra","UPL"]
[" Napoleon's plume"]
["Bauhinia multinervia","UPL"]
[" petite flamboyant bauhinia"]
["Bauhinia pauletia","UPL"]
[" railroadfence"]
["Bauhinia purpurea","UPL"]
[" butterfly tree"]
["Bauhinia tomentosa","UPL"]
[" St. Thomas tree"]
["Bauhinia variegata","UPL"]
[" mountain ebony"]
["Begonia",""]
[" begonia"]
["Begonia coccinea","UPL"]
[" scarlet begonia"]
["Begonia convolvulacea","UPL"]
[" morning-glory begonia"]
["Begonia cucullata","UPL"]
[" Clubbed Begonia"]
["Begonia decandra","FACW"]
[" Native Begonia"]
["Begonia heracleifolia","UPL"]
[" starleaf begonia"]
["Begonia hirtella","UPL"]
[" Brazilian Begonia"]
["Begonia nelumbiifolia","UPL"]
[" lilypad begonia"]
["Beilschmiedia",""]
[" beilschmiedia"]
["Beilschmiedia pendula","UPL"]
[" slugwood"]
["Belamcanda",""]
[" belamcanda"]
["Belamcanda chinensis","UPL"]
[" blackberry lily"]
["Bernardia",""]
[" myrtlecroton"]
["Bernardia dichotoma","UPL"]
[" Caribbean myrtlecroton"]
["Beta",""]
[" beet"]
["Beta vulgaris","UPL"]
[" common beet"]
["Bidens",""]
[" beggarticks"]
["Bidens cynapiifolia","UPL"]
[" West Indian beggarticks"]
["Bidens pilosa","FACU"]
[" Hairy Beggarticks"]
["Bidens reptans","UPL"]
[" manzanilla trepador"]
["Billbergia",""]
[" billbergia"]
["Billbergia pyramidalis","UPL"]
[" foolproofplant"]
["Bixa",""]
[" bixa"]
["Bixa orellana","UPL"]
[" Lipsticktree"]
["Blechnum",""]
[" midsorus fern"]
["Blechnum divergens","OBL"]
[" Ravine Mid-Sorus Fern"]
["Blechnum fragile","UPL"]
[" fragile midsorus fern"]
["Blechnum insularum","UPL"]
[" graceful midsorus fern"]
["Blechnum lineatum","FAC"]
[" Rockbank Mid-Sorus Fern"]
["Blechnum occidentale","FACU"]
[" Hammock Fern"]
["Blechnum polypodioides","FACU"]
[" Narrow-Leaf Mid-Sorus Fern"]
["Blechnum serrulatum","OBL"]
[" Toothed Mid-Sorus Fern"]
["Bletia",""]
[" bletia"]
["Bletia patula","UPL"]
[" flor de pasmo"]
["Blighia",""]
[" blighia"]
["Blighia sapida","UPL"]
[" akee"]
["Blutaparon",""]
[" blutaparon"]
["Blutaparon vermiculare","FACW"]
[" Bayflower"]
["Bocconia",""]
[" bocconia"]
["Bocconia frutescens","FAC"]
[" Parrotweed"]
["Boehmeria",""]
[" false nettle"]
["Boehmeria cylindrica","OBL"]
[" Small-Spike False Nettle"]
["Boehmeria nivea","UPL"]
[" Chinese grass"]
["Boehmeria repens","UPL"]
[" West Indian false nettle"]
["Boerhavia",""]
[" spiderling"]
["Boerhavia coccinea","UPL"]
[" scarlet spiderling"]
["Boerhavia diffusa","UPL"]
[" red spiderling"]
["Boerhavia erecta","UPL"]
[" Erect Spiderling"]
["Boerhavia scandens","UPL"]
[" climbing wartclub"]
["Bolbitis",""]
[" creepingfern"]
["Bolbitis aliena","FAC"]
[" Diamond Creeping Fern"]
["Bolbitis nicotianifolia","FACU"]
[" Thin-Leaf Creeping Fern"]
["Bolbitis pergamentacea","FACU"]
[" Woodland Creeping Fern"]
["Bolbitis portoricensis","FACU"]
[" Puerto Rico Creeping Fern"]
["Bontia",""]
[" bontia"]
["Bontia daphnoides","FACW"]
[" White Alling"]
["Borrichia",""]
[" seaside tansy"]
["Borrichia arborescens","FACW"]
[" Tree Seaside-Tansy"]
["Bothriochloa",""]
[" beardgrass"]
["Bothriochloa ischaemum","UPL"]
[" yellow bluestem"]
["Bothriochloa pertusa","UPL"]
[" pitted beardgrass"]
["Bothriochloa saccharoides","UPL"]
[" silver bluestem"]
["Bouchea",""]
[" bouchea"]
["Bouchea prismatica","UPL"]
[" prism bouchea"]
["Bougainvillea",""]
[" bougainvillea"]
["Bougainvillea glabra","UPL"]
[" paperflower"]
["Bougainvillea spectabilis","UPL"]
[" great bougainvillea"]
["Bourreria",""]
[" strongbark"]
["Bourreria radula","UPL"]
[" rough strongbark"]
["Bourreria succulenta","UPL"]
[" bodywood"]
["Bourreria virgata","UPL"]
[" roble de guayo"]
["Bouteloua",""]
[" grama"]
["Bouteloua americana","UPL"]
[" American grama"]
["Bouteloua juncea","UPL"]
[" lamilla"]
["Bouteloua repens","UPL"]
[" slender grama"]
["Brachionidium",""]
[" cup orchid"]
["Brachionidium ciliolatum","UPL"]
[" hairy cup orchid"]
["Brachionidium sherringii","UPL"]
[" Sherring's cup orchid"]
["Brachychiton",""]
[" brachychiton"]
["Brachychiton populneum","UPL"]
[" whiteflower kurrajong"]
["Brachyelytrum",""]
[" shorthusk"]
["Brachyelytrum erectum","FACU"]
[" Bearded Shorthusk"]
["Bracteantha",""]
[" strawflower"]
["Bracteantha bracteata","UPL"]
[" bracted strawflower"]
["Brasiliopuntia",""]
[" Brazilian pricklypear"]
["Brasiliopuntia brasiliensis","UPL"]
[" Brazilian pricklypear"]
["Brassavola",""]
[" brassavola"]
["Brassavola cucullata","UPL"]
[" daddy longlegs orchid"]
["Brassavola nodosa","UPL"]
[" lady of the night orchid"]
["Brassica",""]
[" mustard"]
["Brassica juncea","UPL"]
[" Chinese Mustard"]
["Brassica oleracea","UPL"]
[" cabbage"]
["Breynia",""]
[" breynia"]
["Breynia disticha","UPL"]
[" Snowbush"]
["Bromelia",""]
[" bromelia"]
["Bromelia pinguin","UPL"]
[" pinguin"]
["Broughtonia",""]
[" broughtonia"]
["Broughtonia domingensis","UPL"]
[" king orchid"]
["Browallia",""]
[" browallia"]
["Browallia americana","UPL"]
[" Jamaican-Forget-Me-Not"]
["Brugmansia",""]
[" brugmansia"]
["Brugmansia suaveolens","FACW"]
[" Angel's-Tears"]
["Brugmansia X candida","UPL"]
[" angel's-trumpet"]
["Brunellia",""]
[" brunellia"]
["Brunellia comocladiifolia","FACU"]
[" West Indian-Sumac"]
["Brunfelsia",""]
[" raintree"]
["Brunfelsia americana","UPL"]
[" American brunfelsia"]
["Brunfelsia densifolia","UPL"]
[" Serpentine Hill raintree"]
["Brunfelsia lactea","FAC"]
[" Vega-Blanca"]
["Brunfelsia nitida","UPL"]
[" Cuban raintree"]
["Brunfelsia portoricensis","FACW"]
[" Puerto Rico-Raintree"]
["Brya",""]
[" coccuswood"]
["Brya ebenus","UPL"]
[" ebony coccuswood"]
["Buchenavia",""]
[" buchenavia"]
["Buchenavia tetraphylla","FACU"]
[" Yellow-Sanders"]
["Buchnera",""]
[" bluehearts"]
["Buchnera americana","FACU"]
[" American Bluehearts"]
["Buchnera longifolia","OBL"]
[" Elongated Bluehearts"]
["Bucida",""]
[" bucida"]
["Bucida buceras","FACU"]
[" Gregory-Wood"]
["Buddleja",""]
[" butterflybush"]
["Buddleja davidii","UPL"]
[" Orange-Eye Butterfly-Bush"]
["Buddleja madagascariensis","UPL"]
[" Smokebush"]
["Bulbophyllum",""]
[" bulbophyllum"]
["Bulbophyllum pachyrachis","UPL"]
[" rat-tail orchid"]
["Bulbostylis",""]
[" hairsedge"]
["Bulbostylis antillana","FAC"]
[" Antilles Hair Sedge"]
["Bulbostylis capillaris","FAC"]
[" Dense-Tuft Hair Sedge"]
["Bulbostylis curassavica","UPL"]
[" West Indian hairsedge"]
["Bulbostylis funckii","FACW"]
[" Funck's Hair Sedge"]
["Bulbostylis pauciflora","UPL"]
[" fewflower hairsedge"]
["Bulbostylis stenocarpa","UPL"]
[" Caribbean hairsedge"]
["Bulbostylis subaphylla","UPL"]
["Bulbostylis vestita","UPL"]
[" tufted hairsedge"]
["Bunchosia",""]
[" woodland coffee"]
["Bunchosia glandulifera","UPL"]
[" cafe falso"]
["Bunchosia glandulosa","UPL"]
[" cafe forastero"]
["Bunchosia polystachia","UPL"]
[" woodland coffee"]
["Burmannia",""]
[" bluethread"]
["Burmannia capitata","FACW"]
[" Southern Bluethread"]
["Bursera",""]
[" bursera"]
["Bursera simaruba","UPL"]
[" gumbo limbo"]
["Buxus",""]
[" boxwood"]
["Buxus portoricensis","UPL"]
[" Puerto Rico box"]
["Buxus vahlii","UPL"]
[" Vahl's box"]
["Byrsonima",""]
[" byrsonima"]
["Byrsonima crassifolia","FACU"]
[" Nance"]
["Byrsonima lucida","UPL"]
[" Long Key locustberry"]
["Byrsonima spicata","FACU"]
[" Doncella"]
["Byrsonima wadsworthii","UPL"]
[" almendrillo"]
["Cabomba",""]
[" fanwort"]
["Cabomba furcata","OBL"]
[" Whorled-Leaf Fanwort"]
["Cabomba haynesii","OBL"]
[" Opposite-Leaf Fanwort"]
["Caesalpinia",""]
[" nicker"]
["Caesalpinia bonduc","FACU"]
[" Yellow Nicker"]
["Caesalpinia ciliata","UPL"]
[" mato"]
["Caesalpinia coriaria","UPL"]
[" divi divi"]
["Caesalpinia culebrae","UPL"]
[" smooth yellow nicker"]
["Caesalpinia decapetala","FACU"]
[" Shoofly"]
["Caesalpinia divergens","UPL"]
[" small yellow nicker"]
["Caesalpinia gilliesii","UPL"]
[" bird-of-paradise shrub"]
["Caesalpinia major","UPL"]
[" Hawai'i pearls"]
["Caesalpinia monensis","UPL"]
[" black nicker"]
["Caesalpinia portoricensis","UPL"]
[" brown nicker"]
["Caesalpinia pulcherrima","UPL"]
[" pride-of-Barbados"]
["Cajanus",""]
[" cajanus"]
["Cajanus cajan","UPL"]
[" pigeonpea"]
["Cakile",""]
[" searocket"]
["Cakile lanceolata","FAC"]
[" Coastal Searocket"]
["Caladium",""]
[" caladium"]
["Caladium bicolor","FACW"]
[" Heart-of-Jesus"]
["Calathea",""]
[" calathea"]
["Calathea allouia","UPL"]
[" llerenes"]
["Calathea crotalifera","UPL"]
[" rattlesnake plant"]
["Calathea lutea","FACW"]
[" Pampano"]
["Calathea zebrina","UPL"]
[" zebraplant"]
["Calliandra",""]
[" stickpea"]
["Calliandra haematomma","UPL"]
[" red powderpuff"]
["Calliandra locoensis","UPL"]
[" Rio Loc stickpea"]
["Calliandra purpurea","UPL"]
[" purple stickpea"]
["Calliandra surinamensis","UPL"]
[" Surinamese stickpea"]
["Callicarpa",""]
[" beautyberry"]
["Callicarpa ampla","FAC"]
[" Caparosa"]
["Callisia",""]
[" roseling"]
["Callisia fragrans","UPL"]
[" basketplant"]
["Callisia monandra","FACU"]
[" Cojite-Morado"]
["Callisia repens","FACU"]
[" Creeping-Inchplant"]
["Callistemon",""]
[" bottlebrush"]
["Callistemon citrinus","UPL"]
[" crimson bottlebrush"]
["Caloncoba",""]
[" caloncoba"]
["Caloncoba echinata","UPL"]
[" caloncoba"]
["Calophyllum",""]
[" calophyllum"]
["Calophyllum antillanum","FAC"]
[" West Indian-Laurel"]
["Calophyllum inophyllum","UPL"]
[" Alexandrian-Laurel"]
["Calopogonium",""]
[" calopogonium"]
["Calopogonium caeruleum","FAC"]
[" Jicama"]
["Calopogonium mucunoides","FACU"]
[" Calopo"]
["Calotropis",""]
[" calotropis"]
["Calotropis procera","UPL"]
[" roostertree"]
["Calycophyllum",""]
[" calycophyllum"]
["Calycophyllum candidissimum","UPL"]
[" degame"]
["Calyptranthes",""]
[" mountainbay"]
["Calyptranthes acevedoi","UPL"]
[" Puerto Rico mountainbay"]
["Calyptranthes estremenae","UPL"]
[" Las Cuevas mountainbay"]
["Calyptranthes krugii","FACW"]
[" Limoncillo"]
["Calyptranthes luquillensis","OBL"]
[" Luquillo Forest Lidflower"]
["Calyptranthes martorellii","UPL"]
[" Martorell's lidflower"]
["Calyptranthes pallens","UPL"]
[" pale lidflower"]
["Calyptranthes peduncularis","UPL"]
[" Maricao lidflower"]
["Calyptranthes portoricensis","OBL"]
[" Puerto Rico Lidflower"]
["Calyptranthes sintenisii","UPL"]
[" limoncillo de monte"]
["Calyptranthes thomasiana","UPL"]
[" Thomas' lidflower"]
["Calyptranthes triflora","FACW"]
[" Three-Blossom Lidflower"]
["Calyptranthes woodburyi","UPL"]
[" Woodbury's lidflower"]
["Calyptranthes zuzygium","UPL"]
[" myrtle of the river"]
["Calyptronoma",""]
[" manac"]
["Calyptronoma rivalis","OBL"]
[" Puerto Rico Manac"]
["Campylocentrum",""]
[" bentspur orchid"]
["Campylocentrum fasciolum","UPL"]
[" arboreal bentspur orchid"]
["Campylocentrum filiforme","UPL"]
[" needleroot bentspur orchid"]
["Campylocentrum micranthum","UPL"]
[" fairy bentspur orchid"]
["Campylocentrum pachyrrhizum","UPL"]
[" leafless bentspur orchid"]
["Campylocentrum pygmaeum","UPL"]
[" pygmy bentspur orchid"]
["Campyloneurum",""]
[" strapfern"]
["Campyloneurum angustifolium","UPL"]
[" narrow strapfern"]
["Campyloneurum costatum","UPL"]
[" Tailed Strap Fern"]
["Campyloneurum latum","UPL"]
[" birdwing fern"]
["Campyloneurum phyllitidis","UPL"]
[" long strapfern"]
["Campyloneurum repens","FACW"]
[" Creeping Strap Fern"]
["Cananga",""]
[" ilang-ilang"]
["Cananga odorata","UPL"]
[" Perfumetree"]
["Canavalia",""]
[" jackbean"]
["Canavalia brasiliensis","UPL"]
[" Brazilian jackbean"]
["Canavalia ensiformis","UPL"]
[" jack bean"]
["Canavalia gladiata","UPL"]
[" sword jackbean"]
["Canavalia nitida","UPL"]
[" Bahama baybean"]
["Canavalia rosea","FAC"]
[" Bay-Bean"]
["Canella",""]
[" wild cinnamon"]
["Canella winterana","UPL"]
[" wild cinnamon"]
["Canna",""]
[" canna"]
["Canna glauca","OBL"]
[" Brazilian Arrow-Wood"]
["Canna indica","FAC"]
[" Indian-Shot"]
["Canna jaegeriana","FAC"]
[" Caribbean Canna"]
["Cannabis",""]
[" hemp"]
["Cannabis sativa","UPL"]
[" marijuana"]
["Caperonia",""]
[" false croton"]
["Caperonia palustris","OBL"]
[" Sacatrapo"]
["Capparis",""]
[" caper"]
["Capparis amplissima","UPL"]
[" burro blanco"]
["Capparis baducca","UPL"]
[" caper"]
["Capparis flexuosa","UPL"]
[" falseteeth"]
["Capparis hastata","UPL"]
[" broadleaf caper"]
["Capparis indica","UPL"]
[" linguam"]
["Capraria",""]
[" capraria"]
["Capraria biflora","FAC"]
[" Goatweed"]
["Capsicum",""]
[" pepper"]
["Capsicum annuum","UPL"]
[" cayenne pepper"]
["Cardamine",""]
[" bittercress"]
["Cardamine flexuosa","FACU"]
[" Woodland Bittercress"]
["Cardiospermum",""]
[" balloonvine"]
["Cardiospermum corindum","UPL"]
[" faux persil"]
["Cardiospermum halicacabum","UPL"]
[" Love-in-a-Puff"]
["Cardiospermum microcarpum","UPL"]
[" Heartseed"]
["Carex",""]
[" sedge"]
["Carex longii","FACW"]
[" Long's Sedge"]
["Carex polystachya","UPL"]
[" Caribbean sedge"]
["Carica",""]
[" papaya"]
["Carica papaya","UPL"]
[" Papaya"]
["Carissa",""]
[" carissa"]
["Carissa macrocarpa","UPL"]
[" amatungulu"]
["Carludovica",""]
[" carludovica"]
["Carludovica palmata","UPL"]
[" Panama hat plant"]
["Casearia",""]
[" casearia"]
["Casearia aculeata","UPL"]
[" rabo de ranton"]
["Casearia arborea","FAC"]
[" Gia-Verde"]
["Casearia decandra","FAC"]
[" Wild Honeytree"]
["Casearia guianensis","FAC"]
[" Guyanese Wild Coffee"]
["Casearia sylvestris","FAC"]
[" Crackopen"]
["Cassia",""]
[" cassia"]
["Cassia fistula","UPL"]
[" golden shower"]
["Cassia grandis","UPL"]
[" pink shower"]
["Cassia javanica","UPL"]
[" apple blossom"]
["Cassine",""]
[" cassine"]
["Cassine xylocarpa","UPL"]
[" marbletree"]
["Cassipourea",""]
[" cassipourea"]
["Cassipourea guianensis","FACU"]
[" Goatwood"]
["Cassytha",""]
[" cassytha"]
["Cassytha filiformis","UPL"]
[" Devil's-Gut"]
["Castela",""]
[" castela"]
["Castela erecta","UPL"]
[" goatbush"]
["Castilla",""]
[" castilla"]
["Castilla elastica","UPL"]
[" Panama rubbertree"]
["Casuarina",""]
[" sheoak"]
["Casuarina cunninghamiana","UPL"]
[" River She-Oak"]
["Casuarina equisetifolia","FACU"]
[" Beach She-Oak"]
["Casuarina lepidophloia","UPL"]
[" belah"]
["Catalpa",""]
[" catalpa"]
["Catalpa longissima","UPL"]
[" Haitian catalpa"]
["Catesbaea",""]
[" lilythorn"]
["Catesbaea melanocarpa","UPL"]
[" tropical lilythorn"]
["Catesbaea parviflora","UPL"]
[" smallflower lilythorn"]
["Catharanthus",""]
[" periwinkle"]
["Catharanthus roseus","FACU"]
[" Madagascar-Periwinkle"]
["Catopsis",""]
[" strap airplant"]
["Catopsis berteroniana","UPL"]
[" powdery strap airplant"]
["Catopsis floribunda","UPL"]
[" Florida strap airplant"]
["Catopsis nitida","UPL"]
[" Caribbean strap airplant"]
["Catopsis nutans","UPL"]
[" nodding strap airplant"]
["Catopsis sessiliflora","UPL"]
[" sessileleaf strap airplant"]
["Cayaponia",""]
[" melonleaf"]
["Cayaponia americana","FACU"]
[" American Melonleaf"]
["Cayaponia racemosa","UPL"]
[" mountain melonleaf"]
["Cecropia",""]
[" pumpwood"]
["Cecropia schreberiana","FAC"]
[" Pumpwood"]
["Cedrela",""]
[" cedrela"]
["Cedrela odorata","UPL"]
[" Spanish-Cedar"]
["Ceiba",""]
[" ceiba"]
["Ceiba aesculifolia","UPL"]
[" pochote"]
["Ceiba pentandra","UPL"]
[" kapoktree"]
["Celosia",""]
[" cock's comb"]
["Celosia argentea","UPL"]
[" Silver Cock's-Comb"]
["Celosia nitida","UPL"]
[" West Indian cock's comb"]
["Celosia virgata","UPL"]
[" albahaca"]
["Celtis",""]
[" hackberry"]
["Celtis iguanaea","UPL"]
[" iguana hackberry"]
["Celtis trinervia","UPL"]
[" almex"]
["Cenchrus",""]
[" sandbur"]
["Cenchrus brownii","UPL"]
[" Slim-Bristle Sandburr"]
["Cenchrus ciliaris","UPL"]
[" Buffel Grass"]
["Cenchrus clandestinus","UPL"]
[" Kikuyu Grass"]
["Cenchrus echinatus","UPL"]
[" Southern Sandburr"]
["Cenchrus gracillimus","UPL"]
[" slender sandbur"]
["Cenchrus myosuroides","UPL"]
[" Big Sandburr"]
["Cenchrus polystachios","UPL"]
[" Mission Grass"]
["Cenchrus purpureus","FAC"]
[" Elephant Grass"]
["Cenchrus spinifex","UPL"]
[" coastal sandbur"]
["Cenchrus tribuloides","UPL"]
[" Sand-Dune Sandburr"]
["Centella",""]
[" centella"]
["Centella erecta","FACW"]
[" Stiff Spadeleaf"]
["Centratherum",""]
[" centratherum"]
["Centratherum punctatum","FACU"]
[" Larkdaisy"]
["Centrosema",""]
[" butterfly pea"]
["Centrosema plumieri","UPL"]
[" feefee"]
["Centrosema pubescens","UPL"]
[" Mexican Butterfly-Pea"]
["Centrosema virginianum","UPL"]
[" spurred butterfly pea"]
["Ceratophyllum",""]
[" hornwort"]
["Ceratophyllum demersum","OBL"]
[" Coon's-Tail"]
["Ceratopteris",""]
[" antlerfern"]
["Ceratopteris richardii","OBL"]
[" Triangle Water Fern"]
["Ceratopteris thalictroides","OBL"]
[" Watersprite"]
["Cereus",""]
[" sweetpotato cactus"]
["Cereus hexagonus","UPL"]
[" lady of the night cactus"]
["Cereus hildmannianus","UPL"]
[" hedge cactus"]
["Cestrum",""]
[" jessamine"]
["Cestrum alternifolium","UPL"]
[" alternateleaf jessamine"]
["Cestrum diurnum","UPL"]
[" Day Flowering-Jassamine"]
["Cestrum laurifolium","FACU"]
[" Galan-Del-Monte"]
["Cestrum nocturnum","UPL"]
[" Night Flowering-Jassamine"]
["Cestrum salicifolium","UPL"]
[" pussywillow jessamine"]
["Chamaecrista",""]
[" sensitive pea"]
["Chamaecrista diphylla","FACU"]
[" Two-Leaf Sensitive-Pea"]
["Chamaecrista glandulosa","UPL"]
[" Jamaican broom"]
["Chamaecrista lineata","UPL"]
[" narrowpod sensitive pea"]
["Chamaecrista nictitans","FACU"]
[" Partridge-Pea"]
["Chamaecrista portoricensis","UPL"]
[" Puerto Rico sensitive pea"]
["Chamaecrista rotundifolia","UPL"]
[" roundleaf sensitive pea"]
["Chamaesyce",""]
[" sandmat"]
["Chamaesyce adenoptera","UPL"]
[" southern Florida sandmat"]
["Chamaesyce articulata","UPL"]
[" jointed sandmat"]
["Chamaesyce berteriana","UPL"]
[" Berteron's sandmat"]
["Chamaesyce blodgettii","UPL"]
[" limestone sandmat"]
["Chamaesyce cowellii","UPL"]
[" Cowell's sandmat"]
["Chamaesyce lasiocarpa","UPL"]
[" roadside sandmat"]
["Chamaesyce ophthalmica","UPL"]
[" Florida hammock sandmat"]
["Chamaesyce orbifolia","UPL"]
[" Mona Island sandmat"]
["Chamaesyce turpinii","UPL"]
[" Turpin's sandmat"]
["Chamissoa",""]
[" chamissoa"]
["Chamissoa altissima","FACU"]
[" False Chaff-Flower"]
["Chaptalia",""]
[" sunbonnetts"]
["Chaptalia albicans","UPL"]
[" white sunbonnets"]
["Chaptalia dentata","UPL"]
[" pineland daisy"]
["Chaptalia nutans","UPL"]
[" heal and draw"]
["Cheilanthes",""]
[" lipfern"]
["Cheilanthes microphylla","UPL"]
[" southern lipfern"]
["Cheilanthes paupercula","UPL"]
[" streambank lipfern"]
["Cheilocostus",""]
[" cheilocostus"]
["Cheilocostus speciosus","FAC"]
[" Cane-Reed"]
["Cheiroglossa",""]
[" cheiroglossa fern"]
["Cheiroglossa palmata","UPL"]
[" hand fern"]
["Chenopodium",""]
[" goosefoot"]
["Chenopodium murale","UPL"]
[" Nettle-Leaf Goosefoot"]
["Chiococca",""]
[" milkberry"]
["Chiococca alba","UPL"]
[" West Indian Milkberry"]
["Chionanthus",""]
[" fringetree"]
["Chionanthus axilliflorus","UPL"]
[" hueso"]
["Chionanthus compactus","UPL"]
[" bridgotree"]
["Chionanthus domingensis","UPL"]
[" white rosewood"]
["Chionanthus holdridgei","UPL"]
[" hueso prieto"]
["Chionanthus ligustrinus","UPL"]
[" cabra blanca"]
["Chione",""]
[" chione"]
["Chione seminervis","UPL"]
[" puntaj jayuya"]
["Chione venosa","UPL"]
[" fatpork"]
["Chloris",""]
[" windmill grass"]
["Chloris barbata","FACU"]
[" Swollen Windmill Grass"]
["Chloris ciliata","FACU"]
[" Fringed Windmill Grass"]
["Chloris cubensis","UPL"]
[" Cuban windmill grass"]
["Chloris elata","UPL"]
[" tall windmill grass"]
["Chloris gayana","FACU"]
[" Rhodes Grass"]
["Chloris radiata","FACU"]
[" Plush Grass"]
["Chloris sagraeana","UPL"]
[" roadside windmill grass"]
["Chorisia",""]
[" silk-floss tree"]
["Chorisia speciosa","UPL"]
[" silk-floss tree"]
["Christella",""]
[" christella"]
["Christella dentata","FACU"]
[" Pai'i'iho"]
["Christella hispidula","FAC"]
[" Rough-Hairy Waterfall Fern"]
["Christia",""]
[" island pea"]
["Christia verspertilionis","UPL"]
[" East Indian island pea"]
["Chromolaena",""]
[" thoroughwort"]
["Chromolaena borinquensis","UPL"]
[" limestone thoroughwort"]
["Chromolaena corymbosa","UPL"]
[" Caribbean thoroughwort"]
["Chromolaena geraniifolia","UPL"]
[" geraniumleaf thoroughwort"]
["Chromolaena ivifolia","UPL"]
[" ivyleaf thoroughwort"]
["Chromolaena odorata","FACU"]
[" Jack-in-the-Bush"]
["Chromolaena oteroi","UPL"]
[" Mona Island thoroughwort"]
["Chromolaena sinuata","UPL"]
[" wavyleaf thoroughwort"]
["Chrysobalanus",""]
[" chrysobalanus"]
["Chrysobalanus icaco","FAC"]
[" Icaco Coco-Plum"]
["Chrysophyllum",""]
[" chrysophyllum"]
["Chrysophyllum argenteum","FACW"]
[" Bastard-Redwood"]
["Chrysophyllum cainito","UPL"]
[" star apple"]
["Chrysophyllum oliviforme","UPL"]
[" satinleaf"]
["Chrysophyllum pauciflorum","UPL"]
[" camito de perro"]
["Chrysopogon"]
[" false beardgrass"]
["Chrysopogon zizanioides","FAC"]
[" Khus-Khus"]
["Chrysothemis",""]
[" chrysothemis"]
["Chrysothemis pulchella","UPL"]
[" squarestem"]
["Chusquea",""]
[" chusquea bamboo"]
["Chusquea abietifolia","FAC"]
[" Climbing Bamboo"]
["Cicer",""]
[" cicer"]
["Cicer arietinum","UPL"]
[" chick pea"]
["Cienfuegosia",""]
[" flymallow"]
["Cienfuegosia heterophylla","UPL"]
[" variableleaf flymallow"]
["Cinnamomum",""]
[" cinnamon"]
["Cinnamomum camphora","UPL"]
[" Camphortree"]
["Cinnamomum elongatum","FACU"]
[" Laurel-Avispillo"]
["Cinnamomum montanum","UPL"]
[" avispillo"]
["Cinnamomum verum","UPL"]
[" cinnamon"]
["Cirsium",""]
[" thistle"]
["Cirsium mexicanum","UPL"]
[" Mexican thistle"]
["Cissampelos",""]
[" cissampelos"]
["Cissampelos pareira","UPL"]
[" velvetleaf"]
["Cissus",""]
[" treebine"]
["Cissus erosa","FACU"]
[" Caro-de-Tres-Hojas"]
["Cissus intermedia","UPL"]
[" intermediate treebine"]
["Cissus obovata","UPL"]
[" spoonleaf treebine"]
["Cissus trifoliata","FACU"]
[" Sorrelvine"]
["Cissus tuberculata","UPL"]
[" West Indian treebine"]
["Cissus verticillata","FAC"]
[" Seasonvine"]
["Citharexylum",""]
[" fiddlewood"]
["Citharexylum caudatum","FACU"]
[" Juniper-Berry"]
["Citharexylum spinosum","UPL"]
[" Spiny Fiddlewood"]
["Citharexylum tristachyum","UPL"]
[" threespike fiddlewood"]
["Citharexylum X perkinsii","UPL"]
[" fiddlewood"]
["Citrullus",""]
[" watermelon"]
["Citrullus lanatus","UPL"]
[" Watermelon"]
["Citrus",""]
[" citrus"]
["Citrus aurantiifolia","UPL"]
["Citrus limetta","UPL"]
[" bitter orange"]
["Citrus maxima","UPL"]
[" shaddock"]
["Citrus medica","UPL"]
[" Citron"]
["Citrus reticulata","UPL"]
[" Tangerine"]
["Citrus X aurantiifolia","UPL"]
[" key lime"]
["Citrus X aurantium","UPL"]
["Citrus X limon","UPL"]
["Citrus X limonia","UPL"]
[" Mandarin lime"]
["Citrus X paradisi","UPL"]
[" grapefruit"]
["Citrus X sinensis","UPL"]
["Cladium",""]
[" sawgrass"]
["Cladium colocasia","UPL"]
[" malanga"]
["Cladium mariscus","OBL"]
[" Swamp Saw-Grass"]
["Clematis",""]
[" leather flower"]
["Clematis dioica","UPL"]
[" cabellos de angel"]
["Cleome",""]
[" spiderflower"]
["Cleome serrata","UPL"]
[" toothed spiderflower"]
["Cleome speciosa","UPL"]
[" volantines preciosos"]
["Cleome stenophylla","UPL"]
[" tropical spiderflower"]
["Clerodendrum",""]
[" glorybower"]
["Clerodendrum aculeatum","FACW"]
[" Haggarbush"]
["Clerodendrum bungei","UPL"]
[" rose glorybower"]
["Clerodendrum chinense","UPL"]
[" Stickbush"]
["Clerodendrum indicum","UPL"]
[" turk's turbin"]
["Clerodendrum inerme","FACU"]
[" Embrert"]
["Clerodendrum speciosissimum","UPL"]
[" Javanese glorybower"]
["Clerodendrum thompsoniae","UPL"]
[" bagflower"]
["Clerodendrum wallichii","UPL"]
[" Wallich's glorybower"]
["Clerodendrum X speciosum","UPL"]
[" glorybower"]
["Clibadium",""]
[" clibadium"]
["Clibadium erosum","FACW"]
[" Jackass-Breadnut"]
["Clidemia",""]
[" clidemia"]
["Clidemia angustilamina","UPL"]
[" narrowleaf terciopelo"]
["Clidemia cymosa","FACW"]
[" Camasey Tercipelo"]
["Clidemia hirta","FACW"]
[" Soapbush"]
["Clidemia strigillosa","FACW"]
[" Strigose Tercipelo"]
["Clitoria",""]
[" pigeonwings"]
["Clitoria fairchildiana","UPL"]
[" Philippine pigeonwings"]
["Clitoria falcata","FAC"]
[" Sickle Pigeonwings"]
["Clitoria laurifolia","FACW"]
[" Laurel-Leaf Pigeonwings"]
["Clitoria ternatea","UPL"]
[" Asian Pigeonwings"]
["Clusia",""]
[" attorney"]
["Clusia clusioides","FAC"]
[" Cupeillo"]
["Clusia gundlachii","FAC"]
[" Grundlach's-Attorney"]
["Clusia minor","FACW"]
[" Cupey-de-Monte"]
["Clusia rosea","FACU"]
[" Scotch-Attorney"]
["Cnemidaria",""]
[" cnemidaria"]
["Cnemidaria horrida","FAC"]
[" Deepwoods Fern"]
["Cnidoscolus",""]
[" cnidoscolus"]
["Cnidoscolus aconitifolius","UPL"]
[" treadsoftly"]
["Coccinia",""]
[" coccinia"]
["Coccinia grandis","UPL"]
[" ivy gourd"]
["Coccocypselum",""]
[" coccocypselum"]
["Coccocypselum herbaceum","UPL"]
[" yerba de guava"]
["Coccoloba",""]
[" coccoloba"]
["Coccoloba costata","UPL"]
[" uvilla"]
["Coccoloba diversifolia","UPL"]
[" tietongue"]
["Coccoloba krugii","UPL"]
[" whitewood"]
["Coccoloba microstachya","UPL"]
[" puckhout"]
["Coccoloba pallida","UPL"]
[" pale seagrape"]
["Coccoloba pubescens","UPL"]
[" grandleaf seagrape"]
["Coccoloba pyrifolia","FAC"]
[" Uvera"]
["Coccoloba rugosa","FAC"]
[" Ortegon"]
["Coccoloba sintenisii","FACU"]
[" Uvero-de-Monte"]
["Coccoloba swartzii","FAC"]
[" Swartz's Pigeon-Plum"]
["Coccoloba tenuifolia","UPL"]
[" Bahama pigeonplum"]
["Coccoloba uvifera","FACU"]
[" Seaside-Grape"]
["Coccoloba venosa","UPL"]
[" false chiggergrape"]
["Coccothrinax",""]
[" silver palm"]
["Coccothrinax barbadensis","UPL"]
[" Puerto Rico silver palm"]
["Cochleanthes",""]
[" cochleanthes"]
["Cochleanthes flabelliformis","UPL"]
[" fanshape orchid"]
["Cochlidium",""]
[" snailfern"]
["Cochlidium jungens","UPL"]
[" mountain snailfern"]
["Cochlidium rostratum","UPL"]
[" beaked snailfern"]
["Cochlidium seminudum","UPL"]
[" tree snailfern"]
["Cochlidium serrulatum","UPL"]
[" toothed snailfern"]
["Cochlospermum",""]
[" cochlospermum"]
["Cochlospermum vitifolium","UPL"]
[" silk cottontree"]
["Cocos",""]
[" coconut palm"]
["Cocos nucifera","FACU"]
[" Coconut Palm"]
["Codariocalyx",""]
[" tick trefoil"]
["Codariocalyx gyroides","UPL"]
[" false tick trefoil"]
["Codiaeum",""]
[" codiaeum"]
["Codiaeum variegatum","UPL"]
[" garden croton"]
["Coffea",""]
[" coffee"]
["Coffea arabica","UPL"]
[" Arabian Coffee"]
["Coffea liberica","UPL"]
[" Liberian Coffee"]
["Coix",""]
[" Job's tears"]
["Coix lacryma-jobi","OBL"]
[" Job's-Tears"]
["Cojoba",""]
[" cojoba"]
["Cojoba arborea","UPL"]
[" wild tamarind"]
["Cola",""]
[" cola"]
["Cola acuminata","UPL"]
[" abata cola"]
["Coleataenia",""]
[" coleataenia"]
["Coleataenia rigidula","OBL"]
[" Red-Top Cut-Throat Grass"]
["Coleataenia stenodes","OBL"]
[" Savannah Cut-Throat Grass"]
["Coleataenia tenera","OBL"]
[" Southeastern Cut-Throat Grass"]
["Colocasia",""]
[" colocasia"]
["Colocasia esculenta","OBL"]
[" Coco-Yam"]
["Colubrina",""]
[" nakedwood"]
["Colubrina arborescens","UPL"]
[" greenheart"]
["Colubrina elliptica","UPL"]
[" soldierwood"]
["Colubrina glandulosa","UPL"]
[" glandular nakedwood"]
["Colubrina verrucosa","UPL"]
[" Urban's nakedwood"]
["Columnea",""]
[" columnea"]
["Columnea ambigua","UPL"]
[" tibey de cresta"]
["Columnea scandens","UPL"]
[" tibey parasito"]
["Commelina",""]
[" dayflower"]
["Commelina benghalensis","UPL"]
[" Jio"]
["Commelina diffusa","FAC"]
[" Climbing Dayflower"]
["Commelina erecta","FAC"]
[" White-Mouth Dayflower"]
["Commelina rufipes","FACU"]
[" Cojite-Blanco"]
["Commelina virginica","FACU"]
[" Virginia Dayflower"]
["Comocladia",""]
[" maidenplum"]
["Comocladia dodonaea","UPL"]
[" poison ash"]
["Comocladia glabra","FAC"]
[" Carrasco"]
["Comparettia",""]
[" comparettia"]
["Comparettia falcata","UPL"]
[" snail orchid"]
["Condea"]
[" condea"]
["Condea americana","FAC"]
["Condylidium",""]
[" villalba"]
["Condylidium iresinoides","UPL"]
[" villalba"]
["Congea",""]
[" congea"]
["Congea tomentosa","UPL"]
[" lluvia de orquideas"]
["Conocarpus",""]
[" mangrove"]
["Conocarpus erectus","FACW"]
[" Button Mangrove"]
["Conostegia",""]
[" snailwood"]
["Conostegia rufescens","FAC"]
[" Rufous Snailwood"]
["Consolea",""]
[" pricklypear"]
["Consolea moniliformis","UPL"]
[" tuna"]
["Consolea rubescens","UPL"]
[" sour pricklypear"]
["Convolvulus",""]
[" bindweed"]
["Convolvulus nodiflorus","UPL"]
[" aguinaldo blanco"]
["Conyza",""]
[" horseweed"]
["Conyza floribunda","UPL"]
[" asthmaweed"]
["Conyza laevigata","UPL"]
[" manzanilla horseweed"]
["Conyza primulifolia","UPL"]
[" primroseleaf horseweed"]
["Copaifera",""]
[" copaifera"]
["Copaifera officinalis","UPL"]
[" copaiba"]
["Corchorus",""]
[" corchorus"]
["Corchorus aestuans","UPL"]
[" Jute"]
["Corchorus hirsutus","UPL"]
[" jackswitch"]
["Corchorus hirtus","UPL"]
[" Orinoco jute"]
["Corchorus siliquosus","FACU"]
[" Slippery-Burr"]
["Cordia",""]
[" cordia"]
["Cordia alliodora","UPL"]
[" Spanish elm"]
["Cordia angustifolia","UPL"]
[" basora"]
["Cordia bahamensis","UPL"]
[" Bahama manjack"]
["Cordia bellonis","FACW"]
[" Serpentine Manjack"]
["Cordia borinquensis","FACW"]
[" Muneco"]
["Cordia collococca","UPL"]
[" red manjack"]
["Cordia gerascanthus","UPL"]
[" yauco"]
["Cordia globosa","UPL"]
[" curaciao bush"]
["Cordia laevigata","UPL"]
[" smooth manjack"]
["Cordia lima","UPL"]
[" lija"]
["Cordia obliqua","UPL"]
[" clammy cherry"]
["Cordia polycephala","UPL"]
[" black-sage"]
["Cordia rickseckeri","UPL"]
[" San Bartolome"]
["Cordia rupicola","UPL"]
[" Puerto Rico manjack"]
["Cordia sebestena","UPL"]
[" Large-Leaf Geigertree"]
["Cordia sulcata","UPL"]
[" mucilage manjack"]
["Cordia wagneriorum","FAC"]
[" Luquillo Mountain Manjack"]
["Cordyline",""]
[" cordyline"]
["Cordyline fruticosa","UPL"]
[" Tiplant"]
["Coriandrum",""]
[" coriander"]
["Coriandrum sativum","UPL"]
[" coriander"]
["Cornutia",""]
[" cornutia"]
["Cornutia obovata","FAC"]
[" Nigua"]
["Cornutia pyramidata","UPL"]
[" azulejo"]
["Coronopus",""]
[" swinecress"]
["Coronopus didymus","UPL"]
[" lesser swinecress"]
["Corymbia",""]
[" corymbia"]
["Corymbia citriodora","UPL"]
[" Lemon-Scented Ghost-Gum"]
["Corymborkis",""]
[" crow orchid"]
["Corymborkis forcipigera","UPL"]
[" lime orchid"]
["Cosmos",""]
[" cosmos"]
["Cosmos caudatus","UPL"]
[" wild cosmos"]
["Cosmos sulphureus","UPL"]
[" Sulphur Cosmos"]
["Costus",""]
[" costus"]
["Costus guanaiensis","FACW"]
[" Cana-de-India"]
["Costus malortieanus","UPL"]
[" stepladder ginger"]
["Costus scaber","UPL"]
[" spiral ginger"]
["Costus spicatus","FACW"]
[" Spiked Spiralflag"]
["Couroupita",""]
[" cannonball tree"]
["Couroupita guianensis","UPL"]
[" cannonball tree"]
["Coursetia",""]
[" babybonnets"]
["Coursetia caribaea","UPL"]
[" anil falso"]
["Cranichis",""]
[" helmet orchid"]
["Cranichis muscosa","FACU"]
[" Cypress-Knee Helmet Orchid"]
["Cranichis ricartii","UPL"]
[" Puerto Rico helmet orchid"]
["Craniolaria",""]
[" craniolaria"]
["Craniolaria annua","UPL"]
[" escorzonera"]
["Crassocephalum",""]
[" ragleaf"]
["Crassocephalum crepidioides","FACU"]
[" Red-Flower Ragleaf"]
["Crescentia",""]
[" crescentia"]
["Crescentia alata","UPL"]
[" morrito"]
["Crescentia cujete","UPL"]
[" common calabash tree"]
["Crescentia linearifolia","UPL"]
[" higuerito"]
["Crescentia portoricensis","FAC"]
[" Higuero-de-Sierra"]
["Crinum",""]
[" swamplily"]
["Crinum asiaticum","UPL"]
[" Poisonbulb"]
["Crinum zeylanicum","UPL"]
[" Ceylon Swamp-Lily"]
["Critonia",""]
[" thoroughwort"]
["Critonia portoricensis","UPL"]
[" Puerto Rico thoroughwort"]
["Crocosmia",""]
[" crocosmia"]
["Crocosmia X crocosmiiflora","FACU"]
["Crossopetalum",""]
[" crossopetalum"]
["Crossopetalum rhacoma","UPL"]
[" Maiden-Berry"]
["Crotalaria",""]
[" rattlebox"]
["Crotalaria berteriana","UPL"]
[" Berteron's rattlebox"]
["Crotalaria brevidens","UPL"]
[" Ethiopian rattlebox"]
["Crotalaria incana","FACU"]
[" Shakeshake"]
["Crotalaria juncea","UPL"]
[" sunn hemp"]
["Crotalaria lotifolia","UPL"]
[" cascabelillo axilar"]
["Crotalaria micans","UPL"]
[" Caracas rattlebox"]
["Crotalaria pallida","FACU"]
[" Smooth Rattlebox"]
["Crotalaria retusa","UPL"]
[" Rattleweed"]
["Crotalaria rotundifolia","UPL"]
[" Rabbitbells"]
["Crotalaria sagittalis","UPL"]
[" arrowhead rattlebox"]
["Crotalaria saltiana","UPL"]
[" African rattlebox"]
["Crotalaria spectabilis","UPL"]
[" Showy Rattlebox"]
["Crotalaria stipularia","UPL"]
[" cascabelillo alado"]
["Crotalaria trichotoma","UPL"]
[" West Indian rattlebox"]
["Crotalaria verrucosa","UPL"]
[" blue rattlesnake"]
["Croton",""]
[" croton"]
["Croton astroites","UPL"]
[" wild marrow"]
["Croton betulinus","UPL"]
[" beechleaf croton"]
["Croton discolor","UPL"]
[" lechecillo"]
["Croton fishlockii","UPL"]
[" Fishlock's croton"]
["Croton flavens","UPL"]
[" yellow balsam"]
["Croton glandulosus","UPL"]
[" vente conmigo"]
["Croton humilis","UPL"]
[" pepperbush"]
["Croton impressus","UPL"]
[" Puerto Rico croton"]
["Croton lobatus","FACU"]
[" Lobed Croton"]
["Croton lucidus","UPL"]
[" firebush"]
["Croton nummulariifolius","UPL"]
[" money croton"]
["Croton ovalifolius","UPL"]
[" yerba"]
["Croton poecilanthus","FACW"]
[" Sabinon"]
["Croton stenophyllus","UPL"]
[" West Indian croton"]
["Croton trinitatis","UPL"]
[" roadside croton"]
["Cryptostegia",""]
[" rubbervine"]
["Cryptostegia grandiflora","FACW"]
[" Palay Rubbervine"]
["Cryptostegia madagascariensis","UPL"]
[" Madagascar rubbervine"]
["Ctenitis",""]
[" lacefern"]
["Ctenitis hirta","FAC"]
[" Diamond-Leaf Lace Fern"]
["Ctenitis nemorosa","FAC"]
[" Egg-Leaf Lace Fern"]
["Cucumis",""]
[" melon"]
["Cucumis anguria","UPL"]
[" West Indian gherkin"]
["Cucumis melo","UPL"]
[" cantaloupe"]
["Cucumis sativus","UPL"]
[" garden cucumber"]
["Cucurbita",""]
[" gourd"]
["Cucurbita maxima","UPL"]
[" winter squash"]
["Cucurbita moschata","UPL"]
[" crookneck squash"]
["Cucurbita pepo","UPL"]
[" field pumpkin"]
["Cupania",""]
[" cupania"]
["Cupania americana","UPL"]
[" wild ackee"]
["Cupania triquetra","UPL"]
[" guara blanca"]
["Cuphea",""]
[" waxweed"]
["Cuphea carthagenensis","FAC"]
[" Colombian Waxweed"]
["Cuphea hyssopifolia","FACU"]
[" False Heather"]
["Cuphea micrantha","OBL"]
[" Tiny-Petal Waxweed"]
["Cuphea parsonsia","FACU"]
[" Island Waxweed"]
["Cuphea strigulosa","UPL"]
[" stiffhair waxweed"]
["Curculigo",""]
[" curculigo"]
["Curculigo capitulata","UPL"]
[" Palm-Grass"]
["Curculigo scorzonerifolia","FAC"]
[" Gorgojo"]
["Curcuma",""]
[" curcuma"]
["Curcuma longa","UPL"]
[" Common Turmeric"]
["Cuscuta",""]
[" dodder"]
["Cuscuta americana","UPL"]
[" American dodder"]
["Cuscuta boldinghii","UPL"]
[" Boldingh's dodder"]
["Cuscuta globulosa","UPL"]
[" West Indian dodder"]
["Cuscuta indecora","UPL"]
[" bigseed alfalfa dodder"]
["Cuscuta obtusiflora","UPL"]
[" Peruvian dodder"]
["Cuscuta pentagona","UPL"]
[" fiveangled dodder"]
["Cuscuta umbellata","UPL"]
[" flatglobe dodder"]
["Cyanthillium",""]
[" ironweed"]
["Cyanthillium cinereum","UPL"]
[" Little-Ironweed"]
["Cyathea",""]
[" treefern"]
["Cyathea andina","FACW"]
[" Parrot-Feather Tree Fern"]
["Cyathea arborea","FACU"]
[" West Indian Tree Fern"]
["Cyathea armata","FACU"]
[" Creeping Tree Fern"]
["Cyathea borinquena","FAC"]
[" Bird-Wing Tree Fern"]
["Cyathea furfuracea","FACW"]
[" Jamaican Tree Fern"]
["Cyathea parvula","UPL"]
[" small treefern"]
["Cyathea pungens","FACW"]
[" Spiny Tree Fern"]
["Cyathea tenera","FACU"]
[" Helecho-Gigante"]
["Cyathula",""]
[" cyathula"]
["Cyathula prostrata","FACU"]
[" Pastureweed"]
["Cybianthus",""]
[" cybianthus"]
["Cybianthus sintenisii","OBL"]
[" Puerto Rico Ridgerunner"]
["Cycas",""]
[" cycad"]
["Cycas circinalis","UPL"]
[" queen sago"]
["Cycas revoluta","UPL"]
[" sago palm"]
["Cyclopeltis",""]
[" cyclopeltis"]
["Cyclopeltis semicordata","FACU"]
[" Limestone Fern"]
["Cyclopogon",""]
[" ladies'-tresses"]
["Cyclopogon cranichoides","FACW"]
[" Cranichis Green Ladies'-Tresses"]
["Cyclopogon elatus","FAC"]
[" Tall Green Ladies'-Tresses"]
["Cyclopogon miradorense","UPL"]
[" Mirador green ladies'-tresses"]
["Cyclosorus",""]
[" cyclosorus"]
["Cyclosorus interruptus","OBL"]
[" Neke"]
["Cyclospermum",""]
[" marsh parsley"]
["Cyclospermum leptophyllum","FAC"]
[" Marsh-Parsley"]
["Cydista",""]
[" withe"]
["Cydista aequinoctialis","FACW"]
[" Guard Withe"]
["Cymbocarpa",""]
[" cymbocarpa"]
["Cymbocarpa refracta","UPL"]
[" cat's milk"]
["Cymbopogon",""]
[" lemon grass"]
["Cymbopogon citratus","UPL"]
[" lemon grass"]
["Cymbopogon nardus","UPL"]
[" citronella grass"]
["Cynanchum",""]
[" swallow-wort"]
["Cynanchum anegadense","UPL"]
[" Caribbean swallow-wort"]
["Cynanchum cheesmanii","UPL"]
[" Cheesman's swallow-wort"]
["Cynanchum cubense","UPL"]
[" Cuban swallow-wort"]
["Cynanchum ephedroides","UPL"]
[" Puerto Rico swallow-wort"]
["Cynanchum grisebachianum","UPL"]
[" Grisebach's swallow-wort"]
["Cynanchum lineare","UPL"]
[" West Indian swallow-wort"]
["Cynanchum monense","UPL"]
[" Mona Island swallow-wort"]
["Cynanchum parviflorum","UPL"]
[" smallflower swallow-wort"]
["Cynodon",""]
[" Bermudagrass"]
["Cynodon dactylon","FAC"]
[" Bermuda Grass"]
["Cynodon nlemfuensis","UPL"]
[" Antelope Grass"]
["Cynoglossum",""]
[" hound's tongue"]
["Cynoglossum amabile","UPL"]
[" Chinese hound's tongue"]
["Cynoglossum furcatum","UPL"]
[" Ceylon hound's tongue"]
["Cynometra",""]
[" cynometra"]
["Cynometra portoricensis","UPL"]
[" oreganillo falso"]
["Cyperus",""]
[" flatsedge"]
["Cyperus aggregatus","FACU"]
[" Inflated-Scale Flat Sedge"]
["Cyperus articulatus","OBL"]
[" Jointed Flat Sedge"]
["Cyperus calcicola","UPL"]
[" Caribbean flatsedge"]
["Cyperus compressus","FACW"]
[" Poorland Flat Sedge"]
["Cyperus confertus","UPL"]
[" West Indian flatsedge"]
["Cyperus croceus","FAC"]
[" Baldwin's Flat Sedge"]
["Cyperus difformis","OBL"]
[" Variable Flat Sedge"]
["Cyperus digitatus","OBL"]
[" Finger Flat Sedge"]
["Cyperus distans","OBL"]
[" Mexican Flat Sedge"]
["Cyperus elegans","FACW"]
[" Royal Flat Sedge"]
["Cyperus esculentus","FACW"]
[" Chufa"]
["Cyperus filiformis","UPL"]
[" wiry flatsedge"]
["Cyperus flavescens","OBL"]
[" Yellow Flat Sedge"]
["Cyperus flexuosus","UPL"]
[" Vahl's flatsedge"]
["Cyperus floridanus","UPL"]
[" Florida flatsedge"]
["Cyperus fuligineus","UPL"]
[" limestone flatsedge"]
["Cyperus giganteus","OBL"]
[" Giant Flat Sedge"]
["Cyperus haspan","OBL"]
[" Sheathed Flat Sedge"]
["Cyperus imbricatus","OBL"]
[" Shingle Flat Sedge"]
["Cyperus involucratus","OBL"]
[" Alternate-Leaf Flat Sedge"]
["Cyperus iria","FACW"]
[" Ricefield Flat Sedge"]
["Cyperus laevigatus","FACW"]
[" Smooth Flat Sedge"]
["Cyperus ligularis","FAC"]
[" Mangrove Flat Sedge"]
["Cyperus mutisii","UPL"]
[" Mutis' Flat Sedge"]
["Cyperus nanus","FACU"]
[" Indian Flat Sedge"]
["Cyperus ochraceus","FACW"]
[" Pond Flat Sedge"]
["Cyperus odoratus","FACW"]
[" Rusty Flat Sedge"]
["Cyperus papyrus","OBL"]
[" Papyrus Flat Sedge"]
["Cyperus planifolius","FACU"]
[" Flat-Leaf Flat Sedge"]
["Cyperus polystachyos","FACW"]
[" Many-Spike Flat Sedge"]
["Cyperus pulguerensis","UPL"]
[" El Pulguero flatsedge"]
["Cyperus rotundus","FAC"]
[" Purple Flat Sedge"]
["Cyperus sphacelatus","FAC"]
[" Roadside Flat Sedge"]
["Cyperus squarrosus","OBL"]
[" Awned Flat Sedge"]
["Cyperus subtenuis","FACU"]
["Cyperus surinamensis","FACW"]
[" Tropical Flat Sedge"]
["Cyperus swartzii","UPL"]
[" Swartz's flatsedge"]
["Cyperus tenuis","UPL"]
[" crevice flatsedge"]
["Cyperus unioloides","OBL"]
[" Uniola-Like Flat Sedge"]
["Cyperus urbanii","UPL"]
[" Urban's flatsedge"]
["Cyperus virens","FACW"]
[" Green Flat Sedge"]
["Cypselea",""]
[" cypselea"]
["Cypselea humifusa","OBL"]
[" Panal"]
["Cyrilla",""]
[" titi"]
["Cyrilla racemiflora","FACW"]
[" Little-Leaf Titi"]
["Cyrtopodium",""]
[" cyrtopodium"]
["Cyrtopodium punctatum","UPL"]
[" cowhorn orchid"]
["Dacryodes",""]
[" dacryodes"]
["Dacryodes excelsa","UPL"]
[" candletree"]
["Dactylis",""]
[" orchardgrass"]
["Dactylis glomerata","UPL"]
[" Orchard Grass"]
["Dactyloctenium",""]
[" crowfoot grass"]
["Dactyloctenium aegyptium","UPL"]
[" Egyptian grass"]
["Dalbergia",""]
[" Indian rosewood"]
["Dalbergia ecastaphyllum","FACW"]
[" Coinvine"]
["Dalbergia monetaria","FAC"]
[" Moneybush"]
["Dalbergia sissoo","UPL"]
[" Indian rosewood"]
["Dalea",""]
[" prairie clover"]
["Dalea carthagenensis","UPL"]
[" Cartagena prairie clover"]
["Dalechampia",""]
[" dalechampia"]
["Dalechampia scandens","UPL"]
[" spurgecreeper"]
["Danaea",""]
[" danafern"]
["Danaea elliptica","FACW"]
[" Caribbean Dana Fern"]
["Danaea jamaicensis","UPL"]
[" Jamaican danafern"]
["Danaea jenmanii","FACW"]
[" Puerto Rico Dana Fern"]
["Danaea nodosa","FACW"]
[" Nodeless Dana Fern"]
["Danaea urbanii","OBL"]
[" Forest Dana Fern"]
["Daphnopsis",""]
[" daphnopsis"]
["Daphnopsis americana","UPL"]
[" burn nose"]
["Daphnopsis helleriana","UPL"]
[" Heller's cieneguillo"]
["Daphnopsis philippiana","FAC"]
[" Emajagua-de-Sierra"]
["Datura",""]
[" jimsonweed"]
["Datura stramonium","UPL"]
[" jimsonweed"]
["Datura wrightii","UPL"]
[" Sacred Thorn-Apple"]
["Daucus",""]
[" wild carrot"]
["Daucus carota","UPL"]
[" Queen Anne's-Lace"]
["Delonix",""]
[" delonix"]
["Delonix regia","UPL"]
[" Royal Poinciana"]
["Dendropanax",""]
[" dendropanax"]
["Dendropanax arboreus","FACU"]
[" Angelica-Tree"]
["Dendropanax laurifolius","FAC"]
[" Palo-de-Vaca"]
["Dendropemon",""]
[" leechbush"]
["Dendropemon bicolor","UPL"]
[" Puerto Rico leechbush"]
["Dendropemon caribaeus","UPL"]
[" four-angle leechbush"]
["Dendropemon purpureus","UPL"]
[" smooth leechbush"]
["Dendropemon sintenisii","UPL"]
[" hicaquillo"]
["Dendrophthora",""]
[" tree destroyer"]
["Dendrophthora domingensis","UPL"]
[" Cuban tree destroyer"]
["Dendrophthora flagelliformis","UPL"]
[" Caribbean tree destroyer"]
["Dendrophthora serpyllifolia","UPL"]
[" Hispaniolan tree destroyer"]
["Dennstaedtia",""]
[" hayscented fern"]
["Dennstaedtia bipinnata","FAC"]
[" Cuplet Fern"]
["Dennstaedtia cicutaria","UPL"]
[" tropical hayscented fern"]
["Dennstaedtia globulifera","UPL"]
[" southern hayscented fern"]
["Dennstaedtia obtusifolia","UPL"]
[" bluntleaf hayscented fern"]
["Desmanthus",""]
[" bundleflower"]
["Desmanthus leptophyllus","UPL"]
[" slenderleaf bundleflower"]
["Desmanthus pernambucanus","FACU"]
[" Pigeon Bundle-Flower"]
["Desmanthus virgatus","FACU"]
[" Wild Tantan"]
["Desmodium",""]
[" ticktrefoil"]
["Desmodium adscendens","FAC"]
[" Zarzabacoa-Galana"]
["Desmodium affine","UPL"]
[" amor seco"]
["Desmodium axillare","UPL"]
[" zarzabacoa de monte"]
["Desmodium barbatum","FACW"]
[" Zarzabacoa-Peluda"]
["Desmodium cubense","UPL"]
[" Cuban ticktrefoil"]
["Desmodium glabrum","UPL"]
[" zarzabacoa dulce"]
["Desmodium incanum","FACU"]
[" Zarzabacoa-Comun"]
["Desmodium intortum","UPL"]
[" greenleaf ticktrefoil"]
["Desmodium procumbens","UPL"]
[" western trailing ticktrefoil"]
["Desmodium scorpiurus","FAC"]
[" Scorpion Tick-Trefoil"]
["Desmodium tortuosum","FACU"]
[" Dixie Tick-Trefoil"]
["Desmodium triflorum","FACU"]
[" Three-Flower Tick-Trefoil"]
["Desmodium wydlerianum","UPL"]
[" Wydler's ticktrefoil"]
["Dichaea",""]
[" leafystem orchid"]
["Dichaea hystricina","UPL"]
[" arboreal leafystem orchid"]
["Dichaea latifolia","UPL"]
[" mountain leafystem orchid"]
["Dichaea pendula","UPL"]
[" Swartz's leafystem orchid"]
["Dichanthelium",""]
[" rosette grass"]
["Dichanthelium aciculare","FACU"]
[" Needle-Leaf Rosette Grass"]
["Dichanthelium acuminatum","FACU"]
[" Tapered Rosette Grass"]
["Dichanthelium dichotomum","FAC"]
[" Cypress Rosette Grass"]
["Dichanthelium latifolium","FACU"]
[" Broad-Leaf Rosette Grass"]
["Dichanthelium leucothrix","FACW"]
[" Rough Rosette Grass"]
["Dichanthelium ovale","FACU"]
[" Egg-Leaf Rosette Grass"]
["Dichanthelium portoricense","FAC"]
[" Hemlock Rosette Grass"]
["Dichanthelium sabulorum","UPL"]
[" hemlock rosette grass"]
["Dichanthelium scoparium","FAC"]
[" Broom Rosette Grass"]
["Dichanthelium strigosum","FACU"]
[" Rough-Hair Rosette Grass"]
["Dichanthium",""]
[" bluestem"]
["Dichanthium annulatum","UPL"]
[" Kleberg's bluestem"]
["Dichanthium aristatum","UPL"]
[" Angleton's Bluestem"]
["Dichondra",""]
[" ponysfoot"]
["Dichondra micrantha","FACW"]
[" Asian Pony's-Foot"]
["Dicliptera",""]
[" foldwing"]
["Dicliptera krugii","UPL"]
[" Krug's foldwing"]
["Dicliptera martinicensis","UPL"]
[" Martinique foldwing"]
["Dicliptera sexangularis","UPL"]
[" Six-Angle Foldwing"]
["Dicranopteris",""]
[" forkedfern"]
["Dicranopteris flexuosa","FAC"]
[" Drooping Forked Fern"]
["Dicranopteris pectinata","FAC"]
[" Comb Forked Fern"]
["Dicranopteris rubiginosa","FAC"]
[" Tropical Forked Fern"]
["Diectomis",""]
[" foldedleaf grass"]
["Diectomis fastigiata","UPL"]
[" foldedleaf grass"]
["Dieffenbachia",""]
[" dieffenbachia"]
["Dieffenbachia seguine","FAC"]
[" Dumb-Cane"]
["Digitaria",""]
[" crabgrass"]
["Digitaria argillacea","UPL"]
[" tropical crabgrass"]
["Digitaria bicornis","UPL"]
[" Asian Crab Grass"]
["Digitaria ciliaris","UPL"]
[" Southern Crab Grass"]
["Digitaria dolichophylla","UPL"]
[" Caribbean crabgrass"]
["Digitaria eggersii","UPL"]
[" Eggers' crabgrass"]
["Digitaria eriantha","FACU"]
[" Pangola Grass"]
["Digitaria hitchcockii","UPL"]
[" shortleaf crabgrass"]
["Digitaria horizontalis","UPL"]
[" Jamaican Crab Grass"]
["Digitaria insularis","FACU"]
[" Sour Grass"]
["Digitaria ischaemum","UPL"]
[" Smooth Crab Grass"]
["Digitaria longiflora","UPL"]
[" Indian crabgrass"]
["Digitaria nuda","UPL"]
[" naked crabgrass"]
["Digitaria panicea","UPL"]
[" millet crabgrass"]
["Digitaria sanguinalis","UPL"]
[" Hairy Crab Grass"]
["Digitaria setigera","UPL"]
[" East Indian Crab Grass"]
["Digitaria similis","UPL"]
[" roadside crabgrass"]
["Digitaria villosa","UPL"]
[" shaggy crabgrass"]
["Digitaria violascens","UPL"]
[" Violet Crab Grass"]
["Dillenia",""]
[" dillenia"]
["Dillenia indica","UPL"]
[" chulta"]
["Dilomilis",""]
[" dilomilis"]
["Dilomilis montana","FACW"]
[" Parrot-Beak Orchid"]
["Dinebra",""]
[" viper grass"]
["Dinebra nealleyi","FACW"]
[" Nealley's Viper Grass"]
["Dinebra panicea","FACW"]
[" Needle Viper Grass"]
["Dinebra panicoides","FACW"]
[" Amazon Viper Grass"]
["Dinebra scabra","OBL"]
[" Rough Viper Grass"]
["Dioclea",""]
[" dioclea"]
["Dioclea hexandra","UPL"]
[" bejuco de mato"]
["Diodia",""]
[" buttonweed"]
["Diodia apiculata","UPL"]
[" stiff buttonweed"]
["Diodia ocymifolia","UPL"]
[" slender buttonweed"]
["Diodia sarmentosa","UPL"]
[" tropical buttonweed"]
["Diodia serrulata","FACU"]
[" Seaside Buttonweed"]
["Dioscorea",""]
[" yam"]
["Dioscorea alata","UPL"]
[" water yam"]
["Dioscorea altissima","UPL"]
[" dunguey"]
["Dioscorea bulbifera","UPL"]
[" air yam"]
["Dioscorea cayenensis","UPL"]
[" yellow guinea yam"]
["Dioscorea esculenta","UPL"]
[" lesser yam"]
["Dioscorea pilosiuscula","UPL"]
[" bulbous yam"]
["Dioscorea polygonoides","UPL"]
[" mata gallina"]
["Dioscorea rotundata","UPL"]
[" Guinea yam"]
["Dioscorea trifida","UPL"]
[" Indian yam"]
["Dioscorea villosa","FAC"]
[" Wild Yam"]
["Diospyros",""]
[" diospyros"]
["Diospyros revoluta","UPL"]
[" black apple"]
["Diospyros sintenisii","UPL"]
[" Chinese persimmon"]
["Diplachne",""]
[" diplachne"]
["Diplachne fusca","FACW"]
[" Bearded Sprangletop"]
["Diplazium",""]
[" twinsorus fern"]
["Diplazium centripetale","OBL"]
[" Royal Twin-Sorus Fern"]
["Diplazium cristatum","FACW"]
[" Crested Twin-Sorus Fern"]
["Diplazium expansum","OBL"]
[" Great Fern"]
["Diplazium grandifolium","FACW"]
[" Large-Leaf Twin-Sorus Fern"]
["Diplazium hymenodes","FACW"]
[" Peacock Fern"]
["Diplazium lherminieri","OBL"]
[" L'herminier's Twin-Sorus Fern"]
["Diplazium plantaginifolium","FAC"]
[" Plantain-Leaf Twin-Sorus Fern"]
["Diplazium riedelianum","FAC"]
[" Riedel's Twin-Sorus Fern"]
["Diplazium striatum","OBL"]
[" Striped Twin-Sorus Fern"]
["Diplazium unilobum","FACU"]
[" Single-Lobe Twin-Sorus Fern"]
["Dissotis",""]
[" dissotis"]
["Dissotis rotundifolia","UPL"]
[" pinklady"]
["Distictis",""]
[" distictis"]
["Distictis lactiflora","UPL"]
[" liana fragante"]
["Ditta",""]
[" ditta"]
["Ditta myricoides","FACW"]
[" Gale Jaboncillo"]
["Dodonaea",""]
[" dodonaea"]
["Dodonaea viscosa","UPL"]
[" Florida Hopbush"]
["Doliocarpus",""]
[" caskfruit"]
["Doliocarpus major","UPL"]
[" caskfruit"]
["Doliocarpus olivaceus","UPL"]
[" green caskfruit"]
["Domingoa",""]
[" domingoa"]
["Domingoa haematochila","UPL"]
[" mona"]
["Dorstenia",""]
[" dorstenia"]
["Dorstenia contrajerva","UPL"]
[" tusilla"]
["Doryopteris",""]
[" doryopteris"]
["Doryopteris pedata","UPL"]
[" digit fern"]
["Dovyalis",""]
[" Ceylon gooseberry"]
["Dovyalis hebecarpa","UPL"]
[" Ceylon-Gooseberry"]
["Doyerea",""]
[" doyeria"]
["Doyerea emetocathartica","UPL"]
[" coralfruit"]
["Dracaena",""]
[" dracaena"]
["Dracaena fragrans","UPL"]
[" fragrant dracaena"]
["Dracontium",""]
[" dracontium"]
["Dracontium asperum","FACW"]
[" Guapa"]
["Dracunculus",""]
[" dracunculus"]
["Dracunculus vulgaris","UPL"]
[" common dracunculus"]
["Drosera",""]
[" sundew"]
["Drosera capillaris","OBL"]
[" Pink Sundew"]
["Drymaria",""]
[" drymary"]
["Drymaria cordata","FAC"]
[" Whitesnow"]
["Drypetes",""]
[" drypetes"]
["Drypetes alba","FACU"]
[" Cafeillo"]
["Drypetes glauca","FACW"]
[" Varital"]
["Drypetes ilicifolia","UPL"]
[" rosewood"]
["Drypetes lateriflora","UPL"]
[" guiana plum"]
["Duranta",""]
[" duranta"]
["Duranta erecta","UPL"]
[" golden dewdrops"]
["Dypsis",""]
[" butterfly palm"]
["Dypsis lutescens","UPL"]
[" Golden Butterfly Palm"]
["Dysphania",""]
[" dysphania"]
["Dysphania ambrosioides","FAC"]
[" Mexican-Tea"]
["Echinochloa",""]
[" cockspur grass"]
["Echinochloa colona","FACW"]
[" Jungle-Rice"]
["Echinochloa crus-galli","OBL"]
[" Large Barnyard Grass"]
["Echinochloa crus-pavonis","OBL"]
[" Gulf Cock's-Spur Grass"]
["Echinochloa muricata","FACW"]
[" Rough Barnyard Grass"]
["Echinochloa polystachya","OBL"]
[" Creeping River Grass"]
["Echinochloa stagnina","UPL"]
[" hippo grass"]
["Echinodorus",""]
[" burhead"]
["Echinodorus berteroi","OBL"]
[" Upright Burrhead"]
["Echinodorus bolivianus","OBL"]
[" Bolivian Burrhead"]
["Eclipta",""]
[" eclipta"]
["Eclipta prostrata","OBL"]
[" False Daisy"]
["Egeria",""]
[" egeria"]
["Egeria densa","OBL"]
[" Brazilian-Waterweed"]
["Egletes",""]
[" tropic daisy"]
["Egletes prostrata","UPL"]
[" prostrate tropic daisy"]
["Eichhornia",""]
[" water hyacinth"]
["Eichhornia azurea","OBL"]
[" Anchored Water-Hyacinth"]
["Eichhornia crassipes","OBL"]
[" Common Water-Hyacinth"]
["Eichhornia diversifolia","OBL"]
[" Variable-Leaf Water-Hyacinth"]
["Eichhornia paniculata","OBL"]
[" Brazilian Water-Hyacinth"]
["Elaphoglossum",""]
[" tonguefern"]
["Elaphoglossum apodum","UPL"]
[" Caribbean tonguefern"]
["Elaphoglossum chartaceum","UPL"]
[" papery tonguefern"]
["Elaphoglossum crinitum","UPL"]
[" West Indian tonguefern"]
["Elaphoglossum decoratum","UPL"]
[" showy tonguefern"]
["Elaphoglossum eggersii","UPL"]
[" Jamaican tonguefern"]
["Elaphoglossum erinaceum","UPL"]
[" Guadeloupe tonguefern"]
["Elaphoglossum glabellum","UPL"]
[" thickroot tonguefern"]
["Elaphoglossum herminieri","UPL"]
[" drooping tonguefern"]
["Elaphoglossum latifolium","UPL"]
[" broadleaf tonguefern"]
["Elaphoglossum longifolium","UPL"]
[" longleaf tonguefern"]
["Elaphoglossum martinicense","UPL"]
[" Martinique tonguefern"]
["Elaphoglossum maxonii","UPL"]
[" Maxon's tonguefern"]
["Elaphoglossum peltatum","UPL"]
[" peltate tonguefern"]
["Elaphoglossum petiolatum","UPL"]
[" graceful tonguefern"]
["Elaphoglossum rigidum","UPL"]
[" stiff tonguefern"]
["Elaphoglossum serpens","UPL"]
[" cerro de punta jayuya"]
["Elaphoglossum simplex","UPL"]
[" Rio Grande tonguefern"]
["Elaphoglossum smithii","UPL"]
[" Smith's tonguefern"]
["Elaphoglossum spathulatum","UPL"]
[" Antilles tonguefern"]
["Eleocharis",""]
[" spikerush"]
["Eleocharis cellulosa","OBL"]
[" Gulf Coast Spike-Rush"]
["Eleocharis debilis","OBL"]
[" Sintenis' Spike-Rush"]
["Eleocharis elegans","OBL"]
[" Elegant Spike-Rush"]
["Eleocharis fallax","OBL"]
[" Creeping Spike-Rush"]
["Eleocharis flavescens","OBL"]
[" Yellow Spike-Rush"]
["Eleocharis geniculata","OBL"]
[" Capitate Spike-Rush"]
["Eleocharis interstincta","OBL"]
[" Knotted Spike-Rush"]
["Eleocharis minutiflora","FACU"]
[" Pygmy-Flower Spike-Rush"]
["Eleocharis montana","OBL"]
[" Mountain Spike-Rush"]
["Eleocharis mutata","OBL"]
[" Scallion-Grass"]
["Eleocharis oligantha","UPL"]
[" fewflowered spikerush"]
["Eleocharis olivacea","OBL"]
[" Bright-Green Spike-Rush"]
["Eleocharis pachystyla","OBL"]
[" False Junco"]
["Eleocharis radicans","OBL"]
[" Rooted Spike-Rush"]
["Eleocharis retroflexa","OBL"]
[" Coastal-Plain Spike-Rush"]
["Eleocharis rostellata","OBL"]
[" Beaked Spike-Rush"]
["Elephantopus",""]
[" elephantsfoot"]
["Elephantopus mollis","FAC"]
[" Soft Elephant's-Foot"]
["Eleusine",""]
[" goosegrass"]
["Eleusine indica","FACU"]
[" Indian Goose Grass"]
["Eleutheranthera",""]
[" eleutheranthera"]
["Eleutheranthera ruderalis","FAC"]
[" Ogiera"]
["Eleutherine",""]
[" eleutherine"]
["Eleutherine bulbosa","UPL"]
[" lagrimas de la virgen"]
["Elleanthus",""]
[" tiger orchid"]
["Elleanthus cordidactylus","UPL"]
[" false tiger orchid"]
["Elodea",""]
[" waterweed"]
["Elodea canadensis","OBL"]
[" Canadian Waterweed"]
["Eltroplectris",""]
[" eltroplectris"]
["Eltroplectris calcarata","FACU"]
[" Long-Claw Orchid"]
["Emilia",""]
[" tasselflower"]
["Emilia fosbergii","FACU"]
[" Florida Tassel-Flower"]
["Emilia sonchifolia","FACU"]
[" Lilac Tassel-Flower"]
["Encyclia",""]
[" butterfly orchid"]
["Encyclia gravida","UPL"]
[" heavyfruit butterfly orchid"]
["Encyclia isochila","UPL"]
[" royal star orchid"]
["Enicostema",""]
[" whitehead"]
["Enicostema verticillatum","UPL"]
[" whitehead"]
["Entada",""]
[" callingcard vine"]
["Entada polystachya","UPL"]
[" callingcard vine"]
["Enterolobium",""]
[" enterolobium"]
["Enterolobium cyclocarpum","UPL"]
[" monkeysoap"]
["Enterosora",""]
[" threefork polypody"]
["Enterosora trifurcata","UPL"]
[" threefork polypody"]
["Enydra",""]
[" swampwort"]
["Enydra sessilis","OBL"]
[" Small-Ray Swampwort"]
["Epidendrum",""]
[" star orchid"]
["Epidendrum anceps","UPL"]
[" brown-flower butterfly orchid"]
["Epidendrum antillanum","UPL"]
[" Antilles star orchid"]
["Epidendrum boricuarum","UPL"]
[" fleshy star orchid"]
["Epidendrum carpophorum","UPL"]
[" round-leaf star orchid"]
["Epidendrum ciliare","UPL"]
[" fringed star orchid"]
["Epidendrum jamaicense","UPL"]
[" umbrella star orchid"]
["Epidendrum miserrimum","UPL"]
[" woodland tuftedorchid"]
["Epidendrum mutelianum","UPL"]
[" orange-flower star orchid"]
["Epidendrum nocturnum","UPL"]
[" night scented orchid"]
["Epidendrum radicans","UPL"]
[" fire star orchid"]
["Epidendrum ramosum","UPL"]
[" mountain star orchid"]
["Epidendrum rigidum","UPL"]
[" stiff flower star orchid"]
["Epidendrum secundum","UPL"]
[" lopsided star orchid"]
["Epidendrum tridens","UPL"]
[" oblong-leaf star orchid"]
["Epidendrum vicentinum","UPL"]
[" guilarte"]
["Epiphyllum",""]
[" climbing cactus"]
["Epiphyllum hookeri","UPL"]
[" climbing cactus"]
["Epiphyllum oxypetalum","UPL"]
[" Dutchman's pipe cactus"]
["Epipremnum",""]
[" tongavine"]
["Epipremnum pinnatum","FAC"]
[" Devil's Ivy"]
["Episcia",""]
[" episcia"]
["Episcia cupreata","UPL"]
[" flame violet"]
["Eragrostis",""]
[" lovegrass"]
["Eragrostis amabilis","FACU"]
[" Feather Love Grass"]
["Eragrostis barrelieri","UPL"]
[" Mediterranean lovegrass"]
["Eragrostis ciliaris","FACU"]
[" Gopher-Tail Love Grass"]
["Eragrostis curvula","UPL"]
[" weeping lovegrass"]
["Eragrostis elliottii","FACW"]
[" Elliot's Love Grass"]
["Eragrostis glutinosa","UPL"]
[" sticky lovegrass"]
["Eragrostis hypnoides","OBL"]
[" Teal Love Grass"]
["Eragrostis mexicana","FACU"]
[" Mexican Love Grass"]
["Eragrostis pectinacea","FACU"]
[" Purple Love Grass"]
["Eragrostis pilosa","FACU"]
[" Indian Love Grass"]
["Eragrostis urbaniana","UPL"]
[" Urban's lovegrass"]
["Eremochloa",""]
[" centipede grass"]
["Eremochloa ophiuroides","UPL"]
[" centipede grass"]
["Erigeron",""]
[" fleabane"]
["Erigeron bellioides","UPL"]
[" Bellorita"]
["Erigeron bonariensis","UPL"]
[" Asthmaweed"]
["Erigeron canadensis","FACU"]
[" Canadian Horseweed"]
["Erigeron cuneifolius","UPL"]
[" wedgeleaf fleabane"]
["Erigeron jamaicensis","OBL"]
[" Jamaican Fleabane"]
["Eriobotrya",""]
[" loquat"]
["Eriobotrya japonica","UPL"]
[" Loquat"]
["Eriochloa",""]
[" cupgrass"]
["Eriochloa polystachya","FACW"]
[" Carib Grass"]
["Eriochloa punctata","FACW"]
[" Louisiana Cup Grass"]
["Eriochrysis",""]
[" moco de pavo"]
["Eriochrysis cayennensis","UPL"]
[" moco de pavo"]
["Eriosema",""]
[" sand pea"]
["Eriosema crinitum","UPL"]
[" island sand pea"]
["Eriosorus",""]
[" eriosorus"]
["Eriosorus hispidulus","UPL"]
[" chestnuthair fern"]
["Erithalis",""]
[" blacktorch"]
["Erithalis fruticosa","UPL"]
[" blacktorch"]
["Erithalis odorifer","UPL"]
[" scented blacktorch"]
["Ernodea",""]
[" ernodea"]
["Ernodea littoralis","UPL"]
[" Coughbush"]
["Erpodium",""]
[" erpodium moss"]
["Erpodium domingense","UPL"]
[" Domingo erpodium moss"]
["Eryngium",""]
[" eryngo"]
["Eryngium foetidum","FAC"]
[" Spiritweed"]
["Erythrina",""]
[" erythrina"]
["Erythrina berteriana","UPL"]
[" machete"]
["Erythrina corallodendron","UPL"]
[" coral erythrina"]
["Erythrina crista-galli","UPL"]
[" crybabytree"]
["Erythrina eggersii","UPL"]
[" cock's spur"]
["Erythrina fusca","FACW"]
[" Bucayo"]
["Erythrina poeppigiana","FACU"]
[" Mountain-Immortelle"]
["Erythrina variegata","UPL"]
[" tiger's claw"]
["Erythroxylum",""]
[" coca"]
["Erythroxylum areolatum","UPL"]
[" swamp-redwood"]
["Erythroxylum brevipes","UPL"]
[" brisselet"]
["Erythroxylum rotundifolium","UPL"]
[" ratwood"]
["Erythroxylum rufum","UPL"]
[" rufous false cocaine"]
["Erythroxylum urbanii","UPL"]
[" Urban's false cocaine"]
["Etlingera",""]
[" waxflower"]
["Etlingera elatior","UPL"]
[" torch-ginger"]
["Eubrachion",""]
[" tapeworm-plant"]
["Eubrachion ambiguum","UPL"]
[" tapeworm-plant"]
["Eucalyptus",""]
[" gum"]
["Eucalyptus camaldulensis","UPL"]
[" River Red Gum"]
["Eucalyptus deglupta","UPL"]
[" Rainbow Gum"]
["Eucalyptus resinifera","UPL"]
[" redmahogany"]
["Eucalyptus robusta","FACU"]
[" Swamp-Mahogany"]
["Eucharis",""]
[" Amazonlily"]
["Eucharis amazonica","UPL"]
[" Amazonlily"]
["Euclasta",""]
[" mock bluestem"]
["Euclasta condylotricha","UPL"]
[" mock bluestem"]
["Eugenia",""]
[" stopper"]
["Eugenia axillaris","UPL"]
[" white stopper"]
["Eugenia bellonis","UPL"]
[" Puerto Rico stopper"]
["Eugenia biflora","UPL"]
[" blackrodwood"]
["Eugenia boqueronensis","UPL"]
[" Sierra de Cayey stopper"]
["Eugenia borinquensis","FAC"]
[" Guayabota-de-Sierra"]
["Eugenia cacuminis","UPL"]
[" cerro la torrecilla stopper"]
["Eugenia confusa","UPL"]
[" redberry stopper"]
["Eugenia cordata","UPL"]
[" lathberry"]
["Eugenia corozalensis","UPL"]
[" sperry guava"]
["Eugenia domingensis","UPL"]
[" serrette guave"]
["Eugenia earhartii","UPL"]
[" Earhart's stopper"]
["Eugenia eggersii","FACW"]
[" Guasabara"]
["Eugenia fajardensis","UPL"]
[" guayabota de Fajardo"]
["Eugenia foetida","UPL"]
[" boxleaf stopper"]
["Eugenia glabrata","UPL"]
[" smooth rodwood"]
["Eugenia haematocarpa","FAC"]
[" Luquillo Mountain Stopper"]
["Eugenia laevis","UPL"]
[" bayamon stopper"]
["Eugenia ligustrina","UPL"]
[" privet stopper"]
["Eugenia monticola","UPL"]
[" birdcherry"]
["Eugenia padronii","UPL"]
[" padron's stopper"]
["Eugenia procera","UPL"]
[" rockmyrtle"]
["Eugenia pseudopsidium","UPL"]
[" Christmas cherry"]
["Eugenia rhombea","UPL"]
[" red stopper"]
["Eugenia serrasuela","UPL"]
[" serrasuela"]
["Eugenia sessiliflora","UPL"]
[" sessileleaf stopper"]
["Eugenia stahlii","FAC"]
[" Stahl's Stopper"]
["Eugenia stewardsonii","FACU"]
[" Stewardson's Stopper"]
["Eugenia underwoodii","UPL"]
[" Underwood's stopper"]
["Eugenia uniflora","UPL"]
[" Surinam-Cherry"]
["Eugenia woodburyana","UPL"]
[" Woodbury's stopper"]
["Eugenia xerophytica","UPL"]
[" aridland stopper"]
["Eulophia",""]
[" wild coco"]
["Eulophia alta","FACW"]
[" Wild Coco"]
["Eupatorium",""]
[" thoroughwort"]
["Eupatorium triplinerve","UPL"]
[" yapana"]
["Eupatorium X pinnatifidum","UPL"]
[" thoroughwort"]
["Euphorbia",""]
[" spurge"]
["Euphorbia cotinifolia","UPL"]
[" Mexican shrubby spurge"]
["Euphorbia cyathophora","FACU"]
[" Fire-on-the-Mountain"]
["Euphorbia heterophylla","FACU"]
[" Mexican-Fireplant"]
["Euphorbia hirta","UPL"]
[" Pill-Pod Sandmat"]
["Euphorbia hypericifolia","FACU"]
[" Graceful Sandmat"]
["Euphorbia hyssopifolia","FAC"]
[" Hyssop-Leaf Sandmat"]
["Euphorbia lactea","UPL"]
[" mottled spurge"]
["Euphorbia leucocephala","UPL"]
[" pascuita"]
["Euphorbia mesembrianthemifolia","FAC"]
[" Coastal-Beach Sandmat"]
["Euphorbia milii","UPL"]
[" christplant"]
["Euphorbia neriifolia","UPL"]
[" Indian spurgetree"]
["Euphorbia nutans","FAC"]
[" Eyebane"]
["Euphorbia oerstediana","UPL"]
[" West Indian spurge"]
["Euphorbia petiolaris","UPL"]
[" manchineel berry"]
["Euphorbia prostrata","FAC"]
[" Prostrate Sandmat"]
["Euphorbia pulcherrima","UPL"]
[" Poinsettia"]
["Euphorbia serpens","FAC"]
[" Matted Sandmat"]
["Euphorbia thymifolia","UPL"]
[" Gulf Sandmat"]
["Euphorbia tirucalli","UPL"]
[" False Caper"]
["Eurystyles",""]
[" custard orchid"]
["Eurystyles ananassocomos","UPL"]
[" custard orchid"]
["Eustachys",""]
[" fingergrass"]
["Eustachys petraea","FACU"]
[" Pinewoods Finger Grass"]
["Eustoma"]
[" prairie gentian"]
["Eustoma exaltatum","FACW"]
[" Catchfly Prairie-Gentian"]
["Evolvulus",""]
[" dwarf morning-glory"]
["Evolvulus alsinoides","UPL"]
[" slender dwarf morning-glory"]
["Evolvulus convolvuloides","UPL"]
[" bindweed dwarf morning-glory"]
["Evolvulus filipes","UPL"]
[" Maryland dwarf morning-glory"]
["Evolvulus grisebachii","UPL"]
[" Grisebach's Dwarf-Morning-Glory"]
["Evolvulus nummularius","UPL"]
[" agracejo rastrero"]
["Evolvulus sericeus","UPL"]
[" Silver Dwarf-Morning-Glory"]
["Evolvulus squamosus","UPL"]
[" rockyplains dwarf morning-glory"]
["Exostema",""]
[" exostema"]
["Exostema caribaeum","UPL"]
[" Caribbean princewood"]
["Exostema ellipticum","UPL"]
[" plateado"]
["Exothea",""]
[" exothea"]
["Exothea paniculata","UPL"]
[" Butterbough"]
["Fadyenia",""]
[" dotted fern"]
["Fadyenia hookeri","OBL"]
[" Dotted Fern"]
["Faramea",""]
[" false coffee"]
["Faramea occidentalis","UPL"]
[" false coffee"]
["Fatoua",""]
[" fatoua"]
["Fatoua villosa","UPL"]
[" Hairy Crabweed"]
["Fevillea",""]
[" fevillea"]
["Fevillea cordifolia","UPL"]
[" antidote caccoon"]
["Ficus",""]
[" fig"]
["Ficus americana","UPL"]
[" Jamaican cherry fig"]
["Ficus benjamina","UPL"]
[" weeping fig"]
["Ficus carica","UPL"]
[" Common Fig"]
["Ficus citrifolia","FACU"]
[" Wild Banyantree"]
["Ficus drupacea","UPL"]
[" brown-woolly fig"]
["Ficus elastica","UPL"]
[" Indian rubberplant"]
["Ficus lutea","UPL"]
[" Lagos rubbertree"]
["Ficus lyrata","UPL"]
[" fiddleleaf fig"]
["Ficus microcarpa","UPL"]
[" Chinese Banyan"]
["Ficus obtusifolia","UPL"]
[" amate"]
["Ficus pumila","UPL"]
[" climbingfig"]
["Ficus religiosa","UPL"]
[" peepul tree"]
["Ficus stahlii","UPL"]
[" jaguey"]
["Ficus trigonata","FACU"]
[" Jaguey-Blanco"]
["Fimbristylis",""]
[" fimbry"]
["Fimbristylis caroliniana","FACW"]
[" Carolina Fimbry"]
["Fimbristylis complanata","FACW"]
[" Puerto Rico Fimbry"]
["Fimbristylis cymosa","FACW"]
[" Cymose Fimbry"]
["Fimbristylis dichotoma","FACW"]
[" Forked Fimbry"]
["Fimbristylis ferruginea","OBL"]
[" West Indian Fimbry"]
["Fimbristylis inaguensis","UPL"]
[" Bahama fimbry"]
["Fimbristylis littoralis","FACW"]
[" Grass-Like Fimbry"]
["Fimbristylis quinquangularis","FACW"]
[" Five-Angle Fimbry"]
["Fioria",""]
[" fanleaf"]
["Fioria vitifolia","UPL"]
[" tropical fanleaf"]
["Flacourtia",""]
[" flacourtia"]
["Flacourtia indica","UPL"]
[" governor's plum"]
["Flacourtia inermis","UPL"]
[" batoko plum"]
["Flaveria",""]
[" yellowtops"]
["Flaveria bidentis","UPL"]
[" coastal plain yellowtops"]
["Flaveria trinervia","FAC"]
[" Clustered Yellowtops"]
["Fleischmannia",""]
[" thoroughwort"]
["Fleischmannia microstemon","UPL"]
[" tropical thoroughwort"]
["Flemingia",""]
[" flemingia"]
["Flemingia strobilifera","UPL"]
[" Wild Hops"]
["Flueggea",""]
[" bushweed"]
["Flueggea acidoton","UPL"]
[" simpleleaf bushweed"]
["Flueggea virosa","UPL"]
[" common bushweed"]
["Foeniculum",""]
[" fennel"]
["Foeniculum vulgare","UPL"]
[" sweet fennel"]
["Forchhammeria",""]
[" forchhammeria"]
["Forchhammeria brevipes","UPL"]
[" shortstalk forchhammeria"]
["Forchhammeria polyandra","UPL"]
[" manystamen forchhammeria"]
["Forestiera",""]
[" swampprivet"]
["Forestiera eggersiana","UPL"]
[" inkbush"]
["Forestiera rhamnifolia","UPL"]
[" caca ravet"]
["Forestiera segregata","UPL"]
[" Florida swampprivet"]
["Forsteronia",""]
[" forsteronia"]
["Forsteronia portoricensis","FACU"]
[" Leche-de-Perra"]
["Fortunella",""]
[" kumquat"]
["Fortunella margarita","UPL"]
[" oval kumquat"]
["Frangula",""]
[" buckthorn"]
["Frangula sphaerosperma","FAC"]
[" West Indian False Buckthorn"]
["Fraxinus",""]
[" ash"]
["Fraxinus uhdei","UPL"]
[" shamel ash"]
["Fuirena",""]
[" umbrella-sedge"]
["Fuirena robusta","UPL"]
["Fuirena umbellata","OBL"]
[" Yefen"]
["Funastrum",""]
[" twinevine"]
["Funastrum clausum","FACW"]
[" White Twinevine"]
["Funtumia",""]
[" funtumia"]
["Funtumia elastica","UPL"]
[" silkrubber"]
["Furcraea",""]
[" furcraea"]
["Furcraea antillana","UPL"]
[" Antillean furcraea"]
["Furcraea stratiotes","UPL"]
["Furcraea tuberosa","UPL"]
[" female karata"]
["Galactia",""]
[" milkpea"]
["Galactia dubia","UPL"]
[" West Indian milkpea"]
["Galactia eggersii","UPL"]
[" Eggers' milkpea"]
["Galactia longifolia","UPL"]
[" longleaf milkpea"]
["Galactia striata","UPL"]
[" Florida hammock milkpea"]
["Galeandra",""]
[" hooded orchid"]
["Galeandra beyrichii","UPL"]
[" Beyrich's hooded orchid"]
["Galinsoga",""]
[" gallant soldier"]
["Galinsoga parviflora","FACU"]
[" Gallant-Soldier"]
["Galinsoga quadriradiata","UPL"]
[" Shaggy-Soldier"]
["Galphimia",""]
[" goldshower"]
["Galphimia gracilis","UPL"]
[" slender goldshower"]
["Gamochaeta",""]
[" everlasting"]
["Gamochaeta americana","UPL"]
[" American everlasting"]
["Gamochaeta argyrinea","UPL"]
[" silvery everlasting"]
["Garcinia",""]
[" saptree"]
["Garcinia dulcis","UPL"]
[" Gourka"]
["Garcinia hessii","UPL"]
[" lemon saptree"]
["Garcinia mangostana","UPL"]
[" mangosteen"]
["Garcinia portoricensis","FAC"]
[" Palo-de-Cruz"]
["Gardenia",""]
[" gardenia"]
["Gardenia jasminoides","UPL"]
[" Cape jasmine"]
["Garrya",""]
[" silktassel"]
["Garrya fadyenia","UPL"]
[" Fadyen's silktassel"]
["Gaussia",""]
[" gaussia"]
["Gaussia attenuata","UPL"]
[" llume"]
["Genipa",""]
[" genipa"]
["Genipa americana","UPL"]
[" jagua"]
["Geophila",""]
[" geophila"]
["Geophila repens","FAC"]
[" Corrida-Yerba-de-Guava"]
["Gesneria",""]
[" gesneria"]
["Gesneria citrina","UPL"]
[" yerba Puerto Rico de cueva"]
["Gesneria cuneifolia","FAC"]
[" Yerba-Parrera"]
["Gesneria pauciflora","FACW"]
[" Yerba-Maricao-de-Cueva"]
["Gesneria pedunculosa","UPL"]
[" arbol de Navidad"]
["Gesneria reticulata","FACW"]
[" Yerba-Neto-Hoja-de-Cueva"]
["Gesneria viridiflora","FACU"]
[" Grassflower"]
["Gibasis",""]
[" bridalveil"]
["Gibasis geniculata","FAC"]
[" Tahitian Bridalveil"]
["Ginoria",""]
[" ginoria"]
["Ginoria rohrii","FACW"]
[" Bastard-Gregre"]
["Glandularia",""]
[" mock vervain"]
["Glandularia bipinnatifida","UPL"]
[" Dakota mock vervain"]
["Glandularia pulchella","UPL"]
[" South American mock vervain"]
["Gliricidia",""]
[" quickstick"]
["Gliricidia sepium","UPL"]
[" Quickstick"]
["Gloxinia",""]
[" gloxinia"]
["Gloxinia perennis","UPL"]
[" Canterbury bells"]
["Glycine",""]
[" soybean"]
["Glycine max","UPL"]
[" soybean"]
["Gmelina",""]
[" gmelina"]
["Gmelina arborea","UPL"]
[" gumhar"]
["Gmelina asiatica","UPL"]
[" Asian bushbeech"]
["Gnaphalium",""]
[" cudweed"]
["Gnaphalium polycaulon","FAC"]
[" Many-Stem Cudweed"]
["Goetzea",""]
[" goetzea"]
["Goetzea elegans","UPL"]
[" mata buey"]
["Gomidesia",""]
[" gomidesia"]
["Gomidesia lindeniana","FACW"]
[" Grand-Merisier"]
["Gomphrena",""]
[" globe amaranth"]
["Gomphrena globosa","UPL"]
[" Common Globe-Amaranth"]
["Gonocalyx",""]
[" brittleleaf"]
["Gonocalyx concolor","FACU"]
[" Island Brittleleaf"]
["Gonocalyx portoricensis","OBL"]
[" Puerto Rico Brittleleaf"]
["Gonolobus",""]
[" gonolobus"]
["Gonolobus stephanotrichus","FACW"]
[" Anglepod"]
["Gonzalagunia",""]
[" gonzalagunia"]
["Gonzalagunia hirsuta","FACU"]
[" Mata-de-Mariposa"]
["Gossypium",""]
[" cotton"]
["Gossypium barbadense","FACU"]
[" Creole Cotton"]
["Gossypium hirsutum","UPL"]
[" Upland Cotton"]
["Gouania",""]
[" chewstick"]
["Gouania lupuloides","UPL"]
[" Whiteroot"]
["Gouania polygama","UPL"]
[" liane savon"]
["Govenia",""]
[" govenia"]
["Govenia floridana","UPL"]
[" tropical govenia"]
["Graffenrieda",""]
[" graffenrieda"]
["Graffenrieda ottoschulzii","UPL"]
[" petites graines camasey"]
["Grammitis",""]
[" dwarf polypody"]
["Grammitis aspleniifolia","UPL"]
[" spleenwort dwarf polypody"]
["Grammitis cultrata","UPL"]
[" scaly dwarf polypody"]
["Grammitis hanekeana","UPL"]
[" Sierra de Luquillo dwarf polypody"]
["Grammitis hessii","UPL"]
[" tape dwarf polypody"]
["Grammitis liogieri","UPL"]
[" Liogier's dwarf polypody"]
["Grammitis mollissima","UPL"]
[" smooth dwarf polypody"]
["Grammitis sherringii","UPL"]
[" Sherring's dwarf polypody"]
["Grammitis taxifolia","UPL"]
[" yewleaf dwarf polypody"]
["Grammitis trichomanoides","UPL"]
[" Antilles dwarf polypody"]
["Grevillea",""]
[" grevillea"]
["Grevillea robusta","UPL"]
[" Silk-Oak"]
["Guaiacum",""]
[" lignum-vitae"]
["Guaiacum officinale","UPL"]
[" lignum-vitae"]
["Guaiacum sanctum","UPL"]
[" holywood"]
["Guapira",""]
[" guapira"]
["Guapira discolor","UPL"]
[" Beeftree"]
["Guapira fragrans","UPL"]
[" black mampoo"]
["Guapira obtusata","UPL"]
[" corcho prieto"]
["Guarea",""]
[" guarea"]
["Guarea glabra","UPL"]
[" alligatorwood"]
["Guarea guidonia","UPL"]
[" American muskwood"]
["Guatteria",""]
[" guatteria"]
["Guatteria blainii","FACU"]
[" Haya-Minga"]
["Guatteria caribaea","FAC"]
[" Haya-Blanca"]
["Guazuma",""]
[" guazuma"]
["Guazuma ulmifolia","UPL"]
[" bastardcedar"]
["Guettarda",""]
[" guettarda"]
["Guettarda elliptica","UPL"]
[" Hammock Velvetseed"]
["Guettarda krugii","UPL"]
[" frogwood"]
["Guettarda odorata","UPL"]
[" cucubano de vieques"]
["Guettarda ovalifolia","UPL"]
[" cucubano"]
["Guettarda pungens","UPL"]
[" roseta"]
["Guettarda scabra","UPL"]
[" Wild Guave"]
["Guettarda valenzuelana","FACU"]
[" Cucubano-de-Monte"]
["Gundlachia",""]
[" gundlachia"]
["Gundlachia corymbosa","FAC"]
[" Yambush"]
["Guzmania",""]
[" tufted airplant"]
["Guzmania berteroniana","UPL"]
[" Bertero's tufted airplant"]
["Guzmania lingulata","UPL"]
[" droophead tufted airplant"]
["Guzmania monostachia","UPL"]
[" West Indian tufted airplant"]
["Gyminda",""]
[" false box"]
["Gyminda latifolia","UPL"]
[" West Indian false box"]
["Gymnanthes",""]
[" gymnanthes"]
["Gymnanthes lucida","UPL"]
[" oysterwood"]
["Gymnopogon",""]
[" skeletongrass"]
["Gymnopogon foliosus","UPL"]
[" leafy skeletongrass"]
["Gymnosiphon",""]
[" yellowseed"]
["Gymnosiphon niveus","FAC"]
[" Puerto Rico Yellowseed"]
["Gymnosiphon sphaerocarpus","FAC"]
[" Mountain Yellowseed"]
["Gynandropsis",""]
[" gynandropsis"]
["Gynandropsis gynandra","FAC"]
[" Spiderwisp"]
["Gynerium",""]
[" wildcane"]
["Gynerium sagittatum","FACW"]
[" Wild Cane"]
["Habenaria",""]
[" bog orchid"]
["Habenaria alata","UPL"]
[" winged bog orchid"]
["Habenaria amalfitana","FAC"]
[" Slender False Rein Orchid"]
["Habenaria distans","FAC"]
[" Hammock False Rein Orchid"]
["Habenaria eustachya","FAC"]
[" Woodland False Rein Orchid"]
["Habenaria monorrhiza","FACW"]
[" Tropical False Rein Orchid"]
["Habenaria repens","FACW"]
[" Water-Spider False Rein Orchid"]
["Hackelochloa",""]
[" pitscale grass"]
["Hackelochloa granularis","FAC"]
[" Pit-Scale Grass"]
["Haematoxylum",""]
[" haematoxylum"]
["Haematoxylum campechianum","UPL"]
[" bloodwoodtree"]
["Haenianthus",""]
[" haenianthus"]
["Haenianthus salicifolius","FACW"]
[" Palo-de-Hueso"]
["Halodule",""]
[" halodule"]
["Halodule wrightii","OBL"]
[" Shoalweed"]
["Halophila",""]
[" seagrass"]
["Halophila baillonis","OBL"]
[" Florida Keys Sea-Grass"]
["Halophila decipiens","OBL"]
[" Caribbean Sea-Grass"]
["Halophila engelmannii","OBL"]
[" Engelmann's Sea-Grass"]
["Hamelia",""]
[" hamelia"]
["Hamelia axillaris","FAC"]
[" Balsamillo"]
["Hamelia patens","FAC"]
[" Scarletbush"]
["Hapalorchis",""]
[" hapalorchis"]
["Hapalorchis lineatus","FACW"]
[" Damsel Orchid"]
["Harrisella",""]
[" harrisella"]
["Harrisella porrecta","UPL"]
[" needleroot airplant orchid"]
["Harrisia",""]
[" applecactus"]
["Harrisia portoricensis","UPL"]
[" Puerto Rico applecactus"]
["Hebeclinium",""]
[" thoroughwort"]
["Hebeclinium macrophyllum","FACW"]
[" Turma-de-Toro"]
["Hebestigma",""]
[" false locust"]
["Hebestigma cubense","UPL"]
[" false locust"]
["Hecistopteris",""]
[" hecistopteris"]
["Hecistopteris pumila","UPL"]
[" moss fern"]
["Hedychium",""]
[" garland-lily"]
["Hedychium coronarium","OBL"]
[" White Ginger-Lily"]
["Hedyosmum",""]
[" hedyosmum"]
["Hedyosmum arborescens","FACW"]
[" Cigarbush"]
["Helianthus",""]
[" sunflower"]
["Helianthus annuus","UPL"]
[" Common Sunflower"]
["Heliconia",""]
[" heliconia"]
["Heliconia bihai","FAC"]
[" Macaw-Flower"]
["Heliconia caribaea","FACW"]
[" Lobsterclaw"]
["Heliconia psittacorum","FAC"]
[" Parakeet-Flower"]
["Heliconia rostrata","UPL"]
[" false bird of paradise"]
["Heliconia stricta","FAC"]
[" Dwarf Jamaican Heliconia"]
["Heliconia subulata","UPL"]
[" Guatemalan bird of paradise"]
["Helicteres",""]
[" helicteres"]
["Helicteres jamaicensis","UPL"]
[" screwtree"]
["Heliotropium",""]
[" heliotrope"]
["Heliotropium amplexicaule","UPL"]
[" clasping heliotrope"]
["Heliotropium angiospermum","UPL"]
[" Scorpion's-Tail"]
["Heliotropium arborescens","UPL"]
[" garden heliotrope"]
["Heliotropium curassavicum","FACW"]
[" Seaside Heliotrope"]
["Heliotropium fruticosum","UPL"]
[" Key West heliotrope"]
["Heliotropium guanicense","UPL"]
[" cotorrilla"]
["Heliotropium indicum","FAC"]
[" Indian Heliotrope"]
["Heliotropium lagoense","FACW"]
[" Antilles Heliotrope"]
["Heliotropium microphyllum","UPL"]
[" littleleaf heliotrope"]
["Heliotropium procumbens","FAC"]
[" Four-Spike Heliotrope"]
["Heliotropium ternatum","UPL"]
[" bushy heliotrope"]
["Helleriella",""]
[" helleriella"]
["Helleriella punctulata","UPL"]
[" dotted orchid"]
["Hemidictyum",""]
[" hemidictyum"]
["Hemidictyum marginatum","OBL"]
[" Half-Net Fern"]
["Hemigraphis",""]
[" hemigraphis"]
["Hemigraphis alternata","UPL"]
[" redivy"]
["Hemigraphis reptans","UPL"]
[" Redflame"]
["Hemionitis",""]
[" hemionitis"]
["Hemionitis palmata","UPL"]
[" starfern"]
["Hemiscola",""]
[" hemiscola"]
["Hemiscola aculeata","FAC"]
["Henriettea",""]
[" camasey"]
["Henriettea fascicularis","FAC"]
[" Camasey-Peludo"]
["Henriettea macfadyenii","FACW"]
[" Macfadyen's Camasey"]
["Henriettea membranifolia","FACW"]
[" Thin-Leaf Camasey"]
["Henriettea squamulosum","FACW"]
[" Jusillo"]
["Herissantia",""]
[" herissantia"]
["Herissantia crispa","UPL"]
[" bladdermallow"]
["Hernandia",""]
[" hernandia"]
["Hernandia sonora","FAC"]
[" Mago"]
["Hesperocyparis",""]
[" Western cypress"]
["Hesperocyparis arizonica","UPL"]
[" Arizona cypress"]
["Hesperocyparis macrocarpa","UPL"]
[" Monterey cypress"]
["Heteranthera",""]
[" mudplantain"]
["Heteranthera limosa","OBL"]
[" Blue Mud-Plantain"]
["Heteranthera reniformis","OBL"]
[" Kidney-Leaf Mud-Plantain"]
["Heteropogon",""]
[" tanglehead"]
["Heteropogon contortus","UPL"]
[" Twisted Tanglehead"]
["Heteropterys",""]
[" withe"]
["Heteropterys laurifolia","FAC"]
[" Dragon Withe"]
["Heteropterys purpurea","UPL"]
[" bull withe"]
["Heteropterys wydleriana","UPL"]
[" ahorca caballo"]
["Hibiscus",""]
[" rosemallow"]
["Hibiscus acetosella","UPL"]
[" African rosemallow"]
["Hibiscus bifurcatus","FACW"]
[" Fork-Leaf Rose-Mallow"]
["Hibiscus cannabinus","UPL"]
[" brown Indianhemp"]
["Hibiscus clypeatus","UPL"]
[" Congo mahoe"]
["Hibiscus elatus","UPL"]
[" mahoe"]
["Hibiscus furcellatus","FACW"]
[" Linden-Leaf Rose-Mallow"]
["Hibiscus phoeniceus","UPL"]
[" Brazilian rosemallow"]
["Hibiscus rosa-sinensis","UPL"]
[" shoeblackplant"]
["Hibiscus sabdariffa","UPL"]
[" roselle"]
["Hibiscus schizopetalus","UPL"]
[" Fringed Rose-Mallow"]
["Hibiscus trilobus","OBL"]
[" Three-Lobe Rose-Mallow"]
["Hibiscus vitifolius","UPL"]
[" tropical rose mallow"]
["Hillia",""]
[" hillia"]
["Hillia parasitica","UPL"]
[" tibey trepador"]
["Hippeastrum",""]
[" hippeastrum"]
["Hippeastrum puniceum","UPL"]
[" Barbados lily"]
["Hippobroma",""]
[" hippobroma"]
["Hippobroma longiflora","FACU"]
[" Madamfate"]
["Hippocratea",""]
[" hippocratea"]
["Hippocratea volubilis","FACW"]
[" Medicine-Vine"]
["Hippomane",""]
[" hippomane"]
["Hippomane mancinella","FACU"]
[" Manchineel"]
["Hirtella",""]
[" hirtella"]
["Hirtella rugosa","OBL"]
[" Teta-de-Burra-Cinarron"]
["Hirtella triandra","FACU"]
[" Pigeon-Berry"]
["Hohenbergia",""]
[" lacebark"]
["Hohenbergia antillana","FAC"]
[" Antilles Lacebark"]
["Hohenbergia attenuata","UPL"]
[" longtip lacebark"]
["Hohenbergia portoricensis","UPL"]
[" Puerto Rico lacebark"]
["Holcus",""]
[" velvetgrass"]
["Holcus lanatus","UPL"]
[" Common Velvet Grass"]
["Holmskioldia",""]
[" holmskioldia"]
["Holmskioldia sanguinea","UPL"]
[" Chinese hatplant"]
["Homalium",""]
[" homalium"]
["Homalium racemosum","FACU"]
[" White Cogwood"]
["Homalocladium",""]
[" homalocladium"]
["Homalocladium platycladum","UPL"]
[" ribbonbush"]
["Homolepis",""]
[" panicgrass"]
["Homolepis glutinosa","FACW"]
[" Sticky-Panic Grass"]
["Hoya",""]
[" hoya"]
["Hoya carnosa","UPL"]
[" porcelainflower"]
["Huperzia",""]
[" clubmoss"]
["Huperzia acerosa","UPL"]
[" Puerto Rico clubmoss"]
["Huperzia aqualupiana","UPL"]
[" treetrunk clubmoss"]
["Huperzia dichotoma","UPL"]
[" hanging clubmoss"]
["Huperzia funiformis","UPL"]
[" royal clubmoss"]
["Huperzia linifolia","UPL"]
[" needleleaf clubmoss"]
["Huperzia lucidula","FAC"]
[" Shining Fir-Moss"]
["Huperzia reflexa","FAC"]
[" Antilles Fir-Moss"]
["Huperzia sintenisii","UPL"]
[" Sintenis' clubmoss"]
["Huperzia taxifolia","UPL"]
[" yewleaf clubmoss"]
["Huperzia tenuicaulis","UPL"]
[" narrowleaf clubmoss"]
["Huperzia wilsonii","UPL"]
[" Wilson's clubmoss"]
["Hura",""]
[" sandbox tree"]
["Hura crepitans","FAC"]
[" Sandboxtree"]
["Hybanthus",""]
[" greenviolet"]
["Hybanthus linearifolius","UPL"]
[" chancleta"]
["Hydrilla"]
[" hydrilla"]
["Hydrilla verticillata","OBL"]
[" Water-Thyme"]
["Hydrocleys",""]
[" hydrocleys"]
["Hydrocleys nymphoides","OBL"]
[" Water-Poppy"]
["Hydrocotyle",""]
[" hydrocotyle"]
["Hydrocotyle bonariensis","OBL"]
[" Coastal Marsh-Pennywort"]
["Hydrocotyle hirsuta","FACU"]
[" Yerba-de-Clavo"]
["Hydrocotyle prolifera","FAC"]
[" Proliferous Marsh-Pennywort"]
["Hydrocotyle pusilla","OBL"]
[" Tropical Marsh-Pennywort"]
["Hydrocotyle umbellata","OBL"]
[" Many-Flower Marsh-Pennywort"]
["Hydrocotyle verticillata","FAC"]
[" Whorled Marsh-Pennywort"]
["Hyeronima",""]
[" hyeronima"]
["Hyeronima clusioides","FACU"]
[" Cedro-Macho"]
["Hygrophila",""]
[" swampweed"]
["Hygrophila lacustris","FACW"]
[" Gulf Swampweed"]
["Hylocereus",""]
[" nightblooming cactus"]
["Hylocereus trigonus","UPL"]
[" strawberry-pear"]
["Hylocereus undatus","UPL"]
[" nightblooming cactus"]
["Hymenachne",""]
[" marsh grass"]
["Hymenachne amplexicaulis","OBL"]
[" West Indian Marsh Grass"]
["Hymenaea",""]
[" hymenaea"]
["Hymenaea courbaril","FACU"]
[" Stinkingtoe"]
["Hymenocallis",""]
[" spiderlily"]
["Hymenocallis caribaea","UPL"]
[" Caribbean spiderlily"]
["Hymenocallis latifolia","FACU"]
[" Perfumed Spider-Lily"]
["Hymenocallis speciosa","UPL"]
[" green-tinge spiderlily"]
["Hymenophyllum",""]
[" filmy fern"]
["Hymenophyllum asplenioides","UPL"]
[" Caribbean filmy fern"]
["Hymenophyllum axillare","UPL"]
[" axillary filmy fern"]
["Hymenophyllum brevifrons","UPL"]
[" Antilles filmy fern"]
["Hymenophyllum decurrens","UPL"]
[" Sierra de Luquillo filmy fern"]
["Hymenophyllum fragile","UPL"]
[" fragile filmy fern"]
["Hymenophyllum fucoides","UPL"]
[" graceful filmy fern"]
["Hymenophyllum hirsutum","UPL"]
[" hairy filmy fern"]
["Hymenophyllum lanatum","UPL"]
[" woolly filmy fern"]
["Hymenophyllum lineare","UPL"]
[" longtom filmy fern"]
["Hymenophyllum macrothecum","UPL"]
[" mountain filmy fern"]
["Hymenophyllum microcarpum","UPL"]
[" creeping filmy fern"]
["Hymenophyllum paucicarpum","UPL"]
[" Jamaican filmy fern"]
["Hymenophyllum polyanthos","UPL"]
[" smooth filmy fern"]
["Hymenophyllum sieberi","UPL"]
[" Sieber's filmy fern"]
["Hymenophyllum tegularis","UPL"]
[" elegant filmy fern"]
["Hymenophyllum undulatum","UPL"]
[" wavy filmy fern"]
["Hyparrhenia",""]
[" thatching grass"]
["Hyparrhenia rufa","UPL"]
[" Jaragua"]
["Hypelate",""]
[" hypelate"]
["Hypelate trifoliata","UPL"]
[" inkwood"]
["Hyperbaena",""]
[" hyperbaena"]
["Hyperbaena domingensis","UPL"]
[" forest snakevine"]
["Hyperbaena laurifolia","UPL"]
[" limestone snakevine"]
["Hypericum",""]
[" St. Johnswort"]
["Hypericum diosmoides","FACW"]
[" Puerto Rico St. John's-Wort"]
["Hypericum hypericoides","FAC"]
[" St. Andrew's-Cross"]
["Hypericum perforatum","UPL"]
[" Common St. John's-Wort"]
["Hypoderris",""]
[" hypoderris"]
["Hypoderris brownii","OBL"]
[" Hair-Vein Fern"]
["Hypoestes",""]
[" hypoestes"]
["Hypoestes phyllostachya","UPL"]
[" polkadot-plant"]
["Hypogynium",""]
[" West Indian bluestem"]
["Hypogynium virgatum","FACW"]
[" West Indian-Bluestem"]
["Hypolepis",""]
[" beadfern"]
["Hypolepis nigrescens","FACW"]
[" Black Bead Fern"]
["Hypolepis repens","FACW"]
[" Bramble Fern"]
["Hypolepis tenerrima","UPL"]
[" royal beadfern"]
["Hypolepis urbanii","UPL"]
[" ponce beadfern"]
["Hypoxis",""]
[" star-grass"]
["Hypoxis decumbens","UPL"]
[" coquí"]
["Hypoxis wrightii","FAC"]
[" Bristle-Seed Yellow Star-Grass"]
["Hyptis",""]
[" bushmint"]
["Hyptis atrorubens","FACW"]
[" Marubio-Oscuro"]
["Hyptis capitata","FAC"]
[" False Ironwort"]
["Hyptis escobilla","UPL"]
[" bayamon"]
["Hyptis lantanifolia","FAC"]
[" Island Bush-Mint"]
["Hyptis spicigera","UPL"]
[" marubio"]
["Hyptis verticillata","UPL"]
[" John Charles"]
["Ichnanthus",""]
[" bedgrass"]
["Ichnanthus nemorosus","FAC"]
[" Creeping Bed Grass"]
["Ichnanthus pallens","FAC"]
[" Caruzo"]
["Ichnanthus tenuis","UPL"]
[" forest bedgrass"]
["Ilex",""]
[" holly"]
["Ilex cassine","FACW"]
[" Dahoon"]
["Ilex cookii","FACW"]
[" Te"]
["Ilex guianensis","UPL"]
[" maconcona"]
["Ilex hypaneura","UPL"]
[" Luquillo Mountain holly"]
["Ilex krugiana","UPL"]
[" tawnyberry holly"]
["Ilex macfadyenii","FACW"]
[" Caribbean Holly"]
["Ilex nitida","UPL"]
[" Puerto Rico holly"]
["Ilex obcordata","UPL"]
[" cuero de sapo"]
["Ilex sideroxyloides","FAC"]
[" Gongolin"]
["Ilex sintenisii","OBL"]
[" Sintenis' Holly"]
["Ilex urbaniana","FAC"]
[" Urban's Holly"]
["Impatiens",""]
[" touch-me-not"]
["Impatiens balsamina","FACU"]
[" Garden-Balsam"]
["Impatiens walleriana","FACU"]
[" Buzzy-Lizzy"]
["Imperata",""]
[" satintail"]
["Imperata brasiliensis","UPL"]
[" Brazilian satintail"]
["Imperata contracta","UPL"]
[" guayanilla"]
["Indigofera",""]
[" indigo"]
["Indigofera guatemalensis","UPL"]
[" Guatemalan indigo"]
["Indigofera hirsuta","UPL"]
[" hairy indigo"]
["Indigofera suffruticosa","FACU"]
[" Anil-de-Pasto"]
["Indigofera tinctoria","UPL"]
[" true indigo"]
["Inga",""]
[" inga"]
["Inga ingoides","UPL"]
[" icecream bean"]
["Inga laurina","UPL"]
[" sacky sac bean"]
["Inga nobilis","UPL"]
[" guama venezolano"]
["Inga vera","UPL"]
[" river koko"]
["Ionopsis",""]
[" violet orchid"]
["Ionopsis satyrioides","UPL"]
[" fleshyleaf violet orchid"]
["Ionopsis utricularioides","UPL"]
[" delicate violet orchid"]
["Ipomoea",""]
[" morning-glory"]
["Ipomoea alba","FACW"]
[" Tropical White Morning-Glory"]
["Ipomoea aquatica","OBL"]
[" Swamp-Cabbage"]
["Ipomoea batatas","UPL"]
[" sweetpotato"]
["Ipomoea calantha","UPL"]
[" moonvine"]
["Ipomoea carnea","UPL"]
[" Gloria-de-la-Manana"]
["Ipomoea eggersiana","UPL"]
[" jumbypotato"]
["Ipomoea eggersii","UPL"]
[" Egger's morning-glory"]
["Ipomoea hederacea","FACU"]
[" Ivy-Leaf Morning-Glory"]
["Ipomoea hederifolia","FACU"]
[" Scarlet-Creeper"]
["Ipomoea horsfalliae","UPL"]
[" Lady Doorly's morning-glory"]
["Ipomoea imperati","FACU"]
[" Beach Morning-Glory"]
["Ipomoea indica","FAC"]
[" Ocean-Blue Morning-Glory"]
["Ipomoea krugii","UPL"]
[" Krug's white morning-glory"]
["Ipomoea meyeri","UPL"]
[" Meyer's morning-glory"]
["Ipomoea microdactyla","UPL"]
[" calcareous morning-glory"]
["Ipomoea ochracea","UPL"]
[" Fence Morning-Glory"]
["Ipomoea pes-caprae","FAC"]
[" Bay-Hops"]
["Ipomoea purpurea","UPL"]
[" Common Morning-Glory"]
["Ipomoea quamoclit","FACU"]
[" Cypress-Vine"]
["Ipomoea repanda","UPL"]
[" bejuco colorado"]
["Ipomoea setifera","FACW"]
[" Bejuco-de-Puerco"]
["Ipomoea steudelii","UPL"]
[" Steudel's morning-glory"]
["Ipomoea tenuissima","UPL"]
[" rockland morning-glory"]
["Ipomoea tiliacea","UPL"]
[" Bejuco de puerco"]
["Ipomoea tricolor","UPL"]
[" grannyvine"]
["Ipomoea triloba","UPL"]
[" Littlebell"]
["Ipomoea violacea","FAC"]
[" Heavenly-Blue Morning-Glory"]
["Ipomoea wrightii","FACW"]
[" Wright's Morning-Glory"]
["Iresine",""]
[" bloodleaf"]
["Iresine angustifolia","UPL"]
[" white snowplant"]
["Iresine argentata","UPL"]
[" tropical bloodleaf"]
["Iresine diffusa","UPL"]
[" Juba's-Bush"]
["Iresine flavescens","UPL"]
[" yellow bloodleaf"]
["Iresine herbstii","UPL"]
[" Herbst's bloodleaf"]
["Iresine lindenii","UPL"]
[" Linden's bloodleaf"]
["Isachne",""]
[" bloodgrass"]
["Isachne angustifolia","OBL"]
[" Yerba-de-Alambre"]
["Isochilus",""]
[" isochilus"]
["Isochilus linearis","UPL"]
[" narrowleaf equallip orchid"]
["Ixora",""]
[" ixora"]
["Ixora acuminata","UPL"]
[" bola de nieve"]
["Ixora coccinea","UPL"]
[" scarlet jungleflame"]
["Ixora ferrea","FAC"]
[" Palo-de-Hierro"]
["Ixora thwaitesii","UPL"]
[" white jungleflame"]
["Jacaranda",""]
[" jacaranda"]
["Jacaranda mimosifolia","UPL"]
[" black poui"]
["Jacquemontia",""]
[" clustervine"]
["Jacquemontia cayensis","UPL"]
[" sandyplain clustervine"]
["Jacquemontia cumanensis","UPL"]
[" thicket clustervine"]
["Jacquemontia havanensis","UPL"]
[" Havana clustervine"]
["Jacquemontia ovalifolia","FACW"]
[" Oval-Leaf Clustervine"]
["Jacquemontia pentanthos","UPL"]
[" Sky-Blue Clustervine"]
["Jacquemontia solanifolia","UPL"]
[" cambustera de costa"]
["Jacquemontia tamnifolia","UPL"]
[" Hairy Clustervine"]
["Jacquemontia verticillata","UPL"]
[" whorled clustervine"]
["Jacquinia",""]
[" jacquinia"]
["Jacquinia armillaris","UPL"]
[" braceletwood"]
["Jacquinia berteroi","UPL"]
[" bois bande"]
["Jacquinia pauciflora","UPL"]
[" thicketwood"]
["Jacquinia umbellata","UPL"]
[" chirriador"]
["Jacquiniella",""]
[" tufted orchid"]
["Jacquiniella globosa","UPL"]
[" redblotch tufted orchid"]
["Jacquiniella teretifolia","UPL"]
[" moss tufted orchid"]
["Jaltomata",""]
[" false holly"]
["Jaltomata antillana","UPL"]
[" Antilles false holly"]
["Jasminum",""]
[" jasmine"]
["Jasminum fluminense","UPL"]
[" jazmin de trapo"]
["Jasminum multiflorum","UPL"]
[" star jasmine"]
["Jasminum officinale","UPL"]
[" poet's jasmine"]
["Jasminum sambac","UPL"]
[" Arabian jasmine"]
["Jatropha",""]
[" nettlespurge"]
["Jatropha curcas","UPL"]
[" Barbados-Nut"]
["Jatropha gossypiifolia","UPL"]
[" Bellyache-Bush"]
["Jatropha hernandiifolia","UPL"]
[" wild oilnut"]
["Jatropha integerrima","UPL"]
[" peregrina"]
["Jatropha multifida","UPL"]
[" coralbush"]
["Jatropha podagrica","UPL"]
[" goutystalk nettlespurge"]
["Juglans",""]
[" walnut"]
["Juglans jamaicensis","UPL"]
[" West Indian walnut"]
["Juncus",""]
[" rush"]
["Juncus dichotomus","FAC"]
[" Forked Rush"]
["Juncus tenuis","OBL"]
[" Lesser Poverty Rush"]
["Justicia",""]
[" water-willow"]
["Justicia borinquensis","UPL"]
[" Monte Cerrote water-willow"]
["Justicia carthagenensis","UPL"]
[" woodland water-willow"]
["Justicia comata","OBL"]
[" Marsh Water-Willow"]
["Justicia culebritae","UPL"]
[" Culebrita Island water-willow"]
["Justicia martinsoniana","OBL"]
[" Puerto Rico Water-Willow"]
["Justicia mirabiloides","UPL"]
[" West Indian water-willow"]
["Justicia pectoralis","UPL"]
[" freshcut"]
["Justicia sphaerosperma","UPL"]
[" tropical waterwillow"]
["Kaempferia",""]
[" kaempferia"]
["Kaempferia rotunda","UPL"]
[" kaempferia"]
["Kalanchoe",""]
[" widow's-thrill"]
["Kalanchoe blossfeldiana","UPL"]
[" Madagascar widow's-thrill"]
["Kalanchoe daigremontiana","UPL"]
[" devil's backbone"]
["Kalanchoe delagoensis","UPL"]
[" chandelier plant"]
["Kalanchoe fedtschenkoi","UPL"]
[" lavender scallops"]
["Kalanchoe integra","UPL"]
[" neverdie"]
["Kalanchoe pinnata","FACU"]
[" Cathedral-Bells"]
["Kallstroemia",""]
[" caltrop"]
["Kallstroemia maxima","UPL"]
[" big caltrop"]
["Kallstroemia pubescens","UPL"]
[" Caribbean caltrop"]
["Khaya",""]
[" African mahogany"]
["Khaya anthotheca","UPL"]
[" Nyasaland mahogany"]
["Khaya senegalensis","UPL"]
[" Senegal mahogany"]
["Kickxia"]
[" cancerwort"]
["Kickxia elatine","FAC"]
[" Sharp-Leaf Cancerwort"]
["Kigelia",""]
[" sausage tree"]
["Kigelia africana","UPL"]
[" sausage tree"]
["Kleinhovia",""]
[" kleinhovia"]
["Kleinhovia hospita","UPL"]
[" guest tree"]
["Koanophyllon",""]
[" thoroughwort"]
["Koanophyllon dolicholepis","UPL"]
[" oreganillo"]
["Koanophyllon droserolepis","UPL"]
[" Monte Torrecilla thoroughwort"]
["Koanophyllon polyodon","UPL"]
[" islandthicket thoroughwort"]
["Koellensteinia",""]
[" koellensteinia"]
["Koellensteinia graminea","UPL"]
[" grassleaf orchid"]
["Krameria",""]
[" ratany"]
["Krameria ixine","UPL"]
[" abrojo colorado"]
["Krugiodendron",""]
[" krugiodendron"]
["Krugiodendron ferreum","UPL"]
[" leadwood"]
["Kyllinga",""]
[" spikesedge"]
["Kyllinga brevifolia","FAC"]
[" Short-Leaf Spike Sedge"]
["Kyllinga nemoralis","UPL"]
[" White-Head Spike Sedge"]
["Kyllinga odorata","FACW"]
[" Fragrant Spike Sedge"]
["Kyllinga pumila","FACW"]
[" Low Spike Sedge"]
["Kyllinga tibialis","FAC"]
[" Peruvian Spike Sedge"]
["Kyllinga vaginata","UPL"]
[" Carribean island spikesedge"]
["Lablab",""]
[" lablab"]
["Lablab purpureus","UPL"]
[" hyacinthbean"]
["Lactuca",""]
[" lettuce"]
["Lactuca floridana","FACU"]
[" Woodland Lettuce"]
["Lactuca sativa","UPL"]
[" garden lettuce"]
["Laetia",""]
[" laetia"]
["Laetia procera","UPL"]
[" cuero de rana"]
["Lagascea",""]
[" lagascea"]
["Lagascea mollis","UPL"]
[" silkleaf"]
["Lagenaria",""]
[" lagenaria"]
["Lagenaria siceraria","UPL"]
[" bottle gourd"]
["Lagenocarpus",""]
[" lagenocarpus"]
["Lagenocarpus guianensis","OBL"]
[" Burr Sedge"]
["Lagerstroemia",""]
[" lagerstroemia"]
["Lagerstroemia indica","UPL"]
[" crapemyrtle"]
["Lagerstroemia speciosa","UPL"]
[" pride of India"]
["Laguncularia",""]
[" laguncularia"]
["Laguncularia racemosa","OBL"]
[" White Mangrove"]
["Landoltia",""]
[" duckmeat"]
["Landoltia punctata","OBL"]
[" Dotted Duckmeat"]
["Lantana",""]
[" lantana"]
["Lantana camara","FACU"]
[" Hedgeflower"]
["Lantana exarata","UPL"]
[" Caribbean shrubverbena"]
["Lantana insularis","UPL"]
[" island lantana"]
["Lantana involucrata","UPL"]
[" buttonsage"]
["Lantana montevidensis","UPL"]
[" trailing shrubverbena"]
["Lantana reticulata","UPL"]
[" netted shrubverbena"]
["Lantana strigosa","UPL"]
[" rough shrubverbena"]
["Lantana trifolia","UPL"]
[" threeleaf shrubverbena"]
["Lantana urticifolia","UPL"]
[" nettleleaf shrubverbena"]
["Lantana urticoides","UPL"]
[" West Indian Shrub-Verbena"]
["Laplacea",""]
[" laplacea"]
["Laplacea portoricensis","FACW"]
[" Nino-de-Cota"]
["Laportea",""]
[" laportea"]
["Laportea aestuans","UPL"]
[" West Indian woodnettle"]
["Lasiacis",""]
[" smallcane"]
["Lasiacis divaricata","UPL"]
[" smallcane"]
["Lasiacis grisebachii","UPL"]
[" Grisebach's tribisee"]
["Lasiacis ligulata","UPL"]
[" thicket tribisee"]
["Lasiacis sloanei","UPL"]
[" Sloane's tribisee"]
["Lasiacis sorghoidea","UPL"]
[" woodland tribisee"]
["Lasianthus",""]
[" lasianthus"]
["Lasianthus lanceolatus","OBL"]
[" Mata-de-Peo"]
["Lastreopsis",""]
[" shieldfern"]
["Lastreopsis effusa","FACU"]
[" False Shield Fern"]
["Launaea",""]
[" launaea"]
["Launaea intybacea","UPL"]
[" achicoria azul"]
["Lawsonia",""]
[" lawsonia"]
["Lawsonia inermis","UPL"]
[" henna"]
["Leandra",""]
[" leandra"]
["Leandra krugiana","FAC"]
[" Pointed-Tip Angle-Flower"]
["Leandra krugii","UPL"]
[" Mt. Cerrote angleflower"]
["Leersia",""]
[" cutgrass"]
["Leersia hexandra","OBL"]
[" Southern Cut Grass"]
["Leersia monandra","UPL"]
[" bunch cutgrass"]
["Lellingeria",""]
[" lellingeria"]
["Lellingeria hartii","UPL"]
[" Hart's lellingeria"]
["Lellingeria myosuroides","UPL"]
[" mouseear lellingeria"]
["Lellingeria suspensa","UPL"]
[" Jamaican lellingeria"]
["Lemna",""]
[" duckweed"]
["Lemna aequinoctialis","OBL"]
[" Lesser Duckweed"]
["Lemna minuta","OBL"]
[" Least Duckweed"]
["Lemna perpusilla","OBL"]
[" Minute Duckweed"]
["Lemna valdiviana","OBL"]
[" Pale Duckweed"]
["Leochilus",""]
[" leochilus"]
["Leochilus puertoricensis","UPL"]
[" Puerto Rico smoothlip orchid"]
["Leonotis",""]
[" lion's ear"]
["Leonotis nepetifolia","FACU"]
[" Christmas-Candlestick"]
["Leonurus",""]
[" motherwort"]
["Leonurus sibiricus","UPL"]
[" honeyweed"]
["Lepanthes",""]
[" babyboot orchid"]
["Lepanthes caritensis","UPL"]
[" Carite babyboot orchid"]
["Lepanthes dodiana","UPL"]
[" island babyboot orchid"]
["Lepanthes eltoroensis","UPL"]
[" Luquillo Mountain babyboot orchid"]
["Lepanthes rubripetala","UPL"]
[" forest babyboot orchid"]
["Lepanthes rupestris","UPL"]
[" rock babyboot orchid"]
["Lepanthes sanguinea","UPL"]
[" Jamaican babyboot orchid"]
["Lepanthes selenitepala","UPL"]
[" mountain babyboot orchid"]
["Lepanthes veleziana","UPL"]
[" Puerto Rico babyboot orchid"]
["Lepanthes woodburyana","UPL"]
[" Woodbury's babyboot orchid"]
["Lepanthopsis",""]
[" lepanthopsis"]
["Lepanthopsis melanantha","UPL"]
[" tiny orchid"]
["Lepianthes",""]
[" lepianthes"]
["Lepianthes peltata","FACU"]
[" Monkey's-Hand"]
["Lepidaploa"]
[" lepidaploa"]
["Lepidaploa borinquensis","FAC"]
[" Puerto Rico Longshoot"]
["Lepidaploa sericea","FAC"]
[" Longshoot"]
["Lepidium",""]
[" pepperweed"]
["Lepidium pinnatisectum","UPL"]
[" tansy pepperweed"]
["Lepidium virginicum","FACU"]
[" Poorman's-Pepperwort"]
["Leptocereus",""]
[" leptocereus"]
["Leptocereus grantianus","UPL"]
[" sebucan"]
["Leptocereus quadricostatus","UPL"]
[" pitahaya"]
["Leptochloa",""]
[" sprangletop"]
["Leptochloa fusca","UPL"]
[" Malabar sprangletop"]
["Leptochloa panicea","UPL"]
[" mucronate sprangletop"]
["Leptochloa virgata","FACW"]
[" Tropical Sprangletop"]
["Leptochloopsis",""]
[" limestone grass"]
["Leptochloopsis virgata","UPL"]
[" limestone grass"]
["Leptocoryphium",""]
[" lanilla"]
["Leptocoryphium lanatum","UPL"]
[" lanilla"]
["Leucaena",""]
[" leadtree"]
["Leucaena leucocephala","FACU"]
[" White Leadtree"]
["Leucanthemum",""]
[" daisy"]
["Leucanthemum maximum","UPL"]
[" max chrysanthemum"]
["Leucas",""]
[" leucas"]
["Leucas martinicensis","UPL"]
[" whitewort"]
["Leucothrinax",""]
[" white thatch palm"]
["Leucothrinax morrisii","UPL"]
[" Key thatch palm"]
["Licania",""]
[" licania"]
["Licania rigida","UPL"]
[" oiticica"]
["Licaria",""]
[" licaria"]
["Licaria brittoniana","UPL"]
[" Maria laurel"]
["Licaria parvifolia","UPL"]
[" Puerto Rico cinnamon"]
["Licaria triandra","UPL"]
[" pepperleaf sweetwood"]
["Ligustrum",""]
[" privet"]
["Ligustrum japonicum","UPL"]
[" Japanese Privet"]
["Ligustrum ovalifolium","UPL"]
[" California privet"]
["Ligustrum sinense","UPL"]
[" Chinese Privet"]
["Limnobium",""]
[" spongeplant"]
["Limnobium laevigatum","OBL"]
[" West Indian Spongeplant"]
["Lindernia",""]
[" false pimpernel"]
["Lindernia crustacea","FAC"]
[" Malaysian False Pimpernel"]
["Lindernia diffusa","FACW"]
[" Spreading False Pimpernel"]
["Lindernia dubia","OBL"]
[" Yellow-Seed False Pimpernel"]
["Lindsaea",""]
[" necklace fern"]
["Lindsaea lancea","UPL"]
[" woodland necklace fern"]
["Lindsaea portoricensis","FACW"]
[" Puerto Rico Necklace Fern"]
["Lindsaea quadrangularis","UPL"]
[" mountain necklace fern"]
["Lindsaea stricta","FACW"]
[" Small-Stalk Necklace Fern"]
["Liparis",""]
[" widelip orchid"]
["Liparis nervosa","FACW"]
[" Pantropical Wide-Lip Orchid"]
["Liparis saundersiana","UPL"]
[" Saunders' widelip orchid"]
["Liparis vexillifera","UPL"]
[" tropical widelip orchid"]
["Lipocarpha",""]
[" halfchaff sedge"]
["Lipocarpha micrantha","OBL"]
[" Small-Flower Halfchaff Sedge"]
["Lippia",""]
[" lippia"]
["Lippia alba","FAC"]
[" Bushy Mat-Grass"]
["Lippia micromera","UPL"]
[" Spanish thyme"]
["Lisianthius",""]
[" lisianthius"]
["Lisianthius laxiflorus","UPL"]
[" campanilla amarilla"]
["Lisianthus"]
[" lisianthus"]
["Lisianthus laxiflorus","FACW"]
[" Campanilla-Amarilla"]
["Lithachne",""]
[" diente de perro"]
["Lithachne pauciflora","FACU"]
[" Diente-de-Perro"]
["Lithophila",""]
[" lithophila"]
["Lithophila muscoides","FAC"]
[" Talustuft"]
["Livistona"]
[" livistona"]
["Livistona chinensis","UPL"]
[" Chinese Fountain Palm"]
["Lobelia",""]
[" lobelia"]
["Lobelia cliffortiana","FAC"]
[" Cardenala-Azul"]
["Lobelia portoricensis","OBL"]
[" Tibey-Tupa"]
["Lobelia robusta","FACW"]
[" Robust Lobelia"]
["Lobelia rotundifolia","OBL"]
[" Cerro-de-Punta"]
["Lobelia vivaldii","UPL"]
[" Vivald's lobelia"]
["Lolium",""]
[" ryegrass"]
["Lolium perenne","FAC"]
[" Perennial Rye Grass"]
["Lomagramma",""]
[" lomagramma"]
["Lomagramma guianensis","FACW"]
[" Guiana Fern"]
["Lomariopsis",""]
[" fringedfern"]
["Lomariopsis amydrophlebia","OBL"]
[" Royal Fringed Fern"]
["Lomariopsis kunzeana","UPL"]
[" Holly-Leaf Fringed Fern"]
["Lomariopsis sorbifolia","UPL"]
[" acacia fringedfern"]
["Lonchitis",""]
[" lonchitis"]
["Lonchitis hirsuta","OBL"]
[" Tomato Fern"]
["Lonchocarpus",""]
[" lancepod"]
["Lonchocarpus glaucifolius","UPL"]
[" geno"]
["Lonchocarpus heptaphyllus","FAC"]
[" Savonette"]
["Lonchocarpus sericeus","FACW"]
[" Geno-Geno"]
["Lonicera",""]
[" honeysuckle"]
["Lonicera japonica","FAC"]
[" Japanese Honeysuckle"]
["Lophosoria",""]
[" lophosoria"]
["Lophosoria quadripinnata","FACW"]
[" Diamond-Leaf Fern"]
["Lophospermum",""]
[" lophospermum"]
["Lophospermum erubescens","UPL"]
[" Mexican twist"]
["Lucya",""]
[" lucya"]
["Lucya tetrandra","FAC"]
[" False Bluet"]
["Ludwigia",""]
[" primrose-willow"]
["Ludwigia decurrens","OBL"]
[" Wing-Leaf Primrose-Willow"]
["Ludwigia erecta","OBL"]
[" Yerba-de-Jicotea"]
["Ludwigia leptocarpa","OBL"]
[" Angle-Stem Primrose-Willow"]
["Ludwigia octovalvis","OBL"]
[" Mexican Primrose-Willow"]
["Ludwigia palustris","OBL"]
[" Marsh Primrose-Willow"]
["Ludwigia peploides","OBL"]
[" Floating Primrose-Willow"]
["Ludwigia peruviana","OBL"]
[" Peruvian Primrose-Willow"]
["Ludwigia repens","OBL"]
[" Creeping Primrose-Willow"]
["Luehea",""]
[" luehea"]
["Luehea speciosa","UPL"]
[" luehea"]
["Luffa",""]
[" luffa"]
["Luffa acutangula","UPL"]
[" sinkwa towelsponge"]
["Luffa aegyptiaca","UPL"]
[" sponge gourd"]
["Lunania",""]
[" lunania"]
["Lunania ekmanii","FACW"]
[" Mendrina"]
["Lycaste",""]
[" lycaste"]
["Lycaste barringtoniae","UPL"]
[" bee orchid"]
["Lycianthes",""]
[" lycianthes"]
["Lycianthes virgata","UPL"]
[" berengena de paloma"]
["Lycium",""]
[" desert-thorn"]
["Lycium tweedianum","UPL"]
[" tropical desert-thorn"]
["Lycopodium",""]
[" clubmoss"]
["Lycopodium clavatum","FAC"]
[" Running Ground-Pine"]
["Lygodium",""]
[" climbing fern"]
["Lygodium japonicum","FACU"]
[" Japanese Climbing Fern"]
["Lyonia",""]
[" staggerbush"]
["Lyonia rubiginosa","UPL"]
[" St. Thomas staggerbush"]
["Lyonia truncata","UPL"]
[" Dominican staggerbush"]
["Lysimachia"]
[" yellow loosestrife"]
["Lysimachia arvensis","UPL"]
[" Scarlet Yellow-Loosestrife"]
["Macadamia",""]
[" macadamia"]
["Macadamia integrifolia","UPL"]
[" macadamia nut"]
["Macfadyena",""]
[" macfadyena"]
["Macfadyena unguis-cati","UPL"]
[" catclawvine"]
["Machaerina",""]
[" twigrush"]
["Machaerina restioides","OBL"]
[" Forest Twig-Rush"]
["Machaerium",""]
[" machaerium"]
["Machaerium lunatum","OBL"]
[" Palo-de-Hoz"]
["Machaonia",""]
[" machaonia"]
["Machaonia portoricensis","UPL"]
[" Puerto Rico alfilerillo"]
["Machaonia woodburyana","UPL"]
[" alfilerillo"]
["Maclura",""]
[" maclura"]
["Maclura tinctoria","UPL"]
[" fustictree"]
["Macroptilium",""]
[" bushbean"]
["Macroptilium atropurpureum","UPL"]
[" Purple Bush-Bean"]
["Macroptilium lathyroides","FACU"]
[" Wild Bush-Bean"]
["Macrothelypteris",""]
[" macrothelypteris"]
["Macrothelypteris torresiana","FACU"]
[" False Maiden Fern"]
["Maesopsis",""]
[" umbrella-tree"]
["Maesopsis eminii","UPL"]
[" umbrella-tree"]
["Magnolia",""]
[" magnolia"]
["Magnolia grandiflora","UPL"]
[" Southern Magnolia"]
["Magnolia portoricensis","FACU"]
[" Puerto Rico Magnolia"]
["Magnolia splendens","FACW"]
[" Laurel Magnolia"]
["Malachra",""]
[" leafbract"]
["Malachra alceifolia","FAC"]
[" Yellow Leafbract"]
["Malachra capitata","FACU"]
[" Malva-de-Caballo"]
["Malachra fasciata","FACU"]
[" Roadside Leafbract"]
["Malachra radiata","UPL"]
[" tropical leafbract"]
["Malaxis",""]
[" adder's-mouth orchid"]
["Malaxis major","UPL"]
[" royal adder's-mouth orchid"]
["Malaxis massonii","UPL"]
[" Masson's adder's-mouth orchid"]
["Malaxis spicata","FACW"]
[" Florida Adder's-Mouth Orchid"]
["Malpighia",""]
[" malpighia"]
["Malpighia coccigera","UPL"]
[" Singapore holly"]
["Malpighia emarginata","UPL"]
[" Barbados cherry"]
["Malpighia fucata","UPL"]
[" palo bronco"]
["Malpighia glabra","UPL"]
[" wild crapemyrtle"]
["Malpighia infestissima","UPL"]
[" cowhage cherry"]
["Malpighia linearis","UPL"]
[" bastard cherry"]
["Malpighia setosa","UPL"]
[" bristly stingingbush"]
["Malpighia woodburyana","UPL"]
[" Woodbury's stingingbush"]
["Malvastrum",""]
[" false mallow"]
["Malvastrum americanum","UPL"]
[" Indian Valley false mallow"]
["Malvastrum corchorifolium","UPL"]
[" false mallow"]
["Malvastrum coromandelianum","FACU"]
[" Three-Lobe False Mallow"]
["Malvaviscus",""]
[" wax mallow"]
["Malvaviscus arboreus","UPL"]
[" Wax-Mallow"]
["Malvaviscus penduliflorus","UPL"]
[" Mazapan"]
["Mammea",""]
[" mammea"]
["Mammea americana","FAC"]
[" Mammee-Apple"]
["Mammillaria",""]
[" globe cactus"]
["Mammillaria nivosa","UPL"]
[" woolly nipple cactus"]
["Mangifera",""]
[" mango"]
["Mangifera indica","UPL"]
[" Mango"]
["Manihot",""]
[" cassava"]
["Manihot esculenta","UPL"]
[" cassava"]
["Manilkara",""]
[" manilkara"]
["Manilkara bidentata","FAC"]
[" Bulletwood"]
["Manilkara jaimiqui","UPL"]
[" Wild Dilly"]
["Manilkara pleeana","UPL"]
[" zapote de costa"]
["Manilkara valenzuela","UPL"]
[" nisperillo"]
["Manilkara zapota","UPL"]
[" sapodilla"]
["Mansoa",""]
[" garlicvine"]
["Mansoa alliacea","UPL"]
[" garlicvine"]
["Mansoa hymenacea","UPL"]
[" membranous garlicvine"]
["Mappia",""]
[" mappia"]
["Mappia racemosa","UPL"]
[" palo de cana"]
["Maranta",""]
[" maranta"]
["Maranta arundinacea","UPL"]
[" arrowroot"]
["Maranta gibba","UPL"]
[" maranta"]
["Marattia",""]
[" potato fern"]
["Marattia laevis","UPL"]
[" smooth potato fern"]
["Marcgravia",""]
[" marcgravia"]
["Marcgravia rectiflora","FACU"]
[" Bejuco-de-Lira"]
["Marcgravia sintenisii","OBL"]
[" Shingleplant"]
["Margaritaria",""]
[" margaritaria"]
["Margaritaria nobilis","FACU"]
[" Bastard Hogberry"]
["Marlierea",""]
[" marlierea"]
["Marlierea sintenisii","OBL"]
[" Beruquillo"]
["Marsdenia",""]
[" marsdenia"]
["Marsdenia elliptica","UPL"]
[" jungle netvine"]
["Marsdenia woodburyana","UPL"]
[" Woodbury's netvine"]
["Marsilea",""]
[" waterclover"]
["Marsilea ancylopoda","OBL"]
[" Blunt-Spine Water-Clover"]
["Marsilea polycarpa","OBL"]
[" Guayanan Water-Clover"]
["Marsypianthes",""]
[" marsypianthes"]
["Marsypianthes chamaedrys","UPL"]
[" ortela"]
["Martynia",""]
[" martynia"]
["Martynia annua","UPL"]
[" una de gato"]
["Matayba",""]
[" matayba"]
["Matayba domingensis","UPL"]
[" negra lora"]
["Matelea",""]
[" milkvine"]
["Matelea borinquensis","UPL"]
[" San Lorenzo milkvine"]
["Matelea maritima","UPL"]
[" beach milkvine"]
["Matelea sintenisii","FACU"]
[" Sintenis' Milkvine"]
["Matelea variifolia","UPL"]
[" variableleaf milkvine"]
["Maxillaria",""]
[" tiger orchid"]
["Maxillaria acutifolia","UPL"]
[" rufous tiger orchid"]
["Maxillaria coccinea","UPL"]
[" flame orchid"]
["Maxillaria parviflora","UPL"]
[" purple tiger orchid"]
["Maytenus",""]
[" mayten"]
["Maytenus cymosa","UPL"]
[" Caribbean mayten"]
["Maytenus elongata","UPL"]
[" Puerto Rico mayten"]
["Maytenus laevigata","UPL"]
[" white cinnamon"]
["Maytenus ponceana","UPL"]
[" ponce mayten"]
["Mecardonia",""]
[" mecardonia"]
["Mecardonia procumbens","FACW"]
[" Baby-Jump-Up"]
["Mecranium",""]
[" mecranium"]
["Mecranium latifolium","FACW"]
[" Camasey-Almendre"]
["Medicago",""]
[" alfalfa"]
["Medicago sativa","UPL"]
[" Alfalfa"]
["Megalastrum",""]
[" megalastrum"]
["Megalastrum subincisa","FACW"]
[" Jag-Leaf Jungle Fern"]
["Megathyrsus",""]
[" megathyrsus"]
["Megathyrsus maximus","FACU"]
[" Guinea Grass"]
["Melaleuca",""]
[" melaleuca"]
["Melaleuca quinquenervia","FACW"]
[" Punktree"]
["Melampodium",""]
[" blackfoot"]
["Melampodium divaricatum","UPL"]
[" boton de oro"]
["Melanthera",""]
[" squarestem"]
["Melanthera nivea","FACU"]
[" Snow Squarestem"]
["Melia",""]
[" melia"]
["Melia azedarach","UPL"]
[" China-Berry"]
["Melicoccus",""]
[" melicoccus"]
["Melicoccus bijugatus","UPL"]
[" Spanish lime"]
["Melilotus",""]
[" sweetclover"]
["Melilotus officinalis","FACU"]
[" Yellow Sweet-Clover"]
["Melinis",""]
[" stinkgrass"]
["Melinis repens","UPL"]
[" Creeping Molasses Grass"]
["Meliosma",""]
[" meliosma"]
["Meliosma herbertii","FAC"]
[" Aguacatillo"]
["Meliosma obtusifolia","FAC"]
[" Cacaillo"]
["Melocactus",""]
[" melocactus"]
["Melocactus intortus","UPL"]
[" Turk's cap"]
["Melochia",""]
[" melochia"]
["Melochia nodiflora","UPL"]
[" bretonica prieta"]
["Melochia pyramidata","FACU"]
[" Pyramid-Flower"]
["Melochia spicata","FACW"]
[" Bretonica-Peluda"]
["Melochia tomentosa","UPL"]
[" teabush"]
["Melothria",""]
[" melothria"]
["Melothria pendula","FACU"]
[" Guadeloupe-Cucumber"]
["Melpomense",""]
[" dwarf polypody"]
["Melpomense anfractuosa","UPL"]
[" zigzag dwarf polypody"]
["Melpomense flabelliformis","UPL"]
[" fanleaf dwarf polypody"]
["Mentha",""]
[" mint"]
["Mentha aquatica","OBL"]
[" Water Mint"]
["Mentha X piperita","OBL"]
["Mentha X villosa","OBL"]
["Mentzelia",""]
[" blazingstar"]
["Mentzelia aspera","UPL"]
[" tropical blazingstar"]
["Merremia",""]
[" woodrose"]
["Merremia aegyptia","UPL"]
[" hairy woodrose"]
["Merremia cissoides","UPL"]
[" roadside woodrose"]
["Merremia dissecta","FACU"]
[" Noyau-Vine"]
["Merremia quinquefolia","UPL"]
[" rock rosemary"]
["Merremia tuberosa","UPL"]
[" Spanish arborvine"]
["Merremia umbellata","UPL"]
[" hogvine"]
["Mesadenus",""]
[" ladies'-tresses"]
["Mesadenus lucayanus","UPL"]
[" Florida Keys ladies'-tresses"]
["Mesosphaerum",""]
[" mesosphaerum"]
["Mesosphaerum pectinatum","FAC"]
["Mesosphaerum suaveolens","FACU"]
[" Pignut"]
["Metopium",""]
[" Florida poisontree"]
["Metopium toxiferum","FACU"]
[" Florida Poisontree"]
["Miconia",""]
[" johnnyberry"]
["Miconia affinis","FACW"]
[" Saquiyac"]
["Miconia calvescens","UPL"]
[" Devil's-Scourge"]
["Miconia foveolata","OBL"]
[" Puerto Rico Johnny-Berry"]
["Miconia impetiolaris","FACU"]
[" Camasey-de-Costilla"]
["Miconia laevigata","FACU"]
[" Smooth Johnny-Berry"]
["Miconia lanata","UPL"]
[" hairy johnnyberry"]
["Miconia mirabilis","FACU"]
[" Camasey-Cuatrocanales"]
["Miconia pachyphylla","OBL"]
[" Camasey-Racimoso"]
["Miconia prasina","FAC"]
[" Granadillo-Bobo"]
["Miconia punctata","UPL"]
[" auquey"]
["Miconia pycnoneura","OBL"]
[" Ridge Johnny-Berry"]
["Miconia racemosa","FACW"]
[" Camasey-Felpa"]
["Miconia rubiginosa","FAC"]
[" Peralejo"]
["Miconia serrulata","FACU"]
[" Jau-Jau"]
["Miconia sintenisii","FACW"]
[" Mountain Johnny-Berry"]
["Miconia splendens","UPL"]
[" white-flower johnnyberry"]
["Miconia subcorymbosa","FACW"]
[" Forest Johnny-Berry"]
["Miconia tetrandra","FAC"]
[" Rajador"]
["Miconia tetrastoma","FACW"]
[" Graceful Johnny-Berry"]
["Miconia theaezans","UPL"]
[" stalked-flower johnnyberry"]
["Miconia thomasiana","FACW"]
[" Camasey-Tomaso"]
["Micranthemum",""]
[" mudflower"]
["Micranthemum umbrosum","OBL"]
[" Shade Mudflower"]
["Micranthes",""]
[" small-flowered-saxifrage"]
["Microchilus"]
[" microchilus"]
["Microchilus hirtellus","FAC"]
[" Cuban False Helmet Orchid"]
["Microchilus plantagineus","FAC"]
[" Caribbean False Helmet Orchid"]
["Microgramma",""]
[" snakefern"]
["Microgramma heterophylla","UPL"]
[" clinging snakefern"]
["Microgramma lycopodioides","UPL"]
[" clubmoss snakefern"]
["Microgramma piloselloides","UPL"]
[" hairy snakefern"]
["Micropholis",""]
[" micropholis"]
["Micropholis garciniifolia","OBL"]
[" Caimitillo-Verde"]
["Micropholis guyanensis","FACW"]
[" Wild Balata"]
["Microstachys",""]
[" microstachys"]
["Microstachys corniculata","FAC"]
[" Hato-Tejas"]
["Microstegium",""]
[" browntop"]
["Microstegium vimineum","FAC"]
[" Japanese Stilt Grass"]
["Microtea",""]
[" jumby pepper"]
["Microtea debilis","FAC"]
[" Weak Jumby-Pepper"]
["Microtea portoricensis","UPL"]
[" Puerto Rico jumby pepper"]
["Mikania",""]
[" hempvine"]
["Mikania congesta","FACW"]
[" Guaco"]
["Mikania cordifolia","FAC"]
[" Florida Keys Hempvine"]
["Mikania fragilis","UPL"]
[" fragile hempvine"]
["Mikania micrantha","UPL"]
[" mile-a-minute"]
["Mikania odoratissima","FAC"]
[" Fragrant Hempvine"]
["Mikania pachyphylla","UPL"]
[" Luquillo Mountain hempvine"]
["Mikania porosa","FAC"]
[" Puerto Rico Hempvine"]
["Mikania stevensiana","FAC"]
[" Maricao River Hempvine"]
["Millettia",""]
[" oiltree"]
["Millettia pinnata","UPL"]
[" pongame oiltree"]
["Mimosa",""]
[" sensitive plant"]
["Mimosa arenosa","UPL"]
[" elegant mimosa"]
["Mimosa casta","FACW"]
[" Graceful Mimosa"]
["Mimosa ceratonia","UPL"]
[" black ambret"]
["Mimosa diplotricha","FAC"]
[" Giant False Sensitive-Plant"]
["Mimosa pellita","FAC"]
[" Lollipop Mimosa"]
["Mimosa pudica","FACU"]
[" Shameplant"]
["Mimosa quadrivalvis","UPL"]
[" fourvalve mimosa"]
["Mirabilis",""]
[" four o'clock"]
["Mirabilis jalapa","FACU"]
[" Marvel-of-Peru"]
["Mitracarpus",""]
[" girdlepod"]
["Mitracarpus hirtus","FACU"]
[" Tropical Girdlepod"]
["Mitracarpus maxwelliae","UPL"]
[" Maxwell's girdlepod"]
["Mitracarpus polycladus","UPL"]
[" cana gorda girdlepod"]
["Mitracarpus portoricensis","UPL"]
[" Puerto Rico girdlepod"]
["Mitreola",""]
[" hornpod"]
["Mitreola petiolata","OBL"]
[" Lax Hornpod"]
["Mollugo",""]
[" carpetweed"]
["Mollugo nudicaulis","UPL"]
[" nakedstem carpetweed"]
["Mollugo verticillata","FAC"]
[" Green Carpetweed"]
["Momordica",""]
[" momordica"]
["Momordica balsamina","UPL"]
[" southern balsampear"]
["Momordica charantia","FAC"]
[" Balsam-Pear"]
["Monstera",""]
[" monstera"]
["Monstera adansonii","UPL"]
[" Adanson's monstera"]
["Morella",""]
[" bayberry"]
["Morella cerifera","FAC"]
[" Southern Bayberry"]
["Morella holdridgeana","FAC"]
[" Palo-de-Cera"]
["Morinda",""]
[" morinda"]
["Morinda citrifolia","FACU"]
[" Painkiller"]
["Moringa",""]
[" moringa"]
["Moringa oleifera","UPL"]
[" Horseradish-Tree"]
["Morisonia",""]
[" morisonia"]
["Morisonia americana","UPL"]
[" ratapple"]
["Morus",""]
[" mulberry"]
["Morus nigra","UPL"]
[" black mulberry"]
["Mouriri",""]
[" mouriri"]
["Mouriri domingensis","UPL"]
[" murta"]
["Mouriri helleri","UPL"]
[" mameyuelo"]
["Mucuna",""]
[" mucuna"]
["Mucuna pruriens","UPL"]
[" velvet bean"]
["Mucuna sloanei","UPL"]
[" horseeye bean"]
["Mucuna urens","FAC"]
[" Oxeye-Bean"]
["Muhlenbergia",""]
[" muhly"]
["Muhlenbergia capillaris","FAC"]
[" Hair-Awn Muhly"]
["Muntingia",""]
[" muntingia"]
["Muntingia calabura","FACU"]
[" Strawberry-Tree"]
["Murdannia",""]
[" murdannia"]
["Murdannia nudiflora","FACW"]
[" Naked-Stem Dewflower"]
["Murraya",""]
[" murraya"]
["Murraya exotica","UPL"]
[" Chinese box"]
["Musa",""]
[" banana"]
["Musa velutina","UPL"]
[" hairy banana"]
["Musa X paradisiaca","FAC"]
["Myrcia",""]
[" rodwood"]
["Myrcia citrifolia","FACU"]
[" Red Rodwood"]
["Myrcia deflexa","FACU"]
[" Cieneguillo"]
["Myrcia fallax","FACW"]
[" Curame"]
["Myrcia leptoclada","FAC"]
[" Guayabacon"]
["Myrcia margarettae","OBL"]
[" Margarett's Rodwood"]
["Myrcia margarettiae","UPL"]
[" Margarett's myrcia"]
["Myrcia maricaensis","UPL"]
[" maricao rodwood"]
["Myrcia paganii","UPL"]
[" ausu"]
["Myrcia splendens","FAC"]
[" Punchberry"]
["Myrcianthes",""]
[" myrcianthes"]
["Myrcianthes fragrans","UPL"]
[" twinberry"]
["Myrciaria",""]
[" guavaberry"]
["Myrciaria borinquena","UPL"]
[" false tamarisk"]
["Myrciaria floribunda","UPL"]
[" guavaberry"]
["Myrciaria myrtifolia","UPL"]
[" ridgetop guavaberry"]
["Myristica",""]
[" nutmeg"]
["Myristica fragrans","UPL"]
[" nutmeg"]
["Myrosma",""]
[" myrosma"]
["Myrosma cannifolia","UPL"]
[" cannaleaf myrosma"]
["Myrospermum",""]
[" myrospermum"]
["Myrospermum frutescens","UPL"]
[" cercipo"]
["Myrsine",""]
[" colicwood"]
["Myrsine coriacea","FACU"]
[" Leathery Colicwood"]
["Myrsine cubana","FAC"]
[" Guianese Colicwood"]
["Najas",""]
[" waternymph"]
["Najas guadalupensis","OBL"]
[" Guadalupe Waternymph"]
["Najas marina","OBL"]
[" Holly-Leaf Waternymph"]
["Nama",""]
[" fiddleleaf"]
["Nama jamaicense","FACU"]
[" Jamaican-Weed"]
["Nashia",""]
[" nashia"]
["Nashia inaguensis","UPL"]
[" el tuque"]
["Nasturtium",""]
[" yellowcress"]
["Nasturtium officinale","OBL"]
[" Watercress"]
["Nectandra",""]
[" sweetwood"]
["Nectandra coriacea","UPL"]
[" lancewood"]
["Nectandra hihua","FACW"]
[" Shinglewood"]
["Nectandra krugii","UPL"]
[" Krug's sweetwood"]
["Nectandra membranacea","FAC"]
[" Sweetwood"]
["Nectandra patens","FAC"]
[" Capberry"]
["Nectandra turbacensis","FACU"]
[" Laurel-Amarillo"]
["Neea",""]
[" saltwood"]
["Neea buxifolia","UPL"]
[" saltwood"]
["Nekemias",""]
[" peppervine"]
["Nekemias arborea","UPL"]
[" peppervine"]
["Nelsonia",""]
[" nelsonia"]
["Nelsonia canescens","FACW"]
[" Blue Pussyleaf"]
["Neolamarckia",""]
[" neolamarckia"]
["Neolamarckia cadamba","UPL"]
[" kadam"]
["Neolaugeria",""]
[" neolaugeria"]
["Neolaugeria resinosa","FACU"]
[" Aquilon"]
["Neomarica",""]
[" neomarica"]
["Neomarica northiana","UPL"]
[" North's false flag"]
["Neorudolphia",""]
[" neorudolphia"]
["Neorudolphia volubilis","FAC"]
[" Bejuco-de-Alambre"]
["Nephrolepis",""]
[" swordfern"]
["Nephrolepis brownii","FACU"]
[" Asian Sword Fern"]
["Nephrolepis cordifolia","UPL"]
[" Narrow Sword Fern"]
["Nephrolepis exaltata","FAC"]
[" Boston Sword Fern"]
["Nephrolepis falcata","FACU"]
[" Fish-Tail Sword Fern"]
["Nephrolepis laurifolia","UPL"]
[" laurel-leaf swordfern"]
["Nephrolepis rivularis","FACW"]
[" Streamside Sword Fern"]
["Nephrolepis undulata","UPL"]
[" annual swordfern"]
["Nepsera",""]
[" nepsera"]
["Nepsera aquatica","FACW"]
[" Altea"]
["Neptunia",""]
[" puff"]
["Neptunia oleracea","OBL"]
[" Garden Puff"]
["Neptunia plena","FACW"]
[" Water-Dead-and-Awake"]
["Nerium",""]
[" oleander"]
["Nerium oleander","UPL"]
[" oleander"]
["Neurodium",""]
[" ribbon fern"]
["Neurodium lanceolatum","UPL"]
[" ribbon fern"]
["Neurolaena",""]
[" neurolaena"]
["Neurolaena lobata","FAC"]
[" Sepi"]
["Nicotiana",""]
[" tobacco"]
["Nicotiana tabacum","UPL"]
[" Cultivated Tobacco"]
["Nidema",""]
[" nidema"]
["Nidema ottonis","UPL"]
[" fairy orchid"]
["Niphidium",""]
[" graceful fern"]
["Niphidium crassifolium","UPL"]
[" graceful fern"]
["Nopalea",""]
[" Nopal cactus"]
["Nopalea cochenillifera","UPL"]
[" Cochineal Nopal Cactus"]
["Notholaena",""]
[" cloak fern"]
["Notholaena trichomanoides","UPL"]
[" rockslope cloak fern"]
["Nymphaea",""]
[" waterlily"]
["Nymphaea amazonum","OBL"]
[" Amazon Water-Lily"]
["Nymphaea ampla","OBL"]
[" Dot-Leaf Water-Lily"]
["Nymphaea conardii","OBL"]
[" Round-Leaf Water-Lily"]
["Nymphaea jamesoniana","OBL"]
[" James' Water-Lily"]
["Nymphaea odorata","OBL"]
[" American White Water-Lily"]
["Nymphaea rudgeana","OBL"]
[" Rudge's Water-Lily"]
["Nymphoides",""]
[" floatingheart"]
["Nymphoides indica","OBL"]
[" Water-Snowflake"]
["Ochna",""]
[" ochna"]
["Ochna jabotapita","UPL"]
[" bird's-eye bush"]
["Ochna mossambicensis","UPL"]
[" African bird's-eye bush"]
["Ochroma",""]
[" ochroma"]
["Ochroma pyramidale","UPL"]
[" West Indian balsa"]
["Ocimum",""]
[" basil"]
["Ocimum basilicum","UPL"]
[" Sweet Basil"]
["Ocimum campechianum","UPL"]
[" least basil"]
["Ocimum tenuiflorum","UPL"]
[" holy basil"]
["Ocotea",""]
[" sweetwood"]
["Ocotea floribunda","FAC"]
[" Laurel-Espada"]
["Ocotea foeniculacea","FACW"]
[" Palo-Santo"]
["Ocotea leucoxylon","UPL"]
[" loblolly sweetwood"]
["Ocotea moschata","FACW"]
[" Nemoca"]
["Ocotea nemodaphne","FACW"]
[" Laurel-Sassafras"]
["Ocotea portoricensis","FACW"]
[" Laurel-de-Paloma"]
["Ocotea spathulata","FACW"]
[" Nemoca-Cimarrona"]
["Ocotea wrightii","FACW"]
[" Wright's Laurel-Canelon"]
["Odontonema",""]
[" toothedthread"]
["Odontonema cuspidatum","UPL"]
[" mottled toothedthread"]
["Odontonema nitidum","FACW"]
[" Shrubby Toothedthread"]
["Odontonema tubiforme","UPL"]
[" Firespike"]
["Odontosoria",""]
[" creepingfern"]
["Odontosoria aculeata","UPL"]
[" thicket creepingfern"]
["Odontosoria clavata","UPL"]
[" clubbed creepingfern"]
["Odontosoria scandens","FACW"]
[" Border Parsley Fern"]
["Oeceoclades",""]
[" monk orchid"]
["Oeceoclades maculata","UPL"]
[" monk orchid"]
["Oldenlandia",""]
[" oldenlandia"]
["Oldenlandia corymbosa","FAC"]
[" Flat-Top Mille-Graines"]
["Oldenlandia lancifolia","UPL"]
[" calycose mille graines"]
["Oldenlandia uniflora","FACW"]
[" Clustered Mille-Graines"]
["Oldenlandiopsis",""]
[" creeping-bluet"]
["Oldenlandiopsis callitrichoides","FACW"]
[" Creeping-Bluet"]
["Oleandra",""]
[" oleander fern"]
["Oleandra articulata","FACW"]
[" Oleander Fern"]
["Olfersia",""]
[" islandfern"]
["Olfersia cervina","FAC"]
[" Woodland Island Fern"]
["Olyra",""]
[" carrycillo"]
["Olyra latifolia","FACU"]
[" Carrycillo"]
["Oncidium",""]
[" dancing-lady orchid"]
["Oncidium altissimum","UPL"]
[" Wydler's dancing-lady orchid"]
["Oncidium meirax","UPL"]
[" winged-lady orchid"]
["Ophioglossum",""]
[" adderstongue"]
["Ophioglossum reticulatum","OBL"]
[" Netted Adder's-Tongue"]
["Oplismenus",""]
[" basketgrass"]
["Oplismenus compositus","UPL"]
[" Running Mountain Grass"]
["Oplismenus hirtellus","FACU"]
[" Long-Leaf Basket Grass"]
["Oplonia",""]
[" oplonia"]
["Oplonia microphylla","UPL"]
[" thicketwort"]
["Oplonia spinosa","UPL"]
[" pricklybush"]
["Opuntia",""]
[" pricklypear"]
["Opuntia borinquensis","UPL"]
[" olaga"]
["Opuntia ficus-indica","UPL"]
[" Barbary fig"]
["Opuntia repens","UPL"]
[" roving pricklypear"]
["Opuntia sanguinea","UPL"]
[" blood-red pricklypear"]
["Opuntia stricta","UPL"]
[" Erect Prickly-Pear"]
["Opuntia triacantha","UPL"]
[" Spanish lady"]
["Opuntia X cubensis","UPL"]
[" bullsuckers"]
["Ormosia",""]
[" ormosia"]
["Ormosia krugii","UPL"]
[" peronia"]
["Oryza",""]
[" rice"]
["Oryza latifolia","OBL"]
[" Broad-Leaf Rice"]
["Oryza sativa","OBL"]
[" Cultivated Rice"]
["Osmundastrum",""]
[" osmundastrum"]
["Osmundastrum cinnamomeum","OBL"]
[" Cinnamon Fern"]
["Ottoschulzia",""]
[" ottoschulzia"]
["Ottoschulzia rhodoxylon","UPL"]
[" pincho palo de rosa"]
["Ouratea",""]
[" ouratea"]
["Ouratea ilicifolia","UPL"]
[" chicharron amarillo"]
["Ouratea littoralis","UPL"]
[" abey amarillo"]
["Ouratea striata","FACW"]
[" Guanabanilla"]
["Oxalis",""]
[" woodsorrel"]
["Oxalis barrelieri","UPL"]
[" Barrelier's woodsorrel"]
["Oxalis corniculata","FACU"]
[" Creeping Yellow Wood-Sorrel"]
["Oxalis debilis","UPL"]
[" pink woodsorrel"]
["Oxalis eggersii","UPL"]
[" Eggers' woodsorrel"]
["Oxalis intermedia","UPL"]
[" West Indian woodsorrel"]
["Oxalis latifolia","UPL"]
[" broadleaf woodsorrel"]
["Oxalis rugeliana","UPL"]
[" coamo"]
["Oxalis violacea","UPL"]
[" violet woodsorrel"]
["Oxandra",""]
[" oxandra"]
["Oxandra lanceolata","FAC"]
[" Black-Lancewood"]
["Oxandra laurifolia","FAC"]
[" Haya"]
["Oxycaryum"]
[" bulrush"]
["Oxycaryum cubense","OBL"]
[" Cuban-Bulrush"]
["Oxypetalum",""]
[" oxypetalum"]
["Oxypetalum cordifolium","UPL"]
[" whiteheart"]
["Pachira",""]
[" pachira"]
["Pachira aquatica","UPL"]
[" Guiana-chestnut"]
["Pachira insignis","UPL"]
[" wild chestnut"]
["Pachyrhizus",""]
[" pachyrhizus"]
["Pachyrhizus erosus","UPL"]
[" yam bean"]
["Pachyrhizus tuberosus","UPL"]
[" ajipo"]
["Pachystachys",""]
[" pachystachys"]
["Pachystachys spicata","UPL"]
[" cardinal's-guard"]
["Palhinhaea",""]
[" palhinhaea"]
["Palhinhaea cernua","FACU"]
[" Monkey's Paw"]
["Palicourea",""]
[" cappel"]
["Palicourea alpina","FACU"]
[" Tafetan"]
["Palicourea crocea","FAC"]
[" Red Cappel"]
["Palicourea croceoides","UPL"]
[" yellow-cedar"]
["Palicourea guianensis","FACU"]
[" Showy Cappel"]
["Pandanus",""]
[" screwpine"]
["Pandanus baptistii","UPL"]
[" New Britain Island screwpine"]
["Pandanus tectorius","FACW"]
[" Tahitian Screw-Pine"]
["Pandanus utilis","UPL"]
[" common screwpine"]
["Pandanus veitchii","UPL"]
[" Veitch's screwpine"]
["Panicum",""]
[" panicgrass"]
["Panicum boliviense","UPL"]
[" Bolivian panicgrass"]
["Panicum capillare","FACU"]
[" Common Panic Grass"]
["Panicum dichotomiflorum","FAC"]
[" Fall Panic Grass"]
["Panicum diffusum","FAC"]
[" West Indian Panic Grass"]
["Panicum elephantipes","OBL"]
[" Elephant Panic Grass"]
["Panicum ghiesbreghtii","FACW"]
[" Ghiesbreght's Panic Grass"]
["Panicum miliaceum","UPL"]
[" proso millet"]
["Panicum parvifolium","OBL"]
[" Small-Flower Panic Grass"]
["Panicum schiffneri","FAC"]
[" Schiffner's Panic Grass"]
["Panicum stevensianum","FACW"]
[" Stevens' Panic Grass"]
["Panicum trichanthum","FACU"]
[" Thicket Panic Grass"]
["Panicum trichoides","UPL"]
[" tropical panicgrass"]
["Panicum venezuelae","UPL"]
[" Venezuelan panicgrass"]
["Pappophorum",""]
[" pappusgrass"]
["Pappophorum pappiferum","FACU"]
[" Limestone Pappus Grass"]
["Parathesis",""]
[" parathesis"]
["Parathesis crenulata","FACW"]
[" Scratchthroat"]
["Parkinsonia",""]
[" paloverde"]
["Parkinsonia aculeata","FAC"]
[" Mexican Palo-Verde"]
["Parmentiera",""]
[" parmentiera"]
["Parmentiera aculeata","UPL"]
[" cuachilote"]
["Parmentiera cereifera","UPL"]
[" candle tree"]
["Parthenium",""]
[" feverfew"]
["Parthenium hysterophorus","FAC"]
[" Santa Maria Feverfew"]
["Paspalidium",""]
[" watercrown grass"]
["Paspalidium chapmanii","UPL"]
[" Chapman's bristlegrass"]
["Paspalidium geminatum","OBL"]
[" Egyptian Water Crown Grass"]
["Paspalum",""]
[" crowngrass"]
["Paspalum arundinaceum","UPL"]
[" thick ditch crowngrass"]
["Paspalum bakeri","UPL"]
[" Baker's crowngrass"]
["Paspalum blodgettii","UPL"]
[" Blodgett's Crown Grass"]
["Paspalum boscianum","FAC"]
[" Bull Crown Grass"]
["Paspalum caespitosum","UPL"]
[" Blue Crown Grass"]
["Paspalum clavuliferum","UPL"]
[" hillside crowngrass"]
["Paspalum conjugatum","FAC"]
[" Sour Crown Grass"]
["Paspalum convexum","UPL"]
[" Latin American crowngrass"]
["Paspalum decumbens","FAC"]
[" Decumbent Crown Grass"]
["Paspalum densum","OBL"]
[" Dense Crown Grass"]
["Paspalum dilatatum","FAC"]
[" Golden Crown Grass"]
["Paspalum dispar","UPL"]
[" mosquito crowngrass"]
["Paspalum distichum","OBL"]
[" Jointed Crown Grass"]
["Paspalum fasciculatum","FACW"]
[" Mexican Crown Grass"]
["Paspalum fimbriatum","FAC"]
[" Panama Crown Grass"]
["Paspalum laxum","UPL"]
[" coconut paspalum"]
["Paspalum macrophyllum","UPL"]
[" bigleaf paspalum"]
["Paspalum maritimum","UPL"]
[" coastal sand paspalum"]
["Paspalum millegrana","FACW"]
[" Paja-Brava"]
["Paspalum minus","UPL"]
[" matted paspalum"]
["Paspalum molle","UPL"]
[" soft paspalum"]
["Paspalum notatum","FAC"]
[" Bahia Grass"]
["Paspalum orbiculatum","OBL"]
[" Circular Crown Grass"]
["Paspalum paniculatum","FAC"]
[" Arrocillo"]
["Paspalum parviflorum","UPL"]
[" smallseed paspalum"]
["Paspalum paucispicatum","UPL"]
[" large knotgrass"]
["Paspalum pleostachyum","UPL"]
[" tropical paspalum"]
["Paspalum plicatulum","FAC"]
[" Brown-Seed Crown Grass"]
["Paspalum pulchellum","UPL"]
[" grand paspalum"]
["Paspalum rupestre","UPL"]
[" rock paspalum"]
["Paspalum secans","FACW"]
[" Slender Ditch Crown Grass"]
["Paspalum setaceum","FACU"]
[" Slender Crown Grass"]
["Paspalum urvillei","FAC"]
[" Vasey's Grass"]
["Paspalum vaginatum","FACW"]
[" Seashore Crown Grass"]
["Paspalum virgatum","FACW"]
[" Talquezal"]
["Passiflora",""]
[" passionflower"]
["Passiflora anadenia","UPL"]
[" tropical passionflower"]
["Passiflora berteriana","UPL"]
[" pasionaria de cercas"]
["Passiflora bilobata","UPL"]
[" twolobe passionflower"]
["Passiflora ciliata","UPL"]
[" fringed passionflower"]
["Passiflora edulis","FACU"]
[" Purple Granadilla"]
["Passiflora foetida","FACU"]
[" Scarlet-Fruit Passion-Flower"]
["Passiflora laurifolia","UPL"]
[" Golden Bell-Apple"]
["Passiflora maliformis","UPL"]
[" conch apple"]
["Passiflora multiflora","UPL"]
[" whiteflower passionflower"]
["Passiflora murucuja","UPL"]
[" Virgin Island passionflower"]
["Passiflora quadrangularis","UPL"]
[" giant granadilla"]
["Passiflora rubra","FACU"]
[" Dutchman's-Laudanum"]
["Passiflora serratodigitata","FACU"]
[" Tagua-Tagua"]
["Passiflora sexflora","UPL"]
[" goatsfoot"]
["Passiflora suberosa","UPL"]
[" Corky-Stem Passion-Flower"]
["Passiflora tuberosa","UPL"]
[" tuberous passionflower"]
["Passiflora tulae","FACU"]
[" Mountain-Love-in-the-Mist"]
["Paullinia",""]
[" bread and cheese"]
["Paullinia fuscescens","UPL"]
[" moldy bread and cheese"]
["Paullinia pinnata","FAC"]
[" Bread-and-Cheese"]
["Pavonia",""]
[" swampmallow"]
["Pavonia corymbosa","FAC"]
[" Tight-Flower Swamp-Mallow"]
["Pavonia fruticosa","FAC"]
[" Anamu"]
["Pavonia paludicola","OBL"]
[" Swampbush"]
["Pavonia paniculata","FACW"]
[" Loose-Flower Swamp-Mallow"]
["Pavonia spinifex","UPL"]
[" gingerbush"]
["Pecluma",""]
[" rockcap fern"]
["Pecluma camptophyllaria","UPL"]
[" Colombian rockcap fern"]
["Pecluma consimilis","UPL"]
[" montane rockcap fern"]
["Pecluma dispersa","UPL"]
[" widespread rockcap fern"]
["Pecluma pectinata","UPL"]
[" combleaf rockcap fern"]
["Pecluma plumula","UPL"]
[" plumed rockcap fern"]
["Pecluma ptilodon","UPL"]
[" Palm-Leaf Rockcap Fern"]
["Pectis",""]
[" chinchweed"]
["Pectis carthusianorum","UPL"]
[" Caribbean chinchweed"]
["Pectis ciliaris","UPL"]
[" donkeyweed"]
["Pectis elongata","UPL"]
[" tropical chinchweed"]
["Pectis humifusa","UPL"]
[" yerba de San Juan"]
["Pectis linearis","UPL"]
[" West Indian chinchweed"]
["Pectis linifolia","UPL"]
[" romero macho"]
["Pectis prostrata","UPL"]
[" spreading chinchweed"]
["Pectis tenuicaulis","UPL"]
[" island chinchweed"]
["Pedilanthus",""]
[" pedilanthus"]
["Pedilanthus tithymaloides","UPL"]
[" redbird flower"]
["Pelargonium",""]
[" geranium"]
["Pelargonium graveolens","UPL"]
[" sweet scented geranium"]
["Pelargonium odoratissimum","UPL"]
[" apple geranium"]
["Pelargonium peltatum","UPL"]
[" ivyleaf geranium"]
["Pelargonium zonale","UPL"]
[" horseshoe geranium"]
["Pelexia",""]
[" hachuela"]
["Pelexia adnata","FACU"]
[" Hachuela"]
["Peltophorum",""]
[" peltophorum"]
["Peltophorum pterocarpum","UPL"]
[" Yellow-Poinciana"]
["Pentalinon",""]
[" pentalinon"]
["Pentalinon luteum","FAC"]
[" Hammock Viper's-Tail"]
["Pentapetes",""]
[" pentapetes"]
["Pentapetes phoenicea","UPL"]
[" flor impia"]
["Pentas",""]
[" pentas"]
["Pentas lanceolata","UPL"]
[" Egyptian Starcluster"]
["Peperomia",""]
[" peperomia"]
["Peperomia alata","FACU"]
[" Winged Peperomia"]
["Peperomia cogniauxii","UPL"]
[" yerba de guava falso"]
["Peperomia distachya","FACW"]
[" Montane Peperomia"]
["Peperomia emarginella","UPL"]
[" Guadeloupe peperomia"]
["Peperomia glabella","FACU"]
[" Cypress Peperomia"]
["Peperomia hernandiifolia","UPL"]
[" West Indian peperomia"]
["Peperomia humilis","UPL"]
[" Polynesian peperomia"]
["Peperomia maculosa","UPL"]
[" spotted peperomia"]
["Peperomia magnoliifolia","UPL"]
[" spoonleaf peperomia"]
["Peperomia maxonii","UPL"]
[" Maxon's peperomia"]
["Peperomia megalopoda","UPL"]
[" Puerto Rico peperomia"]
["Peperomia myrtifolia","UPL"]
[" myrtleleaf peperomia"]
["Peperomia obtusifolia","UPL"]
[" baby rubberplant"]
["Peperomia parvulifolia","UPL"]
[" short-spike peperomia"]
["Peperomia pellucida","FACU"]
[" Man-To-Man"]
["Peperomia portoricensis","UPL"]
[" Puerto Rico peperomia"]
["Peperomia quadrifolia","UPL"]
[" fourleaf peperomia"]
["Peperomia rhombea","UPL"]
[" Peruvian peperomia"]
["Peperomia robustior","FACW"]
[" Grand Peperomia"]
["Peperomia rotundifolia","UPL"]
[" yerba linda"]
["Peperomia serpens","UPL"]
[" vinagre"]
["Peperomia sintenisii","FACU"]
[" Sintenis' Peperomia"]
["Peperomia tenella","UPL"]
[" jayuya"]
["Peperomia tetraphylla","FACW"]
[" Acorn Peperomia"]
["Peperomia urocarpa","FACW"]
[" Brazilian Peperomia"]
["Peperomia wheeleri","UPL"]
[" Wheeler's peperomia"]
["Peperomia yabucoana","FACW"]
[" Viper Peperomia"]
["Pera",""]
[" pera"]
["Pera bumeliifolia","UPL"]
[" jiqi"]
["Pereskia",""]
[" pereskia"]
["Pereskia aculeata","UPL"]
[" Barbados shrub"]
["Pereskia grandifolia","UPL"]
[" rose cactus"]
["Persea",""]
[" bay"]
["Persea americana","UPL"]
[" avocado"]
["Persea krugii","FACW"]
[" Canela"]
["Persea urbaniana","FACW"]
[" Aquacatillo"]
["Persicaria",""]
[" smartweed"]
["Persicaria acuminata","OBL"]
[" Taper-Tip Smartweed"]
["Persicaria glabra","OBL"]
[" Smooth Smartweed"]
["Persicaria hydropiperoides","OBL"]
[" Swamp Smartweed"]
["Persicaria punctata","OBL"]
[" Dotted Smartweed"]
["Persicaria robustior","OBL"]
[" Stout Smartweed"]
["Persicaria segeta","OBL"]
[" Field Smartweed"]
["Petitia",""]
[" petitia"]
["Petitia domingensis","UPL"]
[" bastard stopper"]
["Petiveria",""]
[" petiveria"]
["Petiveria alliacea","UPL"]
[" guinea henweed"]
["Petrea",""]
[" petrea"]
["Petrea volubilis","UPL"]
[" queen's-wreath"]
["Petroselinum",""]
[" parsley"]
["Petroselinum crispum","UPL"]
[" parsley"]
["Petunia",""]
[" petunia"]
["Petunia integrifolia","UPL"]
[" violetflower petunia"]
["Pfaffia",""]
[" pfaffia"]
["Pfaffia grandiflora","UPL"]
[" jojo"]
["Phaius",""]
[" nun's-hood orchid"]
["Phaius tancarvilleae","UPL"]
[" Nun's-Hood Orchid"]
["Pharus",""]
[" stalkgrass"]
["Pharus lappulaceus","FAC"]
[" Cape Francais Stalk Grass"]
["Pharus latifolius","FAC"]
[" Broad Stalk Grass"]
["Phaseolus",""]
[" bean"]
["Phaseolus coccineus","UPL"]
[" scarlet runner"]
["Phaseolus lunatus","UPL"]
[" sieva bean"]
["Phaseolus polystachios","UPL"]
[" thicket bean"]
["Phaseolus vulgaris","UPL"]
[" kidney bean"]
["Phenax",""]
[" ghostweed"]
["Phenax sonneratii","UPL"]
[" Asian ghostweed"]
["Phialanthus",""]
[" phialanthus"]
["Phialanthus grandifolius","UPL"]
[" aquilon prieto"]
["Phialanthus myrtilloides","UPL"]
[" candlewood"]
["Philodendron",""]
[" philodendron"]
["Philodendron consanguineum","FACW"]
[" Rascagarganta"]
["Philodendron fragrantissimum","UPL"]
[" shortstem philodendron"]
["Philodendron giganteum","FAC"]
[" Giant Philodendron"]
["Philodendron hederaceum","FACU"]
[" Vilevine"]
["Philodendron lingulatum","FACU"]
[" Treelover"]
["Philodendron ornatum","UPL"]
[" philodendron"]
["Phlebodium",""]
[" golden polypody"]
["Phlebodium aureum","UPL"]
[" golden polypody"]
["Phlebodium decumanum","UPL"]
[" creeping golden polypody"]
["Phlebodium pseudoaureum","UPL"]
[" false golden polypody"]
["Phoradendron",""]
[" mistletoe"]
["Phoradendron anceps","UPL"]
[" goldenfruit mistletoe"]
["Phoradendron barahonae","UPL"]
[" island mistletoe"]
["Phoradendron dichotomum","UPL"]
[" Bertero's mistletoe"]
["Phoradendron hexastichum","UPL"]
[" tropical mistletoe"]
["Phoradendron piperoides","UPL"]
[" Piper mistletoe"]
["Phoradendron quadrangulare","UPL"]
[" quacimmila de canario"]
["Phoradendron racemosum","UPL"]
[" bigleaf mistletoe"]
["Phoradendron tetrapterum","UPL"]
[" fourpart mistletoe"]
["Phoradendron trinervium","UPL"]
[" angled mistletoe"]
["Phragmites",""]
[" reed"]
["Phragmites australis","FACW"]
[" Common Reed"]
["Phyla",""]
[" fogfruit"]
["Phyla dulcus","UPL"]
[" honeyherb"]
["Phyla fruticosa","FAC"]
[" Diamond-Leaf Frogfruit"]
["Phyla lanceolata","OBL"]
[" Northern Frogfruit"]
["Phyla nodiflora","FACW"]
[" Turkey-Tangle"]
["Phyla stoechadifolia","OBL"]
[" Southern Frogfruit"]
["Phyllanthus",""]
[" leafflower"]
["Phyllanthus acidus","UPL"]
[" Tahitian gooseberry tree"]
["Phyllanthus acuminatus","UPL"]
[" Jamaican gooseberry tree"]
["Phyllanthus amarus","UPL"]
[" Carry-Me-Seed"]
["Phyllanthus debilis","UPL"]
[" Niruri"]
["Phyllanthus emblica","UPL"]
[" emblic"]
["Phyllanthus epiphyllanthus","UPL"]
[" swordbush"]
["Phyllanthus fraternus","UPL"]
[" gulf leaf-flower"]
["Phyllanthus juglandifolius","UPL"]
[" gamo de costa"]
["Phyllanthus niruri","UPL"]
[" gale of the wind"]
["Phyllanthus orbicularis","UPL"]
[" wedge leaf-flower"]
["Phyllanthus pentaphyllus","UPL"]
[" fivepetal leaf-flower"]
["Phyllanthus pulcher","UPL"]
[" tropical leaf-flower"]
["Phyllanthus stipulatus","FACW"]
[" Stipulate Leaf-Flower"]
["Phyllanthus tenellus","UPL"]
[" Mascarene Island leaf-flower"]
["Phyllanthus urinaria","FAC"]
[" Chamber-Bitter"]
["Phymatosorus",""]
[" phymatosaurus"]
["Phymatosorus grossus","UPL"]
[" Musk Fern"]
["Physalis",""]
[" groundcherry"]
["Physalis angulata","FAC"]
[" Cut-Leaf Ground-Cherry"]
["Physalis minima","FACU"]
[" Pygmy Ground-Cherry"]
["Physalis peruviana","UPL"]
[" Peruvian Ground-Cherry"]
["Physalis pubescens","FAC"]
[" Husk-Tomato"]
["Phytolacca",""]
[" pokeweed"]
["Phytolacca icosandra","FACU"]
[" Tropical Pokeweed"]
["Phytolacca rivinoides","FACW"]
[" Venezuelan Pokeweed"]
["Picramnia",""]
[" bitterbush"]
["Picramnia pentandra","UPL"]
[" Florida bitterbush"]
["Picrasma",""]
[" picrasma"]
["Picrasma antillana","UPL"]
[" bitter ash"]
["Picrasma excelsa","UPL"]
[" bitterwood"]
["Pictetia",""]
[" pictetia"]
["Pictetia aculeata","UPL"]
[" fustic"]
["Pilea",""]
[" clearweed"]
["Pilea depressa","UPL"]
[" depressed clearweed"]
["Pilea herniarioides","OBL"]
[" Caribbean Clearweed"]
["Pilea inaequalis","FACW"]
[" West Indian Clearweed"]
["Pilea krugii","FACW"]
[" Krug's Clearweed"]
["Pilea leptophylla","FAC"]
[" Puerto Rico Clearweed"]
["Pilea margarettiae","UPL"]
[" Margarett's clearweed"]
["Pilea microphylla","FACU"]
[" Rockweed"]
["Pilea multicaulis","OBL"]
[" Liquillo Mountain Clearweed"]
["Pilea nummulariifolia","FAC"]
[" Creeping-Charlie"]
["Pilea parietaria","OBL"]
[" Verdolaguilla"]
["Pilea richardii","UPL"]
[" Richard's clearweed"]
["Pilea rivoriae","UPL"]
[" Antilles clearweed"]
["Pilea sanctae-crucis","UPL"]
[" Virgin Island clearweed"]
["Pilea semidentata","FAC"]
[" Cliffside Clearweed"]
["Pilea tenerrima","UPL"]
[" musgo"]
["Pilea yunquensis","OBL"]
[" Mountain Clearweed"]
["Pilocarpus",""]
[" pilocarpus"]
["Pilocarpus racemosus","UPL"]
[" aceitillo"]
["Pilosocereus",""]
[" tree cactus"]
["Pilosocereus royenii","UPL"]
[" Royen's tree cactus"]
["Pimenta",""]
[" pimenta"]
["Pimenta dioica","UPL"]
[" allspice"]
["Pinus",""]
[" pine"]
["Pinus elliottii","FACW"]
[" Slash Pine"]
["Pinzona",""]
[" pinzona"]
["Pinzona coriacea","UPL"]
[" bejuco de agua"]
["Piper",""]
[" pepper"]
["Piper aduncum","FAC"]
[" Spiked Pepper"]
["Piper amalago","UPL"]
[" higuillo de limon"]
["Piper auritum","UPL"]
[" Vera cruz pepper"]
["Piper blattarum","FACU"]
[" Moth Pepper"]
["Piper dilatatum","FACW"]
[" Higuillo"]
["Piper glabrescens","UPL"]
[" Guyanese pepper"]
["Piper hispidum","FACW"]
[" Jamaican Pepper"]
["Piper jacquemontianum","FACW"]
[" Caracas Pepper"]
["Piper marginatum","UPL"]
[" marigold pepper"]
["Piper swartzianum","OBL"]
[" Spanish-Elder"]
["Piptocarpha",""]
[" ashdaisy"]
["Piptocarpha tetrantha","UPL"]
[" mountain ashdaisy"]
["Piptocoma",""]
[" velvetshrub"]
["Piptocoma acevedoi","UPL"]
[" Acevedo's velvetshrub"]
["Piptocoma antillana","UPL"]
[" Antilles velvetshrub"]
["Piriqueta",""]
[" stripeseed"]
["Piriqueta cistoides","FAC"]
[" Pitted Stripeseed"]
["Piriqueta racemosa","UPL"]
[" rigid stripeseed"]
["Piriqueta viscosa","UPL"]
[" purple stripeseed"]
["Piscidia",""]
[" piscidia"]
["Piscidia carthagenensis","UPL"]
[" stinkwood"]
["Piscidia piscipula","UPL"]
[" Florida fishpoison tree"]
["Pisonia",""]
[" catchbirdtree"]
["Pisonia aculeata","UPL"]
[" pullback"]
["Pisonia albida","UPL"]
[" corcho bobo"]
["Pisonia subcordata","UPL"]
[" water mampoo"]
["Pisonia taina","UPL"]
[" Taino pisonia"]
["Pistia",""]
[" pistia"]
["Pistia stratiotes","OBL"]
[" Water-Lettuce"]
["Pitcairnia",""]
[" pitcairnia"]
["Pitcairnia angustifolia","FAC"]
[" Pina-Cortadora"]
["Pithecellobium",""]
[" blackbead"]
["Pithecellobium dulce","FACU"]
[" Monkeypod"]
["Pithecellobium unguis-cati","UPL"]
[" catclaw blackbead"]
["Pityrogramma",""]
[" goldback fern"]
["Pityrogramma austroamericana","UPL"]
[" Leather-Leaf Gold-Back Fern"]
["Pityrogramma calomelanos","UPL"]
[" Dixie Silver-Back Fern"]
["Pityrogramma ebenea","FAC"]
[" Mountain Silver-Back Fern"]
["Pityrogramma sulphurea","FACU"]
[" Jamaican Gold-Back Fern"]
["Pityrogramma trifoliata","FACW"]
[" Three-Leaf Gold-Back Fern"]
["Plantago",""]
[" plantain"]
["Plantago lanceolata","FACU"]
[" English Plantain"]
["Plantago major","FACU"]
[" Great Plantain"]
["Platycladus",""]
[" platycladus"]
["Platycladus orientalis","UPL"]
[" Oriental arborvitae"]
["Plectranthus",""]
[" plectranthus"]
["Plectranthus amboinicus","UPL"]
[" Mexican mint"]
["Plectranthus verticillatus","UPL"]
[" whorled plectranthus"]
["Pleodendron",""]
[" pleodendron"]
["Pleodendron macranthum","UPL"]
[" chupa gallo"]
["Pleopeltis",""]
[" scaly polypody"]
["Pleopeltis astrolepis","UPL"]
[" starscale fern"]
["Pleopeltis squamata","UPL"]
[" thickleaf scaly polypody"]
["Pleurothallis",""]
[" bonnet orchid"]
["Pleurothallis appendiculata","UPL"]
[" hand bonnet orchid"]
["Pleurothallis aristata","UPL"]
[" forest bonnet orchid"]
["Pleurothallis domingensis","UPL"]
[" Guadeloupe bonnet orchid"]
["Pleurothallis gelida","UPL"]
[" flor de llanten"]
["Pleurothallis obovata","UPL"]
[" South American bonnet orchid"]
["Pleurothallis pruinosa","UPL"]
[" waxy bonnet orchid"]
["Pleurothallis pubescens","UPL"]
[" hairy bonnet orchid"]
["Pleurothallis racemiflora","UPL"]
[" ladies' bonnet orchid"]
["Pleurothallis ruscifolia","UPL"]
[" green bonnet orchid"]
["Pleurothallis tricostata","UPL"]
[" ribbed bonnet orchid"]
["Pleurothallis wilsonii","UPL"]
[" Wilson's bonnet orchid"]
["Pluchea",""]
[" camphorweed"]
["Pluchea carolinensis","FACW"]
[" Cure-For-All"]
["Pluchea odorata","FACW"]
[" Sweetscent"]
["Plumbago",""]
[" leadwort"]
["Plumbago auriculata","UPL"]
[" Cape Leadwort"]
["Plumbago indica","UPL"]
[" whorled plantain"]
["Plumbago zeylanica","UPL"]
[" Wild Leadwort"]
["Plumeria",""]
[" plumeria"]
["Plumeria alba","UPL"]
[" nosegaytree"]
["Plumeria obtusa","UPL"]
[" Singapore graveyard flower"]
["Plumeria rubra","UPL"]
[" templetree"]
["Poa",""]
[" bluegrass"]
["Poa annua","FACU"]
[" Annual Blue Grass"]
["Poa pratensis","FACU"]
[" Kentucky Blue Grass"]
["Podocarpus",""]
[" plum pine"]
["Podocarpus coriaceus","FAC"]
[" Yucca Plum-Pine"]
["Podocarpus macrophyllus","UPL"]
[" yew plum pine"]
["Podranea",""]
[" podranea"]
["Podranea ricasoliana","UPL"]
[" Zimbabwe creeper"]
["Poitea",""]
[" wattapama"]
["Poitea florida","UPL"]
[" wattapama"]
["Poitea paucifolia","UPL"]
[" retama"]
["Poitea punicea","UPL"]
[" caracol illo"]
["Polygala",""]
[" polygala"]
["Polygala cowellii","UPL"]
[" violet tree"]
["Polygala crucianelloides","UPL"]
[" Caribbean milkwort"]
["Polygala cruciata","OBL"]
[" Drumheads"]
["Polygala hecatantha","UPL"]
[" West Indian milkwort"]
["Polygala longicaulis","FAC"]
[" Long-Stem Milkwort"]
["Polygala paniculata","FACU"]
[" Orosne"]
["Polygala penaea","UPL"]
[" crevajosa"]
["Polygala planellasii","UPL"]
[" Planellas' polygala"]
["Polygala violacea","UPL"]
[" violet milkwort"]
["Polygonum",""]
[" knotweed"]
["Polygonum aviculare","UPL"]
[" Yard Knotweed"]
["Polypodium",""]
[" polypody"]
["Polypodium attenuatum","UPL"]
[" tapered polypody"]
["Polypodium dissimile","UPL"]
[" forkvein polypody"]
["Polypodium dulce","UPL"]
[" treetrunk polypody"]
["Polypodium lanceolatum","UPL"]
[" lanceleaf polypody"]
["Polypodium triseriale","UPL"]
[" anglevein fern"]
["Polypogon",""]
[" rabbitsfoot grass"]
["Polypogon viridis","FACU"]
[" Beardless Rabbit's-Foot Grass"]
["Polypremum",""]
[" polypremum"]
["Polypremum procumbens","FAC"]
[" Juniper-Leaf"]
["Polyscias",""]
[" aralia"]
["Polyscias cumingiana","UPL"]
[" Malaysian aralia"]
["Polyscias fruticosa","UPL"]
[" Ming aralia"]
["Polyscias guilfoylei","UPL"]
[" geranium aralia"]
["Polyscias scutellaria","UPL"]
[" shield aralia"]
["Polystachya",""]
[" yellowspike orchid"]
["Polystachya concreta","UPL"]
[" greater yellowspike orchid"]
["Polystachya foliosa","UPL"]
[" lesser yellowspike orchid"]
["Polystichum",""]
[" hollyfern"]
["Polystichum calderonense","UPL"]
[" Monte Guilarte hollyfern"]
["Polystichum echinatum","UPL"]
[" rusty swordfern"]
["Polystichum platyphyllum","UPL"]
[" flatleaf hollyfern"]
["Polystichum polystichiforme","UPL"]
[" Antilles hollyfern"]
["Polystichum rhizophyllum","UPL"]
[" tailed hollyfern"]
["Polytrias",""]
[" Java grass"]
["Polytrias indica","UPL"]
[" Java grass"]
["Pontederia"]
[" pickerelweed"]
["Pontederia cordata","OBL"]
[" Pickerelweed"]
["Ponthieva",""]
[" shadow witch"]
["Ponthieva racemosa","FAC"]
[" Hairy Shadow-Witch"]
["Ponthieva ventricosa","UPL"]
[" smooth shadow witch"]
["Poranopsis",""]
[" poranopsis"]
["Poranopsis paniculata","UPL"]
[" bridal bouquet"]
["Porophyllum",""]
[" poreleaf"]
["Porophyllum leiocarpum","UPL"]
[" yerba de peo"]
["Porophyllum ruderale","UPL"]
[" yerba porosa"]
["Portulaca",""]
[" purslane"]
["Portulaca caulerpoides","UPL"]
[" Puerto Rico purslane"]
["Portulaca grandiflora","UPL"]
[" Rose-Moss"]
["Portulaca halimoides","FAC"]
[" Silk-Cotton Purslane"]
["Portulaca oleracea","FAC"]
[" Little-Hogweed"]
["Portulaca pilosa","FACU"]
[" Kiss-Me-Quick"]
["Portulaca quadrifida","UPL"]
[" chickenweed"]
["Portulaca rubricaulis","UPL"]
[" redstem purslane"]
["Portulaca teretifolia","UPL"]
[" roundleaf purslane"]
["Posidonia",""]
[" posidonia"]
["Posidonia oceanica","OBL"]
[" Mediterranean Tapeweed"]
["Potamogeton",""]
[" pondweed"]
["Potamogeton foliosus","OBL"]
[" Leafy Pondweed"]
["Potamogeton illinoensis","OBL"]
[" Illinois Pondweed"]
["Potamogeton nodosus","OBL"]
[" Long-Leaf Pondweed"]
["Pouteria",""]
[" pouteria"]
["Pouteria campechiana","UPL"]
[" canistel"]
["Pouteria dictyoneura","UPL"]
[" cocuyo"]
["Pouteria hotteana","UPL"]
[" redmammee"]
["Pouteria multiflora","FACU"]
[" Bullytree"]
["Pouteria sapota","UPL"]
[" mammee sapote"]
["Pouzolzia",""]
[" pouzolzia"]
["Pouzolzia occidentalis","UPL"]
[" Coamo River pouzolzsbush"]
["Prescotia",""]
[" Prescott orchid"]
["Prescotia oligantha","UPL"]
[" small Prescott orchid"]
["Prescotia pellucida","UPL"]
[" Cuban Prescott orchid"]
["Prescotia stachyodes","UPL"]
[" mountain Prescott orchid"]
["Prescottia",""]
[" Prescott orchid"]
["Prescottia oligantha","FAC"]
[" Small Prescott Orchid"]
["Prescottia stachyodes","FACW"]
[" Mountain Prescott Orchid"]
["Prestoea",""]
[" prestoea"]
["Prestoea acuminata","FACW"]
[" Sierran Palm"]
["Prestonia",""]
[" prestonia"]
["Prestonia agglutinata","UPL"]
[" babeiro"]
["Pristimera",""]
[" pristimera"]
["Pristimera caribaea","FAC"]
[" Bejuco-Prieto"]
["Priva",""]
[" priva"]
["Priva lappulacea","UPL"]
[" catstongue"]
["Priva portoricensis","UPL"]
[" Puerto Rico velvet bur"]
["Prockia",""]
[" prockia"]
["Prockia crucis","UPL"]
[" guasimilla"]
["Prosopis",""]
[" mesquite"]
["Prosopis glandulosa","FAC"]
[" Honey Mesquite"]
["Prosopis juliflora","UPL"]
[" Mesquite"]
["Prosopis pallida","FAC"]
[" Kiawe"]
["Prosthechea",""]
[" appendage orchid"]
["Prosthechea cochleata","UPL"]
[" clamshell orchid"]
["Prosthechea pygmaea","UPL"]
[" dwarf butterfly orchid"]
["Proustia",""]
[" proustia"]
["Proustia vanillosma","UPL"]
[" sweet yellowcrown"]
["Prunus",""]
[" plum"]
["Prunus myrtifolia","UPL"]
[" West Indian cherry"]
["Prunus occidentalis","FAC"]
[" Western Cherry-Laurel"]
["Prunus persica","UPL"]
[" peach"]
["Prunus pleuradenia","UPL"]
[" Antilles cherry"]
["Pseudabutilon",""]
[" pseudabutilon"]
["Pseudabutilon umbellatum","UPL"]
[" umbrella Indian mallow"]
["Pseudanamomis",""]
[" pseudanamomis"]
["Pseudanamomis umbellulifera","UPL"]
[" ciruelas"]
["Pseudelephantopus",""]
[" dog's-tongue"]
["Pseudelephantopus spicatus","UPL"]
[" Dog's-Tongue"]
["Pseudelephantopus spirilis","UPL"]
[" spiral dog's-tongue"]
["Pseuderanthemum",""]
[" pseuderanthemum"]
["Pseuderanthemum carruthersii","UPL"]
[" Carruthers' falseface"]
["Pseuderanthemum variabile","UPL"]
[" Night-and-Afternoon"]
["Pseudognaphalium",""]
[" cudweed"]
["Pseudognaphalium domingense","UPL"]
[" Dominican cudweed"]
["Pseudogynoxys",""]
[" pseudogynoxys"]
["Pseudogynoxys chenopodioides","UPL"]
[" Mexican flamevine"]
["Pseudolmedia",""]
[" pseudolmedia"]
["Pseudolmedia spuria","UPL"]
[" false breadnut"]
["Pseudolycopodiella",""]
[" false bog-clubmoss"]
["Pseudolycopodiella caroliniana","OBL"]
[" Carolina False Clubmoss"]
["Pseudophoenix",""]
[" pseudophoenix"]
["Pseudophoenix sargentii","UPL"]
[" Florida Cherry Palm"]
["Psidium",""]
[" guava"]
["Psidium amplexicaule","UPL"]
[" mountain guava"]
["Psidium calyptranthoides","UPL"]
[" Luquillo Mountain guava"]
["Psidium cattleianum","UPL"]
[" Purple Strawberry Guava"]
["Psidium guajava","UPL"]
[" Guava"]
["Psidium longipes","UPL"]
[" mangroveberry"]
["Psidium sintenisii","FAC"]
[" Sintenis' Guava"]
["Psiguria",""]
[" pygmymelon"]
["Psiguria ottoniana","UPL"]
[" Otton's pygmymelon"]
["Psiguria pedata","UPL"]
[" Caribbean pygmymelon"]
["Psiguria trilobata","UPL"]
[" threelobe pygmymelon"]
["Psilochilus",""]
[" psilochilus"]
["Psilochilus macrophyllus","FACW"]
[" Ragged-Lip Orchid"]
["Psilotum",""]
[" whisk fern"]
["Psilotum nudum","FACU"]
[" Whisk Fern"]
["Psychilis",""]
[" peacock orchid"]
["Psychilis kraenzlinii","UPL"]
[" Kraenzlin's peacock orchid"]
["Psychilis krugii","UPL"]
[" Krug's peacock orchid"]
["Psychilis macconnelliae","UPL"]
[" island peacock orchid"]
["Psychilis monensis","UPL"]
[" royal peacock orchid"]
["Psychilis X raganii","UPL"]
[" peacock orchid"]
["Psychotria",""]
[" wild coffee"]
["Psychotria berteriana","FAC"]
[" Cachimbo-Cumun"]
["Psychotria brachiata","FAC"]
[" Palo-de-Cachimbo"]
["Psychotria brownei","UPL"]
[" Browne's wild coffee"]
["Psychotria deflexa","UPL"]
[" nodding wild coffee"]
["Psychotria domingensis","FAC"]
[" Cheakyberry"]
["Psychotria grandis","FAC"]
[" Cachimbo-Grande"]
["Psychotria guadalupensis","UPL"]
[" Guadalupe wild coffee"]
["Psychotria hoffmannseggiana","UPL"]
[" Hoffmannsegg's wild coffee"]
["Psychotria ligustrifolia","UPL"]
[" Bahama wild coffee"]
["Psychotria maleolens","UPL"]
[" cachimbo de gato"]
["Psychotria maricaensis","UPL"]
[" cachimbo de maricao"]
["Psychotria microdon","UPL"]
[" thicket wild coffee"]
["Psychotria nervosa","FAC"]
[" Seminole Balsamo"]
["Psychotria nutans","UPL"]
[" floating balsamo"]
["Psychotria pubescens","UPL"]
[" hairy wild coffee"]
["Psychotria revoluta","UPL"]
[" curl-leaf wild coffee"]
["Psychotria tenuifolia","FACU"]
[" Short-Leaf Wild Coffee"]
["Psychotria uliginosa","FACW"]
[" Tres-Cabezas"]
["Pteridium",""]
[" brackenfern"]
["Pteridium arachnoideum","UPL"]
[" tropical brackenfern"]
["Pteridium caudatum","UPL"]
[" southern brackenfern"]
["Pteris",""]
[" brake fern"]
["Pteris altissima","OBL"]
[" Tall Brake"]
["Pteris arborea","FACW"]
[" Tree Brake"]
["Pteris biaurita","FACW"]
[" Thin-Leaf Brake"]
["Pteris deflexa","UPL"]
[" thickleaf brake"]
["Pteris denticulata","UPL"]
[" toothed brake"]
["Pteris grandifolia","OBL"]
[" Elephant-Leaf Brake"]
["Pteris irregularis","UPL"]
[" Zigzag Brake"]
["Pteris longifolia","UPL"]
[" Long-Leaf Brake"]
["Pteris mutilata","UPL"]
[" Asian brake"]
["Pteris plumula","FACW"]
[" Striped Brake"]
["Pteris pungens","OBL"]
[" Sharp Brake"]
["Pteris tripartita","FACU"]
[" Giant Brake"]
["Pteris vittata","UPL"]
[" Ladder Brake"]
["Pterocarpus",""]
[" pterocarpus"]
["Pterocarpus indicus","UPL"]
[" pterocarpus"]
["Pterocarpus macrocarpus","UPL"]
[" Burma padauk"]
["Pterocarpus officinalis","OBL"]
[" Dragon's-Blood-Tree"]
["Pterocaulon",""]
[" blackroot"]
["Pterocaulon alopecuroidies","UPL"]
[" fox-tail blackroot"]
["Pterocaulon virgatum","FAC"]
[" Wand Blackroot"]
["Pterolepis",""]
[" meadowbeauty"]
["Pterolepis glomerata","UPL"]
[" False Meadow-Beauty"]
["Ptilimnium",""]
[" mock bishopweed"]
["Ptilimnium capillaceum","FACW"]
[" Herbwilliam"]
["Pueraria",""]
[" kudzu"]
["Pueraria phaseoloides","UPL"]
[" tropical kudzu"]
["Punica",""]
[" pomegranate"]
["Punica granatum","UPL"]
[" pomegranate"]
["Pyrostegia",""]
[" pyrostegia"]
["Pyrostegia venusta","UPL"]
[" flamevine"]
["Quadrella",""]
[" quadrella"]
["Quadrella jamaicensis","UPL"]
[" Jamaican Capertree"]
["Quararibea",""]
[" quararibea"]
["Quararibea turbinata","FAC"]
[" Swizzlestick-Tree"]
["Quassia",""]
[" quassia"]
["Quassia amara","UPL"]
[" quassia wood"]
["Quisqualis",""]
[" Rangoon creeper"]
["Quisqualis indica","UPL"]
[" Rangoon Creeper"]
["Rajania",""]
[" rajania"]
["Rajania cordata","FAC"]
[" Himber"]
["Randia",""]
[" indigoberry"]
["Randia aculeata","UPL"]
[" White Indigo-Berry"]
["Randia formosa","UPL"]
[" jasmin de rosa"]
["Randia parvifolia","UPL"]
[" smallflower indigoberry"]
["Randia portoricensis","UPL"]
[" Puerto Rico indigoberry"]
["Ranunculus",""]
[" buttercup"]
["Ranunculus recurvatus","FACU"]
[" Blisterwort"]
["Raphanus",""]
[" radish"]
["Raphanus sativus","UPL"]
[" cultivated radish"]
["Rauvolfia",""]
[" devil's-pepper"]
["Rauvolfia nitida","UPL"]
[" palo amargo"]
["Rauvolfia viridis","UPL"]
[" milkbush"]
["Rauvolfia vomitoria","UPL"]
[" poison devil's-pepper"]
["Ravenala",""]
[" traveler's tree"]
["Ravenala madagascariensis","UPL"]
[" traveler's tree"]
["Ravenia",""]
[" ravenia"]
["Ravenia urbanii","UPL"]
[" tortugo prieto"]
["Remirea",""]
[" beachstar"]
["Remirea maritima","UPL"]
[" Beachstar"]
["Renealmia",""]
[" renealmia"]
["Renealmia alpinia","OBL"]
[" Jenjibre-de-Jardin"]
["Renealmia aromatica","FACU"]
[" Bijao"]
["Renealmia jamaicensis","OBL"]
[" Narciso-Colorado"]
["Reynosia",""]
[" darlingplum"]
["Reynosia guama","UPL"]
[" guama"]
["Reynosia krugii","UPL"]
[" Krug's darlingplum"]
["Reynosia uncinata","UPL"]
[" sloe"]
["Rhabdadenia",""]
[" rhabdadenia"]
["Rhabdadenia biflora","OBL"]
[" Mangrovevine"]
["Rhexia",""]
[" meadowbeauty"]
["Rhexia cubensis","FACW"]
[" West Indian Meadow-Beauty"]
["Rhipsalis",""]
[" rhipsalis"]
["Rhipsalis baccifera","UPL"]
[" mistletoe cactus"]
["Rhizophora",""]
[" mangrove"]
["Rhizophora mangle","OBL"]
[" Red Mangrove"]
["Rhynchosia",""]
[" snoutbean"]
["Rhynchosia caribaea","UPL"]
[" Caribbean snoutbean"]
["Rhynchosia minima","UPL"]
[" least snoutbean"]
["Rhynchosia phaseoloides","FACU"]
[" Crab's-Eye"]
["Rhynchosia reticulata","UPL"]
[" habilla"]
["Rhynchospora",""]
[" beaksedge"]
["Rhynchospora alba","OBL"]
[" White Beak Sedge"]
["Rhynchospora berteroi","UPL"]
[" little beaksedge"]
["Rhynchospora brachychaeta","OBL"]
[" West Indian Beak Sedge"]
["Rhynchospora ciliata","UPL"]
[" yerba de estrella"]
["Rhynchospora colorata","FACW"]
[" Narrow-Leaf Whitetop"]
["Rhynchospora contracta","UPL"]
[" tropical beaksedge"]
["Rhynchospora corymbosa","FACW"]
[" Matamat"]
["Rhynchospora depressirostris","OBL"]
[" Quill Beak Sedge"]
["Rhynchospora divaricata","UPL"]
[" hairy beaksedge"]
["Rhynchospora divergens","OBL"]
[" Spreading Beak Sedge"]
["Rhynchospora domingensis","FACW"]
[" Long-Leaf Beak Sedge"]
["Rhynchospora fascicularis","FACW"]
[" Fascicled Beak Sedge"]
["Rhynchospora filiformis","FACW"]
[" Bird Beak Sedge"]
["Rhynchospora galeana","OBL"]
[" Short-Bristle Beak Sedge"]
["Rhynchospora gigantea","OBL"]
[" Giant Beak Sedge"]
["Rhynchospora holoschoenoides","OBL"]
[" Fly Beak Sedge"]
["Rhynchospora jamaicensis","UPL"]
[" Jamaican beaksedge"]
["Rhynchospora lindeniana","OBL"]
[" Bahama Beak Sedge"]
["Rhynchospora marisculus","FACW"]
[" Caribbean Beak Sedge"]
["Rhynchospora microcarpa","FACW"]
[" Southern Beak Sedge"]
["Rhynchospora nitens","OBL"]
[" Short-Beak Beak Sedge"]
["Rhynchospora odorata","OBL"]
[" Fragrant Beak Sedge"]
["Rhynchospora plumosa","OBL"]
[" Plumed Beak Sedge"]
["Rhynchospora pusilla","OBL"]
[" Fairy Beak Sedge"]
["Rhynchospora racemosa","FACU"]
[" Racemed Beak Sedge"]
["Rhynchospora radicans","FAC"]
[" Tropical Whitetop"]
["Rhynchospora rariflora","OBL"]
[" Few-Flower Beak Sedge"]
["Rhynchospora recognita","FACW"]
[" Coarse Globe Beak Sedge"]
["Rhynchospora rugosa","FAC"]
[" Claybank Beak Sedge"]
["Rhynchospora tenerrima","FACW"]
[" Soldier Beak Sedge"]
["Rhynchospora uniflora","UPL"]
[" oneflower beaksedge"]
["Rhynchospora velutina","OBL"]
[" Red Beak Sedge"]
["Rhynchospora wrightiana","FACW"]
[" Wright's Beak Sedge"]
["Rhytidophyllum",""]
[" tibey-amarillo"]
["Rhytidophyllum auriculatum","FACU"]
[" Tibey-Amarillo"]
["Richardia",""]
[" Mexican clover"]
["Richardia scabra","UPL"]
[" rough Mexican clover"]
["Ricinus",""]
[" ricinus"]
["Ricinus communis","FACU"]
[" Castor-Bean"]
["Rivina",""]
[" rivina"]
["Rivina humilis","UPL"]
[" Rougeplant"]
["Rochefortia",""]
[" rochefortia"]
["Rochefortia acanthophora","UPL"]
[" greenheart ebony"]
["Rochefortia spinosa","UPL"]
[" espino"]
["Rolandra",""]
[" yerba de plata"]
["Rolandra fruticosa","UPL"]
[" yerba de plata"]
["Rollinia",""]
[" rollinia"]
["Rollinia mucosa","FACW"]
[" Wild Sugar-Apple"]
["Rondeletia",""]
[" cordobancillo"]
["Rondeletia inermis","UPL"]
[" cordobancillo"]
["Rondeletia pilosa","UPL"]
[" cordobancillo peludo"]
["Rondeletia portoricensis","FAC"]
[" Juan Tomas"]
["Rorippa",""]
[" yellowcress"]
["Rorippa dubia","FAC"]
["Rorippa indica","FAC"]
[" Variable-Leaf Yellowcress"]
["Rorippa palustris","FACW"]
[" Bog Yellowcress"]
["Rorippa portoricensis","OBL"]
[" Puerto Rico Yellowcress"]
["Rosa",""]
[" rose"]
["Rosa indica","UPL"]
[" cyme rose"]
["Rosa moschata","UPL"]
[" musk rose"]
["Rosa sempervirens","UPL"]
[" evergreen rose"]
["Rosmarinus",""]
[" rosemary"]
["Rosmarinus officinalis","UPL"]
[" rosemary"]
["Rotala",""]
[" rotala"]
["Rotala ramosior","OBL"]
[" Lowland Toothcup"]
["Rottboellia",""]
[" itchgrass"]
["Rottboellia cochinchinensis","FACU"]
[" Itch Grass"]
["Rourea",""]
[" rourea"]
["Rourea surinamensis","FAC"]
[" Juan Caliente"]
["Rousselia",""]
[" rousselia"]
["Rousselia humilis","FAC"]
[" Shineseed"]
["Roystonea",""]
[" royal palm"]
["Roystonea borinquena","FAC"]
[" Puerto Rico Royal Palm"]
["Roystonea elata","FAC"]
[" Florida Royal Palm"]
["Rubus",""]
[" blackberry"]
["Rubus coronarius","UPL"]
[" cultivated raspberry"]
["Rubus florulentus","FAC"]
[" Big Blackberry"]
["Rubus probus","UPL"]
[" Queensland raspberry"]
["Rubus rosifolius","FAC"]
[" West Indian Raspberry"]
["Ruellia",""]
[" wild petunia"]
["Ruellia blechum","FACU"]
[" Yerba-de-Papagayo"]
["Ruellia chartacea","UPL"]
[" Peruvian wild petunia"]
["Ruellia coccinea","FACW"]
[" Yerba-Maravilla"]
["Ruellia simplex","FACW"]
[" Linear-Leaf Wild Petunia"]
["Ruellia tuberosa","FACU"]
[" Minnieroot"]
["Rumex",""]
[" dock"]
["Rumex crispus","FAC"]
[" Curly Dock"]
["Rumohra",""]
[" rumohra"]
["Rumohra adiantiformis","UPL"]
[" iron fern"]
["Ruppia",""]
[" widgeonweed"]
["Ruppia cirrhosa","OBL"]
[" Spiral Ditch-Grass"]
["Ruppia didyma","OBL"]
[" Yerba-de-Zanja"]
["Ruppia maritima","OBL"]
[" Beaked Ditch-Grass"]
["Russelia",""]
[" russelia"]
["Russelia equisetiformis","UPL"]
[" fountainbush"]
["Ruta",""]
[" rue"]
["Ruta chalepensis","UPL"]
[" fringed rue"]
["Sabal",""]
[" palmetto"]
["Sabal bermudana","UPL"]
[" Bermuda palm"]
["Sabal causiarum","UPL"]
[" Puerto Rico palmetto"]
["Sabicea",""]
[" woodvine"]
["Sabicea cinerea","UPL"]
[" largeflower woodvine"]
["Sabicea villosa","FAC"]
[" Woolly Woodvine"]
["Saccharum",""]
[" sugarcane"]
["Saccharum bengalense","UPL"]
[" Munj sweetcane"]
["Saccharum officinarum","FACU"]
[" Sugar-Cane"]
["Saccharum spontaneum","FAC"]
[" Wild Sugar-Cane"]
["Sacciolepis",""]
[" cupscale grass"]
["Sacciolepis indica","FACW"]
[" Glenwood Grass"]
["Sacciolepis striata","OBL"]
[" American Cupscale"]
["Saccoloma",""]
[" soralpouch fern"]
["Saccoloma domingense","OBL"]
[" Caribbean Soral-Pouch Fern"]
["Saccoloma inaequale","OBL"]
[" Forest Soral-Pouch Fern"]
["Sacoila",""]
[" ladiestresses"]
["Sacoila lanceolata","FAC"]
[" Scarlet Beak Lady Orchid"]
["Sagittaria",""]
[" arrowhead"]
["Sagittaria intermedia","OBL"]
[" Intermediate Arrowhead"]
["Sagittaria lancifolia","OBL"]
[" Bull-Tongue Arrowhead"]
["Sagittaria latifolia","OBL"]
[" Duck-Potato"]
["Sagraea",""]
[" hogwood"]
["Sagraea domingensis","FACW"]
[" Woodland Hogwood"]
["Sagraea polystachya","UPL"]
[" Plée's hogwood"]
["Sagraea portoricensis","UPL"]
[" Puerto Rico hogwood"]
["Sagraea scabrosa","UPL"]
[" sevennerve roughleaf"]
["Sagraea scalpta","UPL"]
[" threenerve roughleaf"]
["Sagraea umbrosa","FACW"]
[" White Hogwood"]
["Salicornia",""]
[" pickleweed"]
["Salicornia bigelovii","OBL"]
[" Dwarf Saltwort"]
["Salicornia depressa","OBL"]
[" Woody Saltwort"]
["Salix",""]
[" willow"]
["Salix brachycarpa","FACW"]
[" Short-Fruit Willow"]
["Salix exilifolia","FACW"]
[" Yew-Leaf Willow"]
["Salix humboldtiana","UPL"]
[" Humboldt's willow"]
["Salix X sepulcralis","FACU"]
["Salmea",""]
[" bejuco de miel"]
["Salmea scandens","UPL"]
[" bejuco de miel"]
["Salvia",""]
[" sage"]
["Salvia coccinea","UPL"]
[" blood sage"]
["Salvia micrantha","UPL"]
[" Yucatan sage"]
["Salvia misella","UPL"]
[" tropical sage"]
["Salvia occidentalis","FACU"]
[" West Indian Sage"]
["Salvia serotina","UPL"]
[" littlewoman"]
["Salvia splendens","UPL"]
[" scarlet sage"]
["Salvia thomasiana","UPL"]
[" Thomas' sage"]
["Salvinia",""]
[" watermoss"]
["Salvinia auriculata","OBL"]
[" Eared Water-Moss"]
["Salvinia minima","OBL"]
[" Water-Spangles"]
["Salvinia molesta","OBL"]
[" Kariba-Weed"]
["Samanea",""]
[" raintree"]
["Samanea saman","FACU"]
[" Raintree"]
["Sambucus",""]
[" elderberry"]
["Sambucus nigra","FAC"]
[" Black Elder"]
["Samolus",""]
[" brookweed"]
["Samolus parviflorus","OBL"]
["Samyda",""]
[" samyda"]
["Samyda dodecandra","UPL"]
[" guayabilla"]
["Sanchezia",""]
[" sanchezia"]
["Sanchezia speciosa","UPL"]
[" shrubby whitevein"]
["Sansevieria",""]
[" sansevieria"]
["Sansevieria hyacinthoides","UPL"]
[" iguanatail"]
["Sansevieria pearsonii","UPL"]
[" Spiky mother-in-law's tongue"]
["Sansevieria trifasciata","UPL"]
[" viper's bowstring hemp"]
["Sapindus",""]
[" soapberry"]
["Sapindus saponaria","UPL"]
[" Wing-Leaf Soapberry"]
["Sapium",""]
[" milktree"]
["Sapium glandulosum","UPL"]
[" gumtree"]
["Sapium laurifolium","UPL"]
[" hinchahuevos"]
["Sapium laurocerasus","FACU"]
[" Milktree"]
["Sarcocornia",""]
[" swampfire"]
["Sarcocornia ambigua","OBL"]
[" Chickenclaws"]
["Saritaea",""]
[" glowvine"]
["Saritaea magnifica","UPL"]
[" glowvine"]
["Satureja",""]
[" savory"]
["Satureja viminea","UPL"]
[" serpentine savory"]
["Sauvagesia",""]
[" sauvagesia"]
["Sauvagesia erecta","FACU"]
[" Creole-Tea"]
["Savia",""]
[" savia"]
["Savia sessiliflora","UPL"]
[" amansa guapo"]
["Scaevola",""]
[" naupaka"]
["Scaevola plumieri","UPL"]
[" Gullfeed"]
["Scaphyglottis",""]
[" scaphyglottis"]
["Scaphyglottis modesta","UPL"]
[" Malaysian orchid"]
["Sceptridium",""]
[" grapefern"]
["Sceptridium jenmanii","UPL"]
[" Dixie Grape Fern"]
["Schaefferia",""]
[" schaefferia"]
["Schaefferia frutescens","UPL"]
[" Florida boxwood"]
["Schefflera",""]
[" schefflera"]
["Schefflera actinophylla","UPL"]
[" octopus tree"]
["Schefflera gleasonii","FAC"]
[" Yuquilla"]
["Schefflera morototonii","FAC"]
[" Matchwood"]
["Schinus",""]
[" peppertree"]
["Schinus molle","FACU"]
[" Peruvian Peppertree"]
["Schinus terebinthifolia","FACW"]
[" Brazilian Peppertree"]
["Schinus terebinthifolius","UPL"]
[" Brazilian peppertree"]
["Schizachyrium",""]
[" little bluestem"]
["Schizachyrium brevifolium","UPL"]
[" serillo dulce"]
["Schizachyrium sanguineum","UPL"]
[" crimson bluestem"]
["Schizachyrium tenerum","UPL"]
[" slender little bluestem"]
["Schizaea",""]
[" curlygrass fern"]
["Schizaea fluminensis","OBL"]
[" Caribbean Curly-Grass Fern"]
["Schizaea poeppigiana","FACU"]
[" Epiphytic Curly-Grass Fern"]
["Schizolobium",""]
[" Brazilian firetree"]
["Schizolobium parahybum","UPL"]
[" Brazilian firetree"]
["Schlegelia",""]
[" Schlegelia"]
["Schlegelia brachyantha","FACW"]
[" Higuerito-de-Sierra"]
["Schoenoplectus",""]
[" bulrush"]
["Schoenoplectus americanus","OBL"]
[" Chairmaker's Club-Rush"]
["Schoenoplectus pungens","OBL"]
[" Three-Square"]
["Schoenoplectus tabernaemontani","OBL"]
[" Soft-Stem Club-Rush"]
["Schoepfia",""]
[" schoepfia"]
["Schoepfia arenaria","UPL"]
[" arana"]
["Schoepfia obovata","UPL"]
[" white beefwood"]
["Schoepfia schreberi","UPL"]
[" gulf graytwig"]
["Schradera",""]
[" schradera"]
["Schradera exotica","FACU"]
[" Yellowshrub"]
["Schultesia",""]
[" wingcup"]
["Schultesia brachyptera","UPL"]
[" short wingcup"]
["Schultesia heterophylla","OBL"]
[" Caribbean Wingcup"]
["Scleria",""]
[" nutrush"]
["Scleria brittonii","FACW"]
[" Britton's Nut-Rush"]
["Scleria canescens","FAC"]
[" Puerto Rico Nut-Rush"]
["Scleria ciliata","FAC"]
[" Fringed Nut-Rush"]
["Scleria distans","FACW"]
[" River-Swamp Nut-Rush"]
["Scleria eggersiana","OBL"]
[" Eggers' Nut-Rush"]
["Scleria georgiana","FACW"]
[" Slender-Fruit Nut-Rush"]
["Scleria havanensis","UPL"]
[" Havana nutrush"]
["Scleria hirtella","OBL"]
["Scleria lithosperma","UPL"]
[" Florida Keys Nut-Rush"]
["Scleria melaleuca","FACW"]
[" Cortadora-Blanca"]
["Scleria microcarpa","OBL"]
[" Tropical Nut-Rush"]
["Scleria mucronata","FACW"]
[" Cuban Nut-Rush"]
["Scleria muehlenbergii","OBL"]
[" Muehlenberg's Nut-Rush"]
["Scleria pauciflora","FACW"]
[" Few-Flower Nut-Rush"]
["Scleria pterota","UPL"]
[" cortadora blanca"]
["Scleria reticularis","OBL"]
[" Netted Nut-Rush"]
["Scleria scindens","FACW"]
[" Hairy Nut-Rush"]
["Scleria secans","FACW"]
[" Razor-Grass"]
["Scleria verticillata","OBL"]
[" Low Nut-Rush"]
["Sclerocarpus",""]
[" bonebract"]
["Sclerocarpus africanus","UPL"]
[" African bonebract"]
["Scolosanthus",""]
[" scolosanthus"]
["Scolosanthus grandifolius","UPL"]
[" espuela de galan"]
["Scolosanthus portoricensis","UPL"]
[" maricao"]
["Scolosanthus versicolor","UPL"]
[" Puerto Rico devilbrush"]
["Scoparia",""]
[" licorice weed"]
["Scoparia dulcis","FAC"]
[" Licorice-Weed"]
["Scrophularia",""]
[" figwort"]
["Scrophularia californica","UPL"]
[" California Figwort"]
["Scrophularia minutiflora","OBL"]
[" Little-Flower Figwort"]
["Scutellaria",""]
[" skullcap"]
["Scutellaria havanensis","UPL"]
[" Havana skullcap"]
["Scybalium",""]
[" scybalium"]
["Scybalium jamaicense","UPL"]
[" John crownose"]
["Sechium",""]
[" sechium"]
["Sechium edule","UPL"]
[" chayote"]
["Securidaca",""]
[" securidaca"]
["Securidaca diversifolia","UPL"]
[" Easter flower"]
["Securidaca virgata","FAC"]
[" Wand Jaboncillo"]
["Selaginella",""]
[" spikemoss"]
["Selaginella armata","OBL"]
[" Armored Spike-Moss"]
["Selaginella cordifolia","OBL"]
[" Heart-Leaf Spike-Moss"]
["Selaginella krugii","UPL"]
[" Krug's spikemoss"]
["Selaginella laxifolia","FACW"]
[" Limp-Leaf Spike-Moss"]
["Selaginella ovifolia","OBL"]
[" Oval-Leaf Spike-Moss"]
["Selaginella plana","UPL"]
[" Asian spikemoss"]
["Selaginella plumosa","UPL"]
[" plumed spikemoss"]
["Selaginella subcaulescens","UPL"]
[" handsome spikemoss"]
["Selaginella substipitata","OBL"]
[" Stalked Spike-Moss"]
["Selaginella tenella","OBL"]
[" Delicate Spike-Moss"]
["Selaginella willdenowii","FACU"]
[" Willdenow's Spike-Moss"]
["Selenicereus",""]
[" moonlight cactus"]
["Selenicereus grandiflorus","UPL"]
[" queen of the night"]
["Selenicereus pteranthus","UPL"]
[" princess of the night"]
["Senecio"]
[" ragwort"]
["Senecio hieraciifolius","FAC"]
[" American Burnweed"]
["Senecio valerianifolius","FAC"]
[" Tropical Burnweed"]
["Senna",""]
[" senna"]
["Senna alata","FACW"]
[" Emperor's-Candlesticks"]
["Senna alexandrina","UPL"]
[" Alexandrian senna"]
["Senna atomaria","UPL"]
[" flor de San Jose"]
["Senna bacillaris","UPL"]
[" whitebark senna"]
["Senna bicapsularis","FAC"]
[" Christmasbush"]
["Senna hirsuta","FAC"]
[" Woolly Wild Sensitive-Plant"]
["Senna italica","UPL"]
[" Port Royal senna"]
["Senna ligustrina","UPL"]
[" privet senna"]
["Senna multijuga","UPL"]
[" false sicklepod"]
["Senna nitida","FACW"]
[" Hediondilla"]
["Senna obtusifolia","UPL"]
[" Coffeeweed"]
["Senna occidentalis","UPL"]
[" Septicweed"]
["Senna pendula","FAC"]
[" Valamuerto"]
["Senna polyphylla","UPL"]
[" retama prieta"]
["Senna septemtrionalis","UPL"]
[" arsenic bush"]
["Senna septentrionalis","UPL"]
[" Hedionda-Macho"]
["Senna siamea","UPL"]
[" Siamese cassia"]
["Senna sophera","UPL"]
[" algarrobilla"]
["Senna spectabilis","UPL"]
[" casia amarilla"]
["Senna surattensis","UPL"]
[" Glossy-Shower"]
["Senna uniflora","UPL"]
[" oneleaf senna"]
["Senna X floribunda","FACU"]
["Serjania",""]
[" serjania"]
["Serjania diversifolia","UPL"]
[" fowlsfoot"]
["Serjania polyphylla","UPL"]
[" basketwood"]
["Serpocaulon"]
[" serpocaulon"]
["Serpocaulon loriceum","OBL"]
["Sesamum",""]
[" sesame"]
["Sesamum orientale","UPL"]
[" sesame"]
["Sesbania",""]
[" riverhemp"]
["Sesbania bispinosa","UPL"]
[" dunchi fiber"]
["Sesbania emerus","OBL"]
[" Danglepod"]
["Sesbania grandiflora","UPL"]
[" Vegetable-Hummingbird"]
["Sesbania sericea","FACW"]
[" Papagayo"]
["Sesbania sesban","FACW"]
[" Egyptian River-Hemp"]
["Sesbania tomentosa","UPL"]
[" Oahu riverhemp"]
["Sesuvium",""]
[" seapurslane"]
["Sesuvium maritimum","OBL"]
[" Slender Sea-Purslane"]
["Sesuvium microphyllum","UPL"]
[" little-leaf seapurslane"]
["Sesuvium portulacastrum","FACW"]
[" Shoreline Sea-Purslane"]
["Setaria",""]
[" bristlegrass"]
["Setaria barbata","UPL"]
[" East Indian bristlegrass"]
["Setaria italica","UPL"]
[" Italian Bristle Grass"]
["Setaria magna","FACW"]
[" Giant Bristle Grass"]
["Setaria parviflora","FAC"]
[" Marsh Bristle Grass"]
["Setaria pradana","UPL"]
[" roadside bristlegrass"]
["Setaria pumila","UPL"]
[" Yellow Bristle Grass"]
["Setaria rariflora","UPL"]
[" Brazilian bristlegrass"]
["Setaria setosa","UPL"]
[" West Indian bristlegrass"]
["Setaria tenacissima","UPL"]
[" tropical bristlegrass"]
["Setaria utowanaea","UPL"]
[" Caribbean bristlegrass"]
["Setaria vulpiseta","UPL"]
[" plains bristlegrass"]
["Sicana",""]
[" sicana"]
["Sicana odorifera","UPL"]
[" casa banana"]
["Sida",""]
[" fanpetals"]
["Sida abutifolia","UPL"]
[" spreading fanpetals"]
["Sida acuta","UPL"]
[" Common-Wireweed"]
["Sida aggregata","UPL"]
[" savannah fanpetals"]
["Sida ciliaris","UPL"]
[" bracted fanpetals"]
["Sida cordata","UPL"]
[" heartleaf fanpetals"]
["Sida cordifolia","UPL"]
[" ‘ilima"]
["Sida glabra","UPL"]
[" smooth fanpetals"]
["Sida glomerata","UPL"]
[" clustered fanpetals"]
["Sida glutinosa","UPL"]
[" sticky fanpetals"]
["Sida jamaicensis","UPL"]
[" Jamaican fanpetals"]
["Sida repens","UPL"]
[" Javanese fanpetals"]
["Sida rhombifolia","FACU"]
[" Cuban-Jute"]
["Sida salviifolia","UPL"]
[" escoba parada"]
["Sida spinosa","UPL"]
[" Prickly Fanpetals"]
["Sida stipularis","UPL"]
[" stipule fanpetals"]
["Sida urens","UPL"]
[" tropical fanpetals"]
["Sidastrum",""]
[" sandmallow"]
["Sidastrum multiflorum","UPL"]
[" manyflower sandmallow"]
["Sideroxylon",""]
[" bully"]
["Sideroxylon cubense","UPL"]
[" espejuelo"]
["Sideroxylon foetidissimum","UPL"]
[" false mastic"]
["Sideroxylon obovatum","UPL"]
[" breakbill"]
["Sideroxylon portoricense","UPL"]
[" Puerto Rico bully"]
["Sideroxylon salicifolium","UPL"]
[" white bully"]
["Simarouba",""]
[" simarouba"]
["Simarouba tulae","UPL"]
[" aceitillo falso"]
["Sinapis",""]
[" mustard"]
["Sinapis alba","FAC"]
[" White-Mustard"]
["Sinapis arvensis","UPL"]
[" charlock mustard"]
["Siphoneugena",""]
[" siphoneugena"]
["Siphoneugena densiflora","OBL"]
[" Hoja-Menuda"]
["Siphonoglossa",""]
[" tube tongue"]
["Siphonoglossa sessilis","UPL"]
[" tropical tube tongue"]
["Sisyrinchium",""]
[" blue-eyed grass"]
["Sisyrinchium rosulatum","FACU"]
[" Annual Blue-Eyed-Grass"]
["Sloanea",""]
[" bullwood"]
["Sloanea amygdalina","UPL"]
[" motillo"]
["Sloanea berteriana","FAC"]
[" Bullwood"]
["Smilax",""]
[" greenbrier"]
["Smilax coriacea","FAC"]
[" Everglades Greenbrier"]
["Solandra",""]
[" solandra"]
["Solandra grandiflora","UPL"]
[" Showy Chalicevine"]
["Solanum",""]
[" nightshade"]
["Solanum americanum","FAC"]
[" American Black Nightshade"]
["Solanum bahamense","UPL"]
[" Bahama Nightshade"]
["Solanum campechiense","FACU"]
[" Red-Berry Nightshade"]
["Solanum capsicoides","FAC"]
[" Cockroach-Berry"]
["Solanum conocarpum","UPL"]
[" marron bacoba"]
["Solanum donianum","UPL"]
[" Mullein Nightshade"]
["Solanum elaeagnifolium","UPL"]
[" silverleaf nightshade"]
["Solanum erianthum","UPL"]
[" Potato-Tree"]
["Solanum jamaicense","FAC"]
[" Jamaican Nightshade"]
["Solanum lycopersicum","UPL"]
[" garden tomato"]
["Solanum mammosum","FACW"]
[" Nipplefruit"]
["Solanum melongena","UPL"]
[" eggplant"]
["Solanum mucronatum","UPL"]
[" pepino"]
["Solanum nigrum","UPL"]
[" European Black Nightshade"]
["Solanum nudum","OBL"]
[" Forest Nightshade"]
["Solanum polygamum","UPL"]
[" cakalaka berry"]
["Solanum pyrifolium","UPL"]
[" pear-leaf nightshade"]
["Solanum quitoense","UPL"]
[" naranjilla"]
["Solanum riedlei","UPL"]
[" Riedle's nightshade"]
["Solanum rugosum","FACU"]
[" Tabacon-Aspero"]
["Solanum seaforthianum","UPL"]
[" Brazilian nightshade"]
["Solanum torvum","FACU"]
[" Turkey-Berry"]
["Solanum tuberosum","UPL"]
[" Irish potato"]
["Solanum wendlandii","UPL"]
[" giant potatocreeper"]
["Solanum woodburyi","OBL"]
[" Woodbury's Nightshade"]
["Solenostemon",""]
[" solenostemon"]
["Solenostemon scutellarioides","FACU"]
[" Painted-Nettle"]
["Solidago",""]
[" goldenrod"]
["Solidago sempervirens","FACU"]
[" Seaside Goldenrod"]
["Sonchus",""]
[" sowthistle"]
["Sonchus asper","FAC"]
[" Spiny-Leaf Sow-Thistle"]
["Sonchus oleraceus","FACU"]
[" Common Sow-Thistle"]
["Sophora",""]
[" necklacepod"]
["Sophora tomentosa","FACU"]
[" Yellow Necklacepod"]
["Sorghastrum",""]
[" Indiangrass"]
["Sorghastrum setosum","UPL"]
[" sandysoil Indiangrass"]
["Sorghastrum stipoides","UPL"]
[" needle Indiangrass"]
["Sorghum",""]
[" sorghum"]
["Sorghum bicolor","UPL"]
[" Broom-Corn"]
["Sorghum halepense","FAC"]
[" Johnson Grass"]
["Spartina",""]
[" cordgrass"]
["Spartina patens","FACW"]
[" Salt-Meadow Cord Grass"]
["Spathiphyllum",""]
[" spathiphyllum"]
["Spathiphyllum wallisii","UPL"]
[" peace lily"]
["Spathodea",""]
[" spathodea"]
["Spathodea campanulata","FACU"]
[" African-Tuliptree"]
["Spathoglottis",""]
[" ground orchid"]
["Spathoglottis plicata","UPL"]
[" Philippine Ground Orchid"]
["Spermacoce",""]
[" false buttonweed"]
["Spermacoce confusa","UPL"]
[" river false buttonweed"]
["Spermacoce densiflora","UPL"]
[" bouquet false buttonweed"]
["Spermacoce eryngioides","UPL"]
[" whorled-leaf false buttonweed"]
["Spermacoce exilis","UPL"]
[" Pacific False Buttonweed"]
["Spermacoce prostrata","FACU"]
[" Prostrate False Buttonweed"]
["Spermacoce remota","UPL"]
[" Woodland False Buttonweed"]
["Spermacoce sintenisii","FAC"]
[" West Indian False Buttonweed"]
["Spermacoce tenuior","FACU"]
[" Slender False Buttonweed"]
["Spermacoce verticillata","UPL"]
[" shrubby false buttonweed"]
["Sphagneticola",""]
[" creeping-oxeye"]
["Sphagneticola gracilis","UPL"]
[" slender creeping-oxeye"]
["Sphagneticola trilobata","FACU"]
[" Bay Biscayne Creeping-Oxeye"]
["Sphagnum",""]
[" sphagnum"]
["Sphagnum portoricense","UPL"]
[" Puerto Rico sphagnum"]
["Sphenoclea",""]
[" sphenoclea"]
["Sphenoclea zeylanica","OBL"]
[" Chickenspike"]
["Spigelia",""]
[" pinkroot"]
["Spigelia anthelmia","UPL"]
[" West Indian pinkroot"]
["Spiracantha",""]
[" dogwoodleaf"]
["Spiracantha cornifolia","UPL"]
[" dogwoodleaf"]
["Spiranthes",""]
[" lady's tresses"]
["Spiranthes torta","FAC"]
[" Southern Ladies'-Tresses"]
["Spirodela",""]
[" duckmeat"]
["Spirodela polyrhiza","OBL"]
[" Common Duckmeat"]
["Spirodela polyrrhiza","UPL"]
[" common duckmeat"]
["Spondias",""]
[" mombin"]
["Spondias dulcis","UPL"]
[" Jewish plum"]
["Spondias mombin","UPL"]
[" yellow mombin"]
["Spondias purpurea","UPL"]
[" purple mombin"]
["Sporobolus",""]
[" dropseed"]
["Sporobolus cubensis","UPL"]
[" Cuban dropseed"]
["Sporobolus domingensis","FAC"]
[" Coral Dropseed"]
["Sporobolus indicus","FACU"]
[" Smut Grass"]
["Sporobolus pyramidatus","FAC"]
[" Target Dropseed"]
["Sporobolus tenuissimus","UPL"]
[" tropical dropseed"]
["Sporobolus virginicus","FACW"]
[" Seashore Dropseed"]
["Stachys",""]
[" hedgenettle"]
["Stachys arvensis","UPL"]
[" staggerweed"]
["Stachytarpheta",""]
[" porterweed"]
["Stachytarpheta cayennensis","FACU"]
[" Cayenne Porterweed"]
["Stachytarpheta jamaicensis","FACU"]
[" Blueflower"]
["Stachytarpheta strigosa","UPL"]
[" West Indian porterweed"]
["Stachytarpheta X hybrida","UPL"]
[" porterweed"]
["Stahlia",""]
[" stahlia"]
["Stahlia monosperma","FACW"]
[" Cobana-Negra"]
["Stegnosperma",""]
[" stegnosperma"]
["Stegnosperma cubense","UPL"]
[" Cuban tangle"]
["Steinchisma"]
[" gaping grass"]
["Steinchisma laxum","FACW"]
[" Lax Gaping Grass"]
["Stelis",""]
[" leach orchid"]
["Stelis perpusilliflora","UPL"]
[" West Indian leach orchid"]
["Stelis pygmaea","UPL"]
[" pygmy leach orchid"]
["Stellaria",""]
[" starwort"]
["Stellaria antillana","OBL"]
[" West Indian Starwort"]
["Stemodia",""]
[" twintip"]
["Stemodia durantifolia","FACW"]
[" White-Woolly Twintip"]
["Stemodia maritima","FACW"]
[" Seaside Twintip"]
["Stemodia verticillata","UPL"]
[" whorled twintip"]
["Stenandrium",""]
[" shaggytuft"]
["Stenandrium tuberosum","FACW"]
[" Mata-Espiritista"]
["Stenocereus",""]
[" stenocereus"]
["Stenocereus fimbriatus","UPL"]
[" Spanish stenocereus"]
["Stenorrhynchos",""]
[" lady orchid"]
["Stenorrhynchos speciosum","UPL"]
[" Latin American lady orchid"]
["Stenotaphrum",""]
[" St. Augustine grass"]
["Stenotaphrum secundatum","FAC"]
[" St. Augustine Grass"]
["Sterculia",""]
[" sterculia"]
["Sterculia apetala","UPL"]
[" Panama tree"]
["Sterculia foetida","UPL"]
[" hazel sterculia"]
["Sticherus",""]
[" umbrella fern"]
["Sticherus bifidus","OBL"]
[" Mexican Umbrella Fern"]
["Sticherus brevipubis","FACU"]
[" Clothed Umbrella Fern"]
["Stictocardia",""]
[" stictocardia"]
["Stictocardia tiliifolia","FACW"]
[" Spottedheart"]
["Stigmaphyllon",""]
[" Amazonvine"]
["Stigmaphyllon bannisterioides","FACW"]
[" Egg-Leaf Amazon-Vine"]
["Stigmaphyllon diversifolium","UPL"]
[" heartleaf Amazonvine"]
["Stigmaphyllon emarginatum","UPL"]
[" monarch Amazonvine"]
["Stigmaphyllon floribundum","UPL"]
[" woolly Amazonvine"]
["Stigmaphyllon puberum","UPL"]
[" South American Amazonvine"]
["Struchium",""]
[" struchium"]
["Struchium sparganophorum","OBL"]
[" Yerba-de-Faja"]
["Strumpfia",""]
[" strumpfia"]
["Strumpfia maritima","UPL"]
[" Pride-of-Big-Pine"]
["Stylogyne",""]
[" stylogyne"]
["Stylogyne lateriflora","OBL"]
[" Quiebrahacha"]
["Stylosanthes",""]
[" pencilflower"]
["Stylosanthes erecta","UPL"]
[" Nigerian stylo"]
["Stylosanthes guianensis","UPL"]
[" Brazilian Pencil-Flower"]
["Stylosanthes hamata","UPL"]
[" cheesytoes"]
["Stylosanthes viscosa","UPL"]
[" poorman's friend"]
["Styrax",""]
[" snowbell"]
["Styrax portoricensis","FAC"]
[" Palo-de-Jazmin"]
["Suaeda"]
[" seepweed"]
["Suaeda nigra","FACW"]
[" Shrubby Seepweed"]
["Suriana",""]
[" suriana"]
["Suriana maritima","FACU"]
[" Bay-Cedar"]
["Swietenia",""]
[" mahogany"]
["Swietenia macrophylla","FACU"]
[" Honduras Mahogany"]
["Swietenia mahagoni","UPL"]
[" West Indian Mahogany"]
["Symphyotrichum",""]
[" aster"]
["Symphyotrichum divaricatum","FACW"]
[" Lawn American-Aster"]
["Symphyotrichum expansum","FACW"]
[" Desert American-Aster"]
["Symphysia",""]
[" symphysia"]
["Symphysia racemosa","FACW"]
[" Leather-Leaf Eelvine"]
["Symplocos",""]
[" sweetleaf"]
["Symplocos lanata","UPL"]
[" nispero cimarron"]
["Symplocos latifolia","UPL"]
[" broad-leaf sweetleaf"]
["Symplocos martinicensis","UPL"]
[" Martinique sweetleaf"]
["Symplocos micrantha","UPL"]
[" aceitunilla"]
["Synedrella",""]
[" synedrella"]
["Synedrella nodiflora","UPL"]
[" Nodeweed"]
["Syngonium",""]
[" syngonium"]
["Syngonium auritum","UPL"]
[" arrowhead vine"]
["Syngonium podophyllum","UPL"]
[" American evergreen"]
["Syringodium",""]
[" syringodium"]
["Syringodium filiforme","OBL"]
[" Manatee-Grass"]
["Syzygium",""]
[" syzygium"]
["Syzygium grande","UPL"]
[" Sea-Apple"]
["Syzygium jambos","FAC"]
[" Malabar-Plum"]
["Syzygium malaccense","UPL"]
[" Malaysian-Apple"]
["Tabebuia",""]
[" trumpet-tree"]
["Tabebuia aurea","UPL"]
[" Caribbean trumpet-tree"]
["Tabebuia chrysantha","UPL"]
[" roble amarillo"]
["Tabebuia donnell-smithii","UPL"]
[" primavera"]
["Tabebuia haemantha","UPL"]
[" roble cimarron"]
["Tabebuia heterophylla","UPL"]
[" white cedar"]
["Tabebuia rigida","FAC"]
[" Roble-de-Sierra"]
["Tabebuia rosea","UPL"]
[" pink trumpet-tree"]
["Tabebuia schumanniana","FACW"]
[" Roble-Colorado"]
["Tabebuia serratifolia","UPL"]
[" yellow poui"]
["Tabernaemontana",""]
[" milkwood"]
["Tabernaemontana citrifolia","UPL"]
[" milkwood"]
["Tabernaemontana divaricata","UPL"]
[" pinwheelflower"]
["Tagetes",""]
[" marigold"]
["Tagetes erecta","UPL"]
[" Aztec marigold"]
["Tagetes patula","UPL"]
[" French marigold"]
["Talinum",""]
[" fameflower"]
["Talinum paniculatum","UPL"]
[" jewels of Opar"]
["Talinum triangulare","UPL"]
[" Ceylon spinach"]
["Talipariti",""]
[" talipariti"]
["Talipariti tiliaceum","FACW"]
[" Hawaii Sea-Hibiscus"]
["Tamarindus",""]
[" tamarind"]
["Tamarindus indica","UPL"]
[" tamarind"]
["Tamarix",""]
[" tamarisk"]
["Tamarix aphylla","FACW"]
[" Athel Tamarisk"]
["Tamarix gallica","FAC"]
[" French Tamarisk"]
["Tamarix parviflora","FACW"]
[" Small-Flower Tamarisk"]
["Tamonea",""]
[" tamonea"]
["Tamonea boxiana","UPL"]
[" crow broom"]
["Taraxacum",""]
[" dandelion"]
["Taraxacum officinale","FAC"]
[" Common Dandelion"]
["Tarenaya",""]
[" giant spider-flower"]
["Tarenaya hassleriana","FAC"]
[" Pinkqueen"]
["Tarenaya spinosa","FAC"]
[" Spiny Pinkqueen"]
["Tecoma",""]
[" trumpetbush"]
["Tecoma capensis","UPL"]
[" Cape honeysuckle"]
["Tecoma stans","UPL"]
[" Yellow Trumpetbush"]
["Tectaria",""]
[" halberd fern"]
["Tectaria cicutaria","UPL"]
[" button fern"]
["Tectaria estremeriana","UPL"]
[" Puerto Rico halberd fern"]
["Tectaria fimbriata","FACW"]
[" Fringed Halberd Fern"]
["Tectaria heracleifolia","UPL"]
[" Broad Halberd Fern"]
["Tectaria incisa","FACW"]
[" Incised Halberd Fern"]
["Tectaria plantaginea","OBL"]
[" Plantain-Leaf Halberd Fern"]
["Tectaria trifoliata","FAC"]
[" Three-Leaf Halberd Fern"]
["Tectona",""]
[" tectona"]
["Tectona grandis","UPL"]
[" Teak"]
["Teliostachya",""]
[" teliostachya"]
["Teliostachya alopecuroidea","FACU"]
[" Pata-de-Gallina"]
["Tephrosia",""]
[" hoarypea"]
["Tephrosia candida","UPL"]
[" white hoarypea"]
["Tephrosia cinerea","UPL"]
[" ashen hoarypea"]
["Tephrosia noctiflora","UPL"]
[" South African hoarypea"]
["Tephrosia senna","UPL"]
[" anil racimillo"]
["Tephrosia sessiliflora","UPL"]
[" sessileflower hoarypea"]
["Teramnus",""]
[" teramnus"]
["Teramnus uncinatus","UPL"]
[" cresta de gallo blanco"]
["Terminalia",""]
[" tropical almond"]
["Terminalia catappa","FACU"]
[" Tropical-Almond"]
["Terminalia ivorensis","UPL"]
[" Ivory Coast almond"]
["Terminalia myriocarpa","UPL"]
[" East Indian almond"]
["Terminalia oblonga","UPL"]
[" Peruvian almond"]
["Ternstroemia",""]
[" ternstroemia"]
["Ternstroemia albopunctata","FAC"]
[" Teta-Prieta"]
["Ternstroemia heptasepala","OBL"]
[" Saintedwood"]
["Ternstroemia luquillensis","OBL"]
[" Palo-Colorado"]
["Ternstroemia peduncularis","FACW"]
[" Copey-Vera"]
["Ternstroemia stahlii","FACU"]
[" Mamey-de-Cura"]
["Ternstroemia subsessilis","FAC"]
[" El Yunque-Colorado"]
["Tetragastris",""]
[" tetragastris"]
["Tetragastris balsamifera","FACU"]
[" Masa"]
["Tetragonia",""]
[" tetragonia"]
["Tetragonia tetragonioides","UPL"]
[" New Zealand spinach"]
["Tetramicra",""]
[" wallflower orchid"]
["Tetramicra canaliculata","UPL"]
[" serpentine wallflower orchid"]
["Tetrapterys",""]
[" tetrapterys"]
["Tetrapterys buxifolia","UPL"]
[" boxleaf"]
["Tetrapterys inaequalis","UPL"]
[" bejuco de sopla"]
["Tetrazygia",""]
[" clover ash"]
["Tetrazygia angustifolia","UPL"]
[" stinkingfish"]
["Tetrazygia biflora","FAC"]
[" Puerto Rico Clover-Ash"]
["Tetrazygia crotonifolia","FACU"]
[" Hillside Clover-Ash"]
["Tetrazygia elaeagnoides","UPL"]
[" krekre"]
["Tetrazygia urbanii","FAC"]
[" Cenizo"]
["Thalassia",""]
[" thalassia"]
["Thalassia testudinum","OBL"]
[" Turtle-Grass"]
["Thalia",""]
[" alligator-flag"]
["Thalia geniculata","OBL"]
[" Bent Alligator-Flag"]
["Thelypteris",""]
[" maiden fern"]
["Thelypteris abdita","UPL"]
[" Rio Abajo maiden fern"]
["Thelypteris abrupta","UPL"]
[" fairybit maiden fern"]
["Thelypteris angustifolia","OBL"]
[" Broad-Leaf Maiden Fern"]
["Thelypteris balbisii","FAC"]
[" Balbis' Maiden Fern"]
["Thelypteris brittonae","UPL"]
[" Britton's maiden fern"]
["Thelypteris cheilanthoides","UPL"]
[" lip maiden fern"]
["Thelypteris cordata","UPL"]
[" heartleaf maiden fern"]
["Thelypteris decussata","FACW"]
[" Glandular Maiden Fern"]
["Thelypteris deltoidea","FAC"]
[" Deltoid Maiden Fern"]
["Thelypteris germaniana","FACW"]
[" German's Maiden Fern"]
["Thelypteris grandis","UPL"]
[" stately maiden fern"]
["Thelypteris guadalupensis","UPL"]
[" Guadeloupe maiden fern"]
["Thelypteris hastata","UPL"]
[" arrowhead maiden fern"]
["Thelypteris hildae","UPL"]
[" limestone maiden fern"]
["Thelypteris inabonensis","UPL"]
[" cordillera maiden fern"]
["Thelypteris kunthii","FAC"]
[" Kunth's Maiden Fern"]
["Thelypteris leptocladia","UPL"]
[" thicket maiden fern"]
["Thelypteris linkiana","FAC"]
[" Link's Maiden Fern"]
["Thelypteris namaphila","FACW"]
[" Maricao Maiden Fern"]
["Thelypteris namatophila","UPL"]
[" Maricao maiden fern"]
["Thelypteris nephrodioides","UPL"]
[" graygreen maiden fern"]
["Thelypteris opposita","FACW"]
[" Opposite-Leaf Maiden Fern"]
["Thelypteris patens","FAC"]
[" Grid-Scale Maiden Fern"]
["Thelypteris pennata","UPL"]
[" graceful maiden fern"]
["Thelypteris piedrensis","FACU"]
[" Cuban Maiden Fern"]
["Thelypteris poiteana","FAC"]
[" Dark-Green Maiden Fern"]
["Thelypteris reptans","UPL"]
[" creeping maiden fern"]
["Thelypteris resinifera","FACW"]
[" Resinous Maiden Fern"]
["Thelypteris reticulata","FACW"]
[" Lattice-Vein Fern"]
["Thelypteris retroflexa","UPL"]
[" spleenwort maiden fern"]
["Thelypteris rheophyta","OBL"]
[" Rio Inabon Maiden Fern"]
["Thelypteris rudis","FAC"]
[" Red Maiden Fern"]
["Thelypteris sancta","FAC"]
[" Caribbean Maiden Fern"]
["Thelypteris sclerophylla","FACU"]
[" Stiff Maiden Fern"]
["Thelypteris serra","UPL"]
[" Jamaican maiden fern"]
["Thelypteris serrata","OBL"]
[" Toothed Lattice-Vein Fern"]
["Thelypteris tetragona","UPL"]
[" freetip maiden fern"]
["Thelypteris verecunda","UPL"]
[" Barrio Charcas maiden fern"]
["Thelypteris X invisa","UPL"]
[" maiden fern"]
["Thelypteris X rolandii","UPL"]
[" maiden fern"]
["Thelypteris yaucoensis","UPL"]
[" Puerto Rico maiden fern"]
["Themeda",""]
[" kangaroo grass"]
["Themeda arguens","UPL"]
[" Christmas grass"]
["Theobroma",""]
[" theobroma"]
["Theobroma cacao","UPL"]
[" cacao"]
["Thespesia",""]
[" thespesia"]
["Thespesia grandiflora","UPL"]
[" maga"]
["Thespesia populnea","FAC"]
[" Portia-Tree"]
["Thevetia",""]
[" thevetia"]
["Thevetia peruviana","UPL"]
[" Luckynut"]
["Thouinia",""]
[" thouinia"]
["Thouinia striata","UPL"]
[" ceboruquillo"]
["Thunbergia",""]
[" thunbergia"]
["Thunbergia alata","FACU"]
[" Black-Eyed-Susan-Vine"]
["Thunbergia erecta","UPL"]
[" Bush Clockvine"]
["Thunbergia fragrans","UPL"]
[" whitelady"]
["Thunbergia grandiflora","UPL"]
[" Bengal-Trumpet"]
["Tibouchina",""]
[" glorytree"]
["Tibouchina granulosa","UPL"]
[" Brazilian glorytree"]
["Tibouchina urvilleana","UPL"]
[" princess-flower"]
["Tillandsia",""]
[" airplant"]
["Tillandsia ariza-juliae","UPL"]
[" wand airplant"]
["Tillandsia bartramii","UPL"]
[" Bartram's airplant"]
["Tillandsia borinquensis","UPL"]
[" fescue airplant"]
["Tillandsia bulbosa","UPL"]
[" bulbous airplant"]
["Tillandsia fasciculata","UPL"]
[" giant airplant"]
["Tillandsia flexuosa","UPL"]
[" twisted airplant"]
["Tillandsia lineatispica","UPL"]
[" pinon"]
["Tillandsia polystachia","UPL"]
[" parásita"]
["Tillandsia pruinosa","UPL"]
[" fuzzywuzzy airplant"]
["Tillandsia recurvata","UPL"]
[" small ballmoss"]
["Tillandsia setacea","UPL"]
[" southern needleleaf"]
["Tillandsia tenuifolia","UPL"]
[" narrowleaf airplant"]
["Tillandsia usneoides","UPL"]
[" Spanish-Moss"]
["Tillandsia utriculata","UPL"]
[" spreading airplant"]
["Tillandsia variabilis","UPL"]
[" leatherleaf airplant"]
["Tithonia",""]
[" tithonia"]
["Tithonia diversifolia","FACU"]
[" Tree-Marigold"]
["Tithonia rotundifolia","UPL"]
[" clavel de muerto"]
["Tolumnia",""]
[" dancing-lady orchid"]
["Tolumnia prionochila","UPL"]
[" tropical dancing-lady orchid"]
["Tolumnia variegata","UPL"]
[" harlequin dancing-lady orchid"]
["Toona",""]
[" redcedar"]
["Toona ciliata","UPL"]
[" Australian redcedar"]
["Torralbasia",""]
[" torralbasia"]
["Torralbasia cuneifolia","FAC"]
[" Boje"]
["Tournefortia",""]
[" soldierbush"]
["Tournefortia bicolor","UPL"]
[" niguita"]
["Tournefortia filiflora","FACU"]
[" Cold-Withe"]
["Tournefortia hirsutissima","UPL"]
[" chiggery grapes"]
["Tournefortia maculata","FAC"]
[" Bejuco-de-Masa"]
["Tournefortia scabra","UPL"]
[" West Indian soldierbush"]
["Tournefortia volubilis","UPL"]
[" twining soldierbush"]
["Tradescantia",""]
[" spiderwort"]
["Tradescantia spathacea","UPL"]
[" Boat-Lily"]
["Tradescantia virginiana","FAC"]
[" Virginia Spiderwort"]
["Tradescantia zanonia","UPL"]
[" cohitre blanco"]
["Tradescantia zebrina","FACU"]
[" Inchplant"]
["Tragia",""]
[" noseburn"]
["Tragia volubilis","UPL"]
[" fireman"]
["Tragus",""]
[" bur grass"]
["Tragus berteronianus","UPL"]
[" spiked bur grass"]
["Trema",""]
[" trema"]
["Trema lamarckiana","UPL"]
[" Lamarck's trema"]
["Trema micrantha","FACU"]
[" Jamaican Nettletree"]
["Triadica"]
[" Chinese tallow"]
["Triadica sebifera","FAC"]
[" Chinese Tallowtree"]
["Trianthema",""]
[" trianthema"]
["Trianthema portulacastrum","FAC"]
[" Desert Horse-Purslane"]
["Tribulus",""]
[" puncturevine"]
["Tribulus cistoides","UPL"]
[" Jamaican Feverplant"]
["Trichilia",""]
[" trichilia"]
["Trichilia hirta","UPL"]
[" broomstick"]
["Trichilia pallida","FACU"]
[" Gaita"]
["Trichilia triacantha","UPL"]
[" bariaco"]
["Trichomanes",""]
[" bristle fern"]
["Trichomanes alatum","UPL"]
[" winged bristle fern"]
["Trichomanes angustifrons","UPL"]
[" royal bristle fern"]
["Trichomanes capillaceum","UPL"]
[" treetrunk bristle fern"]
["Trichomanes crispum","UPL"]
[" crisped bristle fern"]
["Trichomanes holopterum","UPL"]
[" entirewing bristle fern"]
["Trichomanes hookeri","UPL"]
[" Hooker's bristle fern"]
["Trichomanes hymenoides","UPL"]
[" parchment bristle fern"]
["Trichomanes hymenophylloides","UPL"]
[" thinleaf bristle fern"]
["Trichomanes kapplerianum","UPL"]
[" Kappler's bristle fern"]
["Trichomanes krausii","UPL"]
[" treemoss bristle fern"]
["Trichomanes lineolatum","UPL"]
[" lined bristle fern"]
["Trichomanes membranaceum","OBL"]
[" Scale-Edge Bristle Fern"]
["Trichomanes ovale","UPL"]
[" eggleaf bristle fern"]
["Trichomanes padronii","UPL"]
[" Padron's bristle fern"]
["Trichomanes pinnatum","UPL"]
[" tansy bristle fern"]
["Trichomanes polypodioides","UPL"]
[" jeweled bristle fern"]
["Trichomanes punctatum","UPL"]
[" dotted bristle fern"]
["Trichomanes pusillum","UPL"]
[" sidesaddle bristle fern"]
["Trichomanes radicans","UPL"]
[" aerialroot bristle fern"]
["Trichomanes rigidum","OBL"]
[" Stiff Bristle Fern"]
["Trichomanes robustum","FACW"]
[" Robust Bristle Fern"]
["Trichomanes scandens","UPL"]
[" climbing bristle fern"]
["Trichosalpinx",""]
[" bonnet orchid"]
["Trichosalpinx dura","UPL"]
[" Colombian bonnet orchid"]
["Trichostigma",""]
[" alpine clubrush"]
["Trichostigma octandrum","FACU"]
[" Hoopvine"]
["Tridax",""]
[" tridax"]
["Tridax procumbens","FACU"]
[" Coatbuttons"]
["Trifolium",""]
[" clover"]
["Trifolium pratense","UPL"]
[" Red Clover"]
["Trimezia",""]
[" trimezia"]
["Trimezia steyermarkii","UPL"]
[" Steyermark's trimezia"]
["Triphasia",""]
[" triphasia"]
["Triphasia trifolia","UPL"]
[" Limeberry"]
["Triphora",""]
[" noddingcaps"]
["Triphora amazonica","UPL"]
[" broadleaf noddingcaps"]
["Triphora hassleriana","UPL"]
[" Hassler's noddingcaps"]
["Triphora surinamensis","FAC"]
[" Hernando County Noddingcaps"]
["Triplaris",""]
[" ant tree"]
["Triplaris cumingiana","UPL"]
[" ant tree"]
["Triplophyllum",""]
[" triplophyllum"]
["Triplophyllum funestum","UPL"]
[" fountain fern"]
["Tripogandra",""]
[" tripogandra"]
["Tripogandra serrulata","UPL"]
[" pink Trinity"]
["Tripsacum",""]
[" gamagrass"]
["Tripsacum fasciculatum","UPL"]
[" Guatemalan gamagrass"]
["Tripsacum latifolium","UPL"]
[" wideleaf gamagrass"]
["Triticum",""]
[" wheat"]
["Triticum aestivum","UPL"]
[" common wheat"]
["Triumfetta",""]
[" burbark"]
["Triumfetta bogotensis","UPL"]
[" parquet bur"]
["Triumfetta lappula","UPL"]
[" grandcousin"]
["Triumfetta rhomboidea","UPL"]
[" Diamond Burrbark"]
["Triumfetta semitriloba","FAC"]
[" Sacramento Burrbark"]
["Tropaeolum",""]
[" nasturtium"]
["Tropaeolum majus","UPL"]
[" Garden-Nasturtium"]
["Trophis",""]
[" trophis"]
["Trophis racemosa","UPL"]
[" white ramoon"]
["Tropidia",""]
[" tropidia"]
["Tropidia polystachya","UPL"]
[" young palm orchid"]
["Turbina",""]
[" turbina"]
["Turbina corymbosa","UPL"]
[" Christmasvine"]
["Turnera",""]
[" turnera"]
["Turnera diffusa","UPL"]
[" damiana"]
["Turnera pumilea","UPL"]
[" yellow alder"]
["Turnera ulmifolia","FAC"]
[" Ram-Goat-Dash-Along"]
["Turpinia",""]
[" turpinia"]
["Turpinia occidentalis","FAC"]
[" Muttonwood"]
["Tynanthus",""]
[" tynanthus"]
["Tynanthus polyanthus","UPL"]
[" bejuco de clavo"]
["Typha",""]
[" cattail"]
["Typha domingensis","OBL"]
[" Southern Cat-Tail"]
["Urena",""]
[" urena"]
["Urena lobata","FACU"]
[" Caesarweed"]
["Urena sinuata","UPL"]
[" bur mallow"]
["Urera",""]
[" urera"]
["Urera baccifera","FACW"]
[" Scratchbush"]
["Urera caracasana","FACW"]
[" Flameberry"]
["Urera chlorocarpa","FACW"]
[" Ortiga"]
["Urochloa",""]
[" signalgrass"]
["Urochloa adspersa","UPL"]
[" Dominican signalgrass"]
["Urochloa arrecta","FAC"]
[" African Liverseed Grass"]
["Urochloa brizantha","UPL"]
[" palisade grass"]
["Urochloa decumbens","UPL"]
[" spreading liverseed grass"]
["Urochloa distachya","FAC"]
[" Tropical Liverseed Grass"]
["Urochloa fusca","UPL"]
[" Brown-Top Liverseed Grass"]
["Urochloa mosambicensis","UPL"]
[" African liverseed grass"]
["Urochloa mutica","FACW"]
[" Para Liverseed Grass"]
["Urochloa plantaginea","UPL"]
[" Plantain Liverseed Grass"]
["Urochloa reptans","UPL"]
[" Sprawling Liverseed Grass"]
["Utricularia",""]
[" bladderwort"]
["Utricularia gibba","OBL"]
[" Humped Bladderwort"]
["Utricularia juncea","OBL"]
[" Southern Bladderwort"]
["Utricularia pusilla","OBL"]
[" Tiny Bladderwort"]
["Utricularia subulata","OBL"]
[" Zigzag Bladderwort"]
["Vachellia",""]
[" vachellia"]
["Vachellia farnesiana","FACU"]
[" Mealy False Acacia"]
["Vachellia macracantha","FAC"]
[" Porknut"]
["Valeriana",""]
[" valerian"]
["Valeriana scandens","FAC"]
[" Florida Valerian"]
["Vangueria",""]
[" vangueria"]
["Vangueria madagascariensis","UPL"]
[" voa vanga"]
["Vanilla",""]
[" vanilla"]
["Vanilla barbellata","FACU"]
[" Wormvine Orchid"]
["Vanilla claviculata","UPL"]
[" green withe"]
["Vanilla dilloniana","UPL"]
[" leafless vanilla"]
["Vanilla mexicana","UPL"]
[" Mexican vanilla"]
["Vanilla planifolia","UPL"]
[" vanilla"]
["Vanilla poitaei","UPL"]
[" Poit's vanilla"]
["Vanilla pompona","UPL"]
[" West Indian vanilla"]
["Verbena",""]
[" vervain"]
["Verbena bonariensis","FAC"]
[" Purple-Top Vervain"]
["Verbena rigida","UPL"]
[" tuberous vervain"]
["Verbena scabra","FAC"]
[" Sandpaper Vervain"]
["Verbesina",""]
[" crownbeard"]
["Verbesina alata","FAC"]
[" Capitaneja"]
["Verbesina encelioides","FACU"]
[" Golden Crownbeard"]
["Vernicia",""]
[" vernicia"]
["Vernicia fordii","UPL"]
[" tungoil tree"]
["Vernonia",""]
[" ironweed"]
["Vernonia albicaulis","UPL"]
[" Santa Maria"]
["Vernonia proctori","UPL"]
[" Proctor's ironweed"]
["Veronica",""]
[" speedwell"]
["Veronica peregrina","FAC"]
[" Neckweed"]
["Vigna",""]
[" cowpea"]
["Vigna adenantha","FACU"]
[" Wild Pea"]
["Vigna antillana","UPL"]
[" Antilles bean"]
["Vigna hosei","UPL"]
[" Sarawak bean"]
["Vigna juruana","UPL"]
[" tropical cowpea"]
["Vigna longifolia","OBL"]
[" Long-Leaf Cow-Pea"]
["Vigna luteola","FAC"]
[" Wild Cow-Pea"]
["Vigna marina","UPL"]
[" Notched Cow-Pea"]
["Vigna peduncularis","UPL"]
[" purple cowpea"]
["Vigna unguiculata","UPL"]
[" cowpea"]
["Vigna vexillata","UPL"]
[" zombi pea"]
["Viola",""]
[" violet"]
["Viola odorata","UPL"]
[" sweet violet"]
["Vitex",""]
[" chastetree"]
["Vitex agnus-castus","UPL"]
[" lilac chastetree"]
["Vitex divaricata","FACU"]
[" Higuerillo"]
["Vitex negundo","UPL"]
[" Five-Leaf Chastetree"]
["Vitex parviflora","UPL"]
[" Small-Flower Chastetree"]
["Vitis",""]
[" grape"]
["Vitis tiliifolia","UPL"]
[" West Indian grape"]
["Vitis vinifera","UPL"]
[" wine grape"]
["Vitis vulpina","FAC"]
[" Frost Grape"]
["Vittaria",""]
[" shoestring fern"]
["Vittaria costata","UPL"]
[" redscale shoestring fern"]
["Vittaria graminifolia","UPL"]
[" grass fern"]
["Vittaria lineata","UPL"]
[" shoestring fern"]
["Vittaria remota","UPL"]
[" purplestem shoestring fern"]
["Voyria",""]
[" ghostplant"]
["Voyria aphylla","FAC"]
[" Leafless Ghostplant"]
["Voyria parasitica","UPL"]
[" parasitic ghostplant"]
["Voyria tenella","FAC"]
[" Puerto Rico Ghostplant"]
["Vriesea",""]
[" vriesea"]
["Vriesea macrostachya","UPL"]
[" parasita"]
["Vriesea proctorii","UPL"]
[" Proctor's vriesea"]
["Vriesea ringens","UPL"]
[" pirigallo"]
["Vriesea sintenisii","UPL"]
[" barkplant"]
["Vulpia",""]
[" fescue"]
["Vulpia bromoides","UPL"]
[" Brome Six-Weeks Grass"]
["Waldsteinia",""]
[" barren strawberry"]
["Waldsteinia pendula","UPL"]
[" nodding barren strawberry"]
["Wallenia",""]
[" jacanillo"]
["Wallenia lamarckiana","FAC"]
[" Jacanillo"]
["Wallenia yunquensis","FAC"]
[" El Yunque Jacanillo"]
["Waltheria",""]
[" waltheria"]
["Waltheria calcicola","UPL"]
[" raichie"]
["Waltheria indica","UPL"]
[" Basora-Prieta"]
["Washingtonia",""]
[" fan palm"]
["Washingtonia filifera","FACU"]
[" California Fan Palm"]
["Wedelia",""]
[" creepingoxeye"]
["Wedelia fruticosa","FAC"]
[" Coastal-Plain Creeping-Oxeye"]
["Wedelia lanceolata","UPL"]
[" riverbank creepingoxeye"]
["Wedelia parviflora","UPL"]
[" smallflower creepingoxeye"]
["Wedelia reticulata","UPL"]
[" manazanilla del monte"]
["Weinmannia",""]
[" weinmannia"]
["Weinmannia pinnata","OBL"]
[" Bastard-Briziletto"]
["Wissadula",""]
[" wissadula"]
["Wissadula amplissima","UPL"]
[" big yellow velvetleaf"]
["Wissadula periplocifolia","UPL"]
[" white velvetleaf"]
["Wolffia",""]
[" watermeal"]
["Wolffia brasiliensis","OBL"]
[" Brazilian Watermeal"]
["Wolffiella",""]
[" bogmat"]
["Wolffiella welwitschii","OBL"]
[" Pond Bogmat"]
["Wullschlaegelia",""]
[" wullschlaegelia"]
["Wullschlaegelia aphylla","OBL"]
[" Leafless Orchid"]
["Xanthium",""]
[" cocklebur"]
["Xanthium strumarium","FAC"]
[" Rough Cockleburr"]
["Xanthosoma",""]
[" elephant's ear"]
["Xanthosoma brasiliense","UPL"]
[" Tahitian spinach"]
["Xanthosoma caracu","UPL"]
[" yautia horqueta"]
["Xanthosoma helleborifolium","UPL"]
[" belembe silvestre"]
["Xanthosoma sagittifolium","FACW"]
[" Arrow-Leaf Elephant's-Ear"]
["Xanthosoma undipes","UPL"]
[" tall elephant's ear"]
["Xenostegia",""]
[" morningvine"]
["Xenostegia tridentata","UPL"]
[" African morningvine"]
["Ximenia",""]
[" ximenia"]
["Ximenia americana","UPL"]
[" Tallow-Wood"]
["Xiphidium",""]
[" xiphidium"]
["Xiphidium caeruleum","FACW"]
[" Cola-de-Paloma"]
["Xylosma",""]
[" xylosma"]
["Xylosma buxifolia","UPL"]
[" mucha-gente"]
["Xylosma pachyphylla","UPL"]
[" spiny logwood"]
["Xylosma schaefferioides","UPL"]
[" white logwood"]
["Xylosma schwaneckeana","FAC"]
[" Redstick"]
["Xyris",""]
[" yelloweyed grass"]
["Xyris elliottii","FACW"]
[" Elliott's Yellow-Eyed-Grass"]
["Xyris jupicai","OBL"]
[" Richard's Yellow-Eyed-Grass"]
["Youngia",""]
[" youngia"]
["Youngia japonica","FAC"]
[" Oriental False Hawk's-Beard"]
["Yucca",""]
[" yucca"]
["Yucca aloifolia","UPL"]
[" Aloe Yucca"]
["Yucca gloriosa","UPL"]
[" Moundlily Yucca"]
["Yucca guatemalensis","UPL"]
[" bluestem yucca"]
["Zamia",""]
[" zamia"]
["Zamia amblyphyllidia","UPL"]
[" zamia"]
["Zamia portoricensis","UPL"]
[" marunguey"]
["Zamia pumila","UPL"]
[" coontie"]
["Zantedeschia",""]
[" calla lily"]
["Zantedeschia aethiopica","OBL"]
[" Calla-Lily"]
["Zanthoxylum",""]
[" pricklyash"]
["Zanthoxylum bifoliolatum","UPL"]
[" Maricao pricklyash"]
["Zanthoxylum caribaeum","UPL"]
[" prickly yellow"]
["Zanthoxylum flavum","UPL"]
[" West Indian satinwood"]
["Zanthoxylum martinicense","UPL"]
[" white pricklyash"]
["Zanthoxylum monophyllum","UPL"]
[" yellow prickle"]
["Zanthoxylum punctatum","UPL"]
[" dotted pricklyash"]
["Zanthoxylum spinifex","UPL"]
[" niaragato"]
["Zanthoxylum thomasianum","UPL"]
[" St. Thomas pricklyash"]
["Zapoteca",""]
[" white stickpea"]
["Zapoteca portoricensis","UPL"]
[" white stickpea"]
["Zea",""]
[" corn"]
["Zea mays","UPL"]
[" corn"]
["Zeltnera",""]
[" zeltnera"]
["Zeltnera quitensis","FACU"]
[" Britton's Mountain-Pink"]
["Zephyranthes",""]
[" zephyrlily"]
["Zephyranthes citrina","UPL"]
[" citron zephyrlily"]
["Zephyranthes grandiflora","UPL"]
[" rosepink zephyrlily"]
["Zephyranthes proctorii","UPL"]
[" Proctor's zephyrlily"]
["Zephyranthes puertoricensis","UPL"]
[" Puerto Rico zephyrlily"]
["Zephyranthes rosea","UPL"]
[" Cuban zephyrlily"]
["Zeuxine",""]
[" zeuxine"]
["Zeuxine strateumatica","FACU"]
[" Soldier's Orchid"]
["Zingiber",""]
[" ginger"]
["Zingiber montanum","UPL"]
[" Cassumunar ginger"]
["Zingiber officinale","UPL"]
[" garden ginger"]
["Zingiber zerumbet","FAC"]
[" Shampoo Ginger"]
["Zinnia",""]
[" zinnia"]
["Zinnia peruviana","UPL"]
[" Peruvian zinnia"]
["Zinnia violacea","UPL"]
[" elegant zinnia"]
["Ziziphus",""]
[" jujube"]
["Ziziphus mauritiana","UPL"]
[" Indian Jujube"]
["Ziziphus reticulata","UPL"]
[" cacao rojo"]
["Ziziphus rignonii","UPL"]
[" soana"]
["Ziziphus taylorii","UPL"]
[" Taylor's jujube"]
["Zornia",""]
[" zornia"]
["Zornia gemella","UPL"]
[" zarzabacoa de dos hojas"]
["Zornia reticulata","UPL"]
[" zarzabacoa de dos hojas"]
["Zoysia",""]
[" lawngrass"]
["Zoysia matrella","UPL"]
[" Manila Temple Grass"]
["Zygophlebia",""]
[" octopus fern"]
["Zygophlebia sectifrons","UPL"]
[" octopus fern"]
["Abildgaardia monostachya","FAC"]
["Abrus abrus","UPL"]
["Abutilon americanum","UPL"]
["Abutilon commutatum","UPL"]
["Abutilon crispum","UPL"]
["Abutilon jacquinii","UPL"]
["Abutilon lignosum","UPL"]
["Abutilon pauciflorum","UPL"]
["Abutilon umbellatum","UPL"]
["Abutilon virginianum","UPL"]
["Acacia arabica","UPL"]
["Acacia arenosa","UPL"]
["Acacia farnesiana","FACU"]
["Acacia farnesiana ssp. minuta","FACU"]
["Acacia macracantha","FAC"]
["Acacia minuta","FACU"]
["Acacia minuta ssp. densiflora","FACU"]
["Acacia pinetorum","FACU"]
["Acacia riparia","UPL"]
["Acacia smallii","FACU"]
["Acacia suma","UPL"]
["Acacia westiana","UPL"]
["Acalypha amentacea ssp. wilkesiana","UPL"]
["Acalypha aristata","UPL"]
["Acalypha caroliniana","UPL"]
["Acalypha indica","UPL"]
["Acalypha wilkesiana","UPL"]
["Acanthocereus floridanus","UPL"]
["Acanthocereus pentagonus","UPL"]
["Acetosella corniculata","FACU"]
["Achras emarginata","UPL"]
["Achras mammosa","UPL"]
["Achras zapota","UPL"]
["Achyranthes altissima","FACU"]
["Achyranthes aspera var. aspera","UPL"]
["Achyranthes aspera var. pubescens","UPL"]
["Achyranthes bettzichiana","UPL"]
["Achyranthes bettzickiana","FACU"]
["Achyranthes brasiliana","UPL"]
["Achyranthes ficoidea","FACU"]
["Achyranthes ficoidea ssp. bettzichiana","UPL"]
["Achyranthes ficoidea ssp. bettzickiana","FACU"]
["Achyranthes indica","UPL"]
["Achyranthes leiantha","UPL"]
["Achyranthes paronychioides","FAC"]
["Achyranthes peploides","UPL"]
["Achyranthes philoxeroides","OBL"]
["Achyranthes portoricensis","UPL"]
["Achyranthes prostrata","FACU"]
["Achyranthes ramosissima","UPL"]
["Achyranthes repens","UPL"]
["Achyranthes sessilis","FAC"]
["Acisanthera acisanthera","OBL"]
["Acnida alabamensis","OBL"]
["Acnida australis","OBL"]
["Acnida cuspidata","OBL"]
["Acrodiclidium salicifolium","UPL"]
["Acrostichum excelsum","OBL"]
["Acrostichum longifolium","UPL"]
["Actinostachys germanii","FAC"]
["Acuan depressum","FACU"]
["Acuan virgatum","FACU"]
["Adelia bernardia","UPL"]
["Adenoropium elegans","UPL"]
["Adenoropium gossypiifolium","UPL"]
["Adenoropium multifidum","UPL"]
["Adiantopsis paupercula","UPL"]
["Adiantum capillus-veneris var. modestum","FACW"]
["Adiantum capillus-veneris var. protrusum","FACW"]
["Adiantum cristatum","UPL"]
["Adiantum modestum","FACW"]
["Adipera bicapsularis","FAC"]
["Adipera laevigata","UPL"]
["Adipera stahlii","FAC"]
["Aegilops exaltata","FACU"]
["Aegiphila martinicensis var. oligoneura","UPL"]
["Aeria attenuata","UPL"]
["Aeschrion antillana","UPL"]
["Aeschrion excelsa","UPL"]
["Aeschynomene americana var. glandulosa","FAC"]
["Aeschynomene bispinosa","UPL"]
["Aeschynomene emerus","OBL"]
["Aeschynomene portoricensis","FAC"]
["Agalinis fasciculata var. peninsularis","FACU"]
["Agalinis purpurea var. carteri","FACW"]
["Agalinis purpurea var. racemulosa","FACU"]
["Agalinis virgata","FACU"]
["Agati grandiflora","UPL"]
["Agave americana ssp. americana","UPL"]
["Agave americana ssp. americana var. americana","UPL"]
["Agave americana ssp. americana var. expansa","UPL"]
["Agave americana ssp. protamericana","UPL"]
["Agave portoricensis","UPL"]
["Agave rigida var. sisalana","UPL"]
["Aglaonema commutatum var. maculatum","UPL"]
["Agrostis antecedens","FACW"]
["Agrostis indica","FACU"]
["Agrostis matrella","UPL"]
["Agrostis pyramidata","FAC"]
["Agrostis radiata","FACU"]
["Agrostis semiverticillata","FACU"]
["Agrostis verticillata","FACU"]
["Agrostis virginica","FACW"]
["Agrostis viridis","FACU"]
["Aiphanes acanthophylla","UPL"]
["Aira indica","FACW"]
["Aklema petiolaris","UPL"]
["Albizia saman","FACU"]
["Alcea ficifolia","UPL"]
["Alectra aspera","OBL"]
["Aleurites fordii","UPL"]
["Aleurites moluccanus var. katoi","UPL"]
["Alisma bolivianum","OBL"]
["Allamanda cathartica var. grandiflora","UPL"]
["Allamanda neriifolia","UPL"]
["Allophylus occidentalis","UPL"]
["Alloplectus ambiguus","UPL"]
["Alocasia macrorrhizos var. rubra","FACW"]
["Aloe barbadensis","UPL"]
["Aloe perfoliata var. vera","UPL"]
["Aloe vulgaris","UPL"]
["Aloysia citriodora","UPL"]
["Aloysia citrodora","UPL"]
["Alpinia antillarua","OBL"]
["Alpinia aromatica","FACU"]
["Alpinia exaltata","OBL"]
["Alpinia jamaicensis","OBL"]
["Alpinia occidentalis","FACU"]
["Alpinia speciosa","FACU"]
["Alpinia spicata","FACW"]
["Alsine antillana","OBL"]
["Alsophila aquilina","UPL"]
["Alsophila boringuena","FAC"]
["Alsophila dryopteroides","FACW"]
["Alsophila procera","FACW"]
["Alsophila quadripinnata","FACW"]
["Alternanthera achyrantha","UPL"]
["Alternanthera amoena","UPL"]
["Alternanthera bettzickiana","FACU"]
["Alternanthera dentata","UPL"]
["Alternanthera dolichocephala","UPL"]
["Alternanthera ficoidea var. bettzickiana","FACU"]
["Alternanthera ficoidea var. ficoidea","FACU"]
["Alternanthera floridana","UPL"]
["Alternanthera glabra","FAC"]
["Alternanthera jacquinii","UPL"]
["Alternanthera paronychioides var. amazonica","FAC"]
["Alternanthera paronychioides var. paronychioides","FAC"]
["Alternanthera peploides","UPL"]
["Alternanthera polygonoides","FAC"]
["Alternanthera portoricensis","UPL"]
["Alternanthera ramosissima","UPL"]
["Alternanthera repens","UPL"]
["Alternanthera tenella","FACU"]
["Alternanthera tenella var. versicolor","FACU"]
["Althaea rosea","UPL"]
["Amaranthus ascendens","UPL"]
["Amaranthus berlandieri","UPL"]
["Amaranthus blitum ssp. blitum","UPL"]
["Amaranthus blitum ssp. emarginatus","UPL"]
["Amaranthus blitum ssp. emarginatus var. emarginatus","UPL"]
["Amaranthus blitum ssp. emarginatus var. pseudogracilis","UPL"]
["Amaranthus crassipes var. crassipes","FACU"]
["Amaranthus crassipes var. warnockii","FACU"]
["Amaranthus edulis","UPL"]
["Amaranthus gangeticus","UPL"]
["Amaranthus gracilis","UPL"]
["Amaranthus hybridus ssp. cruentus","UPL"]
["Amaranthus hybridus var. cruentus","UPL"]
["Amaranthus lividus","UPL"]
["Amaranthus lividus ssp. polygonoides","UPL"]
["Amaranthus lividus var. polygonoides","UPL"]
["Amaranthus paniculatus","UPL"]
["Amaranthus polygonoides ssp. berlandieri","UPL"]
["Amaranthus viridis","UPL"]
["Amaranthus warnockii","FACU"]
["Amaryllis punicea","UPL"]
["Amaryllis zeylanicum","UPL"]
["Ambrina ambrosioides","FAC"]
["Ammannia auriculata var. arenaria","OBL"]
["Ammannia coccinea ssp. purpurea","OBL"]
["Ammannia koehnei","OBL"]
["Ammannia teres","OBL"]
["Ammannia teres var. exauriculata","OBL"]
["Ammocallis rosea","FACU"]
["Amomum alpinia","OBL"]
["Amomum zerumbet","FAC"]
["Amomum zingiber","UPL"]
["Ampelopsis bipinnata","FAC"]
["Amphiglottis anceps","UPL"]
["Amphiglottis corymbosa","UPL"]
["Amphiglottis difformis","UPL"]
["Amphiglottis nocturna","UPL"]
["Amphiglottis secunda","UPL"]
["Amphilophis saccharoides","UPL"]
["Amyris toxifera","FACU"]
["Anacharis canadensis","OBL"]
["Anacharis canadensis var. planchonii","OBL"]
["Anacharis densa","OBL"]
["Anagallis arvensis","UPL"]
["Anagallis arvensis ssp. foemina","UPL"]
["Anagallis arvensis var. caerulea","UPL"]
["Anagallis caerulea","UPL"]
["Anagallis foemina","UPL"]
["Anagallis linifolia","UPL"]
["Anagallis monelli","UPL"]
["Anamomis dicrana","UPL"]
["Anamomis fragrans","UPL"]
["Anamomis simpsonii","UPL"]
["Anamomis umbellulifera","UPL"]
["Ananas ananas","UPL"]
["Ananthacorus angustifolius","UPL"]
["Anastrophus compressus","FAC"]
["Anatherum virginicum subvar. tetrastachyum","FAC"]
["Anatherum zizanioides","FAC"]
["Andira jamaicensis","FAC"]
["Andrachne cuneifolia","UPL"]
["Andropogon amaurus","UPL"]
["Andropogon brevifolius","UPL"]
["Andropogon citratus","UPL"]
["Andropogon condylotrichus","UPL"]
["Andropogon contortus","UPL"]
["Andropogon drummondii","UPL"]
["Andropogon fastigiata","UPL"]
["Andropogon glomeratus var. glomeratus","FAC"]
["Andropogon glomeratus var. pumilus","FAC"]
["Andropogon glomeratus var. scabriglumis","FAC"]
["Andropogon insulare","FACU"]
["Andropogon nardus","UPL"]
["Andropogon pertusus","UPL"]
["Andropogon saccharoides","UPL"]
["Andropogon sericatus","UPL"]
["Andropogon setosus","UPL"]
["Andropogon tener","UPL"]
["Andropogon tenuispatheus","FAC"]
["Andropogon vimineum","FAC"]
["Andropogon virgatus","FACW"]
["Andropogon virginicus var. abbreviatus","FAC"]
["Andropogon virginicus var. corymbosus","FAC"]
["Andropogon virginicus var. decipiens","FAC"]
["Andropogon virginicus var. tenuispatheus","FAC"]
["Andropogon virginicus var. tetrastachyus","FAC"]
["Andropogon virginicus var. virginicus","FAC"]
["Aneilema geniculatum","FAC"]
["Aneilema nudicaule","FACW"]
["Aneilema nudiflorum","FACW"]
["Aneilema serrulatum","UPL"]
["Anguria cookiana","UPL"]
["Anguria ottoniana","UPL"]
["Anguria pedata","UPL"]
["Anguria trifoliata","UPL"]
["Aniseia martinicensis var. nitens","OBL"]
["Aniseia nitens","OBL"]
["Anisophyllum thymifolium","UPL"]
["Anisosorus hirsutus","OBL"]
["Anneslea haematostoma","UPL"]
["Anneslea portoricensis","UPL"]
["Anneslea purpurea","UPL"]
["Annona cheirimola","UPL"]
["Anoda acerifolia","UPL"]
["Anoda cristata var. brachyantha","UPL"]
["Anoda cristata var. digitata","UPL"]
["Anoda lavaterioides","UPL"]
["Anredera leptostachys","UPL"]
["Anredera scandens","UPL"]
["Antelaea azadirachta","UPL"]
["Anthacanthus spinosus","UPL"]
["Anthocephalus cadamba","UPL"]
["Anthocephalus chinensis","UPL"]
["Anthurium acaule","UPL"]
["Anthurium cordifolium","UPL"]
["Antigonon macrocarpum","UPL"]
["Antirrhinum elatine","FAC"]
["Apium leptophyllum","FAC"]
["Apium petroselinum","UPL"]
["Apium tenuifolium","FAC"]
["Aploleia monandra","FACU"]
["Apteria aphylla var. hymenanthera","FAC"]
["Apteria hymenanthera","FAC"]
["Ardisia crenulata","FACW"]
["Ardisia polycephala","UPL"]
["Arethusa racemosa","FAC"]
["Argemone leiocarpa","UPL"]
["Argyreia speciosa","UPL"]
["Aristida adscensionis var. abortiva","UPL"]
["Aristida adscensionis var. modesta","UPL"]
["Aristida americana","UPL"]
["Aristida fasciculata","UPL"]
["Aristolochia chasmema","UPL"]
["Aristolochia grandiflora","UPL"]
["Aristolochia littoralis","UPL"]
["Aristolochia oblongata","UPL"]
["Arrabidaea magnifica","UPL"]
["Arracacia esculenta","UPL"]
["Arthrocnemum perenne","OBL"]
["Arthrophyllum pinnatum","UPL"]
["Arthrostylidium capillifolium","UPL"]
["Artocarpus communis","UPL"]
["Artocarpus integer","UPL"]
["Artocarpus integrifolius","UPL"]
["Arundina bambusifolia","FACU"]
["Arundinella confinis","UPL"]
["Arundo donax var. versicolor","FAC"]
["Arundo versicolor","FAC"]
["Asarina erubescens","UPL"]
["Asclepias carnosa","UPL"]
["Asclepias procera","UPL"]
["Ascyrum hypericoides","FAC"]
["Ascyrum hypericoides var. multicaule","FAC"]
["Ascyrum hypericoides var. oblongifolium","FAC"]
["Ascyrum linifolium","FAC"]
["Ascyrum multicaule","FAC"]
["Aspalatus ebenus","UPL"]
["Asparagus densiflorus","UPL"]
["Asparagus plumosus","UPL"]
["Asparagus sprengeri","UPL"]
["Aspidium biserratum","FACU"]
["Aspidium cheilanthoides","UPL"]
["Aspidium funestum","UPL"]
["Aspidium invisum","UPL"]
["Asplenium alloeopteron","UPL"]
["Asplenium anthriscifolium","UPL"]
["Asplenium auritum","UPL"]
["Asplenium auritum var. auritum","UPL"]
["Asplenium auritum var. bipinnatifidum","UPL"]
["Asplenium crytopteron","UPL"]
["Asplenium cuneatum","UPL"]
["Asplenium integerrimum","FAC"]
["Asplenium myriophyllum","UPL"]
["Asplenium pumilum var. anthriscifolium","UPL"]
["Asplenium radicans var. cirrhatum","UPL"]
["Asplenium radicans var. partitum","UPL"]
["Asplenium radicans var. uniseriale","FAC"]
["Asplenium sanguinolentum","UPL"]
["Asplenium sintenisii","UPL"]
["Asplenium trichomanes-dentatum","UPL"]
["Aster divaricatus","FACW"]
["Aster divaricatus var. sandwicensis","FACW"]
["Aster exilis","FACW"]
["Aster exilis","FACW"]
["Aster exilis var. australis","FACW"]
["Aster inconspicuus","FACW"]
["Aster neomexicanus","FACW"]
["Aster sandwicensis","FACW"]
["Aster subulatus var. australis","FACW"]
["Aster subulatus var. cubensis","FACW"]
["Aster subulatus var. ligulatus","FACW"]
["Aster subulatus var. sandwicensis","FACW"]
["Asterandra grandifolia","UPL"]
["Asystasia coromandeliana","UPL"]
["Asystasia gangetica ssp. gangetica","UPL"]
["Asystasia gangetica ssp. micrantha","UPL"]
["Atamosco carinata","UPL"]
["Atamosco rosea","UPL"]
["Atamosco tubispatha","UPL"]
["Ateramnus lucidus","UPL"]
["Athyrocarpus persicariifolius","FACU"]
["Atriplex arenaria","FACU"]
["Atriplex cristata","FACU"]
["Atriplex littoralis","FACU"]
["Atriplex muricata","FACU"]
["Atriplex pentandra","FACU"]
["Auliza ciliaris","UPL"]
["Aulomyrcia citrifolia","FACU"]
["Avena byzantina","UPL"]
["Avena fatua var. sativa","UPL"]
["Avena hybrida","UPL"]
["Avena sativa var. orientalis","UPL"]
["Avicennia nitida","OBL"]
["Axonopus affinis","FACU"]
["Ayapana triplinervis","UPL"]
["Aydendron bracteatum","FAC"]
["Ayenia pusilla","UPL"]
["Azolla caroliniana","OBL"]
["Azolla mexicana","OBL"]
["Bacopa cyclophylla","OBL"]
["Bacopa procumbens","FACW"]
["Bacopa stragula","OBL"]
["Bactris acanthophylla","UPL"]
["Bambusa glaucescens","UPL"]
["Bambusa nana","UPL"]
["Banisteria diversifolia","UPL"]
["Banisteria emarginata","UPL"]
["Banisteria floribunda","UPL"]
["Banisteria laurifolia","FAC"]
["Banisteria lucida","UPL"]
["Banisteria lupuloides","UPL"]
["Banisteria ovata","FACW"]
["Banisteria pubera","UPL"]
["Banisteria purpurea","UPL"]
["Banisteria wydleriana","UPL"]
["Barleria coccinea","FACW"]
["Barleria solanifolia","UPL"]
["Basella rubra","UPL"]
["Basella vesicaria","UPL"]
["Basiphyllaea angustifolia","UPL"]
["Batocydia unguis-cati","UPL"]
["Bauhinia megalandra","UPL"]
["Bauhinia punctata","UPL"]
["Beadlea cranichoides","FACW"]
["Beadlea elata","FAC"]
["Begonia cucullata var. hookeri","UPL"]
["Begonia semperflorens","UPL"]
["Beta maritima","UPL"]
["Beta vulgaris ssp. maritima","UPL"]
["Biancaea sepiaria","FACU"]
["Bidens alba","FACU"]
["Bidens alba var. radiata","FACU"]
["Bidens bipinnata var. cynapiifolia","UPL"]
["Bidens caudatus","UPL"]
["Bidens cynapiifolia var. portoricensis","UPL"]
["Bidens cynapiifolia var. tenuis","UPL"]
["Bidens nivea","FACU"]
["Bidens odorata","FACU"]
["Bidens pilosa var. bimucronata","FACU"]
["Bidens pilosa var. minor","FACU"]
["Bidens pilosa var. radiata","FACU"]
["Bidens scandens","UPL"]
["Bignonia capensis","UPL"]
["Bignonia caryophyllea","UPL"]
["Bignonia stans","UPL"]
["Bignonia unguis-cati","UPL"]
["Bignonia venusta","UPL"]
["Bihai bihai","FAC"]
["Biota orientalis","UPL"]
["Blechnum indicum","OBL"]
["Blechnum occidentale var. minor","FACU"]
["Blechnum unilaterale","FACU"]
["Blechum blechum","FACU"]
["Blechum brownei","FACU"]
["Blechum pyramidatum","FACU"]
["Boehmeria austrina","OBL"]
["Boehmeria cylindrica var. drummondiana","OBL"]
["Boehmeria cylindrica var. scabra","OBL"]
["Boehmeria decurrens","OBL"]
["Boehmeria drummondiana","OBL"]
["Boehmeria scabra","OBL"]
["Boerhavia caribaea","UPL"]
["Boerhavia glabrata","UPL"]
["Bogenhardia crispa","UPL"]
["Bolbitis cladorrhizans","FACU"]
["Bolbophyllaria pachyrachis","UPL"]
["Bolboschoenus maritimus var. polyphyllus","OBL"]
["Bombax pentandrum","UPL"]
["Bombax vitifolium","UPL"]
["Borreria brachysepala","FAC"]
["Borreria densiflora","UPL"]
["Borreria laevis","UPL"]
["Borreria laevis var. sintenisii","FAC"]
["Borreria ocymoides","FACU"]
["Borreria repens","UPL"]
["Borreria verticillata","UPL"]
["Botrychium alabamense","UPL"]
["Botrychium jenmanii","UPL"]
["Bouchea prismatica var. brevirostra","UPL"]
["Bouchea prismatica var. longirostra","UPL"]
["Bourreria domingensis","UPL"]
["Bourreria ovata","UPL"]
["Bourreria revoluta","UPL"]
["Bourreria succulenta var. revoluta","UPL"]
["Boussingaultia gracilis","UPL"]
["Boussingaultia gracilis var. pseudobaselloides","UPL"]
["Boussingaultia leptostachys","UPL"]
["Bouteloua filiformis","UPL"]
["Bouteloua heterostega","UPL"]
["Brachiaria adspersa","UPL"]
["Brachiaria arrecta","FAC"]
["Brachiaria brizantha","UPL"]
["Brachiaria decumbens","UPL"]
["Brachiaria distachya","FAC"]
["Brachiaria echinulata","UPL"]
["Brachiaria fasciculata","UPL"]
["Brachiaria fasciculata var. reticulata","UPL"]
["Brachiaria mutica","FACW"]
["Brachiaria plantaginea","UPL"]
["Brachiaria purpurascens","FACW"]
["Brachiaria reptans","UPL"]
["Brachiaria ruziziensis","UPL"]
["Brachiaria subquadripara","FAC"]
["Brachypterys ovata","FACW"]
["Bracyrhamphus intybaceus","UPL"]
["Bradburya plumieri","UPL"]
["Bradburya pubescens","UPL"]
["Bradburya virginiana","UPL"]
["Brahea filamentosa","FACU"]
["Brahea filifera","FACU"]
["Bramia monnieri","OBL"]
["Brassaia actinophylla","UPL"]
["Brassica alba","FAC"]
["Brassica hirta","FAC"]
["Brassica integrifolia","UPL"]
["Brassica integrifolia","UPL"]
["Brassica japonica","UPL"]
["Brassica juncea var. crispifolia","UPL"]
["Brassica juncea var. japonica","UPL"]
["Brassica oleracea var. acephala","UPL"]
["Brassica oleracea var. capitata","UPL"]
["Brassica willdenowii","UPL"]
["Breynia nivosa","UPL"]
["Bromelia comosa","UPL"]
["Bromus dertonensis","UPL"]
["Brosimum spurium","UPL"]
["Browallia viscosa","UPL"]
["Brugmansia arborea","UPL"]
["Brugmansia candida","UPL"]
["Brunellia comocladiifolia ssp. domingensis","FACU"]
["Brunfelsia undulata","UPL"]
["Bruniera punctata","OBL"]
["Bryonia grandis","UPL"]
["Bryophyllum daigremontianum","UPL"]
["Bryophyllum fedtschenkoi","UPL"]
["Bryophyllum pinnatum","FACU"]
["Bryophyllum tubiflorum","UPL"]
["Bucephalon racemosum","UPL"]
["Buchenavia capitata","FACU"]
["Buchnera breviflora","FACU"]
["Buchnera elongata","OBL"]
["Bucida capitata","FACU"]
["Bulbostylis capillaris ssp. antillana","FAC"]
["Bulbostylis capillaris ssp. capillaris","FAC"]
["Bulbostylis capillaris ssp. insulana","FAC"]
["Bulbostylis capillaris var. crebra","FAC"]
["Bulbostylis capillaris var. isopoda","FAC"]
["Bulbostylis junciformis","UPL"]
["Bulbostylis papillosa","UPL"]
["Bumelia bellonis","UPL"]
["Bumelia cubensis","UPL"]
["Bumelia krugii","UPL"]
["Bumelia obovata","UPL"]
["Bumelia obovata var. krugii","UPL"]
["Bumelia salicifolia","UPL"]
["Bunchosia nitida","UPL"]
["Buphthalmum arborescens","FACW"]
["Byrsonima coriacea","FACU"]
["Byrsonima cuneata","UPL"]
["Byrsonima horneana","FACU"]
["Byrsonima ophiticola","FACU"]
["Cabomba piauhyensis","OBL"]
["Cabomba piauhyensis","OBL"]
["Cacalia coccinea","FACU"]
["Cacalia cordifolia","FAC"]
["Cacalia sonchifolia","FACU"]
["Cacara erosa","UPL"]
["Caconapea stricta","OBL"]
["Cactus brasiliensis","UPL"]
["Cactus cochenilliferus","UPL"]
["Cactus dillenii","UPL"]
["Cactus ficus-indica","UPL"]
["Cactus intortus","UPL"]
["Cactus pereskia","UPL"]
["Cactus strictus","UPL"]
["Cactus tetragonus","UPL"]
["Cactus triacanthus","UPL"]
["Caesalpinia crista","FACU"]
["Caesalpinia globulorum","UPL"]
["Caesalpinia melanosperma","UPL"]
["Caesalpinia sepiaria","FACU"]
["Cajan cajan","UPL"]
["Cajanus indicus","UPL"]
["Cakile chapmanii","FAC"]
["Cakile fusiformis","FAC"]
["Cakile lanceolata ssp. fusiformis","FAC"]
["Cakile lanceolata ssp. lanceolata","FAC"]
["Cakile lanceolata ssp. pseudoconstricta","FAC"]
["Calea aspera","FACU"]
["Calla aethiopica","OBL"]
["Calla picta","UPL"]
["Calliandra portoricensis","UPL"]
["Callistemon lanceolatus","UPL"]
["Callitropsis arizonica","UPL"]
["Callitropsis macrocarpa","UPL"]
["Calocarpum mammosum","UPL"]
["Calocarpum sapota","UPL"]
["Calonyction aculeatum","FACW"]
["Calonyction tuba","FAC"]
["Calophyllum brasiliense","FAC"]
["Calophyllum brasiliense var. antillanum","FAC"]
["Calophyllum calaba","FAC"]
["Calopogonium orthocarpum","FACU"]
["Calycogonium krugii","UPL"]
["Calycogonium squamulosum","FACW"]
["Calyptranthes dumetorum","UPL"]
["Calyptrogyne rivalis","OBL"]
["Calyptropsidium sintenisii","FAC"]
["Calystegia sepium var. repens","FACU"]
["Campelia zanonia","UPL"]
["Camphora camphora","UPL"]
["Camptouratea striata","FACW"]
["Campylocentrum jamaicense","UPL"]
["Campylocentrum monteverde","UPL"]
["Campylocentrum sullivanii","UPL"]
["Cananga blainii","FACU"]
["Cananga caribaea","FAC"]
["Canavalia lineata","FAC"]
["Canavalia maritima","FAC"]
["Canavalia rusiosperma","UPL"]
["Canella alba","UPL"]
["Canna coccinea","FAC"]
["Canna edulis","FAC"]
["Canna pertusa","FAC"]
["Canna sylvestris","FAC"]
["Capparis coccolobifolia","UPL"]
["Capparis cynophallophora","UPL"]
["Capparis emarginata","UPL"]
["Capparis frondosa","UPL"]
["Capparis jamaicensis","UPL"]
["Capparis longifolia","UPL"]
["Capparis portoricensis","UPL"]
["Capraria crustacea","FAC"]
["Capraria durantifolia","FACW"]
["Capriola dactylon","FAC"]
["Carara didyma","UPL"]
["Caraxeron vermiculare","FACW"]
["Cardamine hirsuta ssp. flexuosa","FACU"]
["Cardamine konaensis","FACU"]
["Cardiospermum corindum var. villosum","UPL"]
["Cardiospermum halicacabum var. microcarpum","UPL"]
["Cardiospermum keyense","UPL"]
["Carissa grandiflora","UPL"]
["Carteria corallicola","UPL"]
["Carum petroselinum","UPL"]
["Cascabela thevetia","UPL"]
["Casearia bicolor","UPL"]
["Caspareopsis monandra","UPL"]
["Cassia acutifolia","UPL"]
["Cassia aeschinomene","FACU"]
["Cassia alata","FACW"]
["Cassia angustifolia","UPL"]
["Cassia antillana","FACW"]
["Cassia aspera","FACU"]
["Cassia aspera var. mohrii","FACU"]
["Cassia bacillaris","UPL"]
["Cassia bahamensis","UPL"]
["Cassia bicapsularis","FAC"]
["Cassia coluteoides","FAC"]
["Cassia diphylla","FACU"]
["Cassia emarginata","FAC"]
["Cassia exunguis","FACU"]
["Cassia fistulosa","UPL"]
["Cassia floribunda","FACU"]
["Cassia hirsuta","FAC"]
["Cassia laevigata","UPL"]
["Cassia lechenaultiana","FACU"]
["Cassia lechenaultiana var. aeschinomene","FACU"]
["Cassia leptocarpa var. glaberrima","FAC"]
["Cassia ligustrina","UPL"]
["Cassia multijuga","UPL"]
["Cassia nictitans","FACU"]
["Cassia nictitans var. commixta","FACU"]
["Cassia nictitans var. hebecarpa","FACU"]
["Cassia nictitans var. leiocarpa","FACU"]
["Cassia nitida","FACW"]
["Cassia obovata","UPL"]
["Cassia obtusifolia","UPL"]
["Cassia occidentalis","UPL"]
["Cassia patellaria","FACU"]
["Cassia polyphylla","UPL"]
["Cassia portoricensis","UPL"]
["Cassia rotundifolia","UPL"]
["Cassia senna","UPL"]
["Cassia senna","UPL"]
["Cassia sericea","UPL"]
["Cassia siamea","UPL"]
["Cassia sophera","UPL"]
["Cassia stahlii","FAC"]
["Cassia suffruticosa","UPL"]
["Cassia surattensis var. suffruticosa","UPL"]
["Cassia tomentosa","FAC"]
["Cassia tora","UPL"]
["Cassia uniflora","UPL"]
["Cassine xylocarpa var. attenuata","UPL"]
["Cassine xylocarpa var. caribaea","UPL"]
["Cassipourea alba","FACU"]
["Cassytha baccifera","UPL"]
["Castalia amazonum","OBL"]
["Castalia ampla","OBL"]
["Castalia jamesoniana","OBL"]
["Castalia lekophylla","OBL"]
["Castalia minor","OBL"]
["Castalia odorata","OBL"]
["Castalia pulchella","OBL"]
["Castalia reniformis","OBL"]
["Castalia rudgeana","OBL"]
["Castalia tuberosa","OBL"]
["Casuarina cristata","UPL"]
["Casuarina litorea","FACU"]
["Catimbium speciosum","FACU"]
["Catopsis nutans","UPL"]
["Caulinia guadalupensis","OBL"]
["Cecropia peltata","FAC"]
["Ceiba speciosa","UPL"]
["Celosia margaritacea","UPL"]
["Celosia paniculata","FACU"]
["Cenchropsis myosuroides","UPL"]
["Cenchrus echinatus var. glabratus","UPL"]
["Cenchrus echinatus var. hillebrandianus","UPL"]
["Cenchrus granularis","FAC"]
["Cenchrus hillebrandianus","UPL"]
["Cenchrus incertus","UPL"]
["Cenchrus parviceps","UPL"]
["Cenchrus pauciflorus","UPL"]
["Cenchrus viridis","UPL"]
["Centaurium brittonii","FACU"]
["Centaurium quitense","FACU"]
["Centella asiatica","FACW"]
["Centella repanda","FACW"]
["Centrogenium setaceum","FACU"]
["Centrosema molle","UPL"]
["Centrosema virginianum var. ellipticum","UPL"]
["Centrostachys aspera","UPL"]
["Centrostachys indica","UPL"]
["Cephalocereus nobilis","UPL"]
["Cephalocereus royenii","UPL"]
["Ceratophyllum apiculatum","OBL"]
["Ceratophyllum demersum var. apiculatum","OBL"]
["Ceratophyllum demersum var. apiculatum","OBL"]
["Ceratopteris deltoidea","OBL"]
["Ceratopteris siliquosa","OBL"]
["Ceratostema portoricensis","OBL"]
["Cerbera thevetia","UPL"]
["Cerdana alliodora","UPL"]
["Cereus grandiflorus","UPL"]
["Cereus grantianus","UPL"]
["Cereus hystrix","UPL"]
["Cereus pentagonus","UPL"]
["Cereus peruvianus","UPL"]
["Cereus portoricensis","UPL"]
["Cereus pteranthus","UPL"]
["Cereus quadricostatus","UPL"]
["Cereus royenii","UPL"]
["Cereus strictus","UPL"]
["Cereus trigonus","UPL"]
["Cereus undatus","UPL"]
["Cereus uruguayanus","UPL"]
["Cerothamnus ceriferus","FAC"]
["Cerothamnus pumilus","FAC"]
["Cestrum diurnum var. portoricense","UPL"]
["Cestrum macrophyllum","FACU"]
["Cestrum parqui","UPL"]
["Chaetochloa barbata","UPL"]
["Chaetochloa geniculata","FAC"]
["Chaetochloa glauca","UPL"]
["Chaetochloa imberbis","FAC"]
["Chaetochloa italica","UPL"]
["Chaetochloa lutescens","UPL"]
["Chaetochloa magna","FACW"]
["Chaetochloa rariflora","UPL"]
["Chaetochloa tenacissima","UPL"]
["Chaetochloa vulpiseta","UPL"]
["Chalcas exotica","UPL"]
["Chalcas paniculata","UPL"]
["Chamaecrista aeschinomene","FACU"]
["Chamaecrista aspera","FACU"]
["Chamaecrista exunguis","FACU"]
["Chamaecrista mohrii","FACU"]
["Chamaecrista multipinnata","FACU"]
["Chamaecrista nictitans ssp. nictitans","FACU"]
["Chamaecrista nictitans ssp. nictitans var. aspera","FACU"]
["Chamaecrista nictitans ssp. nictitans var. diffusa","FACU"]
["Chamaecrista nictitans ssp. nictitans var. nictitans","FACU"]
["Chamaecrista nictitans ssp. patellaria","FACU"]
["Chamaecrista nictitans ssp. patellaria var. glabrata","FACU"]
["Chamaecrista nictitans ssp. patellaria var. patellaria","FACU"]
["Chamaecrista nictitans var. hebecarpa","FACU"]
["Chamaecrista nictitans var. leiocarpa","FACU"]
["Chamaecrista patellaria","FACU"]
["Chamaecrista patellaria var. ramosa","FACU"]
["Chamaecrista procumbens","FACU"]
["Chamaefistula antillana","FACW"]
["Chamaefistula bacillaris","UPL"]
["Chamaephoenix sargentii","UPL"]
["Chamaesyce albescens","UPL"]
["Chamaesyce anegadensis","UPL"]
["Chamaesyce brasiliensis","FAC"]
["Chamaesyce buxifolia","FAC"]
["Chamaesyce chiogenes","UPL"]
["Chamaesyce garheana","UPL"]
["Chamaesyce gemella","UPL"]
["Chamaesyce glomerifera","FACU"]
["Chamaesyce hirta","UPL"]
["Chamaesyce hypericifolia","FACU"]
["Chamaesyce hyssopifolia","FAC"]
["Chamaesyce linearis","UPL"]
["Chamaesyce maculata","FAC"]
["Chamaesyce mesembrianthemifolia","FAC"]
["Chamaesyce nashii","UPL"]
["Chamaesyce nutans","FAC"]
["Chamaesyce portoricensis","UPL"]
["Chamaesyce preslii","FAC"]
["Chamaesyce prostrata","FAC"]
["Chamaesyce serpens","FAC"]
["Chamaesyce thymifolia","UPL"]
["Chamaesyce vahlii","UPL"]
["Cheilanthes trichomanoides","UPL"]
["Chenopodium ambrosioides","FAC"]
["Chenopodium ambrosioides ssp. euambrosioides","FAC"]
["Chenopodium ambrosioides var. anthelminticum","FAC"]
["Chenopodium ambrosioides var. anthelminticum","FAC"]
["Chenopodium ambrosioides var. chilense","FAC"]
["Chenopodium ambrosioides var. obovatum","FAC"]
["Chenopodium ambrosioides var. suffruticosum","FAC"]
["Chenopodium ambrosioides var. typicum","FAC"]
["Chenopodium ambrosioides var. vagans","FAC"]
["Chenopodium anthelminticum","FAC"]
["Chenopodium obovatum","FAC"]
["Chenopodium retusum","FAC"]
["Chiococca micrantha","UPL"]
["Chiococca parvifolia","UPL"]
["Chiococca pinetorum","UPL"]
["Chiococca racemosa","UPL"]
["Chionanthus caribaeus","UPL"]
["Chloris dandyana","UPL"]
["Chloris inflata","FACU"]
["Chloris paraguaiensis","FACU"]
["Chloris petraea","FACU"]
["Chloris polydactyla","UPL"]
["Chlorophora tinctoria","UPL"]
["Chrysalidocarpus lutescens","UPL"]
["Chrysanthemum maximum","UPL"]
["Chrysobalanus icaco var. pellocarpus","FAC"]
["Chrysobalanus interior","FAC"]
["Chrysobalanus pellocarpus","FAC"]
["Chrysobalanus rugosus","OBL"]
["Chrysobalanus savannarum","FAC"]
["Chrysobalanus triandrus","FACU"]
["Chrysophyllum bicolor","UPL"]
["Chrysophyllum eggersii","UPL"]
["Cicca acidua","UPL"]
["Cicca disticha","UPL"]
["Cinchona caribaea","UPL"]
["Cinna glomerata","FAC"]
["Cissus caustica","UPL"]
["Cissus incisa","FACU"]
["Cissus sicyoides","FAC"]
["Citharexylum fruticosum","UPL"]
["Citharexylum fruticosum var. smallii","UPL"]
["Citharexylum fruticosum var. subvillosum","UPL"]
["Citharexylum fruticosum var. villosum","UPL"]
["Citharexylum pentandrum","UPL"]
["Citrullus citrullus","UPL"]
["Citrullus lanatus var. caffer","UPL"]
["Citrullus lanatus var. citroides","UPL"]
["Citrullus lanatus var. lanatus","UPL"]
["Citrullus vulgaris","UPL"]
["Citrullus vulgaris var. citroides","UPL"]
["Citrus aurantifolia","UPL"]
["Citrus aurantium var. sinensis","UPL"]
["Citrus decumana","UPL"]
["Citrus grandis","UPL"]
["Citrus limonum","UPL"]
["Citrus taitensis","UPL"]
["Cladium jamaicense","OBL"]
["Cladium leptostachyum","OBL"]
["Cladium mariscus ssp. jamaicense","OBL"]
["Cladium restioides","OBL"]
["Clavenna tetrandra","FAC"]
["Cleome aculeata","FAC"]
["Cleome gynandra","FAC"]
["Cleome hassleriana","FAC"]
["Cleome houtteana","FAC"]
["Cleome icosandra","FACU"]
["Cleome pentaphylla","FAC"]
["Cleome pungens","FAC"]
["Cleome sandwicensis","FAC"]
["Cleome speciosa","UPL"]
["Cleome speciosissima","UPL"]
["Cleome spinosa","FAC"]
["Cleome spinosa","FAC"]
["Cleome viscosa","FACU"]
["Clerodendrum foetidum","UPL"]
["Clerodendrum fragrans","UPL"]
["Clerodendrum fragrans var. multiplex","UPL"]
["Clerodendrum philippinum","UPL"]
["Cleyera albopunctata","FAC"]
["Clidemia angustilamia","UPL"]
["Clidemia domingensis","FACW"]
["Clidemia lanata","UPL"]
["Clidemia polystachya","UPL"]
["Clidemia portoricensis","UPL"]
["Clidemia pusilliflora","UPL"]
["Clidemia umbrosa","FACW"]
["Clitoria pinnata","UPL"]
["Clitoria polyphylla","UPL"]
["Clitoria rubiginosa","FAC"]
["Clitoria ternatea var. alba","UPL"]
["Clusia grisebachiana","FAC"]
["Clusia krugiana","FAC"]
["Coccinia cordifolia","UPL"]
["Coccinia indica","UPL"]
["Coccoloba borinquensis","FAC"]
["Coccoloba floridana","UPL"]
["Coccoloba grandifolia","UPL"]
["Coccoloba laurifolia","UPL"]
["Coccoloba obtusifolia","UPL"]
["Coccoloba rupicola","UPL"]
["Coccoloba swartzii var. portoricensis","FAC"]
["Coccothrinax alta","UPL"]
["Coccothrinax discreta","UPL"]
["Coccothrinax eggersiana","UPL"]
["Coccothrinax eggersiana var. sanctae-crucis","UPL"]
["Coccothrinax sanctae-thomasae","UPL"]
["Cochlidium minus","UPL"]
["Cochranea anchusifolia","UPL"]
["Codiaeum variegatum var. pictum","UPL"]
["Coelia triptera","UPL"]
["Coffea dewevrei","UPL"]
["Coleataenia longifolia ssp. rigidula","OBL"]
["Coleataenia rigidula ssp. condensa","OBL"]
["Coleataenia rigidula ssp. rigidula","OBL"]
["Coleus amboinicus","UPL"]
["Coleus blumei","FACU"]
["Coleus pumilus","FACU"]
["Coleus scutellarioides","FACU"]
["Colocasia antiquorum","OBL"]
["Colocasia esculenta var. antiquorum","OBL"]
["Colocasia esculenta var. aquatilis","OBL"]
["Colocasia esculenta var. esculenta","OBL"]
["Colocasia esculenta var. nymphiifolia","OBL"]
["Colubrina colubrina","UPL"]
["Colubrina reclinata","UPL"]
["Colubrina urbanii","UPL"]
["Combretum indicum","UPL"]
["Commelina angustifolia","FAC"]
["Commelina crispa","FAC"]
["Commelina deficiens","FACU"]
["Commelina diffusa var. diffusa","FAC"]
["Commelina diffusa var. gigas","FAC"]
["Commelina elegans","FAC"]
["Commelina erecta var. angustifolia","FAC"]
["Commelina erecta var. crispa","FAC"]
["Commelina erecta var. deamiana","FAC"]
["Commelina erecta var. greenei","FAC"]
["Commelina gigas","FAC"]
["Commelina longicaulis","FAC"]
["Commelina longifolia","FACU"]
["Commelina nashii","FAC"]
["Commelina nudiflora","FACW"]
["Commelina rufipes var. glabrata","FACU"]
["Commelina saxicola","FAC"]
["Commelina serrulata","UPL"]
["Commelina zanonia","UPL"]
["Commelinopsis glabrata","FACU"]
["Commelinopsis persicariifolia","FACU"]
["Commicarpus scandens","UPL"]
["Complaya gracilis","UPL"]
["Complaya trilobata","FACU"]
["Conami portoricensis","UPL"]
["Conocarpus erectus var. sericeus","FACW"]
["Conocarpus racemosa","OBL"]
["Conostegia hotteana","FAC"]
["Conostegia puberula","FAC"]
["Convallaria fruticosa","UPL"]
["Convolvulus batatas","UPL"]
["Convolvulus corymbosus","UPL"]
["Convolvulus dissectus","FACU"]
["Convolvulus meyeri","UPL"]
["Convolvulus nervosus","UPL"]
["Convolvulus nummularius","UPL"]
["Convolvulus purpureus","UPL"]
["Convolvulus repens","FACU"]
["Convolvulus sepium var. repens","FACU"]
["Convolvulus speciosus","UPL"]
["Convolvulus tiliaceus","UPL"]
["Convolvulus tiliifolius","FACW"]
["Convolvulus umbellatus","UPL"]
["Conyza apurensis","UPL"]
["Conyza bilboana","UPL"]
["Conyza bonariensis","UPL"]
["Conyza bonariensis var. leiotheca","UPL"]
["Conyza canadensis","FACU"]
["Conyza canadensis var. glabrata","FACU"]
["Conyza canadensis var. pusilla","FACU"]
["Conyza carolinensis","FACW"]
["Conyza chilensis","UPL"]
["Conyza cinerea","UPL"]
["Conyza cortesii","FACW"]
["Conyza lobata","FAC"]
["Conyza odorata","FACW"]
["Conyza parva","FACU"]
["Conyza subspathulata","UPL"]
["Corallocarpus emetocatharticus","UPL"]
["Corchorus acutangulus","UPL"]
["Corchorus hirtus var. glabellus","UPL"]
["Corchorus hirtus var. orinocensis","UPL"]
["Corchorus orinocensis","UPL"]
["Corculum leptopum","UPL"]
["Cordia bullata ssp. humilis","UPL"]
["Cordia glabra","UPL"]
["Cordia globosa var. globosa","UPL"]
["Cordia globosa var. humilis","UPL"]
["Cordia humilis","UPL"]
["Cordia nitida","UPL"]
["Cordia stenophylla","UPL"]
["Cordyline guineensis","UPL"]
["Cordyline terminalis","UPL"]
["Cordyline terminalis var. ti","UPL"]
["Cornucopiae hyemalis","FACW"]
["Corynella paucifolia","UPL"]
["Costus cylindricus","FACW"]
["Costus guanaiensis var. macrostrobilus","FACW"]
["Costus macrostrobilus","FACW"]
["Costus speciosus","FAC"]
["Cotula verbesina","FACW"]
["Cotyledon pinnata","FACU"]
["Cracca candida","UPL"]
["Cracca cathartica","UPL"]
["Cracca cinerea","UPL"]
["Cranichis oligantha","FAC"]
["Cranichis stachyodes","FACW"]
["Crantzia ambigua","UPL"]
["Crassina elegans","UPL"]
["Crassina multiflora","UPL"]
["Crepis japonica","FAC"]
["Crinum latifolium var. zeylanicum","UPL"]
["Crotalaria anagyroides","UPL"]
["Crotalaria angulata","UPL"]
["Crotalaria brachystachys","UPL"]
["Crotalaria falcata","FACU"]
["Crotalaria linaria","UPL"]
["Crotalaria lotifolia var. eggersii","UPL"]
["Crotalaria maritima","UPL"]
["Crotalaria maritima var. linaria","UPL"]
["Crotalaria mucronata","FACU"]
["Crotalaria pallida var. obovata","FACU"]
["Crotalaria pilosa","UPL"]
["Crotalaria retzii","UPL"]
["Crotalaria rotundifolia var. vulgaris","UPL"]
["Crotalaria sagittalis var. blumeriana","UPL"]
["Crotalaria sagittalis var. fruticosa","UPL"]
["Crotalaria stipularia var. serpyllifolia","UPL"]
["Crotalaria striata","FACU"]
["Crotalaria usaramoensis","UPL"]
["Crotalaria zanzibarica","UPL"]
["Croton berlandieri","UPL"]
["Croton flavens var. rigidus","UPL"]
["Croton microcarpus","UPL"]
["Croton miquelensis","UPL"]
["Croton palustris","OBL"]
["Croton rigidus","UPL"]
["Croton sebiferum","FAC"]
["Cruzeta vermicularis","FACW"]
["Ctenitis effusa","FACU"]
["Ctenitis hirta var. portoricana","FAC"]
["Ctenitis subincisa","FACW"]
["Cucumis colocynthis","UPL"]
["Cucumis melo var. dudaim","UPL"]
["Cucurbita citrullus","UPL"]
["Cucurbita lagenaria","UPL"]
["Cucurbita maxima var. turbaniformis","UPL"]
["Cucurbita siceraria","UPL"]
["Cupania sapida","UPL"]
["Cupressus arizonica","UPL"]
["Cupressus arizonica","UPL"]
["Cupressus arizonica ssp. arizonica","UPL"]
["Cupressus macrocarpa","UPL"]
["Curcas curcas","UPL"]
["Curcuma domestica","UPL"]
["Curima calophylla","UPL"]
["Cuscuta australis","UPL"]
["Cuscuta umbellata var. reflexa","UPL"]
["Cyathea aquilina","UPL"]
["Cyathea brittoniana","FACU"]
["Cyathea brooksii","FAC"]
["Cyathea bryophila","FACW"]
["Cyathea dryopteroides","FACW"]
["Cyathea escuquensis","FACW"]
["Cyathea horrida","FAC"]
["Cyathea portoricensis","FACW"]
["Cyathea pubescens","FACW"]
["Cybistax donnell-smithii","UPL"]
["Cyclosorus dentatus","FACU"]
["Cyclosorus gongylodes","OBL"]
["Cyclosorus quadrangularis","FAC"]
["Cyclospermum ammi","FAC"]
["Cymburus urticifolius","FACU"]
["Cymodocea filiformis","OBL"]
["Cymodocea manatorum","OBL"]
["Cynanchum maritimum","UPL"]
["Cynanchum peraffine","UPL"]
["Cynoctonum mitreola","OBL"]
["Cynoctonum succulentum","OBL"]
["Cynodendron argenteum","FACW"]
["Cynodendron bicolor","UPL"]
["Cynodendron oliviforme","UPL"]
["Cynodendron pauciflorum","UPL"]
["Cynodon aristiglumis","FAC"]
["Cynodon incompletus","FAC"]
["Cynodon nlemfuensis var. nlemfuensis","UPL"]
["Cynodon nlemfuensis var. robustus","UPL"]
["Cynoglossum zeylanicum","UPL"]
["Cynophalla flexuosa","UPL"]
["Cynosurus aegyptius","UPL"]
["Cynosurus indicus","FACU"]
["Cynosurus virgatus","FACW"]
["Cyperus acicularis","FACW"]
["Cyperus alternifolius","OBL"]
["Cyperus alternifolius ssp. flabelliformis","OBL"]
["Cyperus aristatus","OBL"]
["Cyperus aristatus var. runyonii","OBL"]
["Cyperus asper","UPL"]
["Cyperus brevifolius","FAC"]
["Cyperus careyi","FACW"]
["Cyperus cayennensis","FACU"]
["Cyperus densicaespitosus","FACW"]
["Cyperus densicaespitosus var. major","FACW"]
["Cyperus drummondii","FACW"]
["Cyperus eggersii","FACW"]
["Cyperus engelmannii","FACW"]
["Cyperus esculentus var. angustispicatus","FACW"]
["Cyperus esculentus var. heermannii","FACW"]
["Cyperus esculentus var. leptostachyus","FACW"]
["Cyperus esculentus var. macrostachyus","FACW"]
["Cyperus ferax","FACW"]
["Cyperus ferruginescens","FACW"]
["Cyperus filiformis var. densiceps","UPL"]
["Cyperus flabelliformis","OBL"]
["Cyperus flavescens var. poiformis","OBL"]
["Cyperus flavus","FACU"]
["Cyperus globulosus","FAC"]
["Cyperus globulosus var. robustus","FAC"]
["Cyperus granularis","FACU"]
["Cyperus haspan var. americanus","OBL"]
["Cyperus holosericeus","FACW"]
["Cyperus huarmensis","FACU"]
["Cyperus inflexus","OBL"]
["Cyperus kyllingia","UPL"]
["Cyperus longispicatus","FACW"]
["Cyperus lutescens","FACW"]
["Cyperus macrocephalus","FACW"]
["Cyperus macrocephalus var. eggersii","FACW"]
["Cyperus microdontus","FACW"]
["Cyperus monostachyos","FAC"]
["Cyperus multiflorus","FAC"]
["Cyperus mutisii var. asper","UPL"]
["Cyperus nanus var. subtenuis","FACU"]
["Cyperus nieuwlandii","OBL"]
["Cyperus obesus","FACU"]
["Cyperus obtusatus","UPL"]
["Cyperus odoratus var. acicularis","FACW"]
["Cyperus odoratus var. engelmannii","FACW"]
["Cyperus odoratus var. squarrosus","FACW"]
["Cyperus paniculatus","FACW"]
["Cyperus pedunculatus","UPL"]
["Cyperus peruvianus","FAC"]
["Cyperus polystachyos var. laxiflorus","FACW"]
["Cyperus polystachyos var. leptostachyus","FACW"]
["Cyperus polystachyos var. miser","FACW"]
["Cyperus polystachyos var. pallidus","FACW"]
["Cyperus polystachyos var. paniculatus","FACW"]
["Cyperus polystachyos var. polystachyos","FACW"]
["Cyperus polystachyos var. texensis","FACW"]
["Cyperus pringlei","UPL"]
["Cyperus radiatus","OBL"]
["Cyperus retrorsus var. robustus","FAC"]
["Cyperus robustus","FACW"]
["Cyperus sesquiflorus","FACW"]
["Cyperus speciosus","FACW"]
["Cyperus speciosus var. squarrosus","FACW"]
["Cyperus squarrosus var. runyonii","OBL"]
["Cyperus tenuifolius","FACW"]
["Cyperus unifolius","UPL"]
["Cyperus vahlii","UPL"]
["Cyperus virens var. drummondii","FACW"]
["Cyrilla antillana","FACW"]
["Cyrilla arida","FACW"]
["Cyrilla parvifolia","FACW"]
["Cyrilla racemiflora var. parvifolia","FACW"]
["Cyrilla racemiflora var. subglobosa","FACW"]
["Cyrtospadix bicolor","FACW"]
["Dactylis aschersoniana","UPL"]
["Dactylis glomerata ssp. aschersoniana","UPL"]
["Dactylis glomerata ssp. glomerata","UPL"]
["Dactylis glomerata ssp. lobata","UPL"]
["Dactylis glomerata var. ciliata","UPL"]
["Dactylis glomerata var. detonsa","UPL"]
["Dactylis glomerata var. vivipara","UPL"]
["Dactylis polygama","UPL"]
["Datura arborea","UPL"]
["Datura candida","UPL"]
["Datura inoxia","UPL"]
["Datura inoxia ssp. quinquecuspida","UPL"]
["Datura metel var. quinquecuspida","UPL"]
["Datura meteloides","UPL"]
["Datura stramonium var. tatula","UPL"]
["Datura suaveolens","FACW"]
["Datura tatula","UPL"]
["Dendrophthora wrightii","UPL"]
["Dendropogon usneoides","UPL"]
["Dennstaedtia adiantoides","FAC"]
["Dennstaedtia ordinata","UPL"]
["Dennstaedtia rubiginosa","UPL"]
["Derris indica","UPL"]
["Desmanthus depressus","FACU"]
["Desmanthus virgatus var. depressus","FACU"]
["Desmodium annuum","FACU"]
["Desmodium canum","FACU"]
["Desmodium canum var. angustifolium","FACU"]
["Desmodium frutescens","FACU"]
["Desmodium gyroides","UPL"]
["Desmodium incanum var. angustifolium","FACU"]
["Desmodium incanum var. incanum","FACU"]
["Desmodium molle","UPL"]
["Desmodium purpureum","FACU"]
["Desmodium supinum","FACU"]
["Dianthera comata","OBL"]
["Diapedium assurgens","UPL"]
["Diapedium krugii","UPL"]
["Diaphoranthema recurvata","UPL"]
["Dichaea echinocarpa","UPL"]
["Dichaea muricata","UPL"]
["Dichaea swartzii","UPL"]
["Dichanthelium aciculare ssp. angustifolium","FACU"]
["Dichanthelium aciculare ssp. fusiforme","FACU"]
["Dichanthelium aciculare ssp. neuranthum","FACU"]
["Dichanthelium acuminatum ssp. columbianum","FACU"]
["Dichanthelium acuminatum ssp. fasciculatum","FACU"]
["Dichanthelium acuminatum ssp. implicatum","FACU"]
["Dichanthelium acuminatum ssp. leucothrix","FACW"]
["Dichanthelium acuminatum ssp. lindheimeri","FACU"]
["Dichanthelium acuminatum ssp. longiligulatum","FACW"]
["Dichanthelium acuminatum ssp. sericeum","FACU"]
["Dichanthelium acuminatum ssp. spretum","FACW"]
["Dichanthelium acuminatum ssp. thermale","FACU"]
["Dichanthelium acuminatum var. acuminatum","FACU"]
["Dichanthelium acuminatum var. densiflorum","FACW"]
["Dichanthelium acuminatum var. fasciculatum","FACU"]
["Dichanthelium acuminatum var. implicatum","FACU"]
["Dichanthelium acuminatum var. lindheimeri","FACU"]
["Dichanthelium acuminatum var. longiligulatum","FACW"]
["Dichanthelium acuminatum var. sericeum","FACU"]
["Dichanthelium acuminatum var. thermale","FACU"]
["Dichanthelium acuminatum var. thurowii","FACU"]
["Dichanthelium acuminatum var. villosum","FACU"]
["Dichanthelium angustifolium","FACU"]
["Dichanthelium annulum","FAC"]
["Dichanthelium auburne","FACU"]
["Dichanthelium caerulescens","FAC"]
["Dichanthelium chamaelonche","FAC"]
["Dichanthelium chamaelonche ssp. breve","FAC"]
["Dichanthelium columbianum","FAC"]
["Dichanthelium commonsianum","FACU"]
["Dichanthelium commonsianum var. euchlamydeum","FAC"]
["Dichanthelium curtifolium","FAC"]
["Dichanthelium dichotomum ssp. lucidum","FAC"]
["Dichanthelium dichotomum ssp. mattamuskeetense","FAC"]
["Dichanthelium dichotomum ssp. microcarpon","FAC"]
["Dichanthelium dichotomum ssp. nitidum","FAC"]
["Dichanthelium dichotomum ssp. roanokense","FAC"]
["Dichanthelium dichotomum ssp. yadkinense","FAC"]
["Dichanthelium dichotomum var. barbulatum","FAC"]
["Dichanthelium dichotomum var. breve","FAC"]
["Dichanthelium dichotomum var. dichotomum","FAC"]
["Dichanthelium dichotomum var. ensifolium","FAC"]
["Dichanthelium dichotomum var. glabrifolium","FAC"]
["Dichanthelium dichotomum var. nitidum","FAC"]
["Dichanthelium dichotomum var. ramulosum","FAC"]
["Dichanthelium dichotomum var. roanokense","FAC"]
["Dichanthelium dichotomum var. tenue","FAC"]
["Dichanthelium ensifolium","FAC"]
["Dichanthelium ensifolium ssp. curtifolium","FAC"]
["Dichanthelium ensifolium var. breve","FAC"]
["Dichanthelium ensifolium var. unciphyllum","FAC"]
["Dichanthelium fusiforme","FACU"]
["Dichanthelium implicatum","FACU"]
["Dichanthelium lanuginosum","FACU"]
["Dichanthelium lanuginosum var. fasciculatum","FACU"]
["Dichanthelium lanuginosum var. lindheimeri","FACU"]
["Dichanthelium lanuginosum var. sericeum","FACU"]
["Dichanthelium lanuginosum var. thermale","FACU"]
["Dichanthelium lanuginosum var. villosissimum","FACU"]
["Dichanthelium leucoblepharis","FACU"]
["Dichanthelium leucoblepharis var. glabrescens","FACU"]
["Dichanthelium leucoblepharis var. pubescens","FACU"]
["Dichanthelium lindheimeri","FACU"]
["Dichanthelium longiligulatum","FACW"]
["Dichanthelium lucidum","FAC"]
["Dichanthelium mattamuskeetense","FAC"]
["Dichanthelium meridionale","FACU"]
["Dichanthelium meridionale var. albemarlense","FACU"]
["Dichanthelium microcarpon","FAC"]
["Dichanthelium neuranthum","FACU"]
["Dichanthelium nitidum","FAC"]
["Dichanthelium nudicaule","FAC"]
["Dichanthelium ovale ssp. praecocius","FACU"]
["Dichanthelium ovale ssp. pseudopubescens","FACU"]
["Dichanthelium ovale ssp. villosissimum","FACU"]
["Dichanthelium ovale var. addisonii","FACU"]
["Dichanthelium ovale var. ovale","FACU"]
["Dichanthelium portoricense ssp. patulum","FAC"]
["Dichanthelium praecocius","FACU"]
["Dichanthelium sabulorum var. patulum","FAC"]
["Dichanthelium sabulorum var. thinium","FAC"]
["Dichanthelium sphagnicola","FAC"]
["Dichanthelium spretum","FACW"]
["Dichanthelium strigosum ssp. glabrescens","FACU"]
["Dichanthelium strigosum ssp. leucoblepharis","FACU"]
["Dichanthelium strigosum var. glabrescens","FACU"]
["Dichanthelium strigosum var. leucoblepharis","FACU"]
["Dichanthelium subvillosum","FACU"]
["Dichanthelium tenue","FAC"]
["Dichanthelium villosissimum","FACU"]
["Dichanthelium villosissimum var. praecocius","FACU"]
["Dichanthelium villosissimum var. pseudopubescens","FACU"]
["Dichanthelium yadkinense","FAC"]
["Dichondra repens","FACW"]
["Dichromena ciliata","UPL"]
["Dichromena colorata","FACW"]
["Dichromena microcephala","FAC"]
["Dichromena radicans","FAC"]
["Dichylium oerstedianum","UPL"]
["Dicliptera assurgens","UPL"]
["Dicliptera assurgens var. vahliana","UPL"]
["Dicliptera vahliana","UPL"]
["Dicranopteris bifida","OBL"]
["Didymopanax gleasonii","FAC"]
["Didymopanax morototonii","FAC"]
["Dieffenbachia maculata","FAC"]
["Digitaria adscendens","UPL"]
["Digitaria chinensis","UPL"]
["Digitaria decumbens","FACU"]
["Digitaria diversiflora","UPL"]
["Digitaria filiformis var. villosa","UPL"]
["Digitaria ischaemum var. mississippiensis","UPL"]
["Digitaria ischaemum var. violascens","UPL"]
["Digitaria microbachne","UPL"]
["Digitaria paspaloides","OBL"]
["Digitaria pentzii","FACU"]
["Digitaria pruriens","UPL"]
["Digitaria pruriens var. microbachne","UPL"]
["Digitaria sanguinalis var. ciliaris","UPL"]
["Digitaria sanguinalis var. marginata","UPL"]
["Digitaria sanguinalis var. rhachiseta","UPL"]
["Dinebra panicea ssp. brachiata","FACW"]
["Dinebra panicea ssp. mucronata","FACW"]
["Dinebra repens","UPL"]
["Dioclea reflexa","UPL"]
["Diodella rigida","UPL"]
["Diodia maritima","FACU"]
["Diodia rigida","UPL"]
["Dioscorea cayennensis","UPL"]
["Dioscorea glauca","FAC"]
["Dioscorea hirticaulis","FAC"]
["Dioscorea quaternata","FAC"]
["Dioscorea quaternata var. glauca","FAC"]
["Dioscorea villosa var. glabrifolia","FAC"]
["Dioscorea villosa var. hirticaulis","FAC"]
["Diospyros ebenaster","UPL"]
["Dipholis bellonis","UPL"]
["Dipholis cubensis","UPL"]
["Dipholis salicifolia","UPL"]
["Dipholis sintenisiana","UPL"]
["Diplachne acuminata","FACW"]
["Diplachne fascicularis","FACW"]
["Diplachne fusca ssp. fascicularis","FACW"]
["Diplachne fusca ssp. uninervia","FACW"]
["Diplachne halei","FACW"]
["Diplachne maritima","FACW"]
["Diplachne panicoides","FACW"]
["Diplachne uninervia","FACW"]
["Diplanthera beaudettei","OBL"]
["Diplanthera wrightii","OBL"]
["Diplazium arboreum","FACW"]
["Diplazium unilobum var. hymenodes","FACW"]
["Diplazium verapax","FAC"]
["Diplochita serrulata","FACU"]
["Ditaxis fasciculata","UPL"]
["Ditremexa hirsuta","FAC"]
["Ditremexa ligustrina","UPL"]
["Ditremexa occidentalis","UPL"]
["Dodonaea ehrenbergii","UPL"]
["Dodonaea elaeagnoides","UPL"]
["Dodonaea eriocarpa","UPL"]
["Dodonaea eriocarpa var. amphioxea","UPL"]
["Dodonaea eriocarpa var. confertior","UPL"]
["Dodonaea eriocarpa var. costulata","UPL"]
["Dodonaea eriocarpa var. degeneri","UPL"]
["Dodonaea eriocarpa var. forbesii","UPL"]
["Dodonaea eriocarpa var. glabrescens","UPL"]
["Dodonaea eriocarpa var. hillebrandii","UPL"]
["Dodonaea eriocarpa var. hosakana","UPL"]
["Dodonaea eriocarpa var. lanaiensis","UPL"]
["Dodonaea eriocarpa var. molokaiensis","UPL"]
["Dodonaea eriocarpa var. oblonga","UPL"]
["Dodonaea eriocarpa var. obtusior","UPL"]
["Dodonaea eriocarpa var. pallida","UPL"]
["Dodonaea eriocarpa var. sherffii","UPL"]
["Dodonaea eriocarpa var. skottsbergii","UPL"]
["Dodonaea eriocarpa var. vaccinioides","UPL"]
["Dodonaea eriocarpa var. varians","UPL"]
["Dodonaea eriocarpa var. waimeana","UPL"]
["Dodonaea jamaicensis","UPL"]
["Dodonaea microcarya","UPL"]
["Dodonaea sandwicensis","UPL"]
["Dodonaea sandwicensis var. latifolia","UPL"]
["Dodonaea sandwicensis var. simulans","UPL"]
["Dodonaea spathulata","UPL"]
["Dodonaea stenoptera","UPL"]
["Dodonaea stenoptera var. fauriei","UPL"]
["Dodonaea viscosa var. angustifolia","UPL"]
["Dodonaea viscosa var. arborescens","UPL"]
["Dodonaea viscosa var. linearis","UPL"]
["Dodonaea viscosa var. spathulata","UPL"]
["Dolicholus minimus","UPL"]
["Dolicholus pyramidalis","FACU"]
["Dolicholus reticulatus","UPL"]
["Dolichos hosei","UPL"]
["Dolichos minimus","UPL"]
["Dolichos soja","UPL"]
["Doliocarpus brevipedicellatus","UPL"]
["Doliocarpus calinoides","UPL"]
["Domingoa hymenodes","UPL"]
["Dondia fruticosa","FACW"]
["Doxantha unguis-cati","UPL"]
["Dracaena terminalis","UPL"]
["Dracontium polyphyllum","FACW"]
["Dracontium scandens","UPL"]
["Drejerella mirabiloides","UPL"]
["Drepanocarpus lunatus","OBL"]
["Drymaria cordata ssp. cordata","FAC"]
["Drymaria cordata ssp. diandra","FAC"]
["Drymaria cordata var. pacifica","FAC"]
["Drymaria diandra","FAC"]
["Dryopteris angustifolia","OBL"]
["Dryopteris brittonae","UPL"]
["Dryopteris chaerophylloides","UPL"]
["Dryopteris decussata","FACW"]
["Dryopteris deltoidea","FAC"]
["Dryopteris dentata","FACU"]
["Dryopteris domingensis","UPL"]
["Dryopteris effusa","FACU"]
["Dryopteris germaniana","FACW"]
["Dryopteris gongylodes","OBL"]
["Dryopteris guadalupensis","UPL"]
["Dryopteris leptocladia","UPL"]
["Dryopteris linkiana","FAC"]
["Dryopteris macilenta","FAC"]
["Dryopteris megalodus","UPL"]
["Dryopteris nemorosa","FAC"]
["Dryopteris normalis","FAC"]
["Dryopteris oligophylla","UPL"]
["Dryopteris opposita","FACW"]
["Dryopteris patens","FAC"]
["Dryopteris piedrensis","FACU"]
["Dryopteris poiteana","FAC"]
["Dryopteris resinifera","FACW"]
["Dryopteris reticulata","FACW"]
["Dryopteris rolandii","UPL"]
["Dryopteris sancta","FAC"]
["Dryopteris saxatilis","FAC"]
["Dryopteris sclerophylla","FACU"]
["Dryopteris serra","UPL"]
["Dryopteris serrata","OBL"]
["Dryopteris setigera","FACU"]
["Dryopteris sprengelii","FAC"]
["Dryopteris subincisa","FACW"]
["Dryopteris subtetragona","UPL"]
["Dryopteris uliginosa","FACU"]
["Dryopteris versicolor","FAC"]
["Duchartrea sintenisii","FACU"]
["Duggena hirsuta","FACU"]
["Dunalia arborescens","FACU"]
["Duranta erecta var. alba","UPL"]
["Duranta repens","UPL"]
["Duranta repens var. alba","UPL"]
["Duranta repens var. microphylla","UPL"]
["Dysodium divaricatum","UPL"]
["Dysphania anthelmintica","FAC"]
["Dysphania chilensis","FAC"]
["Ecastaphyllum ecastaphyllum","FACW"]
["Echinochloa crus-galli ssp. spiralis","OBL"]
["Echinochloa crus-galli var. mitis","FACW"]
["Echinochloa crus-galli var. zelayensis","OBL"]
["Echinochloa crus-pavonis var. crus-pavonis","OBL"]
["Echinochloa crus-pavonis var. macera","OBL"]
["Echinochloa microstachya","FACW"]
["Echinochloa muricata ssp. microstachya","FACW"]
["Echinochloa muricata var. ludoviciana","FACW"]
["Echinochloa muricata var. microstachya","FACW"]
["Echinochloa muricata var. muricata","FACW"]
["Echinochloa muricata var. occidentalis","FACW"]
["Echinochloa muricata var. wiegandii","FACW"]
["Echinochloa occidentalis","FACW"]
["Echinochloa pungens","FACW"]
["Echinochloa pungens var. coarctata","FACW"]
["Echinochloa pungens var. ludoviciana","FACW"]
["Echinochloa pungens var. microstachya","FACW"]
["Echinochloa pungens var. multiflora","FACW"]
["Echinochloa wiegandii","FACW"]
["Echinochloa zelayensis","OBL"]
["Echinochloa zelayensis var. macera","OBL"]
["Echinodorus berteroi var. lanceolatus","OBL"]
["Echinodorus rostratus","OBL"]
["Echinodorus rostratus var. lanceolatus","OBL"]
["Echinops fruticosus","UPL"]
["Echites agglutinata","UPL"]
["Eclipta alba","OBL"]
["Eclipta erecta","OBL"]
["Eggersia buxifolia","UPL"]
["Eichhornia speciosa","OBL"]
["Elaeodendron attenuatum","UPL"]
["Elaeodendron xylocarpum","UPL"]
["Elaphoglossum firmum","UPL"]
["Elaphoglossum flaccidum","UPL"]
["Elaphoglossum piloselloides","UPL"]
["Elaphoglossum pteropus","UPL"]
["Elaphoglossum pusillum","UPL"]
["Elaphoglossum underwoodianum","UPL"]
["Elaphrium simaruba","UPL"]
["Eleocharis acicularis var. radicans","OBL"]
["Eleocharis ambigens","OBL"]
["Eleocharis capitata var. dispar","OBL"]
["Eleocharis caribaea","OBL"]
["Eleocharis caribaea var. dispar","OBL"]
["Eleocharis ekmanii","OBL"]
["Eleocharis flaccida var. olivacea","OBL"]
["Eleocharis flavescens var. flavescens","OBL"]
["Eleocharis flavescens var. fuscescens","OBL"]
["Eleocharis flavescens var. olivacea","OBL"]
["Eleocharis flavescens var. thermalis","OBL"]
["Eleocharis lindheimeri","OBL"]
["Eleocharis microcarpa","FACU"]
["Eleocharis montana var. nodulosa","OBL"]
["Eleocharis nigrescens var. minutiflora","FACU"]
["Eleocharis nodulosa","OBL"]
["Eleocharis olivacea var. olivacea","OBL"]
["Eleocharis olivacea var. reductiseta","OBL"]
["Eleocharis praticola","OBL"]
["Eleocharis rostellata var. congdonii","OBL"]
["Eleocharis rostellata var. occidentalis","OBL"]
["Eleocharis shaferi","OBL"]
["Eleocharis sintenisii","OBL"]
["Eleocharis sintenisii","OBL"]
["Eleocharis thermalis","OBL"]
["Eleocharis yunquensis","OBL"]
["Elephantopus hypomalacus","FAC"]
["Elephantopus martii","FAC"]
["Elephantopus pilosus","FAC"]
["Elephantopus spicatus","UPL"]
["Elodea brandegeeae","OBL"]
["Elodea densa","OBL"]
["Elodea ioensis","OBL"]
["Elodea linearis","OBL"]
["Elodea planchonii","OBL"]
["Elsota diversifolia","UPL"]
["Elsota virgata","FAC"]
["Eltroplectris acuminata","FACU"]
["Emblica officinalis","UPL"]
["Emelista tora","UPL"]
["Emilia coccinea","FACU"]
["Emilia javanica","FACU"]
["Emilia sonchifolia var. japonica","FACU"]
["Emilia sonchifolia var. javanica","FACU"]
["Emilia sonchifolia var. sonchifolia","FACU"]
["Enallagma latifolia","FAC"]
["Encyclia kraenzlinii","UPL"]
["Encyclia krugii","UPL"]
["Encyclia pygmaea","UPL"]
["Encyclia sintenisii","UPL"]
["Enicostema axillare ssp. littorale","UPL"]
["Enicostema littorale","UPL"]
["Ephemerum congestum","FAC"]
["Epidendropsis vicentina","UPL"]
["Epidendrum belvederense","UPL"]
["Epidendrum cucullatum","UPL"]
["Epidendrum difforme","UPL"]
["Epidendrum isochilum var. tridens","UPL"]
["Epidendrum kraenzlinii","UPL"]
["Epidendrum krugii","UPL"]
["Epidendrum latifolium","UPL"]
["Epidendrum moirianum","UPL"]
["Epidendrum nodosum","UPL"]
["Epidendrum oncidioides var. gravidum","UPL"]
["Epidendrum ottonis","UPL"]
["Epidendrum pygmaeum","UPL"]
["Epidendrum sintenisii","UPL"]
["Epiphyllum phyllanthus var. hookeri","UPL"]
["Epipremnum aureum","FAC"]
["Eragrostis acuta","FACW"]
["Eragrostis arida","FACU"]
["Eragrostis caroliniana","FACU"]
["Eragrostis chloromelas","UPL"]
["Eragrostis ciliaris var. ciliaris","FACU"]
["Eragrostis ciliaris var. laxa","FACU"]
["Eragrostis curvula var. conferta","UPL"]
["Eragrostis curvula var. curvula","UPL"]
["Eragrostis diffusa","FACU"]
["Eragrostis mexicana ssp. mexicana","FACU"]
["Eragrostis mexicana ssp. virescens","FACU"]
["Eragrostis multicaulis","FACU"]
["Eragrostis neomexicana","FACU"]
["Eragrostis orcuttiana","FACU"]
["Eragrostis pectinacea var. miserrima","FACU"]
["Eragrostis pectinacea var. pectinacea","FACU"]
["Eragrostis pectinacea var. tracyi","FACU"]
["Eragrostis perplexa","FACU"]
["Eragrostis pilosa var. perplexa","FACU"]
["Eragrostis pilosa var. pilosa","FACU"]
["Eragrostis purshii","FACU"]
["Eragrostis robusta","UPL"]
["Eragrostis tenella","FACU"]
["Eragrostis tephrosanthos","FACU"]
["Eragrostis tracyi","FACU"]
["Eragrostis virescens","FACU"]
["Erechtites hieraciifolius","FAC"]
["Erechtites hieraciifolius var. cacalioides","FAC"]
["Erechtites hieraciifolius var. intermedius","FAC"]
["Erechtites hieraciifolius var. megalocarpus","FAC"]
["Erechtites hieraciifolius var. praealtus","FAC"]
["Erechtites megalocarpus","FAC"]
["Erechtites valerianifolius","FAC"]
["Eremolepis wrightii","UPL"]
["Erigeron apurensis","UPL"]
["Erigeron bilboanus","UPL"]
["Erigeron canadensis var. glabratus","FACU"]
["Erigeron canadensis var. pusillus","FACU"]
["Erigeron chinensis","UPL"]
["Erigeron floribundus","UPL"]
["Erigeron linifolius","UPL"]
["Erigeron pusillus","FACU"]
["Erigeron spathulatus","UPL"]
["Erinus verticillatus","UPL"]
["Eriochloa subglabra","FACW"]
["Eriodendron anfractuosum","UPL"]
["Erithalis revoluta","UPL"]
["Ernodea angusta","UPL"]
["Ernodea littoralis var. angusta","UPL"]
["Eroteum albopunctatum","FAC"]
["Ervatamia coronaria","UPL"]
["Erythraea quitensis","FACU"]
["Erythrina glauca","FACW"]
["Erythrina horrida","UPL"]
["Erythrina indica","UPL"]
["Erythrodes hirtella","FAC"]
["Erythrodes plantaginea","FAC"]
["Ethulia sparganophora","OBL"]
["Eucalyptus citriodora","UPL"]
["Eucalyptus rostratus","UPL"]
["Eucharis grandiflora","UPL"]
["Eugenia aeruginea","UPL"]
["Eugenia anthera","UPL"]
["Eugenia buxifolia","UPL"]
["Eugenia deflexa","FACU"]
["Eugenia dicrana","UPL"]
["Eugenia floribunda","UPL"]
["Eugenia foetida var. rhombea","UPL"]
["Eugenia grandis","UPL"]
["Eugenia jambos","FAC"]
["Eugenia lancea","UPL"]
["Eugenia malaccensis","UPL"]
["Eugenia maleolens","UPL"]
["Eugenia margarettae","OBL"]
["Eugenia margarettiae","UPL"]
["Eugenia monticola var. latifolia","UPL"]
["Eugenia myrtoides","UPL"]
["Eugenia pallens","UPL"]
["Eugenia simpsonii","UPL"]
["Eulalia amaura","UPL"]
["Eulalia viminea","FAC"]
["Eulalia viminea var. variabilis","FAC"]
["Eulophidium maculatum","UPL"]
["Euonymus cuneifolia","FAC"]
["Eupatorium borinquense","UPL"]
["Eupatorium corymbosum","UPL"]
["Eupatorium dolicholepis","UPL"]
["Eupatorium droserolepis","UPL"]
["Eupatorium eugenei","UPL"]
["Eupatorium geraniifolium","UPL"]
["Eupatorium iresinoides","UPL"]
["Eupatorium ivifolium","UPL"]
["Eupatorium macrophyllum","FACW"]
["Eupatorium microstemon","UPL"]
["Eupatorium odoratum","FACU"]
["Eupatorium oteroi","UPL"]
["Eupatorium pectinatum","UPL"]
["Eupatorium polyodon","UPL"]
["Eupatorium portoricense","UPL"]
["Eupatorium resinifluum","UPL"]
["Eupatorium sinuatum","UPL"]
["Eupatorium smithii","UPL"]
["Euphorbia articulata","UPL"]
["Euphorbia barbellata","FACU"]
["Euphorbia berteriana","UPL"]
["Euphorbia bifida","FACU"]
["Euphorbia blodgettii","UPL"]
["Euphorbia brasiliensis","FAC"]
["Euphorbia buxifolia","FAC"]
["Euphorbia chamaesyce","FAC"]
["Euphorbia chiogenes","UPL"]
["Euphorbia cowellii","UPL"]
["Euphorbia garheana","UPL"]
["Euphorbia garkeana","UPL"]
["Euphorbia gemella","UPL"]
["Euphorbia geniculata","FACU"]
["Euphorbia glomerifera","FACU"]
["Euphorbia graminifolia","FACU"]
["Euphorbia havanensis","FACU"]
["Euphorbia heterophylla var. barbellata","FACU"]
["Euphorbia heterophylla var. cyathophora","FACU"]
["Euphorbia heterophylla var. graminifolia","FACU"]
["Euphorbia hirta var. procumbens","UPL"]
["Euphorbia lasiocarpa","UPL"]
["Euphorbia linearis","UPL"]
["Euphorbia maculata","FAC"]
["Euphorbia ophthalmica","UPL"]
["Euphorbia pilulifera","UPL"]
["Euphorbia portoricensis","UPL"]
["Euphorbia portoricensis var. albescens","UPL"]
["Euphorbia preslii","FAC"]
["Euphorbia prunifolia","FACU"]
["Euphorbia stipitata","UPL"]
["Euphorbia turpinii","UPL"]
["Eustoma barkleyi","FACW"]
["Eustoma exaltatum ssp. exaltatum","FACW"]
["Eustoma exaltatum ssp. russellianum","FACW"]
["Eustoma grandiflorum","FACW"]
["Eustoma russellianum","FACW"]
["Euterpe globosa","FACW"]
["Euterpe montana","FACW"]
["Evolvulus glaber","UPL"]
["Evolvulus macilentus","UPL"]
["Evolvulus sericeus var. averyi","UPL"]
["Evolvulus sericeus var. discolor","UPL"]
["Evolvulus sericeus var. glaberrimus","UPL"]
["Evolvulus sericeus var. sericeus","UPL"]
["Evolvulus wrightii","UPL"]
["Excoecaria polyandra","UPL"]
["Exogonium arenarium","UPL"]
["Exogonium eggersii","UPL"]
["Exogonium microdactylum","UPL"]
["Exogonium repandum","UPL"]
["Exogonium solanifolium","UPL"]
["Festuca bromoides","UPL"]
["Festuca dertonensis","UPL"]
["Festuca filiformis","FACW"]
["Festuca perennis","FAC"]
["Ficus brevifolia","FACU"]
["Ficus crassinervia","FACU"]
["Ficus laevigata","FACU"]
["Ficus microcarpa var. saffordii","UPL"]
["Ficus nekhudu","UPL"]
["Ficus nitida","UPL"]
["Ficus perforata","UPL"]
["Ficus repens","UPL"]
["Ficus saffordii","UPL"]
["Ficus sintenisii","UPL"]
["Ficus thonningii","UPL"]
["Ficus urbaniana","UPL"]
["Fimbristylis atollensis","FACW"]
["Fimbristylis capillaris","FAC"]
["Fimbristylis curassavica","UPL"]
["Fimbristylis cymosa ssp. cymosa","FACW"]
["Fimbristylis cymosa ssp. spathacea","FACW"]
["Fimbristylis cymosa ssp. umbellatacapitata","FACW"]
["Fimbristylis diphylla","FACW"]
["Fimbristylis harperi","FACW"]
["Fimbristylis miliacea","FACW"]
["Fimbristylis monostachya","FAC"]
["Fimbristylis ovata","FAC"]
["Fimbristylis portoricensis","UPL"]
["Fimbristylis pycnocephala","FACW"]
["Fimbristylis spadicea","FACW"]
["Fimbristylis spathacea","FACW"]
["Fimbristylis vestita","UPL"]
["Flacourtia ramontchi","UPL"]
["Fleurya aestuans","UPL"]
["Flueggea virosa","UPL"]
["Foeniculum foeniculum","UPL"]
["Forsteronia corymbosa","FACU"]
["Frangula sphaerosperma ssp. longipes","FAC"]
["Franseria confertiflora","UPL"]
["Franseria strigulosa","UPL"]
["Gaertneria tenuifolia","UPL"]
["Galactia cubensis","UPL"]
["Galactia spiciformis","UPL"]
["Galatea bulbosa","UPL"]
["Galinsoga aristulata","UPL"]
["Galinsoga bicolorata","UPL"]
["Galinsoga caracasana","UPL"]
["Galinsoga ciliata","UPL"]
["Galinsoga parviflora var. parviflora","FACU"]
["Galinsoga parviflora var. semicalva","FACU"]
["Galinsoga semicalva","FACU"]
["Galinsoga semicalva var. percalva","FACU"]
["Gardenia angusta","UPL"]
["Gardenia augusta","UPL"]
["Gardenia florida","UPL"]
["Gayoides crispum","UPL"]
["Gemmingia chinensis","UPL"]
["Genipa americana var. caruto","UPL"]
["Genipa caruto","UPL"]
["Gentiana aphylla","FAC"]
["Gentiana verticillata","UPL"]
["Geoffrea inermis","FAC"]
["Geophila herbacea","FAC"]
["Gerardia fasciculata","FACU"]
["Gerardia fasciculata ssp. peninsularis","FACU"]
["Gerardia portoricensis","FACW"]
["Gerardia purpurea","FACW"]
["Gerardia purpurea ssp. parvula","FACW"]
["Gerardia purpurea var. carteri","FACW"]
["Gerardia purpurea var. grandiflora","FACW"]
["Gerardia purpurea var. racemulosa","FACU"]
["Gerardia racemulosa","FACU"]
["Gerardia tuberosa","FACW"]
["Gesneria sintenisii","FACU"]
["Gesneria viridiflora ssp. sintenisii","FACU"]
["Ghinia boxiana","UPL"]
["Ghinia spinosa","UPL"]
["Glandularia tenuisecta","UPL"]
["Gleichenia bifida","OBL"]
["Gleichenia brevipubis","FACU"]
["Gleichenia flexuosa","FAC"]
["Gleichenia pectinata","FAC"]
["Gleichenia rubiginosa","FAC"]
["Globifera umbrosa","OBL"]
["Glossostylis aspera","OBL"]
["Glycine caribaea","UPL"]
["Glycine gracilis","UPL"]
["Glycine hispida","UPL"]
["Glycine phaseoloides","FACU"]
["Glycine reticulata","UPL"]
["Glycine soja","UPL"]
["Glycine soja","UPL"]
["Glycine ussuriensis","UPL"]
["Gnaphalium americanum","UPL"]
["Gnaphalium domingense","UPL"]
["Gnaphalium indicum","FAC"]
["Gnaphalium portoricense","UPL"]
["Gnaphalium purpureum var. americanum","UPL"]
["Gnaphalium virgatum","FAC"]
["Gomphia ilicifolia","UPL"]
["Gomphrena brasiliana","UPL"]
["Gomphrena sessilis","FAC"]
["Goniophlebium triseriale","UPL"]
["Goniopteris sclerophylla","FACU"]
["Goniopteris tetragona","UPL"]
["Gonolobus cubensis","UPL"]
["Gonolobus sintenisii","FACU"]
["Gonolobus variifolius","UPL"]
["Gonzalagunia spicata","FACU"]
["Gossypium barbadense var. acuminatum","FACU"]
["Gossypium brasiliense","FACU"]
["Gossypium herbaceum","UPL"]
["Gossypium hirsutum var. hirsutum","UPL"]
["Gossypium hirsutum var. marie-galante","UPL"]
["Gossypium hirsutum var. punctatum","UPL"]
["Gossypium peruvianum","FACU"]
["Gossypium purpurascens","UPL"]
["Govenia liliacea","UPL"]
["Govenia utriculata","UPL"]
["Grammadenia sintenisii","OBL"]
["Grammica umbellata","UPL"]
["Grammitis anfractuosa","UPL"]
["Grammitis flabelliformis","UPL"]
["Grammitis hartii","UPL"]
["Grammitis jubiformis","UPL"]
["Grammitis jungens","UPL"]
["Grammitis limbata","UPL"]
["Grammitis myosuroides","UPL"]
["Grammitis rostrata","UPL"]
["Grammitis sectifrons","UPL"]
["Grammitis seminuda","UPL"]
["Grammitis serrulata","UPL"]
["Grammitis suspensa","UPL"]
["Grammitis taenifolia","UPL"]
["Grammitis trifurcata","UPL"]
["Gratiola dubia","OBL"]
["Gratiola repens","OBL"]
["Guajacum","UPL"]
["Guapira bracei","UPL"]
["Guapira globosa","UPL"]
["Guapira longifolia","UPL"]
["Guarea guara","UPL"]
["Guarea ramiflora","UPL"]
["Guarea trichilioides","UPL"]
["Guazuma guazuma","UPL"]
["Guettarda laevis","FACU"]
["Guettarda parviflora","UPL"]
["Guilandina bonduc","FACU"]
["Guilandina crista","FACU"]
["Guilandina divergens","UPL"]
["Guilandina melanosperma","UPL"]
["Guilandina ovalifolia","UPL"]
["Guilandina portoricensis","UPL"]
["Guzmania berteriana","UPL"]
["Gyminda latifolia var. glaucifolia","UPL"]
["Gymnosiphon germainii","FAC"]
["Habenaria dussii","FAC"]
["Haemocharis portoricensis","FACW"]
["Haenianthus obovatus","FACW"]
["Haenianthus salicifolius var. obovatus","FACW"]
["Halodule beaudettei","OBL"]
["Halophila aschersonii","OBL"]
["Hamelia erecta","FAC"]
["Hamulium alatum","FAC"]
["Hapalanthus repens","FACU"]
["Hapalorchis tenuis","FACW"]
["Harrisella filiformis","UPL"]
["Hedwigia balsamifera","FACU"]
["Hedyotis callitrichoides","FACW"]
["Hedyotis commutata","UPL"]
["Hedyotis corymbosa","FAC"]
["Hedyotis fasciculata","FACW"]
["Hedyotis lancifolia","UPL"]
["Hedyotis uniflora","FACW"]
["Hedyotis uniflora var. fasciculata","FACW"]
["Hedysarum gemellum","UPL"]
["Hedysarum molle","UPL"]
["Heleocharis flaccida","OBL"]
["Heleocharis flaccida var. fuscescens","OBL"]
["Helianthus annuus ssp. jaegeri","UPL"]
["Helianthus annuus ssp. lenticularis","UPL"]
["Helianthus annuus ssp. texanus","UPL"]
["Helianthus annuus var. lenticularis","UPL"]
["Helianthus annuus var. macrocarpus","UPL"]
["Helianthus annuus var. texanus","UPL"]
["Helianthus aridus","UPL"]
["Helianthus lenticularis","UPL"]
["Helichrysum bracteatum","UPL"]
["Helicteres apetala","UPL"]
["Heliotropium anchusifolium","UPL"]
["Heliotropium antillanum","FACW"]
["Heliotropium crispiflorum","UPL"]
["Heliotropium curassavicum ssp. oculatum","FACW"]
["Heliotropium curassavicum var. curassavicum","FACW"]
["Heliotropium curassavicum var. obovatum","FACW"]
["Heliotropium curassavicum var. oculatum","FACW"]
["Heliotropium inundatum","FAC"]
["Heliotropium parviflorum","UPL"]
["Heliotropium peruvianum","UPL"]
["Heliotropium phyllostachyum","UPL"]
["Heliotropium procumbens var. depressum","FAC"]
["Heliotropium procumbens var. procumbens","FAC"]
["Heliotropium spathulatum","FACW"]
["Heliotropium spathulatum ssp. oculatum","FACW"]
["Hemianthus callitrichoides","OBL"]
["Hemicarpha micrantha","OBL"]
["Hemicarpha micrantha var. minor","OBL"]
["Hemidiodia ocymifolia","UPL"]
["Hemitelia escuquensis","FACW"]
["Hemitelia horrida","FAC"]
["Henriettea triflora","FAC"]
["Henriettella fascicularis","FAC"]
["Henriettella macfadyenii","FACW"]
["Henriettella membranifolia","FACW"]
["Henriettella triflora","FAC"]
["Herpestis rotundifolia","OBL"]
["Herpetica alata","FACW"]
["Heterotrichum angustifolium","UPL"]
["Heterotrichum cymosum","FACW"]
["Hibiscus abelmoschus","UPL"]
["Hibiscus brasiliensis","UPL"]
["Hibiscus eetveldeanus","UPL"]
["Hibiscus esculentus","UPL"]
["Hibiscus furcellatus var. youngianus","FACW"]
["Hibiscus pernambucensis","FACW"]
["Hibiscus rosa-sinensis var. schizopetalus","UPL"]
["Hibiscus tiliaceus","FACW"]
["Hibiscus youngianus","FACW"]
["Hippeastrum equestre","UPL"]
["Hippocratea caribaea","FAC"]
["Hirtella americana","FACU"]
["Hirtella jamaicensis","FACU"]
["Hirtella multiflora","FACU"]
["Hirtella portoricensis","OBL"]
["Hoffmmania lanceolata","OBL"]
["Holcus bicolor","UPL"]
["Holcus halepensis","FAC"]
["Holcus pertusus","UPL"]
["Holcus sorghum","UPL"]
["Holcus striatus","OBL"]
["Homalium leiogynum","FACU"]
["Homalium pleiandrum","FACU"]
["Homalocenchrus hexandrus","OBL"]
["Homalocenchrus monandrus","UPL"]
["Hormidium pygmaeum","UPL"]
["Hormidium tripterum","UPL"]
["Hornemannia racemosa","FACW"]
["Hufelandia pendula","UPL"]
["Huperzia lucidula var. tryonii","FAC"]
["Huperzia selago ssp. lucidula","FAC"]
["Huperzia verticillata","UPL"]
["Hybanthus portoricensis","UPL"]
["Hybosperma spinosum","UPL"]
["Hydrocotyle australis","FAC"]
["Hydrocotyle canbyi","FAC"]
["Hydrocotyle verticillata var. fetherstoniana","FAC"]
["Hydrocotyle verticillata var. triradiata","FAC"]
["Hydrocotyle verticillata var. verticillata","FAC"]
["Hydromystria laevigata","OBL"]
["Hydromystria stolonifera","OBL"]
["Hygrophila brasiliensis","FACW"]
["Hygrophila costata","FACW"]
["Hygrophila portoricensis","FACW"]
["Hymenachne acutigluma","OBL"]
["Hymenocallis caymanensis","FACU"]
["Hymenocallis collieri","FACU"]
["Hymenocallis declinata","UPL"]
["Hymenocallis expansa","FACU"]
["Hymenocallis keyensis","FACU"]
["Hymenocallis kimballiae","FACU"]
["Hymenodium crinitum","UPL"]
["Hymenophyllum ciliatum","UPL"]
["Hymenophyllum contortum","UPL"]
["Hymenophyllum crispum","UPL"]
["Hymenophyllum elegantulum","UPL"]
["Hymenophyllum elegantulum var. petiolulatum","UPL"]
["Hymenophyllum fendlerianum","UPL"]
["Hymenophyllum polyanthos var. protrusum","UPL"]
["Hymenophyllum protrusum","UPL"]
["Hypericum hypericoides ssp. hypericoides","FAC"]
["Hypericum hypericoides ssp. multicaule","FAC"]
["Hypericum hypericoides var. multicaule","FAC"]
["Hypericum stragulum","FAC"]
["Hypolytrum berteroi","UPL"]
["Hypoxis micrantha","FAC"]
["Hyptis americana","FAC"]
["Hyptis pectinata","FAC"]
["Hyptis scoparia","FAC"]
["Hyptis suaveolens","FACU"]
["Ibatia maritima","UPL"]
["Ibidium tortile","FAC"]
["Icacorea glauciflora","OBL"]
["Icacorea guadalupensis","UPL"]
["Icacorea luquillensis","FAC"]
["Ichnanthus axillaris","FAC"]
["Ichnanthus pallens var. majus","FAC"]
["Ichnanthus pallens var. pallens","FAC"]
["Ichthyomethia piscipula","UPL"]
["Ilex cassine var. cassine","FACW"]
["Ilex cassine var. latifolia","FACW"]
["Ilex riedlaei","FAC"]
["Ilex sideroxyloides var. occidentalis","FAC"]
["Ilex sideroxyloides var. sideroxyloides","FAC"]
["Ilex urbaniana var. riedlaei","FAC"]
["Ilex urbaniana var. urbaniana","FAC"]
["Ilysanthes attenuata","OBL"]
["Ilysanthes dubia","OBL"]
["Ilysanthes inequalis","OBL"]
["Impatiens holstii","FACU"]
["Indigofera sumatrana","UPL"]
["Inga fagifolia","UPL"]
["Inga inga","UPL"]
["Ionidium linearifolium","UPL"]
["Ionidium portoricense","UPL"]
["Ionoxalis intermedia","UPL"]
["Ionoxalis martiana","UPL"]
["Ionoxalis violacea","UPL"]
["Ipomoea acuminata","FAC"]
["Ipomoea aegyptia","UPL"]
["Ipomoea angustifolia","UPL"]
["Ipomoea barbigera","FACU"]
["Ipomoea brasiliensis","FAC"]
["Ipomoea campanulata","FACW"]
["Ipomoea carnea ssp. fistulosa","UPL"]
["Ipomoea cathartica","FAC"]
["Ipomoea coccinea var. hederifolia","FACU"]
["Ipomoea congesta","FAC"]
["Ipomoea corymbosa","UPL"]
["Ipomoea crassicaulis","UPL"]
["Ipomoea curtisii","UPL"]
["Ipomoea desertorum","FACU"]
["Ipomoea dissecta","FACU"]
["Ipomoea fastigiata","UPL"]
["Ipomoea fistulosa","UPL"]
["Ipomoea hederacea var. integriuscula","FACU"]
["Ipomoea heptaphylla","FACW"]
["Ipomoea hirsutula","FACU"]
["Ipomoea hirsutula","UPL"]
["Ipomoea indica var. acuminata","FAC"]
["Ipomoea indica var. indica","FAC"]
["Ipomoea macrantha","FAC"]
["Ipomoea mutabilis","FAC"]
["Ipomoea nil","FACU"]
["Ipomoea ochracea var. curtisii","UPL"]
["Ipomoea ochroleuca","UPL"]
["Ipomoea palustris","FACW"]
["Ipomoea pes-caprae ssp. brasiliensis","FAC"]
["Ipomoea pes-caprae var. emarginata","FAC"]
["Ipomoea polyanthes","UPL"]
["Ipomoea pulchella","FACW"]
["Ipomoea purpurea var. diversifolia","UPL"]
["Ipomoea quinquefolia","UPL"]
["Ipomoea repanda var. microdactyla","UPL"]
["Ipomoea rubra","FACW"]
["Ipomoea sinuata","FACU"]
["Ipomoea solanifolia","UPL"]
["Ipomoea spiralis","FACW"]
["Ipomoea stolonifera","FACU"]
["Ipomoea tamnifolia","UPL"]
["Ipomoea tiliacea","UPL"]
["Ipomoea tuba","FAC"]
["Ipomoea tuberosa","UPL"]
["Iresine canescens","UPL"]
["Iresine celosia","UPL"]
["Iresine celosioides","UPL"]
["Iresine elatior","UPL"]
["Iresine elongata","UPL"]
["Iresine grandiflora","UPL"]
["Iresine keyensis","UPL"]
["Iresine paniculata","UPL"]
["Iris domestica","UPL"]
["Iroucana guianensis","FAC"]
["Isandrina emarginata","FAC"]
["Ischaemum ophiuroides","UPL"]
["Ischaemum secundatum","FAC"]
["Isnardia intermedia","OBL"]
["Isnardia palustris","OBL"]
["Isnardia repens","OBL"]
["Isolepis funckii","FACW"]
["Isolepis junciformis","UPL"]
["Isolepis vestita","UPL"]
["Isotoma longiflora","FACU"]
["Ixidium wrightii","UPL"]
["Ixora occidentalis","UPL"]
["Jacaranda acutifolia","UPL"]
["Jacquemontia canescens","UPL"]
["Jacquemontia jamaicensis","UPL"]
["Jacquemontia nodiflora","UPL"]
["Jacquemontia obcordata","FACW"]
["Jacquemontia ovalifolia ssp. obcordata","FACW"]
["Jacquemontia ovalifolia ssp. sandwicensis","FACW"]
["Jacquemontia ovalifolia var. tomentosa","FACW"]
["Jacquemontia sandwicensis","FACW"]
["Jacquemontia sandwicensis var. laevis","FACW"]
["Jacquemontia sandwicensis var. tomentosa","FACW"]
["Jacquemontia subsalina","FACW"]
["Jacquemontia tridentata ssp. angustifolia","UPL"]
["Jacquinia arborea","UPL"]
["Jacquinia barbasco","UPL"]
["Jacquinia revoluta","UPL"]
["Jacquinia stenophylla","UPL"]
["Jacquiniella miserrima","UPL"]
["Jambosa jambos","FAC"]
["Jambosa malaccensis","UPL"]
["Janipha manihot","UPL"]
["Jasminum azoricum","UPL"]
["Jasminum grandiflorum","UPL"]
["Jasminum officinale var. grandiflorum","UPL"]
["Jasminum pubescens","UPL"]
["Jatropha aconitifolia","UPL"]
["Jatropha gossypiifolia var. elegans","UPL"]
["Jatropha gossypiifolia var. gossypiifolia","UPL"]
["Jatropha manihot","UPL"]
["Juncus dichotomus var. platyphyllus","FAC"]
["Juncus macer","OBL"]
["Juncus platyphyllus","FAC"]
["Juncus tenuis var. dichotomus","FAC"]
["Juncus tenuis var. multicornis","OBL"]
["Juncus tenuis var. platyphyllus","FAC"]
["Juncus tenuis var. williamsii","OBL"]
["Jussiaea angustifolia","OBL"]
["Jussiaea clavata","OBL"]
["Jussiaea decurrens","OBL"]
["Jussiaea diffusa","OBL"]
["Jussiaea erecta","OBL"]
["Jussiaea leptocarpa","OBL"]
["Jussiaea octofila","OBL"]
["Jussiaea peploides","OBL"]
["Jussiaea peruviana","OBL"]
["Jussiaea repens","OBL"]
["Jussiaea repens var. glabrescens","OBL"]
["Jussiaea repens var. montevidensis","OBL"]
["Jussiaea repens var. peploides","OBL"]
["Jussiaea scabra","OBL"]
["Jussiaea suffruticosa var. octofila","OBL"]
["Justicia assurgens","UPL"]
["Justicia brunelloides","FACW"]
["Justicia gangetica","UPL"]
["Justicia martinicensis","UPL"]
["Justicia nitida","FACW"]
["Justicia periplocifolia","UPL"]
["Justicia sessilis","UPL"]
["Justicia spinosa","UPL"]
["Justicia verticillaris","OBL"]
["Kaempferia rotundata","UPL"]
["Kalanchoe tubiflora","UPL"]
["Kalanchoe verticillata","UPL"]
["Kallstroemia caribaea","UPL"]
["Khaya nyasica","UPL"]
["Kickxia elatine ssp. crinita","FAC"]
["Kigelia pinnata","UPL"]
["Kikuyuochloa clandestina","UPL"]
["Kyllinga peruviana","FAC"]
["Kyllinga pungens","UPL"]
["Kyllinga sesquiflora","FACW"]
["Kyllinga tenuifolia","FACW"]
["Lactuca floridana var. villosa","FACU"]
["Lactuca intybacea","UPL"]
["Lactuca scariola var. integrata","UPL"]
["Lactuca scariola var. integrifolia","UPL"]
["Lactuca villosa","FACU"]
["Laeliopsis domingensis","UPL"]
["Lagenaria leucantha","UPL"]
["Lagenaria vulgaris","UPL"]
["Lagenocarpus portoricensis","OBL"]
["Languas speciosa","FACU"]
["Lantana aculeata","FACU"]
["Lantana alba","FAC"]
["Lantana camara ssp. aculeata","FACU"]
["Lantana camara var. aculeata","FACU"]
["Lantana camara var. flava","FACU"]
["Lantana camara var. hybrida","FACU"]
["Lantana camara var. mista","FACU"]
["Lantana camara var. mutabilis","FACU"]
["Lantana camara var. nivea","FACU"]
["Lantana camara var. sanguinea","FACU"]
["Lantana fucata var. antillana","UPL"]
["Lantana hispida","UPL"]
["Lantana horrida","UPL"]
["Lantana horrida var. latibracteata","UPL"]
["Lantana notha","UPL"]
["Lantana scorta","UPL"]
["Lantana sellowiana","UPL"]
["Lantana tiliifolia","FACU"]
["Lantana urticoides var. hispidula","UPL"]
["Lasiacis harrisii","UPL"]
["Lasianthus moralesii","OBL"]
["Laugeria lucida","UPL"]
["Laugeria odorata","UPL"]
["Laugeria resinosa","FACU"]
["Laurentia longiflora","FACU"]
["Laurocerasus myrtifolia","UPL"]
["Laurocerasus occidentalis","FAC"]
["Laurus coriacea","UPL"]
["Laurus winterana","UPL"]
["Lawsonia alba","UPL"]
["Lebretonia paniculata","FACW"]
["Lecanium membranaceum","OBL"]
["Leiphaimos aphylla","FAC"]
["Leiphaimos parasitica","UPL"]
["Leiphaimos portoricensis","FAC"]
["Lemaireocereus hystrix","UPL"]
["Lemna angolensis","OBL"]
["Lemna cyclostasa","OBL"]
["Lemna minima","OBL"]
["Lemna minuscula","OBL"]
["Lemna paucicostata","OBL"]
["Lemna perpusilla var. trinervis","OBL"]
["Lemna polyrhiza","OBL"]
["Lemna polyrrhiza","UPL"]
["Lemna torreyi","OBL"]
["Lemna trinervis","OBL"]
["Lemna valdiviana var. abbreviata","OBL"]
["Lemna valdiviana var. minima","OBL"]
["Lendneria verticillata","UPL"]
["Leontodon taraxacum","FAC"]
["Leonurus artemisia","UPL"]
["Lepanthes harrisii","UPL"]
["Lepianthes umbellata","FACU"]
["Lepidagathis alopecuroidea","FACU"]
["Lepidaploa glabra","UPL"]
["Lepidium didymum","UPL"]
["Lepidium idahoense","FACU"]
["Lepidium medium","FACU"]
["Lepidium medium var. pubescens","FACU"]
["Lepidium menziesii","FACU"]
["Lepidium virginicum ssp. menziesii","FACU"]
["Lepidium virginicum ssp. virginicum","FACU"]
["Lepidium virginicum var. californicum","FACU"]
["Lepidium virginicum var. medium","FACU"]
["Lepidium virginicum var. menziesii","FACU"]
["Lepidium virginicum var. pubescens","FACU"]
["Lepidium virginicum var. robinsonii","FACU"]
["Lepidium virginicum var. typicum","FACU"]
["Lepidotis cernua","FACU"]
["Leptilon bonariense","UPL"]
["Leptilon canadense","FACU"]
["Leptilon chinense","UPL"]
["Leptilon linifolium","UPL"]
["Leptilon pusillum","FACU"]
["Leptochilus alienus","FAC"]
["Leptochilus cladorrhizans","FACU"]
["Leptochilus guianensis","FACW"]
["Leptochilus nicotianifolius","FACU"]
["Leptochilus pergamentaceus","FACU"]
["Leptochloa acuminata","FACW"]
["Leptochloa attenuata","FACW"]
["Leptochloa brachiata","FACW"]
["Leptochloa domingensis","FACW"]
["Leptochloa fascicularis","FACW"]
["Leptochloa fascicularis var. acuminata","FACW"]
["Leptochloa fascicularis var. maritima","FACW"]
["Leptochloa filiformis","FACW"]
["Leptochloa filiformis var. attenuata","FACW"]
["Leptochloa filiformis var. pulchella","FACW"]
["Leptochloa floribunda","FACW"]
["Leptochloa fusca ssp. fascicularis","FACW"]
["Leptochloa fusca ssp. uninervia","FACW"]
["Leptochloa fusca var. fascicularis","FACW"]
["Leptochloa mucronata","FACW"]
["Leptochloa nealleyi","FACW"]
["Leptochloa panicea ssp. brachiata","FACW"]
["Leptochloa panicea ssp. mucronata","FACW"]
["Leptochloa panicoides","FACW"]
["Leptochloa scabra","OBL"]
["Leptochloa uninervia","FACW"]
["Leucaena glauca","FACU"]
["Leucaena leucocephala ssp. glabrata","FACU"]
["Leucaena leucocephala ssp. leucocephala","FACU"]
["Leucococcus occidentalis","UPL"]
["Libidibia coriaria","UPL"]
["Licaria salicifolia","UPL"]
["Ligustrum villosum","UPL"]
["Limnobium spongia ssp. laevigatum","OBL"]
["Limnobium stoloniferum","OBL"]
["Limonia aurantifolia","UPL"]
["Limonia aurantiifolia","UPL"]
["Linaria elatine","FAC"]
["Lindernia anagallidea","OBL"]
["Lindernia crustacea var. smithii","FAC"]
["Lindernia dubia var. anagallidea","OBL"]
["Lindernia dubia var. dubia","OBL"]
["Lindernia dubia var. inundata","OBL"]
["Lindernia dubia var. major","OBL"]
["Lindernia dubia var. riparia","OBL"]
["Lindernia dubia var. typica","OBL"]
["Lindernia procumbens","OBL"]
["Lindernia pyxidaria","OBL"]
["Lindsaea stricta var. jamesoniiformis","FACW"]
["Linociera axilliflora","UPL"]
["Linociera caribaea","UPL"]
["Linociera domingensis","UPL"]
["Linociera holdridgei","UPL"]
["Linociera ligustrina","UPL"]
["Liparis eggersii","FACW"]
["Liparis elata","FACW"]
["Lippia canescens","FACW"]
["Lippia citriodora","UPL"]
["Lippia citrodora","UPL"]
["Lippia dulcis","UPL"]
["Lippia geminata","FAC"]
["Lippia incisa","FACW"]
["Lippia lanceolata","OBL"]
["Lippia lanceolata var. recognita","OBL"]
["Lippia montevidensis","UPL"]
["Lippia nodiflora","FACW"]
["Lippia nodiflora var. canescens","FACW"]
["Lippia nodiflora var. reptans","FACW"]
["Lippia nodiflora var. rosea","FACW"]
["Lippia reptans","FACW"]
["Lippia stoechadifolia","OBL"]
["Lippia strigulosa","FAC"]
["Lippia triphylla","UPL"]
["Lithophila vermicularis","FACW"]
["Livistona oliviformis","UPL"]
["Lobelia assurgens var. portoricensis","FACW"]
["Lobelia robusta var. portoricensis","FACW"]
["Lobelia salicina","UPL"]
["Lochnera rosea","FACU"]
["Lolium multiflorum","FAC"]
["Lolium multiflorum ssp. italicum","FAC"]
["Lolium multiflorum var. diminutum","FAC"]
["Lolium multiflorum var. muticum","FAC"]
["Lolium multiflorum var. ramosum","FAC"]
["Lolium perenne ssp. italicum","FAC"]
["Lolium perenne ssp. multiflorum","FAC"]
["Lolium perenne ssp. perenne","FAC"]
["Lolium perenne var. aristatum","FAC"]
["Lolium perenne var. cristatum","FAC"]
["Lolium perenne var. multiflorum","FAC"]
["Lonchocarpus domingensis","FACW"]
["Lonchocarpus latifolius","FAC"]
["Lonchocarpus pentaphyllus","FAC"]
["Lonicera alba","UPL"]
["Lonicera japonica var. chinensis","FAC"]
["Lophidium poeppigianum","FACU"]
["Loranthus piperoides","UPL"]
["Loranthus quadrangularis","UPL"]
["Lourea verspertilionis","UPL"]
["Lucuma campechiana","UPL"]
["Lucuma mammosa","UPL"]
["Lucuma mammosa","UPL"]
["Lucuma multiflora","FACU"]
["Lucuma nervosa","UPL"]
["Lucuma salicifolia","UPL"]
["Ludolfia glaucescens","UPL"]
["Ludwigia lacustris","OBL"]
["Ludwigia leptocarpa var. meyeriana","OBL"]
["Ludwigia natans","OBL"]
["Ludwigia natans var. stipitata","OBL"]
["Ludwigia octovalvis ssp. sessiliflora","OBL"]
["Ludwigia octovalvis var. ligustrifolia","OBL"]
["Ludwigia octovalvis var. macropoda","OBL"]
["Ludwigia octovalvis var. octofila","OBL"]
["Ludwigia octovalvis var. sessiliflora","OBL"]
["Ludwigia palustris var. americana","OBL"]
["Ludwigia palustris var. nana","OBL"]
["Ludwigia palustris var. pacifica","OBL"]
["Ludwigia peploides ssp. glabrescens","OBL"]
["Ludwigia peploides ssp. montevidensis","OBL"]
["Ludwigia peploides ssp. peploides","OBL"]
["Ludwigia peploides var. glabrescens","OBL"]
["Ludwigia peploides var. montevidensis","OBL"]
["Ludwigia repens var. rotundata","OBL"]
["Ludwigia repens var. stipitata","OBL"]
["Luffa cylindrica","UPL"]
["Luffa cylindrica var. insularum","UPL"]
["Lunania buchii","FACW"]
["Lycopodiella caroliniana","OBL"]
["Lycopodiella caroliniana var. meridionalis","OBL"]
["Lycopodiella cernua","FACU"]
["Lycopodiella cernua var. curvata","FACU"]
["Lycopodium acerosum","UPL"]
["Lycopodium aqualupianum","UPL"]
["Lycopodium carolinianum","OBL"]
["Lycopodium carolinianum var. meridionale","OBL"]
["Lycopodium cernuum","FACU"]
["Lycopodium cernuum var. curvatum","FACU"]
["Lycopodium clavatum var. laurentianum","FAC"]
["Lycopodium clavatum var. subremotum","FAC"]
["Lycopodium clavatum var. tristachyum","FAC"]
["Lycopodium curvatum","FACU"]
["Lycopodium dichotomum","UPL"]
["Lycopodium funiforme","UPL"]
["Lycopodium linifolium","UPL"]
["Lycopodium lucidulum","FAC"]
["Lycopodium lucidulum var. tryonii","FAC"]
["Lycopodium meridionale","OBL"]
["Lycopodium portoricense","UPL"]
["Lycopodium reflexum","FAC"]
["Lycopodium reflexum","FAC"]
["Lycopodium setaceum","UPL"]
["Lycopodium sintenisii","UPL"]
["Lycopodium taxifolium","UPL"]
["Lycopodium tenuicaule","UPL"]
["Lycopodium verticillatum","UPL"]
["Lycopodium wilsonii","UPL"]
["Lysiloma ambiguum","UPL"]
["Lysimachia monnieri","OBL"]
["Maba sintenisii","UPL"]
["Macadamia ternifolia","UPL"]
["Macrocnemum candidissimum","UPL"]
["Macuillamia obovata","OBL"]
["Macuillamia repens","OBL"]
["Maieta scalpta","UPL"]
["Malache scabra","OBL"]
["Malachra alceifolia var. fasciata","FACU"]
["Malachra urens","FACU"]
["Malaxis floridana","FACW"]
["Mallotonia gnaphalodes","FACU"]
["Malpighia angustifolia","UPL"]
["Malpighia crassifolia","FACU"]
["Malpighia glabra","UPL"]
["Malpighia infestissima","UPL"]
["Malpighia pallens","UPL"]
["Malpighia punicifolia","UPL"]
["Malpighia shaferi","UPL"]
["Malpighia spicata","FACU"]
["Malpighia thompsonii","UPL"]
["Malva americana","UPL"]
["Malva corchorifolia","UPL"]
["Malva coromandeliana","FACU"]
["Malva spicata","UPL"]
["Malvastrum spicatum","UPL"]
["Malvaviscus arboreus var. arboreus","UPL"]
["Malvaviscus arboreus var. drummondii","UPL"]
["Malvaviscus arboreus var. mexicanus","UPL"]
["Malvaviscus arboreus var. penduliflorus","UPL"]
["Malvaviscus drummondii","UPL"]
["Mammillaria ekmanii","UPL"]
["Manihot aipi","UPL"]
["Manihot dulcis","UPL"]
["Manihot manihot","UPL"]
["Manihot melanobasis","UPL"]
["Manihot utilissima","UPL"]
["Manilkara achras","UPL"]
["Manilkara albescens","UPL"]
["Manilkara bahamensis","UPL"]
["Manilkara balata","FAC"]
["Manilkara bidentata ssp. surinamensis","FAC"]
["Manilkara duplicata","UPL"]
["Manilkara jaimiqui ssp. emarginata","UPL"]
["Manilkara nitida","FAC"]
["Manilkara surinamensis","FAC"]
["Manilkara zapotilla","UPL"]
["Manisuris exaltata","FACU"]
["Marattia kaulfussii","UPL"]
["Marcgravia brittoniana","FACU"]
["Marcgravia trinitatis","FACU"]
["Marilaunidium jamaicense","FACU"]
["Mariscus capillaris","FACU"]
["Mariscus cayennensis","FACU"]
["Mariscus confertus","UPL"]
["Mariscus flavus","FACU"]
["Mariscus fuligineus","UPL"]
["Mariscus globulosus","FAC"]
["Mariscus gracilis","UPL"]
["Mariscus huarmensis","FACW"]
["Mariscus jamaicensis","OBL"]
["Mariscus ligularis","FAC"]
["Mariscus mutisii","UPL"]
["Mariscus pedunculatus","UPL"]
["Mariscus planifolius","FACU"]
["Mariscus polystachyos","FACW"]
["Mariscus restioides","OBL"]
["Mariscus urbanii","UPL"]
["Marsilea berteroi","OBL"]
["Marsilea mexicana","OBL"]
["Martiusia laurifolia","FACW"]
["Martiusia rubiginosa","FAC"]
["Mastichodendron foetidissimum","UPL"]
["Mastichodendron portoricense","UPL"]
["Matricaria prostrata","UPL"]
["Matthiola scabra","UPL"]
["Maxillaria conferta","UPL"]
["Maxillaria purpurea","UPL"]
["Maxillaria rufescens","UPL"]
["Mayepea axilliflora","UPL"]
["Mayepea caribaea","UPL"]
["Mayepea domingensis","UPL"]
["Maytenus elliptica","UPL"]
["Mecardonia dianthera","FACW"]
["Mecardonia peduncularis","FACW"]
["Mecardonia tenuis","FACW"]
["Mecardonia vandellioides","FACW"]
["Mecranium amygdalinum","FACW"]
["Medicago falcata","UPL"]
["Medicago glomerata","UPL"]
["Medicago sativa ssp. falcata","UPL"]
["Medicago sativa ssp. glomerata","UPL"]
["Medicago sativa ssp. sativa","UPL"]
["Medicago sativa ssp. varia","UPL"]
["Medicago X varia","UPL"]
["Megastachya panicoides","FACW"]
["Megastachya uninervia","FACW"]
["Meibomia adscendens","FAC"]
["Meibomia affinis","UPL"]
["Meibomia barbata","FACW"]
["Meibomia cana","FACU"]
["Meibomia cubensis","UPL"]
["Meibomia glabra","UPL"]
["Meibomia incana","FACU"]
["Meibomia intorta","UPL"]
["Meibomia mollis","UPL"]
["Meibomia purpurea","FACU"]
["Meibomia scorpiurus","FAC"]
["Meibomia supina","FACU"]
["Meibomia tortuosa","FACU"]
["Meibomia triflora","FACU"]
["Meibomia wydleriana","UPL"]
["Melaleuca citrina","UPL"]
["Melaleuca leucadendron","FACW"]
["Melampodium ruderale","FAC"]
["Melanthera aspera","FACU"]
["Melanthera aspera var. glabriuscula","FACU"]
["Melanthera calcicola","FACU"]
["Melanthera canescens","FACU"]
["Melanthera carpenteri","FACU"]
["Melanthera confusa","FACU"]
["Melanthera deltoidea","FACU"]
["Melanthera hastata","FACU"]
["Melanthera ligulata","FACU"]
["Melanthera montana","FACU"]
["Melasma melampyroides","OBL"]
["Melastoma amygdalinum","FACW"]
["Melastoma aquaticum","FACW"]
["Melastoma fasciculare","FAC"]
["Melastoma hirtum","FACW"]
["Melastoma impetiolare","FACU"]
["Melastoma laevigatum","FACU"]
["Melastoma prasinum","FAC"]
["Melastoma punctatum","UPL"]
["Melastoma scabrosum","UPL"]
["Melastoma strigillosum","FACW"]
["Melastoma tetrandrum","FAC"]
["Melia azadirachta","UPL"]
["Melia azedarach var. umbraculifera","UPL"]
["Melicocca paniculata","UPL"]
["Melicoccus bijuga","UPL"]
["Melilotus albus","FACU"]
["Melilotus albus var. annuus","FACU"]
["Melilotus lutea","FACU"]
["Melocactus communis","UPL"]
["Melochia cordata","UPL"]
["Melochia hirsuta","FACW"]
["Melochia hirsuta var. glabrescens","FACW"]
["Melochia tomentosa var. frutescens","UPL"]
["Melochia villosa","FACW"]
["Melothria crassifolia","FACU"]
["Melothria guadalupensis","FACU"]
["Melothria microcarpa","FACU"]
["Melothria nashii","FACU"]
["Melothria pendula var. aspera","FACU"]
["Melothria pendula var. chlorocarpa","FACU"]
["Melothria pendula var. crassifolia","FACU"]
["Melothria pendula var. pendula","FACU"]
["Menendezia biflora","FAC"]
["Menendezia stahlii","FAC"]
["Menendezia urbanii","FAC"]
["Meniscium reticulatum","FACW"]
["Meniscium serratum","OBL"]
["Mentha alopecuroides","OBL"]
["Mentha aquatica var. citrata","OBL"]
["Mentha aquatica var. crispa","OBL"]
["Mentha citrata","OBL"]
["Mentha crispa","OBL"]
["Mentha dumetorum","OBL"]
["Mentha nemorosa","OBL"]
["Mentha piperita ssp. citrata","OBL"]
["Mentha X piperi var. citrata","OBL"]
["Mentha X villosa var. alopecuroides","OBL"]
["Merremia tridentata","UPL"]
["Merremia tridentata ssp. angustifolia","UPL"]
["Mesadenus polyanthus","UPL"]
["Mespilus japonica","UPL"]
["Metalepis cubensis","UPL"]
["Metastelma anegadense","UPL"]
["Metastelma decaisneanum","UPL"]
["Metastelma decipiens","UPL"]
["Metastelma ephedroides","UPL"]
["Metastelma fallax","UPL"]
["Metastelma grisebachianum","UPL"]
["Metastelma leptocladon","UPL"]
["Metastelma lineare","UPL"]
["Metastelma monense","UPL"]
["Metastelma parviflorum","UPL"]
["Meyenia erecta","UPL"]
["Miconia microcarpa","FACW"]
["Miconia ottoschulzii","UPL"]
["Miconia virescens","FACU"]
["Micropholis chrysophylloides","FACW"]
["Micropholis curvata","FACW"]
["Micropiper humile","UPL"]
["Micropiper leptostachyon","UPL"]
["Micropteryx crista-galli","UPL"]
["Microschizaea pennula","FAC"]
["Microsorum scolopendria","UPL"]
["Microstegium vimineum var. imberbe","FAC"]
["Milium compressum","FAC"]
["Milium paniceum","UPL"]
["Milium punctatum","FACW"]
["Mimosa cyclocarpa","UPL"]
["Mimosa ingoides","UPL"]
["Mimosa invisa","FAC"]
["Mimosa lebbeck","UPL"]
["Mimosa leucocephala","FACU"]
["Mimosa muricata","UPL"]
["Mimosa nilotica","UPL"]
["Mimosa pigra","FAC"]
["Mimosa plena","FACW"]
["Mimosa portoricensis","UPL"]
["Mimosa procera","UPL"]
["Mimosa pudica var. pudica","FACU"]
["Mimosa pudica var. unijuga","FACU"]
["Mimosa tortuosa","UPL"]
["Mimusops bidentata","FAC"]
["Mimusops emarginata","UPL"]
["Mirabilis jalapa ssp. lindheimeri","FACU"]
["Mirabilis lindheimeri","FACU"]
["Mirasolia diversifolia","FACU"]
["Misanteca triandra","UPL"]
["Mitracarpus frigidus var. portoricensis","UPL"]
["Mitracarpus villosus","FACU"]
["Mnesithea granularis","FAC"]
["Moghania strobilifera","UPL"]
["Molineria capitulata","UPL"]
["Mollugo berteriana","FAC"]
["Momisia iguanaea","UPL"]
["Momordica lanata","UPL"]
["Monstera pertusa","UPL"]
["Montezuma speciosissima","UPL"]
["Morella pumila","FAC"]
["Moringa moringa","UPL"]
["Morus tinctoria","UPL"]
["Muehlenbeckia platyclada","UPL"]
["Mulgedium floridanum","FACU"]
["Mulgedium villosum","FACU"]
["Murraya paniculata","UPL"]
["Musa ornata var. normalis","FAC"]
["Musa sapientum","FAC"]
["Mussaenda formosa","UPL"]
["Myginda latifolia","UPL"]
["Myrcia berberis","FACW"]
["Myrcia citrifolia var. citrifolia","FACU"]
["Myrcia citrifolia var. imrayana","FACU"]
["Myrcianthes fajardensis","UPL"]
["Myrcianthes fragrans var. simpsonii","UPL"]
["Myrica cerifera","FAC"]
["Myrica cerifera var. pumila","FAC"]
["Myrica holdridgeana","FAC"]
["Myrica pusilla","FAC"]
["Myriopus poliochros","UPL"]
["Myriopus volubilis","UPL"]
["Myristica officinalis","UPL"]
["Myroxylon buxifolium","UPL"]
["Myroxylon pachyphyllum","UPL"]
["Myroxylon schwaneckeanum","FAC"]
["Myrsine floridana","FAC"]
["Myrsine guianensis","FAC"]
["Myrsine punctata","FAC"]
["Myrstiphyllum ligustrifolium","UPL"]
["Myrtus axillaris","UPL"]
["Myrtus bellonis","UPL"]
["Myrtus glabrata","UPL"]
["Myrtus ligustrina","UPL"]
["Myrtus monticola","UPL"]
["Myrtus procera","UPL"]
["Myrtus splendens","FAC"]
["Myrtus zuzygium","UPL"]
["Nageia coriacea","FAC"]
["Najas gracilis","OBL"]
["Najas guadalupensis ssp. floridana","OBL"]
["Najas guadalupensis ssp. guadalupensis","OBL"]
["Najas guadalupensis ssp. muenscheri","OBL"]
["Najas guadalupensis ssp. olivacea","OBL"]
["Najas guadalupensis var. floridana","OBL"]
["Najas guadalupensis var. muenscheri","OBL"]
["Najas guadalupensis var. olivacea","OBL"]
["Najas major","OBL"]
["Najas major var. angustifolia","OBL"]
["Najas marina var. recurvata","OBL"]
["Najas muenscheri","OBL"]
["Najas olivacea","OBL"]
["Nasturtium heterophyllum","FAC"]
["Nasturtium officinale var. siifolium","OBL"]
["Nazia aliena","UPL"]
["Nectandra antillana","FACW"]
["Nectandra sintenisii","FACU"]
["Nelsonia brunelloides","FACW"]
["Neocleome serrata","UPL"]
["Neocleome spinosa","FAC"]
["Neocupressus arizonica","UPL"]
["Neocupressus macrocarpa","UPL"]
["Neolehmannia difformis","UPL"]
["Neomammillaria nivosa","UPL"]
["Neovriesia macrostachya","UPL"]
["Neowashingtonia filamentosa","FACU"]
["Nephelea portoricensis","FACW"]
["Nephrodium brownii","FACU"]
["Nephrodium funestum","UPL"]
["Nephrolepis biserrata","FACU"]
["Nephrolepis biserrata var. furcans","FACU"]
["Nephrolepis exaltata ssp. exaltata","FAC"]
["Nephrolepis exaltata ssp. hawaiiensis","FAC"]
["Nephrolepis multiflora","FACU"]
["Nephrolepis occidentalis","UPL"]
["Neptunia prostrata","OBL"]
["Nerium grandiflorum","FACW"]
["Nicolaia elatior","UPL"]
["Nintooa japonica","FAC"]
["Niopa peregrina","UPL"]
["Nocca mollis","UPL"]
["Nothoholcus lanatus","UPL"]
["Nothopanax fruticosus","UPL"]
["Nothopanax pinnatus","UPL"]
["Nymphaea ampla var. ampla","OBL"]
["Nymphaea ampla var. pulchella","OBL"]
["Nymphaea blanda","OBL"]
["Nymphaea minor","OBL"]
["Nymphaea odorata ssp. odorata","OBL"]
["Nymphaea odorata ssp. tuberosa","OBL"]
["Nymphaea odorata var. gigantea","OBL"]
["Nymphaea odorata var. godfreyi","OBL"]
["Nymphaea odorata var. maxima","OBL"]
["Nymphaea odorata var. minor","OBL"]
["Nymphaea odorata var. rosea","OBL"]
["Nymphaea odorata var. stenopetala","OBL"]
["Nymphaea odorata var. villosa","OBL"]
["Nymphaea pulchella","OBL"]
["Nymphaea tuberosa","OBL"]
["Ochroma lagopus","UPL"]
["Ocimum micranthum","UPL"]
["Ocimum sanctum","UPL"]
["Ocotea coriacea","UPL"]
["Ocotea cuneata","FACW"]
["Ocotea globosa","FACW"]
["Ocotea krugii","UPL"]
["Ocotea membranacea","FAC"]
["Ocotea patens","FAC"]
["Ocotea sintenisii","FACU"]
["Octadesmia montana","FACW"]
["Odontonema strictum","UPL"]
["Odontosoria uncinella","FACW"]
["Oedera trinervia","FAC"]
["Oldenlandia callitrichoides","FACW"]
["Oldenlandia fasciculata","FACW"]
["Oleandra nodosa","FACW"]
["Olyra pauciflora","FACU"]
["Oncidium alatum","UPL"]
["Oncidium baueri","UPL"]
["Oncidium leiboldii","UPL"]
["Oncidium prionochilum","UPL"]
["Oncidium variegatum","UPL"]
["Oncidium wydleri","UPL"]
["Oncoba echinata","UPL"]
["Oncostylis pauciflora","UPL"]
["Operculina dissecta","FACU"]
["Operculina tuberosa","UPL"]
["Ophioglossum palmatum","UPL"]
["Ophrys nervosa","FACW"]
["Oplismenus compositus var. setarius","FACU"]
["Oplismenus crus-pavonis","OBL"]
["Oplismenus hirtellus ssp. hirtellus","FACU"]
["Oplismenus hirtellus ssp. setarius","FACU"]
["Oplismenus hirtellus ssp. undulatifolius","FACU"]
["Oplismenus polystachyus","OBL"]
["Oplismenus setarius","FACU"]
["Oplismenus tenuis","UPL"]
["Oplismenus undulatifolius","FACU"]
["Opuntia abjecta","UPL"]
["Opuntia antillana","UPL"]
["Opuntia atrocapensis","UPL"]
["Opuntia bentonii","UPL"]
["Opuntia brasiliensis","UPL"]
["Opuntia cochenillifera","UPL"]
["Opuntia compressa","UPL"]
["Opuntia dillenii","UPL"]
["Opuntia macrantha","UPL"]
["Opuntia magnifica","UPL"]
["Opuntia moniliformis","UPL"]
["Opuntia nitens","UPL"]
["Opuntia ochrocentra","UPL"]
["Opuntia opuntia","UPL"]
["Opuntia rubescens","UPL"]
["Opuntia stricta var. dillenii","UPL"]
["Opuntia tenuiflora","UPL"]
["Opuntia tunoidea","UPL"]
["Opuntia vulgaris","UPL"]
["Opuntia zebrina","UPL"]
["Ornithidium coccineum","UPL"]
["Ornithidium confertum","UPL"]
["Orthiopteris domingensis","OBL"]
["Orthiopteris inaequalis","OBL"]
["Oryza sativa var. fatua","OBL"]
["Osmia borinquensis","UPL"]
["Osmia corymbosa","UPL"]
["Osmia geraniifolia","UPL"]
["Osmia ivifolia","UPL"]
["Osmia odorata","FACU"]
["Osmia sinuata","UPL"]
["Osmunda adiantifolia","UPL"]
["Osmunda cinnamomea","OBL"]
["Osmunda cinnamomea var. frondosa","OBL"]
["Osmunda cinnamomea var. glandulosa","OBL"]
["Osmunda cinnamomea var. imbricata","OBL"]
["Osmunda hirsuta","UPL"]
["Osmundastrum cinnamomeum var. cinnamomeum","OBL"]
["Osmundastrum cinnamomeum var. glandulosum","OBL"]
["Ossaea domingensis","UPL"]
["Ossaea krugiana","FAC"]
["Ossaea scabrosa","UPL"]
["Ossaea scalpta","UPL"]
["Oxalis corniculata var. atropurpurea","FACU"]
["Oxalis corniculata var. langloisii","FACU"]
["Oxalis corniculata var. lupulina","FACU"]
["Oxalis corniculata var. macrophylla","FACU"]
["Oxalis corniculata var. minor","FACU"]
["Oxalis corniculata var. reptans","FACU"]
["Oxalis corniculata var. villosa","FACU"]
["Oxalis corniculata var. viscidula","FACU"]
["Oxalis domingensis","UPL"]
["Oxalis langloisii","FACU"]
["Oxalis martiana","UPL"]
["Oxalis pusilla","FACU"]
["Oxalis repens","FACU"]
["Oxalis villosa","FACU"]
["Oxalis violacea var. trichophora","UPL"]
["Pachyptera alliacea","UPL"]
["Pachyrhizus angulatus","UPL"]
["Pachyrhizus bulbosus","UPL"]
["Palhinhaea cernua var. cernua","FACU"]
["Palhinhaea cernua var. curvata","FACU"]
["Palicourea barbinervia","FACU"]
["Palicourea brevithyrsa","FAC"]
["Palicourea crocea var. riparia","UPL"]
["Palicourea domingensis","FAC"]
["Palicourea guianensis ssp. barbinervia","FACU"]
["Palicourea riparia","UPL"]
["Palma elata","FAC"]
["Paltonium lanceolatum","UPL"]
["Pancratium caribaeum","UPL"]
["Pancratium declinatum","UPL"]
["Pancratium expansum","FACU"]
["Pancratium latifolium","FACU"]
["Pancratium speciosum","UPL"]
["Pandanus chamissonis","FACW"]
["Pandanus douglasii","FACW"]
["Pandanus menziesii","FACW"]
["Pandanus odoratissimus","FACW"]
["Pandanus odoratissimus var. laevigatus","FACW"]
["Pandanus odoratissimus var. oahuensis","FACW"]
["Pandanus tectorius var. chamissonis","FACW"]
["Pandanus tectorius var. douglasii","FACW"]
["Pandanus tectorius var. laevigatus","FACW"]
["Pandanus tectorius var. menziesii","FACW"]
["Pandanus tectorius var. oahuensis","FACW"]
["Pandanus tectorius var. sandvicensis","FACW"]
["Panicum aciculare","FACU"]
["Panicum aciculare var. angustifolium","FACU"]
["Panicum aciculare var. arenicoloides","FACU"]
["Panicum aciculare var. neuranthum","FACU"]
["Panicum aciculare var. ramosum","FACU"]
["Panicum acuminatum","FACU"]
["Panicum acuminatum var. columbianum","FACU"]
["Panicum acuminatum var. densiflorum","FACW"]
["Panicum acuminatum var. fasciculatum","FACU"]
["Panicum acuminatum var. ferventicola","FACU"]
["Panicum acuminatum var. implicatum","FACU"]
["Panicum acuminatum var. leucothrix","FACW"]
["Panicum acuminatum var. lindheimeri","FACU"]
["Panicum acuminatum var. longiligulatum","FACW"]
["Panicum acuminatum var. thermale","FACU"]
["Panicum acuminatum var. thurowii","FACU"]
["Panicum acuminatum var. unciphyllum","FACU"]
["Panicum acuminatum var. villosissimum","FACU"]
["Panicum acuminatum var. villosum","FACU"]
["Panicum addisonii","FACU"]
["Panicum adscendens","UPL"]
["Panicum adspersum","UPL"]
["Panicum agrostidiforme","FACW"]
["Panicum agrostoides","OBL"]
["Panicum agrostoides","FACW"]
["Panicum agrostoides var. condensum","OBL"]
["Panicum agrostoides var. ramosius","OBL"]
["Panicum alabamense","FACU"]
["Panicum albemarlense","FACU"]
["Panicum albomarginatum","FAC"]
["Panicum angustifolium","FACU"]
["Panicum annulum","FAC"]
["Panicum annulum var. glabrescens","FAC"]
["Panicum aquaticum","OBL"]
["Panicum arenicoloides","FACU"]
["Panicum auburne","FACU"]
["Panicum barbatum","UPL"]
["Panicum barbinode","FACW"]
["Panicum barbipulvinatum","FACU"]
["Panicum barbulatum","FAC"]
["Panicum bartowense","FAC"]
["Panicum benneri","FACU"]
["Panicum bennettense","FACU"]
["Panicum breve","FAC"]
["Panicum brodiei","FACU"]
["Panicum caerulescens","FAC"]
["Panicum capillare ssp. barbipulvinatum","FACU"]
["Panicum capillare var. agreste","FACU"]
["Panicum capillare var. barbipulvinatum","FACU"]
["Panicum capillare var. brevifolium","FACU"]
["Panicum capillare var. occidentale","FACU"]
["Panicum chamaelonche","FAC"]
["Panicum chamaelonche var. breve","FAC"]
["Panicum chapmanii","UPL"]
["Panicum chrysopsidifolium","FACU"]
["Panicum ciliare","UPL"]
["Panicum ciliatum","FACU"]
["Panicum clutei","FAC"]
["Panicum colonum","FACW"]
["Panicum columbianum","FAC"]
["Panicum columbianum var. commonsianum","FACU"]
["Panicum columbianum var. oricola","FAC"]
["Panicum columbianum var. siccanum","FAC"]
["Panicum columbianum var. thinium","FAC"]
["Panicum commonsianum","FACU"]
["Panicum commonsianum var. addisonii","FACU"]
["Panicum commonsianum var. addisonii","FACU"]
["Panicum commonsianum var. euchlamydeum","FAC"]
["Panicum compositum","UPL"]
["Panicum concinnius","FAC"]
["Panicum condensum","OBL"]
["Panicum crus-galli","OBL"]
["Panicum curtifolium","FAC"]
["Panicum dactylon","FAC"]
["Panicum deamii","FACU"]
["Panicum dichotomiflorum ssp. bartowense","FAC"]
["Panicum dichotomiflorum ssp. puritanorum","FAC"]
["Panicum dichotomiflorum var. bartowense","FAC"]
["Panicum dichotomiflorum var. dichotomiflorum","FAC"]
["Panicum dichotomiflorum var. geniculatum","FAC"]
["Panicum dichotomiflorum var. imperiorum","FAC"]
["Panicum dichotomiflorum var. puritanorum","FAC"]
["Panicum dichotomum","FAC"]
["Panicum dichotomum var. barbulatum","FAC"]
["Panicum dichotomum var. clutei","FAC"]
["Panicum dichotomum var. ensifolium","FAC"]
["Panicum dichotomum var. glabrescens","FACU"]
["Panicum dichotomum var. lucidum","FAC"]
["Panicum dichotomum var. mattamuskeetense","FAC"]
["Panicum dichotomum var. nitidum","FAC"]
["Panicum dichotomum var. ramulosum","FAC"]
["Panicum dichotomum var. roanokense","FAC"]
["Panicum dichotomum var. tenue","FAC"]
["Panicum dichotomum var. unciphyllum","FAC"]
["Panicum dichotomum var. yadkinense","FAC"]
["Panicum divaricatum","UPL"]
["Panicum earlei","FAC"]
["Panicum eatonii","FACW"]
["Panicum echinulatum","UPL"]
["Panicum elongatum var. ramosius","OBL"]
["Panicum ensifolium","FAC"]
["Panicum ensifolium var. breve","FAC"]
["Panicum ensifolium var. curtifolium","FAC"]
["Panicum euchlamydeum","FAC"]
["Panicum fasciculatum","UPL"]
["Panicum fasciculatum var. reticulatum","UPL"]
["Panicum ferventicola","FACU"]
["Panicum ferventicola var. papillosum","FACU"]
["Panicum ferventicola var. sericeum","FACU"]
["Panicum flavovirens","FAC"]
["Panicum fusiforme","FACU"]
["Panicum geminatum","OBL"]
["Panicum geniculatum","FAC"]
["Panicum glabrifolium","FAC"]
["Panicum glaucum","UPL"]
["Panicum glutinoscabrum","FACU"]
["Panicum glutinosum","FACW"]
["Panicum grisebachii","UPL"]
["Panicum heterophyllum","FAC"]
["Panicum heterophyllum var. thinium","FAC"]
["Panicum hirtellum","FACU"]
["Panicum huachucae","FACU"]
["Panicum huachucae var. fasciculatum","FACU"]
["Panicum implicatum","FACU"]
["Panicum ischaemum","UPL"]
["Panicum italicum","UPL"]
["Panicum lancearium","FAC"]
["Panicum lancearium var. patulum","FAC"]
["Panicum languidum","FACU"]
["Panicum lanuginosum","FACU"]
["Panicum lanuginosum var. fasciculatum","FACU"]
["Panicum lanuginosum var. huachucae","FACU"]
["Panicum lanuginosum var. implicatum","FACU"]
["Panicum lanuginosum var. lindheimeri","FACU"]
["Panicum lanuginosum var. praecocius","FACU"]
["Panicum lanuginosum var. septentrionale","FACU"]
["Panicum lanuginosum var. siccanum","FAC"]
["Panicum lanuginosum var. tennesseense","FACU"]
["Panicum lassenianum","FACU"]
["Panicum latifolium","FACU"]
["Panicum laxiflorum var. pubescens","FACU"]
["Panicum laxum","FACW"]
["Panicum leucoblepharis","FACU"]
["Panicum leucothrix","FACW"]
["Panicum lindheimeri","FACU"]
["Panicum lindheimeri var. fasciculatum","FACU"]
["Panicum longiligulatum","FACW"]
["Panicum lucidum","FAC"]
["Panicum lucidum var. opacum","FAC"]
["Panicum malacon","FACU"]
["Panicum mattamuskeetense","FAC"]
["Panicum mattamuskeetense var. clutei","FAC"]
["Panicum maximum","FACU"]
["Panicum meridionale","FACU"]
["Panicum meridionale var. albemarlense","FACU"]
["Panicum microcarpon","FAC"]
["Panicum mundum","FACU"]
["Panicum muticum","FACW"]
["Panicum nashianum","FAC"]
["Panicum nashianum var. patulum","FAC"]
["Panicum nemopanthum","FACU"]
["Panicum nemorosum","FAC"]
["Panicum neuranthum","FACU"]
["Panicum nitidum","FAC"]
["Panicum nitidum var. densiflorum","FACW"]
["Panicum nitidum var. octonodum","FACW"]
["Panicum nitidum var. villosum","FACU"]
["Panicum nudicaule","FAC"]
["Panicum occidentale","FACU"]
["Panicum octonodum","FACW"]
["Panicum onslowense","FAC"]
["Panicum oricola","FAC"]
["Panicum orthophyllum","FACU"]
["Panicum ovale","FACU"]
["Panicum ovale var. addisonii","FACU"]
["Panicum ovale var. praecocius","FACU"]
["Panicum ovale var. pseudopubescens","FACU"]
["Panicum ovale var. villosum","FACU"]
["Panicum ovinum","FACU"]
["Panicum owenae","FACU"]
["Panicum pacificum","FACU"]
["Panicum pallens","FAC"]
["Panicum pallens var. majus","FAC"]
["Panicum paludivagum","OBL"]
["Panicum patentifolium","FAC"]
["Panicum patulum","FAC"]
["Panicum pauciciliatum","FAC"]
["Panicum paucipilum","FACW"]
["Panicum pinetorum","FACU"]
["Panicum plantagineum","UPL"]
["Panicum polycaulon","FACU"]
["Panicum portoricense","FAC"]
["Panicum portoricense var. nashianum","FAC"]
["Panicum pradanum","UPL"]
["Panicum praecocius","FACU"]
["Panicum prostratum","UPL"]
["Panicum pseudopubescens","FACU"]
["Panicum pumilum","UPL"]
["Panicum purpurascens","FACW"]
["Panicum reptans","UPL"]
["Panicum rigidulum","OBL"]
["Panicum rigidulum var. condensum","OBL"]
["Panicum roanokense","FAC"]
["Panicum sabulorum var. patulum","FAC"]
["Panicum sabulorum var. thinium","FAC"]
["Panicum sanguinale","UPL"]
["Panicum scoparium","FAC"]
["Panicum setarium","FACU"]
["Panicum shastense","FACU"]
["Panicum sloanei","UPL"]
["Panicum sphagnicola","FAC"]
["Panicum spretum","FACW"]
["Panicum stenodes","OBL"]
["Panicum strigosum","FACU"]
["Panicum strigosum var. glabrescens","FACU"]
["Panicum strigosum var. leucoblepharis","FACU"]
["Panicum strigosum var. puberula","FACU"]
["Panicum subquadriparum","FAC"]
["Panicum subvillosum","FACU"]
["Panicum tenerum","OBL"]
["Panicum tennesseense","FACU"]
["Panicum tenue","FAC"]
["Panicum thermale","FACU"]
["Panicum thurowii","FACU"]
["Panicum trifolium","FAC"]
["Panicum tsugetorum","FAC"]
["Panicum unciphyllum var. thinium","FAC"]
["Panicum undulatifolium","FACU"]
["Panicum utowanaeum","UPL"]
["Panicum vernale","FAC"]
["Panicum villosissimum","FACU"]
["Panicum villosissimum var. pseudopubescens","FACU"]
["Panicum vulpisetum","UPL"]
["Panicum webberianum","FAC"]
["Panicum wilmingtonense","FACU"]
["Panicum yadkinense","FAC"]
["Pappophorum alopecuroideum","FACU"]
["Parathesis serrulata","FACW"]
["Parietaria microphylla","FACU"]
["Pariti elatum","UPL"]
["Pariti grande","FACW"]
["Pariti tiliaceum","FACW"]
["Parmentiera edulis","UPL"]
["Parsonsia balsamona","FAC"]
["Parsonsia micrantha","OBL"]
["Parsonsia parsonsia","FACU"]
["Parthenium lobatum","FAC"]
["Paspalidium geminatum var. geminatum","OBL"]
["Paspalidium geminatum var. paludivagum","OBL"]
["Paspalidium paludivagum","OBL"]
["Paspalum bicorne","UPL"]
["Paspalum bushii","FACU"]
["Paspalum ciliatifolium","FACU"]
["Paspalum ciliatifolium var. muehlenbergii","FACU"]
["Paspalum ciliatifolium var. stramineum","FACU"]
["Paspalum debile","FACU"]
["Paspalum distichum var. indutum","OBL"]
["Paspalum glabrum","UPL"]
["Paspalum lanatum","UPL"]
["Paspalum larranagai","FAC"]
["Paspalum leoninum","UPL"]
["Paspalum longepedunculatum","FACU"]
["Paspalum longiflorum","UPL"]
["Paspalum melanospermum","UPL"]
["Paspalum muehlenbergii","FACU"]
["Paspalum notatum var. latiflorum","FAC"]
["Paspalum notatum var. saurae","FAC"]
["Paspalum paspaloides","OBL"]
["Paspalum poiretii","UPL"]
["Paspalum portoricense","UPL"]
["Paspalum propinquum","FACU"]
["Paspalum psammophilum","FACU"]
["Paspalum pubescens","FACU"]
["Paspalum rigidifolium","FACU"]
["Paspalum saugetii","UPL"]
["Paspalum separatum","FACU"]
["Paspalum setaceum var. calvescens","FACU"]
["Paspalum setaceum var. ciliatifolium","FACU"]
["Paspalum setaceum var. longepedunculatum","FACU"]
["Paspalum setaceum var. muehlenbergii","FACU"]
["Paspalum setaceum var. psammophilum","FACU"]
["Paspalum setaceum var. rigidifolium","FACU"]
["Paspalum setaceum var. stramineum","FACU"]
["Paspalum setaceum var. supinum","FACU"]
["Paspalum setaceum var. villosissimum","FACU"]
["Paspalum simpsonii","UPL"]
["Paspalum stramineum","FACU"]
["Paspalum supinum","FACU"]
["Passiflora foetida var. foetida","FACU"]
["Passiflora foetida var. gossypiifolia","FACU"]
["Passiflora foetida var. hispida","FACU"]
["Passiflora foetida var. isthmia","FACU"]
["Passiflora foetida var. lanuginosa","FACU"]
["Passiflora pallida","UPL"]
["Paullinia diversifolia","UPL"]
["Pavonia racemosa","OBL"]
["Pavonia scabra","OBL"]
["Pavonia spicata","OBL"]
["Pecluma ptilodon ssp. bourgeauana","UPL"]
["Pecluma ptilodon ssp. caespitosum","UPL"]
["Pecluma ptilodon var. caespitosum","UPL"]
["Pectis febrifuga","UPL"]
["Pectis multisetosa","UPL"]
["Pectis portoricensis","UPL"]
["Pectis prostrata var. urceolata","UPL"]
["Pedicularis melampyroides","OBL"]
["Peiranisia bahamensis","UPL"]
["Peiranisia polyphylla","UPL"]
["Pelexia setacea","FACU"]
["Peltapteris peltata","UPL"]
["Peltophorum inerme","UPL"]
["Pennisetum ciliare","UPL"]
["Pennisetum clandestinum","UPL"]
["Pennisetum polystachion","UPL"]
["Pennisetum polystachion ssp. setosum","UPL"]
["Pennisetum purpureum","FAC"]
["Pennisetum setosum","UPL"]
["Pentalinon luteum var. sericeum","FAC"]
["Pentaraphia albiflora","UPL"]
["Peperomia cumulicola","UPL"]
["Peperomia dendrophila","FACU"]
["Peperomia floridana","UPL"]
["Peperomia myrtillus","UPL"]
["Peperomia parvula","FACW"]
["Peperomia questeliana","UPL"]
["Peperomia spathulifolia","UPL"]
["Peperomia tetraphylla var. elongata","FACW"]
["Peperomia tetraphylla var. parvifolia","FACW"]
["Pepo moschata","UPL"]
["Pereskia aculeata var. godseffiana","UPL"]
["Pereskia pereskia","UPL"]
["Persea portoricensis","FACW"]
["Persicaria densiflora","OBL"]
["Persicaria hydropiperoides var. breviciliata","OBL"]
["Persicaria hydropiperoides var. euronotora","OBL"]
["Persicaria hydropiperoides var. opelousana","OBL"]
["Persicaria opelousana","OBL"]
["Persicaria paludicola","OBL"]
["Persicaria persicarioides","OBL"]
["Persicaria portoricensis","OBL"]
["Persicaria punctata var. eciliata","OBL"]
["Persicaria punctata var. leptostachya","OBL"]
["Petesioides pendula","FAC"]
["Petesioides yunquensis","FAC"]
["Petrea kohautiana","UPL"]
["Petroselinum hortense","UPL"]
["Petroselinum sativum","UPL"]
["Petroselinum vulgare","UPL"]
["Petunia violacea","UPL"]
["Phaeomeria magnifica","UPL"]
["Phaeosphaerion persicariifolium","FACU"]
["Phalaris zizanioides","FAC"]
["Pharbitis barbigera","FACU"]
["Pharbitis cathartica","FAC"]
["Pharbitis hederacea","FACU"]
["Pharbitis purpurea","UPL"]
["Pharus glaber","FAC"]
["Pharus parvifolius","FAC"]
["Phaseolus adenanthus","FACU"]
["Phaseolus antillanus","UPL"]
["Phaseolus atropurpureus","UPL"]
["Phaseolus inamoenus","UPL"]
["Phaseolus lathyroides","FACU"]
["Phaseolus limensis","UPL"]
["Phaseolus lunatus var. lunonanus","UPL"]
["Phaseolus max","UPL"]
["Phaseolus multiflorus","UPL"]
["Phaseolus peduncularis","UPL"]
["Phaseolus schottii","OBL"]
["Phaseolus semierectus","FACU"]
["Phaseolus trichocarpus","OBL"]
["Phaseolus tunkinensis","UPL"]
["Phaseolus vulgaris var. humilis","UPL"]
["Philodendron angustatum","FACW"]
["Philodendron hederaceum var. hederaceum","FACU"]
["Philodendron hederaceum var. oxycardium","FACU"]
["Philodendron krebsii","FACW"]
["Philodendron marginatum","FACW"]
["Philodendron micans","FACU"]
["Philodendron nechodomii","FAC"]
["Philodendron oxycardium","FACU"]
["Philodendron scandens","FACU"]
["Philodendron scandens ssp. isertianum","FACU"]
["Philodendron scandens ssp. oxycardium","FACU"]
["Philotria canadensis","OBL"]
["Philotria densa","OBL"]
["Philotria linearis","OBL"]
["Philoxerus vermicularis","FACW"]
["Phlebodium areolatum","UPL"]
["Phlebotaenia cowellii","UPL"]
["Phlegmariurus dichotomus","UPL"]
["Phlegmariurus taxifolius","UPL"]
["Phoebe elongata","FACU"]
["Phoebe montana","UPL"]
["Phoradendron berterianum","UPL"]
["Phoradendron chrysocarpum","UPL"]
["Phoradendron helleri","UPL"]
["Phoradendron randiae","UPL"]
["Phragmites americanus","FACW"]
["Phragmites australis ssp. americanus","FACW"]
["Phragmites australis ssp. australis","FACW"]
["Phragmites communis","FACW"]
["Phragmites phragmites","FACW"]
["Phthirusa bicolor","UPL"]
["Phthirusa caribaea","UPL"]
["Phthirusa purpurea","UPL"]
["Phthirusa sintenisii","UPL"]
["Phyla caespitosa","FACW"]
["Phyla canescens","FACW"]
["Phyla incisa","FACW"]
["Phyla lanceolata var. recognita","OBL"]
["Phyla nodiflora var. antillana","FAC"]
["Phyla nodiflora var. canescens","FACW"]
["Phyla nodiflora var. incisa","FACW"]
["Phyla nodiflora var. longifolia","FACW"]
["Phyla nodiflora var. repens","FACW"]
["Phyla nodiflora var. reptans","FACW"]
["Phyla nodiflora var. rosea","FACW"]
["Phyla nodiflora var. texensis","FACW"]
["Phyla scaberrima","UPL"]
["Phyla strigulosa","FAC"]
["Phyla strigulosa var. parvifolia","FAC"]
["Phyla strigulosa var. sericea","FAC"]
["Phyllanthus cuneifolius","UPL"]
["Phyllanthus diffusus","FACW"]
["Phyllanthus distichus","UPL"]
["Phyllanthus nivosus","UPL"]
["Phyllanthus nobilis","FACU"]
["Phyllanthus virosus","UPL"]
["Phymatosaurus","UPL"]
["Phymatosorus scolopendria","UPL"]
["Physalis angulata var. lanceifolia","FAC"]
["Physalis angulata var. pendula","FAC"]
["Physalis barbadensis","FAC"]
["Physalis cordata","FAC"]
["Physalis eggersii","FACU"]
["Physalis floridana","FAC"]
["Physalis lagascae","FACU"]
["Physalis lagascae var. glabrescens","FACU"]
["Physalis lanceifolia","FAC"]
["Physalis pendula","FAC"]
["Physalis pruinosa","FAC"]
["Physalis pubescens var. integrifolia","FAC"]
["Physalis turbinata","FAC"]
["Physurus hirtellus","FAC"]
["Physurus plantagineus","FAC"]
["Phytolacca acinosa","FACU"]
["Phytolacca octandra","FACU"]
["Piaropus crassipes","OBL"]
["Piaropus diversifolius","OBL"]
["Piaropus paniculatus","OBL"]
["Pilea obtusata","FACW"]
["Pilea repens","FACW"]
["Pilocereus strictus","UPL"]
["Pilosocereus nobilis","UPL"]
["Pimenta officinalis","UPL"]
["Pimenta pimenta","UPL"]
["Pinus caribaea","FACW"]
["Pinus densa","FACW"]
["Pinus densa var. austrokeyensis","FACW"]
["Pinus elliottii var. densa","FACW"]
["Pinus elliottii var. elliottii","FACW"]
["Pinus heterophylla","FACW"]
["Piper citrifolium","FACW"]
["Piper emarginellum","UPL"]
["Piper glabellum","FACU"]
["Piper hernandiifolium","UPL"]
["Piper humile","UPL"]
["Piper leptostachyon","UPL"]
["Piper maculosum","UPL"]
["Piper obtusifolium","UPL"]
["Piper pellucidum","FACU"]
["Piper peltatum","FACU"]
["Piper quadrifolium","UPL"]
["Piper rotundifolium","UPL"]
["Piper scabrum","FACW"]
["Piper serpens","UPL"]
["Piper tenellum","UPL"]
["Piper tetraphyllum","FACW"]
["Piper treleaseanum","UPL"]
["Piper tuberculatum","OBL"]
["Piper umbellatum","FACU"]
["Piper wydlerianum","FACW"]
["Piptadenia peregrina","UPL"]
["Piptanthocereus peruvianus","UPL"]
["Piptatherum confine","UPL"]
["Piptocoma rufescens","UPL"]
["Piriqueta caroliniana","FAC"]
["Piriqueta caroliniana var. exasperata","FAC"]
["Piriqueta caroliniana var. glabra","FAC"]
["Piriqueta caroliniana var. tomentosa","FAC"]
["Piriqueta caroliniana var. viridis","FAC"]
["Piriqueta cistoides ssp. caroliniana","FAC"]
["Piriqueta cistoides ssp. cistoides","FAC"]
["Piriqueta glabrescens","FAC"]
["Piriqueta ovata","UPL"]
["Piriqueta tomentosa","FAC"]
["Piriqueta tracyi","FAC"]
["Piriqueta viridis","FAC"]
["Piscidia erythrina","UPL"]
["Pisonia aculeata var. macranthocarpa","UPL"]
["Pisonia discolor","UPL"]
["Pisonia discolor var. longifolia","UPL"]
["Pisonia fragrans","UPL"]
["Pisonia helleri","UPL"]
["Pisonia obtusata","UPL"]
["Pistacia simaruba","UPL"]
["Pitcairnia angustifolia var. angustifolia","FAC"]
["Pitcairnia angustifolia var. simplicior","FAC"]
["Pitcairnia latifolia","FAC"]
["Pithecellobium arboreum","UPL"]
["Pithecellobium carbonarium","UPL"]
["Pithecellobium minutum","FACU"]
["Pithecellobium saman","FACU"]
["Pityrogramma calomelanos var. aureoflava","UPL"]
["Pityrogramma calomelanos var. austroamericana","UPL"]
["Pityrogramma chrysophylla","UPL"]
["Pityrogramma chrysophylla var. gabrielae","UPL"]
["Pityrogramma tartarea","FAC"]
["Plantago altissima","FACU"]
["Plantago asiatica","FACU"]
["Plantago halophila","FACU"]
["Plantago intermedia","FACU"]
["Plantago lanceolata var. sphaerostachya","FACU"]
["Plantago major ssp. intermedia","FACU"]
["Plantago major var. asiatica","FACU"]
["Plantago major var. intermedia","FACU"]
["Plantago major var. pachyphylla","FACU"]
["Plantago major var. pilgeri","FACU"]
["Plantago major var. scopulorum","FACU"]
["Platanthera repens","FACW"]
["Platypus altus","FACW"]
["Plectranthus blumei","FACU"]
["Plectranthus nummularius","UPL"]
["Plectranthus scutellarioides","FACU"]
["Pleopeltis revoluta","UPL"]
["Pleurothallis coriacea","UPL"]
["Pleurothallis crassipes","UPL"]
["Pleurothallis foliata","UPL"]
["Pleurothallis ghiesbreghtiana","UPL"]
["Pleurothallis longissima","UPL"]
["Pleurothallis pachyrachis","UPL"]
["Pleurothallis urbaniana","UPL"]
["Plinia dussii","OBL"]
["Plinia sintenisii","OBL"]
["Pluchea cortesii","FACW"]
["Pluchea odorata","FACW"]
["Pluchea odorata var. odorata","FACW"]
["Pluchea odorata var. succulenta","FACW"]
["Pluchea purpurascens","FACW"]
["Pluchea purpurascens var. succulenta","FACW"]
["Pluchea symphytifolia","FAC"]
["Pluchea symphytifolia","FACW"]
["Pluchea X fosbergii","FACW"]
["Plumbago capensis","UPL"]
["Plumbago rosea","UPL"]
["Plumbago scandens","UPL"]
["Poa agassizensis","FACU"]
["Poa alpigena","FACU"]
["Poa alpigena ssp. colpodea","FACU"]
["Poa alpigena var. colpodea","FACU"]
["Poa amabilis","FACU"]
["Poa angustifolia","FACU"]
["Poa annua var. aquatica","FACU"]
["Poa annua var. reptans","FACU"]
["Poa ciliaris","FACU"]
["Poa glutinosa","UPL"]
["Poa hypnoides","OBL"]
["Poa mexicana","FACU"]
["Poa nitida","FACW"]
["Poa pectinacea","FACU"]
["Poa pilosa","FACU"]
["Poa pratensis ssp. agassizensis","FACU"]
["Poa pratensis ssp. alpigena","FACU"]
["Poa pratensis ssp. angustifolia","FACU"]
["Poa pratensis ssp. colpodea","FACU"]
["Poa pratensis ssp. irrigata","FACU"]
["Poa pratensis ssp. pratensis","FACU"]
["Poa pratensis ssp. rigens","FACU"]
["Poa pratensis ssp. subcaerulea","FACU"]
["Poa pratensis var. alpigena","FACU"]
["Poa pratensis var. angustifolia","FACU"]
["Poa pratensis var. colpodea","FACU"]
["Poa pratensis var. domestica","FACU"]
["Poa pratensis var. gelida","FACU"]
["Poa pratensis var. iantha","FACU"]
["Poa pratensis var. rigens","FACU"]
["Poa pratensis var. vivipara","FACU"]
["Poa subcaerulea","FACU"]
["Poa tenella","FACU"]
["Pogonia macrophylla","FACW"]
["Poinciana gilliesii","UPL"]
["Poinciana pulcherrima","UPL"]
["Poinciana regia","UPL"]
["Poinsettia barbellata","FACU"]
["Poinsettia cyathophora","FACU"]
["Poinsettia cyathophora var. graminifolia","FACU"]
["Poinsettia geniculata","FACU"]
["Poinsettia graminifolia","FACU"]
["Poinsettia havanensis","FACU"]
["Poinsettia heterophylla","FACU"]
["Poinsettia pulcherrima","UPL"]
["Polanisia viscosa","FACU"]
["Polybotrya cervina","FAC"]
["Polygala brizoides","UPL"]
["Polygala cruciata ssp. aquilonia","OBL"]
["Polygala cruciata var. aquilonia","OBL"]
["Polygala cruciata var. cruciata","OBL"]
["Polygala cruciata var. cuspidata","OBL"]
["Polygala monticola var. brizoides","UPL"]
["Polygala ramosior","OBL"]
["Polygonum acre","OBL"]
["Polygonum acuminatum","OBL"]
["Polygonum aequale","UPL"]
["Polygonum arenastrum","UPL"]
["Polygonum aviculare ssp. aviculare","UPL"]
["Polygonum aviculare ssp. boreale","UPL"]
["Polygonum aviculare ssp. buxiforme","UPL"]
["Polygonum aviculare ssp. depressum","UPL"]
["Polygonum aviculare ssp. microspermum","UPL"]
["Polygonum aviculare ssp. neglectum","UPL"]
["Polygonum aviculare ssp. rurivagum","UPL"]
["Polygonum aviculare var. angustissimum","UPL"]
["Polygonum aviculare var. arenastrum","UPL"]
["Polygonum aviculare var. boreale","UPL"]
["Polygonum aviculare var. erectum","UPL"]
["Polygonum aviculare var. littorale","UPL"]
["Polygonum aviculare var. vegetum","UPL"]
["Polygonum boreale","UPL"]
["Polygonum buxiforme","UPL"]
["Polygonum densiflorum","OBL"]
["Polygonum glabrum","OBL"]
["Polygonum heterophyllum","UPL"]
["Polygonum hydropiperoides","OBL"]
["Polygonum hydropiperoides var. adenocalyx","OBL"]
["Polygonum hydropiperoides var. asperifolium","OBL"]
["Polygonum hydropiperoides var. breviciliatum","OBL"]
["Polygonum hydropiperoides var. bushianum","OBL"]
["Polygonum hydropiperoides var. digitatum","OBL"]
["Polygonum hydropiperoides var. euronotorum","OBL"]
["Polygonum hydropiperoides var. opelousanum","OBL"]
["Polygonum hydropiperoides var. psilostachyum","OBL"]
["Polygonum hydropiperoides var. strigosum","OBL"]
["Polygonum littorale","UPL"]
["Polygonum monspeliense","UPL"]
["Polygonum montereyense","UPL"]
["Polygonum neglectum","UPL"]
["Polygonum opelousanum","OBL"]
["Polygonum opelousanum var. adenocalyx","OBL"]
["Polygonum persicarioides","OBL"]
["Polygonum portoricense","OBL"]
["Polygonum punctatum","OBL"]
["Polygonum punctatum var. aquatile","OBL"]
["Polygonum punctatum var. confertiflorum","OBL"]
["Polygonum punctatum var. ellipticum","OBL"]
["Polygonum punctatum var. leptostachyum","OBL"]
["Polygonum punctatum var. majus","OBL"]
["Polygonum punctatum var. parviflorum","OBL"]
["Polygonum punctatum var. parvum","OBL"]
["Polygonum punctatum var. robustius","OBL"]
["Polygonum robustius","OBL"]
["Polygonum rurivagum","UPL"]
["Polygonum segetum","OBL"]
["Polygonum uvifera","FACU"]
["Polypodium abruptum","UPL"]
["Polypodium anfractuosum","UPL"]
["Polypodium angustifolium","UPL"]
["Polypodium aspleniifolium","UPL"]
["Polypodium astrolepis","UPL"]
["Polypodium aureum","UPL"]
["Polypodium aureum var. areolatum","UPL"]
["Polypodium chnoodes","UPL"]
["Polypodium consimile","UPL"]
["Polypodium costatum","UPL"]
["Polypodium crassifolium","UPL"]
["Polypodium cultratum","UPL"]
["Polypodium decumanum","UPL"]
["Polypodium dispersum","UPL"]
["Polypodium duale","UPL"]
["Polypodium hessii","UPL"]
["Polypodium heterophyllum","UPL"]
["Polypodium jubiforme","UPL"]
["Polypodium latum","UPL"]
["Polypodium loriceum","OBL"]
["Polypodium lycopodioides","UPL"]
["Polypodium mollissimum","UPL"]
["Polypodium myosuroides","UPL"]
["Polypodium pectinatum","UPL"]
["Polypodium phyllitidis","UPL"]
["Polypodium phyllitidis var. latum","UPL"]
["Polypodium phymatodes","UPL"]
["Polypodium piloselloides","UPL"]
["Polypodium plumula","UPL"]
["Polypodium pseudoaureum","UPL"]
["Polypodium ptilodon var. caespitosum","UPL"]
["Polypodium repens","FACW"]
["Polypodium scolopendria","UPL"]
["Polypodium sectifrons","UPL"]
["Polypodium sororium","UPL"]
["Polypodium squamatum","UPL"]
["Polypodium taenifolium","UPL"]
["Polypodium taxifolium","UPL"]
["Polypodium trichomanoides","UPL"]
["Polypodium trifurcatum","UPL"]
["Polypogon semiverticillatus","FACU"]
["Polyscias balfouriana","UPL"]
["Polyscias pinnata","UPL"]
["Polyscias rumphiana","UPL"]
["Polystachya cerea","UPL"]
["Polystachya extinctoria","UPL"]
["Polystachya flavescens","UPL"]
["Polystachya luteola","UPL"]
["Polystachya minor","UPL"]
["Polystachya minuta","UPL"]
["Polystichopsis chaerophylloides","UPL"]
["Polystichum adiantiforme","UPL"]
["Polystichum triangulum","UPL"]
["Polytaenium cajenense","UPL"]
["Polytaenium feei","UPL"]
["Polytaenium intramarginale","UPL"]
["Polytaenium lineatum","UPL"]
["Polytaenium urbanii","UPL"]
["Polytrias amaura","UPL"]
["Polytrias praemorsa","UPL"]
["Pongamia glabra","UPL"]
["Pongamia pinnata","UPL"]
["Pontederia cordata var. angustifolia","OBL"]
["Pontederia cordata var. lanceolata","OBL"]
["Pontederia cordata var. lancifolia","OBL"]
["Pontederia lanceolata","OBL"]
["Pontederia limosa","OBL"]
["Poponax tortuosa","UPL"]
["Porana paniculata","UPL"]
["Porophyllum macrocephalum var. leiocarpum","UPL"]
["Portulaca cyanosperma","FACU"]
["Portulaca mundula","FACU"]
["Portulaca neglecta","FAC"]
["Portulaca oleracea ssp. granulatostellulata","FAC"]
["Portulaca oleracea ssp. impolita","FAC"]
["Portulaca oleracea ssp. nicaraguensis","FAC"]
["Portulaca oleracea ssp. nitida","FAC"]
["Portulaca oleracea ssp. papillatostellulata","FAC"]
["Portulaca oleracea ssp. stellata","FAC"]
["Portulaca paniculata","UPL"]
["Portulaca parvula","FAC"]
["Portulaca phaeosperma","UPL"]
["Portulaca poliosperma","UPL"]
["Portulaca portulacastrum","FACW"]
["Portulaca retusa","FAC"]
["Potamogeton americanus","OBL"]
["Potamogeton angustifolius","OBL"]
["Potamogeton curtissii","OBL"]
["Potamogeton fibrillosus","OBL"]
["Potamogeton fluitans","OBL"]
["Potamogeton foliosus ssp. fibrillosus","OBL"]
["Potamogeton foliosus ssp. foliosus","OBL"]
["Potamogeton foliosus var. fibrillosus","OBL"]
["Potamogeton foliosus var. genuinus","OBL"]
["Potamogeton foliosus var. macellus","OBL"]
["Potamogeton heterophyllus","OBL"]
["Potamogeton insulanus","OBL"]
["Potamogeton lucens","OBL"]
["Pothomorphe peltata","FACU"]
["Pothomorphe umbellata","FACU"]
["Pothos aurea","FAC"]
["Pouteria mammosa","UPL"]
["Prestoea acuminata var. montana","FACW"]
["Prestoea montana","FACW"]
["Prinos macfadyenii","FACW"]
["Prinos nitidus","UPL"]
["Pritchardia filamentosa","FACU"]
["Pritchardia filifera","FACU"]
["Prosopis chilensis","FAC"]
["Prosopis chilensis var. glandulosa","FAC"]
["Prosopis glandulosa var. glandulosa","FAC"]
["Prosopis glandulosa var. prostrata","FAC"]
["Prosopis glandulosa var. torreyana","FAC"]
["Prosopis juliflora","FAC"]
["Prosopis juliflora var. glandulosa","FAC"]
["Prosopis juliflora var. torreyana","FAC"]
["Prosopis limensis","FAC"]
["Prosopis odorata","FAC"]
["Proustia krugiana","UPL"]
["Pseuderanthemum fasciculatum","UPL"]
["Pseuderanthemum praecox","UPL"]
["Pseudolycopodiella caroliniana var. caroliniana","OBL"]
["Pseudolycopodiella caroliniana var. meridionalis","OBL"]
["Pseudophoenix saonae","UPL"]
["Pseudophoenix sargentii ssp. saonae","UPL"]
["Pseudophoenix vinifera","UPL"]
["Psidium cattleianum var. littorale","UPL"]
["Psidium littorale","UPL"]
["Psiguria trifoliata","UPL"]
["Psilocarya nitens","OBL"]
["Psilocarya portoricensis","OBL"]
["Psilocarya rufa","OBL"]
["Psilogramme hispidulus","UPL"]
["Psilogramme portoricensis","UPL"]
["Psychotria alpina","FACU"]
["Psychotria bahamensis","UPL"]
["Psychotria crocea","FAC"]
["Psychotria lanceolata","FAC"]
["Psychotria nervosa var. lanceolata","FAC"]
["Psychotria patens","UPL"]
["Psychotria pinularis","UPL"]
["Psychotria portoricensis","FAC"]
["Psychotria sulzneri","FACU"]
["Psychotria undata","FAC"]
["Ptelea viscosa","UPL"]
["Pteridium aquilinum ssp. caudatum","UPL"]
["Pteridium aquilinum var. arachnoideum","UPL"]
["Pteridium aquilinum var. caudatum","UPL"]
["Pteris crassipes","FACW"]
["Pteris longifolia","UPL"]
["Pteris quadriaurita","FACW"]
["Pterocaulon alopecuroideum","UPL"]
["Ptychomeria portoricensis","FAC"]
["Pycreus flavescens","OBL"]
["Pycreus polystachyos","FACW"]
["Pycreus polystachyos ssp. holosericeus","FACW"]
["Pycreus unioloides","OBL"]
["Pyrostegia ignea","UPL"]
["Quamoclit quamoclit","FACU"]
["Quamoclit vulgaris","FACU"]
["Quassia excelsa","UPL"]
["Radicula heterophylla","FAC"]
["Radicula hispida","FACW"]
["Radicula palustris","FACW"]
["Radicula portoricensis","OBL"]
["Ramium niveum","UPL"]
["Randia aculeata var. mitis","UPL"]
["Randia mitis","UPL"]
["Ranunculus recurvatus var. adpressipilis","FACU"]
["Ranunculus recurvatus var. recurvatus","FACU"]
["Ranunculus recurvatus var. tropicus","FACU"]
["Ranunculus recurvatus var. typicus","FACU"]
["Rapanea coriacea","FACU"]
["Rapanea ferruginea","FACU"]
["Rapanea guianensis","FAC"]
["Rapanea punctata","FAC"]
["Raphanus lanceolatus","FAC"]
["Raphanus raphanistrum var. sativus","UPL"]
["Ratonia domingensis","UPL"]
["Rauvolfia lamarckii","UPL"]
["Rauvolfia tetraphylla","UPL"]
["Raymondiella","UPL"]
["Rectanthera fragrans","UPL"]
["Renealmia antillarua","OBL"]
["Renealmia exaltata","OBL"]
["Renealmia jamaicensis var. puberula","OBL"]
["Renealmia occidentalis","FACU"]
["Renealmia recurvata","UPL"]
["Renealmia usneoides","UPL"]
["Rhacoma crossopetalum","UPL"]
["Rhamnus ferreus","UPL"]
["Rhamnus sphaerosperma var. longipes","FAC"]
["Rhaphidophora aurea","FAC"]
["Rheedia acuminata","FAC"]
["Rheedia hessii","UPL"]
["Rheedia portoricensis","FAC"]
["Rhipsalis cassutha","UPL"]
["Rhoeo discolor","UPL"]
["Rhoeo spathacea","UPL"]
["Rhynchelytrum repens","UPL"]
["Rhynchelytrum roseum","UPL"]
["Rhynchophorum floridanum","UPL"]
["Rhynchophorum obtusifolium","UPL"]
["Rhynchophorum spathulifolium","UPL"]
["Rhynchosia minima var. diminifolia","UPL"]
["Rhynchospora bahamensis","OBL"]
["Rhynchospora blauneri","OBL"]
["Rhynchospora borinquensis","FACW"]
["Rhynchospora breviseta","OBL"]
["Rhynchospora bruneri","OBL"]
["Rhynchospora cyperoides","OBL"]
["Rhynchospora distans","FACW"]
["Rhynchospora drummondiana","FACW"]
["Rhynchospora edisoniana","FACW"]
["Rhynchospora elongata","UPL"]
["Rhynchospora fascicularis var. distans","FACW"]
["Rhynchospora glauca","FAC"]
["Rhynchospora globularis var. recognita","FACW"]
["Rhynchospora hispidula","UPL"]
["Rhynchospora intermixta","OBL"]
["Rhynchospora lavarum","FAC"]
["Rhynchospora lindeniana var. bahamensis","OBL"]
["Rhynchospora longiflora","FACW"]
["Rhynchospora luquillensis","OBL"]
["Rhynchospora micrantha","OBL"]
["Rhynchospora nervosa ssp. ciliata","UPL"]
["Rhynchospora obliterata","FACW"]
["Rhynchospora oligantha var. breviseta","OBL"]
["Rhynchospora podosperma","FACW"]
["Rhynchospora radicans ssp. microcephala","FAC"]
["Rhynchospora rufa","OBL"]
["Rhynchospora rugosa ssp. lavarum","FAC"]
["Rhynchospora rugosa ssp. rugosa","FAC"]
["Rhynchospora semiplumosa","OBL"]
["Rhynchospora setacea","FACW"]
["Rhynchospora stellata","FACW"]
["Rhynchospora stipitata","OBL"]
["Rhynchospora sulcata","FACW"]
["Rhynchospora tenuis","OBL"]
["Rhynchospora tenuis","FACW"]
["Rhytiglossa verticillaris","OBL"]
["Ricinella ricinella","UPL"]
["Riedlea hirsuta","FACW"]
["Rivea campanulata","FACW"]
["Rivea corymbosa","UPL"]
["Rivea nervosa","UPL"]
["Rivina octandra","FACU"]
["Rochefortia cuneata","UPL"]
["Rondeletia microdon","UPL"]
["Rondeletia repens","FAC"]
["Rorippa coloradensis","FAC"]
["Rorippa heterophylla","FAC"]
["Rorippa hispida","FACW"]
["Rorippa hispida var. glabrata","FACW"]
["Rorippa indica var. apetala","FAC"]
["Rorippa islandica ssp. fernaldiana","FACW"]
["Rorippa islandica var. fernaldiana","FACW"]
["Rorippa islandica var. glabra","FACW"]
["Rorippa islandica var. glabrata","FACW"]
["Rorippa islandica var. hispida","FACW"]
["Rorippa islandica var. microcarpa","FACW"]
["Rorippa islandica var. occidentalis","FACW"]
["Rorippa montana","FAC"]
["Rorippa nasturtium-aquaticum","OBL"]
["Rorippa palustris ssp. fernaldiana","FACW"]
["Rorippa palustris ssp. glabra","FACW"]
["Rorippa palustris ssp. hispida","FACW"]
["Rorippa palustris ssp. occidentalis","FACW"]
["Rorippa palustris ssp. palustris","FACW"]
["Rorippa palustris var. cernua","FACW"]
["Rorippa palustris var. clavata","FACW"]
["Rorippa palustris var. dictyota","FACW"]
["Rorippa palustris var. elongata","FACW"]
["Rorippa palustris var. glabra","FACW"]
["Rorippa palustris var. glabrata","FACW"]
["Rorippa palustris var. hispida","FACW"]
["Rorippa palustris var. occidentalis","FACW"]
["Rorippa palustris var. reptabunda","FACW"]
["Rorippa palustris var. williamsii","FACW"]
["Roseodendron donnell-smithii","UPL"]
["Rosmarinus officinalis var. prostratus","UPL"]
["Rotala catholica","OBL"]
["Rotala dentifera","OBL"]
["Rotala ramosior var. interior","OBL"]
["Rotala ramosior var. typica","OBL"]
["Rottboellia exaltata","FACU"]
["Roystonea floridana","FAC"]
["Roystonea regia","FAC"]
["Ruellia alopecuroidea","FACU"]
["Ruellia brasiliensis","FACW"]
["Ruellia brittoniana","FACW"]
["Ruellia caerulea","FACW"]
["Ruellia lacustris","FACW"]
["Ruellia malacosperma","FACW"]
["Ruellia reptans","UPL"]
["Ruellia tweedieana","FACW"]
["Rumex crispus ssp. crispus","FAC"]
["Rumex crispus ssp. fauriei","FAC"]
["Rumex fauriei","FAC"]
["Ruppia anomala","OBL"]
["Ruppia cirrhosa ssp. occidentalis","OBL"]
["Ruppia maritima","OBL"]
["Ruppia maritima var. brevirostris","OBL"]
["Ruppia maritima var. exigua","OBL"]
["Ruppia maritima var. intermedia","OBL"]
["Ruppia maritima var. longipes","OBL"]
["Ruppia maritima var. obliqua","OBL"]
["Ruppia maritima var. occidentalis","OBL"]
["Ruppia maritima var. pacifica","OBL"]
["Ruppia maritima var. rostrata","OBL"]
["Ruppia maritima var. spiralis","OBL"]
["Ruppia maritima var. subcapitata","OBL"]
["Ruppia occidentalis","OBL"]
["Ruppia pectinata","OBL"]
["Ruppia spiralis","OBL"]
["Russelia juncea","UPL"]
["Rytilix granularis","FAC"]
["Sabal bermudiana","UPL"]
["Sabicea hirsuta","FAC"]
["Sabinea florida","UPL"]
["Sabinea punicea","UPL"]
["Saccharum ciliare","UPL"]
["Saccharum contractum","UPL"]
["Saccharum pappiferum","FACU"]
["Saccharum repens","UPL"]
["Saccharum sagittatum","FACW"]
["Sacoila lanceolata var. paludicola","FAC"]
["Sacoila paludicola","FAC"]
["Sagittaria angustifolia","OBL"]
["Sagittaria engelmanniana ssp. longirostra","OBL"]
["Sagittaria esculenta","OBL"]
["Sagittaria falcata","OBL"]
["Sagittaria lancifolia ssp. lancifolia","OBL"]
["Sagittaria lancifolia ssp. media","OBL"]
["Sagittaria lancifolia var. media","OBL"]
["Sagittaria latifolia var. obtusa","OBL"]
["Sagittaria latifolia var. pubescens","OBL"]
["Sagittaria longirostra","OBL"]
["Sagittaria obtusa","OBL"]
["Sagittaria ornithorhyncha","OBL"]
["Sagittaria planipes","OBL"]
["Sagittaria pubescens","OBL"]
["Sagittaria variabilis var. obtusa","OBL"]
["Sagittaria viscosa","OBL"]
["Sagotia triflora","FACU"]
["Salicornia ambigua","OBL"]
["Salicornia europaea","OBL"]
["Salicornia europaea var. pachystachya","OBL"]
["Salicornia europaea var. simplex","OBL"]
["Salicornia maritima","OBL"]
["Salicornia mucronata","OBL"]
["Salicornia perennis","OBL"]
["Salicornia virginica","OBL"]
["Salicornia virginica","OBL"]
["Salix babylonica","FACU"]
["Salix brachycarpa var. alticola","FACW"]
["Salix brachycarpa var. antimima","FACW"]
["Salix brachycarpa var. brachycarpa","FACW"]
["Salix brachycarpa var. glabellicarpa","FACW"]
["Salix brachycarpa var. psammophila","FACW"]
["Salix brachycarpa var. sansonii","FACW"]
["Salix chilensis","UPL"]
["Salix chlorolepis var. antimima","FACW"]
["Salix desertorum var. fruticulosa","FACW"]
["Salix desertorum var. stricta","FACW"]
["Salix humboldtiana var. fastigiata","UPL"]
["Salix salomonii","FACU"]
["Salix stricta","FACW"]
["Salix taxifolia","FACW"]
["Salix taxifolia var. lejocarpa","FACW"]
["Salix taxifolia var. limitanea","FACW"]
["Salix taxifolia var. seriocarpa","FACW"]
["Salix X sepulcralis var. chrysocoma","FACU"]
["Salvinia auriculata","OBL"]
["Salvinia laevigata","OBL"]
["Salvinia natans","OBL"]
["Salvinia rotundifolia","OBL"]
["Salvinia rotundifolia","OBL"]
["Sambucus caerulea","FAC"]
["Sambucus caerulea var. mexicana","FAC"]
["Sambucus caerulea var. neomexicana","FAC"]
["Sambucus caerulea var. velutina","FAC"]
["Sambucus canadensis","FAC"]
["Sambucus canadensis var. laciniata","FAC"]
["Sambucus canadensis var. submollis","FAC"]
["Sambucus glauca","FAC"]
["Sambucus laciniata","FAC"]
["Sambucus mexicana","FAC"]
["Sambucus mexicana ssp. caerulea","FAC"]
["Sambucus mexicana var. caerulea","FAC"]
["Sambucus neomexicana","FAC"]
["Sambucus neomexicana var. vestita","FAC"]
["Sambucus nigra ssp. caerulea","FAC"]
["Sambucus nigra ssp. canadensis","FAC"]
["Sambucus nigra ssp. nigra","FAC"]
["Sambucus nigra var. laciniata","FAC"]
["Sambucus orbiculata","FAC"]
["Sambucus simpsonii","FAC"]
["Sambucus velutina","FAC"]
["Samolus floribundus","OBL"]
["Samolus valerandi ssp. parviflorus","OBL"]
["Samyda guidonia","UPL"]
["Samyda spinulosa","UPL"]
["Sansevieria metallica","UPL"]
["Sansevieria thyrsiflora","UPL"]
["Sapindus drummondii","UPL"]
["Sapindus marginatus","UPL"]
["Sapindus saponaria var. drummondii","UPL"]
["Sapindus saponaria var. saponaria","UPL"]
["Sapindus thurstonii","UPL"]
["Sapium aucuparium","UPL"]
["Sapium caribaeum","UPL"]
["Sapium jamaicense","UPL"]
["Sapium sebiferum","FAC"]
["Sapota achras","UPL"]
["Saracha antillana","UPL"]
["Sarcocornia perennis","OBL"]
["Sarcomphalus domingensis","UPL"]
["Sarcomphalus reticulatus","UPL"]
["Sarcomphalus taylorii","UPL"]
["Sarcostemma clausum","FACW"]
["Sargentia aricocca","UPL"]
["Saribus oliviformis","UPL"]
["Sassia violacea","UPL"]
["Schinus terebinthifolia var. raddianus","FACW"]
["Schinus terebinthifolia var. rhoifolius","FACW"]
["Schizachyrium gracile","UPL"]
["Schizachyrium sericatum","UPL"]
["Schizaea elegans","OBL"]
["Schizaea germanii","FAC"]
["Schizaea pennula","FAC"]
["Schlegelia portoricensis","FACW"]
["Schmidelia occidentalis","UPL"]
["Schobera angiosperma","UPL"]
["Schoenoplectus lacustris ssp. creber","OBL"]
["Schoenoplectus lacustris ssp. tabernaemontani","OBL"]
["Schoenoplectus lacustris ssp. validus","OBL"]
["Schoenoplectus pungens var. badius","OBL"]
["Schoenoplectus pungens var. longispicatus","OBL"]
["Schoenoplectus pungens var. pungens","OBL"]
["Schoenoplectus validus","OBL"]
["Schoenoplectus validus ssp. creber","OBL"]
["Schoenoplectus validus ssp. luxurians","OBL"]
["Schoenus coloratus","FACW"]
["Schoenus fascicularis","FACW"]
["Schoenus rariflorus","OBL"]
["Schoenus rugosus","FAC"]
["Schoepfia chrysophylloides","UPL"]
["Schradera vahlii","FACU"]
["Sciacassia siamea","UPL"]
["Scindapsus aureus","FAC"]
["Scirpus americanus","OBL"]
["Scirpus americanus","OBL"]
["Scirpus americanus var. longispicatus","OBL"]
["Scirpus americanus var. monophyllus","OBL"]
["Scirpus americanus var. polyphyllus","OBL"]
["Scirpus capillaris","FAC"]
["Scirpus caribaea","OBL"]
["Scirpus carolinianus","FACW"]
["Scirpus chilensis","OBL"]
["Scirpus complanatus","FACW"]
["Scirpus conglomeratus","OBL"]
["Scirpus corymbosus","FACW"]
["Scirpus cubensis","OBL"]
["Scirpus dichotomus","FACW"]
["Scirpus ferrugineus","OBL"]
["Scirpus flavescens","OBL"]
["Scirpus fuirenus","OBL"]
["Scirpus geniculata","OBL"]
["Scirpus interstinctus","OBL"]
["Scirpus lacustris ssp. creber","OBL"]
["Scirpus lacustris ssp. glaucus","OBL"]
["Scirpus lacustris ssp. tabernaemontani","OBL"]
["Scirpus lacustris ssp. validus","OBL"]
["Scirpus lithospermus","UPL"]
["Scirpus micranthus","OBL"]
["Scirpus micranthus var. minor","OBL"]
["Scirpus miliaceus","FACW"]
["Scirpus monophyllus","OBL"]
["Scirpus montana","OBL"]
["Scirpus mutatus","OBL"]
["Scirpus olneyi","OBL"]
["Scirpus pachystylus","OBL"]
["Scirpus pungens","OBL"]
["Scirpus pungens ssp. monophyllus","OBL"]
["Scirpus pungens var. longisetus","OBL"]
["Scirpus pungens var. longispicatus","OBL"]
["Scirpus pungens var. polyphyllus","OBL"]
["Scirpus quinquangularis","FACW"]
["Scirpus retroflexus","OBL"]
["Scirpus rostellatus","OBL"]
["Scirpus tabernaemontani","OBL"]
["Scirpus validus","OBL"]
["Scirpus validus var. creber","OBL"]
["Scleria ciliata var. curtissii","FAC"]
["Scleria ciliata var. elliottii","FAC"]
["Scleria ciliata var. glabra","FACW"]
["Scleria cubensis","FACW"]
["Scleria curtissii","FAC"]
["Scleria doradoensis","FACW"]
["Scleria elliottii","FAC"]
["Scleria gracilis","FACW"]
["Scleria grisebachii","OBL"]
["Scleria hirtella","FACW"]
["Scleria interrupta","FACW"]
["Scleria nutans","FACW"]
["Scleria pauciflora var. caroliniana","FACW"]
["Scleria pauciflora var. curtissii","FAC"]
["Scleria pauciflora var. glabra","FACW"]
["Scleria pauciflora var. kansana","FACW"]
["Scleria pauciflora var. pauciflora","FACW"]
["Scleria pterota var. melaleuca","FACW"]
["Scleria reticularis","OBL"]
["Scleria reticularis var. pubescens","OBL"]
["Scleria reticularis var. pumila","OBL"]
["Scleria setacea","OBL"]
["Scleria stevensiana","OBL"]
["Scleria tenella","OBL"]
["Scolosanthus densiflorus","UPL"]
["Scolosanthus multiflorus","UPL"]
["Scrophularia californica ssp. californica","UPL"]
["Scrophularia californica ssp. floribunda","UPL"]
["Scrophularia californica var. floribunda","UPL"]
["Scrophularia californica var. laciniata","UPL"]
["Scrophularia floribunda","UPL"]
["Scrophularia multiflora","UPL"]
["Scrophularia nodosa var. californica","UPL"]
["Sebastiania corniculata","FAC"]
["Sebesten rickseckeri","UPL"]
["Sebesten sebestena","UPL"]
["Securidaca volubilis","FAC"]
["Securinega acidoton","UPL"]
["Selaginella albonitens","OBL"]
["Selaginella plagiochila","OBL"]
["Selaginella portoricensis","OBL"]
["Selaginella sintenisii","UPL"]
["Selaginella stolonifera","UPL"]
["Selenicereus macdonaldiae","UPL"]
["Senecio cacalioides","FAC"]
["Senecio confusus","UPL"]
["Senecio hieraciifolius var. hieraciifolius","FAC"]
["Senecio hieraciifolius var. megalocarpus","FAC"]
["Senecioides cinerea","UPL"]
["Senegalia westiana","UPL"]
["Senna angustifolia","UPL"]
["Senna hirsuta var. glaberrima","FAC"]
["Senna hirsuta var. hirsuta","FAC"]
["Senna obovata","UPL"]
["Senna pendula var. advena","FAC"]
["Senna pendula var. glabrata","FAC"]
["Senna pendula var. stahlii","FAC"]
["Sesamum indicum","UPL"]
["Sesban bispinosus","UPL"]
["Sesban emerus","OBL"]
["Sesbania aculeata","UPL"]
["Sesbania arborea","UPL"]
["Sesbania hawaiiensis","UPL"]
["Sesbania hobdyi","UPL"]
["Sesbania tomentosa var. molokaiensis","UPL"]
["Sesuvium sessile","OBL"]
["Setaria chapmanii","UPL"]
["Setaria geminata","OBL"]
["Setaria geniculata","FAC"]
["Setaria germinata var. paludivaga","OBL"]
["Setaria glauca","UPL"]
["Setaria glauca","UPL"]
["Setaria glauca var. pallidifusca","UPL"]
["Setaria gracilis","FAC"]
["Setaria italica subvar. metzgeri","UPL"]
["Setaria italica var. metzgeri","UPL"]
["Setaria italica var. stramineofructa","UPL"]
["Setaria lutescens","UPL"]
["Setaria pallidifusca","UPL"]
["Setaria pumila ssp. pallidifusca","UPL"]
["Setaria pumila ssp. pumila","UPL"]
["Setiscapella cleistogama","OBL"]
["Setiscapella pusilla","OBL"]
["Setiscapella subulata","OBL"]
["Sicyos trifoliatus","FACU"]
["Sida acuminata","UPL"]
["Sida acuta ssp. carpinifolia","UPL"]
["Sida acuta var. carpinifolia","UPL"]
["Sida alba","UPL"]
["Sida angustifolia","UPL"]
["Sida carpinifolia","UPL"]
["Sida ciliaris var. mexicana","UPL"]
["Sida cordata","UPL"]
["Sida cristata","UPL"]
["Sida eggersii","UPL"]
["Sida erecta","UPL"]
["Sida filicaulis","UPL"]
["Sida filiformis","UPL"]
["Sida holwayi","UPL"]
["Sida humilis","UPL"]
["Sida humilis var. veronicifolia","UPL"]
["Sida javensis ssp. expilosa","UPL"]
["Sida procumbens","UPL"]
["Sida pyramidata","UPL"]
["Sida setifera","UPL"]
["Sida spinosa var. angustifolia","UPL"]
["Sida supina","UPL"]
["Sida ulmifolia","UPL"]
["Sida villosa","FACW"]
["Sidastrum acuminatum","UPL"]
["Sideroxylum sapota","UPL"]
["Silphium trilobatum","FACU"]
["Simpsonia microcarpa","UPL"]
["Sinapis juncea","UPL"]
["Siphonanthus indicus","UPL"]
["Sisymbrium apetalum","FAC"]
["Sisymbrium dubium","FAC"]
["Sisymbrium indicum","FAC"]
["Sisymbrium nasturtium-aquaticum","OBL"]
["Sisyrinchium brownei","FACU"]
["Sisyrinchium bulbosum","UPL"]
["Sisyrinchium exile","FACU"]
["Sisyrinchium micranthum","FACU"]
["Sitodium altile","UPL"]
["Smilax havanensis","FAC"]
["Soja hispida","UPL"]
["Soja max","UPL"]
["Solandra nitida","UPL"]
["Solanum aculeatissimum","FAC"]
["Solanum americanum var. nodiflorum","FAC"]
["Solanum americanum var. patulum","FAC"]
["Solanum antillarum","OBL"]
["Solanum bahamense var. luxurians","UPL"]
["Solanum bahamense var. rugelii","UPL"]
["Solanum blodgettii","UPL"]
["Solanum ciliatum","FAC"]
["Solanum erianthum var. adulterinum","UPL"]
["Solanum ficifolium","FACU"]
["Solanum fistulosum","FAC"]
["Solanum guanicense","FACU"]
["Solanum hermannii","FAC"]
["Solanum lanceifolium","UPL"]
["Solanum linnaeanum","FAC"]
["Solanum nigrum var. americanum","FAC"]
["Solanum nigrum var. virginicum","FAC"]
["Solanum nodiflorum","FAC"]
["Solanum persicifolium","UPL"]
["Solanum racemosum","UPL"]
["Solanum rubrum","UPL"]
["Solanum sodomeum","FAC"]
["Solanum verbascifolium","UPL"]
["Solanum verbascifolium","UPL"]
["Solidago angustifolia","FACU"]
["Solidago mexicana","FACU"]
["Solidago petiolata","FACU"]
["Solidago sempervirens var. mexicana","FACU"]
["Solidago sempervirens var. sempervirens","FACU"]
["Sophora littoralis","FACU"]
["Sophora tomentosa ssp. bahamensis","FACU"]
["Sophora tomentosa ssp. littoralis","FACU"]
["Sophora tomentosa ssp. occidentalis","FACU"]
["Sophora tomentosa var. littoralis","FACU"]
["Sophora tomentosa var. occidentalis","FACU"]
["Sophora tomentosa var. truncata","FACU"]
["Sorengia longifolia ssp. rigidula","OBL"]
["Sorengia tenera","OBL"]
["Sorghastrum parviflorum","UPL"]
["Sorghum arundinaceum","UPL"]
["Sorghum bicolor ssp. arundinaceum","UPL"]
["Sorghum bicolor ssp. bicolor","UPL"]
["Sorghum bicolor ssp. drummondii","UPL"]
["Sorghum bicolor ssp. verticilliflorum","UPL"]
["Sorghum bicolor var. aethiopicum","UPL"]
["Sorghum bicolor var. caffrorum","UPL"]
["Sorghum bicolor var. drummondii","UPL"]
["Sorghum bicolor var. sudanense","UPL"]
["Sorghum bicolor var. virgatum","UPL"]
["Sorghum caffrorum","UPL"]
["Sorghum cernuum","UPL"]
["Sorghum dochna","UPL"]
["Sorghum dochna var. technicum","UPL"]
["Sorghum drummondii","UPL"]
["Sorghum durra","UPL"]
["Sorghum lanceolatum","UPL"]
["Sorghum saccharatum","UPL"]
["Sorghum subglabrescens","UPL"]
["Sorghum sudanense","UPL"]
["Sorghum verticilliflorum","UPL"]
["Sorghum virgatum","UPL"]
["Sorghum vulgare","UPL"]
["Sorghum vulgare var. caffrorum","UPL"]
["Sorghum vulgare var. drummondii","UPL"]
["Sorghum vulgare var. durra","UPL"]
["Sorghum vulgare var. roxburghii","UPL"]
["Sorghum vulgare var. saccharatum","UPL"]
["Sorghum vulgare var. technicum","UPL"]
["Spartina patens var. juncea","FACW"]
["Spartina patens var. monogyna","FACW"]
["Spathiger ramosus","UPL"]
["Spathiger rigidus","UPL"]
["Spermacoce assurgens","UPL"]
["Spermacoce hirta","FACU"]
["Spermacoce mauritiana","UPL"]
["Spermacoce ocymoides","FACU"]
["Spermacoce repens","FACU"]
["Spermacoce riparia","FACU"]
["Spermacoce serrulata","FACU"]
["Spermacoce suffrutescens","UPL"]
["Sphenomeris clavata","UPL"]
["Spilanthes iodiscaea","OBL"]
["Spilanthes pusilla","UPL"]
["Spiranthes adnata","FACU"]
["Spiranthes amabilis","FACW"]
["Spiranthes amesiana","FAC"]
["Spiranthes cranichoides","FACW"]
["Spiranthes elata","FAC"]
["Spiranthes fawcettii","FACW"]
["Spiranthes lanceolata","FAC"]
["Spiranthes lanceolata var. paludicola","FAC"]
["Spiranthes lineata","FACW"]
["Spiranthes lucayana","UPL"]
["Spiranthes orchioides","FAC"]
["Spiranthes polyantha","UPL"]
["Spiranthes speciosa","UPL"]
["Spiranthes tortilis","FAC"]
["Spirodela oligorrhiza","OBL"]
["Spirodela polyrhiza var. masonii","OBL"]
["Spirodela polyrrhiza var. masonii","UPL"]
["Spirodela punctata","OBL"]
["Spironema fragrans","UPL"]
["Spironema robbinsii","FACU"]
["Spondias cytherea","UPL"]
["Spondias lutea","UPL"]
["Sporobolus africanus","FACU"]
["Sporobolus angustus","FACU"]
["Sporobolus argutus","FAC"]
["Sporobolus berterianus","FACU"]
["Sporobolus coromandelianus","FAC"]
["Sporobolus fertilis","FACU"]
["Sporobolus indicus var. capensis","FACU"]
["Sporobolus indicus var. indicus","FACU"]
["Sporobolus indicus var. major","FACU"]
["Sporobolus indicus var. pyramidalis","FACU"]
["Sporobolus jacquemontii","FACU"]
["Sporobolus muralis","UPL"]
["Sporobolus patens","FAC"]
["Sporobolus poiretii","FACU"]
["Sporobolus pulvinatus","FAC"]
["Sporobolus pyramidalis","FACU"]
["Stachytarpheta dichotoma","FACU"]
["Stachytarpheta indica","FACU"]
["Stachytarpheta urticifolia","FACU"]
["Stemmodontia calycina","FAC"]
["Stemodia arizonica","FACW"]
["Stenocereus hystrix","UPL"]
["Stenocereus peruvianus","UPL"]
["Stenochlaena amydrophlebia","OBL"]
["Stenochlaena kunzeana","UPL"]
["Stenochlaena sorbifolia","UPL"]
["Stenolobium caeruleum","FAC"]
["Stenophyllus capillaris","FAC"]
["Stenophyllus curassavicus","UPL"]
["Stenophyllus portoricensis","UPL"]
["Stenorrhynchos lanceolatum","FAC"]
["Stenorrhynchos lanceolatum var. paludicola","FAC"]
["Stenorrhynchos orchioides","FAC"]
["Stenorrhynchos speciosus","UPL"]
["Stenostomum acutatum","UPL"]
["Stenostomum coriaceum","UPL"]
["Stenostomum lucidum","UPL"]
["Stenostomum obtusifolium","FACW"]
["Stenostomum portoricense","UPL"]
["Stenostomum sintenisii","UPL"]
["Stethoma comata","OBL"]
["Stethoma pectoralis","UPL"]
["Stethoma verticillaris","OBL"]
["Stictocardia campanulata","FACW"]
["Stigmaphyllon cordifolium","UPL"]
["Stigmaphyllon ledifolium","UPL"]
["Stigmaphyllon lingulatum","UPL"]
["Stigmaphyllon ovatum","FACW"]
["Stigmaphyllon periplocifolium","UPL"]
["Stigmaphyllon rubrinervum","UPL"]
["Stigmaphyllon tomentosum","UPL"]
["Stomoisia juncea","OBL"]
["Stomoisia virgatula","OBL"]
["Struthiopteris exaltata","OBL"]
["Struthiopteris lineata","FAC"]
["Struthiopteris polypodioides","UPL"]
["Stylosanthes gracilis","UPL"]
["Stylosanthes guianensis var. guianensis","UPL"]
["Stylosanthes guianensis var. intermedia","UPL"]
["Stylosanthes guineensis","UPL"]
["Suaeda duripes","FACW"]
["Suaeda fruticosa","FACW"]
["Suaeda intermedia","FACW"]
["Suaeda moquinii","FACW"]
["Suaeda nigra var. ramosissima","FACW"]
["Suaeda nigrescens","FACW"]
["Suaeda nigrescens var. glabra","FACW"]
["Suaeda ramosissima","FACW"]
["Suaeda suffrutescens","FACW"]
["Suaeda suffrutescens var. detonsa","FACW"]
["Suaeda torreyana","FACW"]
["Suaeda torreyana var. ramosissima","FACW"]
["Swartzia grandiflora","UPL"]
["Symphyotrichum subulatum var. ligulatum","FACW"]
["Symphyotrichum subulatum var. parviflorum","FACW"]
["Symplocos polyantha","UPL"]
["Syngonium podophyllum var. albolineatum","UPL"]
["Syntherisma argillacea","UPL"]
["Syntherisma chinensis","UPL"]
["Syntherisma digitata","UPL"]
["Syntherisma ischaemum","UPL"]
["Syntherisma marginata","UPL"]
["Syntherisma panicea","UPL"]
["Syntherisma sanguinalis","UPL"]
["Syntherisma villosa","UPL"]
["Tabebuia argentea","UPL"]
["Tabebuia caraiba","UPL"]
["Tabebuia heterophylla ssp. pallida","UPL"]
["Tabebuia lucida","UPL"]
["Tabebuia pallida","UPL"]
["Tabebuia pentaphylla","UPL"]
["Tabebuia triphylla","UPL"]
["Tabernaemontana coronaria","UPL"]
["Tabernaemontana oppositifolia","UPL"]
["Tagetes corymbosa","UPL"]
["Tagetes major","UPL"]
["Tagetes remotiflora","UPL"]
["Tagetes rotundifolia","UPL"]
["Tagetes signata","UPL"]
["Tagetes tenuifolia","UPL"]
["Talinum chrysanthum","UPL"]
["Talinum fruticosum","UPL"]
["Talinum paniculatum var. paniculatum","UPL"]
["Talinum paniculatum var. sarmentosum","UPL"]
["Talinum reflexum","UPL"]
["Talinum spathulatum","UPL"]
["Talipariti tiliaceum var. pernambucense","FACW"]
["Talipariti tiliaceum var. tiliaceum","FACW"]
["Tamarix africana","FAC"]
["Tamarix articulata","FACW"]
["Tamarix tetrandra","FACW"]
["Tamonea guianensis","FACU"]
["Tamonea macrophylla","FACU"]
["Tamonea spicata","UPL"]
["Taonabo heptasepala","OBL"]
["Taonabo luquillensis","OBL"]
["Taonabo pachyphylla","FACU"]
["Taonabo peduncularis","FACW"]
["Taonabo stahlii","FACU"]
["Taonabo subsessilis","FAC"]
["Taraxacum atroglaucum","FAC"]
["Taraxacum campylodes","FAC"]
["Taraxacum croceum","FAC"]
["Taraxacum curvidens","FAC"]
["Taraxacum cyclocentrum","FAC"]
["Taraxacum dahlstedtii","FAC"]
["Taraxacum davidssonii","FAC"]
["Taraxacum devians","FAC"]
["Taraxacum dilutisquameum","FAC"]
["Taraxacum firmum","FAC"]
["Taraxacum islandiciforme","FAC"]
["Taraxacum kok-saghyz","FAC"]
["Taraxacum officinale var. palustre","FAC"]
["Taraxacum pleniflorum","FAC"]
["Taraxacum retroflexum","FAC"]
["Taraxacum rhodolepis","FAC"]
["Taraxacum undulatum","FAC"]
["Taraxacum vagans","FAC"]
["Taraxacum xanthostigma","FAC"]
["Tecoma ricasoliana","UPL"]
["Tecoma stans var. angustatum","UPL"]
["Tecomaria capensis","UPL"]
["Tectaria lobata","FACW"]
["Tectaria martinicensis","FACW"]
["Tectaria minima","FACW"]
["Tectaria plantaginea var. confluens","OBL"]
["Teloxys ambrosioides","FAC"]
["Teloxys vagans","FAC"]
["Tephrosia cathartica","UPL"]
["Tepion alatum","FAC"]
["Terebraria resinosa","FACU"]
["Tetragamestus modestus","UPL"]
["Tetragonia expansa","UPL"]
["Tetramicra elegans","UPL"]
["Tetrapterys citrifolia","UPL"]
["Tetrazygia stahlii","FAC"]
["Thalia trichocalyx","OBL"]
["Thecophyllum sintenisii","UPL"]
["Thelechitonia gracilis","UPL"]
["Thelechitonia trilobata","FACU"]
["Thelypteris asplenioides","UPL"]
["Thelypteris dentata","FACU"]
["Thelypteris gongylodes","OBL"]
["Thelypteris hispidula","FAC"]
["Thelypteris hispidula var. inconstans","FAC"]
["Thelypteris hispidula var. versicolor","FAC"]
["Thelypteris interrupta","OBL"]
["Thelypteris macilenta","FAC"]
["Thelypteris macrorhizoma","FAC"]
["Thelypteris megalodus","UPL"]
["Thelypteris namophila","UPL"]
["Thelypteris normalis","FAC"]
["Thelypteris oligophylla","UPL"]
["Thelypteris patens var. scabriuscula","FAC"]
["Thelypteris quadrangularis var. inconstans","FAC"]
["Thelypteris quadrangularis var. versicolor","FAC"]
["Thelypteris reducta","FACU"]
["Thelypteris sancta var. portoricensis","FAC"]
["Thelypteris saxatilis","FAC"]
["Thelypteris sprengelii","FAC"]
["Thelypteris torresiana","FACU"]
["Thelypteris totta","OBL"]
["Thelypteris unca","FAC"]
["Thelypteris versicolor","FAC"]
["Themeda frondosa","UPL"]
["Thibaudia krugii","FACW"]
["Thrinax keyensis","UPL"]
["Thrinax microcarpa","UPL"]
["Thrinax morrisii","UPL"]
["Thrinax ponceana","UPL"]
["Thrinax praeceps","UPL"]
["Thrincoma alta","UPL"]
["Thryallis gracilis","UPL"]
["Thuja orientalis","UPL"]
["Thuja orientalis var. aurea","UPL"]
["Thunbergia volubilis","UPL"]
["Thyella tamnifolia","UPL"]
["Thyrsacanthus cuspidatus","UPL"]
["Thyrsacanthus strictus","UPL"]
["Tiaridium indicum","FAC"]
["Tillandsia aloifolia","UPL"]
["Tillandsia festucoides","UPL"]
["Tillandsia juncea","UPL"]
["Tillandsia myriophylla","UPL"]
["Tillandsia nutans","UPL"]
["Tillandsia pulchella","UPL"]
["Tillandsia sublaxa","UPL"]
["Tillandsia tenuifolia","UPL"]
["Tillandsia valenzuelana","UPL"]
["Tithonia speciosa","UPL"]
["Tolumnia leiboldii","UPL"]
["Tontanea herbacea","UPL"]
["Torenia crustacea","FAC"]
["Torrubia bracei","UPL"]
["Torrubia discolor","UPL"]
["Torrubia fragrans","UPL"]
["Torrubia globosa","UPL"]
["Torrubia longifolia","UPL"]
["Torrubia obtusata","UPL"]
["Torulinium confertum","FACW"]
["Torulinium eggersii","FACW"]
["Torulinium filiforme","UPL"]
["Torulinium odoratum","FACW"]
["Tournefortia gnaphalodes","FACU"]
["Tournefortia laurifolia","FAC"]
["Tournefortia microphylla","UPL"]
["Tournefortia peruviana","FAC"]
["Tournefortia poliochros","UPL"]
["Trachypogon rufus","UPL"]
["Tradescantia bicolor","UPL"]
["Tradescantia brevicaulis","FAC"]
["Tradescantia congesta","FAC"]
["Tradescantia discolor","UPL"]
["Tradescantia elongata","UPL"]
["Tradescantia geniculata","FAC"]
["Tradescantia monandra","FACU"]
["Tradescantia pendula","FACU"]
["Tradescantia rupestris","FAC"]
["Tradescantia speciosa","FAC"]
["Tradescantia virginiana var. alba","FAC"]
["Tradescantia virginiana var. barbata","FAC"]
["Trema floridana","FACU"]
["Tricera vahlii","UPL"]
["Trichachne affinis","UPL"]
["Trichachne eggersii","UPL"]
["Trichachne hitchcockii","UPL"]
["Trichachne insularis","FACU"]
["Trichachne nutans","FACU"]
["Trichantha ambigua","UPL"]
["Trichipteris borinquena","FAC"]
["Trichipteris procera","FACW"]
["Tricholaena repens","UPL"]
["Tricholaena rosea","UPL"]
["Trichomanes pusillum","UPL"]
["Trifolium pratense var. frigidum","UPL"]
["Trifolium pratense var. sativum","UPL"]
["Trimezia martinicensis","UPL"]
["Triphora latifolia","UPL"]
["Tripogandra elongata","UPL"]
["Tripolium subulatum var. parviflorum","FACW"]
["Tripsacum hermaphrodita","UPL"]
["Tripsacum laxum","UPL"]
["Trismeria trifoliata","FACW"]
["Triticum hybernum","UPL"]
["Triticum macha","UPL"]
["Triticum sativum","UPL"]
["Triticum sphaerococcum","UPL"]
["Triticum vulgare","UPL"]
["Tritonia X crocosmiiflora","FACU"]
["Triumfetta bartramia","UPL"]
["Triumfetta excisa","UPL"]
["Trommsdorffia argentea","UPL"]
["Tupa portoricensis","OBL"]
["Turnera cistoides","FAC"]
["Turnera ovata","UPL"]
["Turpinia paniculata","FAC"]
["Tussilago nutans","UPL"]
["Tynanthus caryophylleus","UPL"]
["Typha angustata","OBL"]
["Typhalea fruticosa","FAC"]
["Uniola virgata","UPL"]
["Urceolaria exotica","FACU"]
["Urechites lutea","FAC"]
["Urechites lutea var. sericea","FAC"]
["Urechites pinetorum","FAC"]
["Urena lobata ssp. sinuata","UPL"]
["Urena lobata var. sinuata","UPL"]
["Urena trilobata","FACU"]
["Urochloa fasciculata","UPL"]
["Urochloa fasciculata var. reticulata","UPL"]
["Urochloa fusca var. reticulata","UPL"]
["Urochloa maxima","FACU"]
["Urochloa ruziziensis","UPL"]
["Urochloa subquadripara","FAC"]
["Urostachys aqualupianus","UPL"]
["Urostachys dichotomus","UPL"]
["Urostachys funiformis","UPL"]
["Urostachys linifolius","UPL"]
["Urostachys lucidulus","FAC"]
["Urostachys portoricensis","UPL"]
["Urostachys reflexus","FAC"]
["Urostachys sintenisii","UPL"]
["Urostachys taxifolius","UPL"]
["Urostachys tenuicaulis","UPL"]
["Urostachys verticillatus","UPL"]
["Urostachys wilsonii","UPL"]
["Urtica aestuans","UPL"]
["Urtica baccifera","FACW"]
["Urtica caracasana","FACW"]
["Urtica cylindrica","OBL"]
["Urtica herniarioides","OBL"]
["Urtica nivea","UPL"]
["Urtica nummulariifolia","FAC"]
["Urtica parietaria","OBL"]
["Utricularia biflora","OBL"]
["Utricularia cleistogama","OBL"]
["Utricularia fibrosa","OBL"]
["Utricularia obtusa","OBL"]
["Utricularia pumila","OBL"]
["Utricularia virgatula","OBL"]
["Uvaria odorata","UPL"]
["Vaccinium racemosum","FACW"]
["Vachellia densiflora","FACU"]
["Vachellia farnesiana var. farnesiana","FACU"]
["Vachellia farnesiana var. pinetorum","FACU"]
["Vachellia insularis","FACU"]
["Vachellia peninsularis","FACU"]
["Valerianoides cayennensis","FACU"]
["Valerianoides jamaicensis","FACU"]
["Valerianoides strigosa","UPL"]
["Valota eggersii","UPL"]
["Valota insularis","FACU"]
["Vandellia diffusa","FACW"]
["Vangueria edulis","UPL"]
["Vanilla articulata","FACU"]
["Vanilla eggersii","UPL"]
["Vanilla fragrans","UPL"]
["Vanilla vanilla","UPL"]
["Varronia angustifolia","UPL"]
["Varronia bahamensis","UPL"]
["Varronia bellonis","FACW"]
["Varronia corymbosa","UPL"]
["Varronia globosa","UPL"]
["Varronia lima","UPL"]
["Varronia rupicola","UPL"]
["Verbena bonariensis var. conglomerata","FAC"]
["Verbena pulchella","UPL"]
["Verbena pulchella var. gracilior","UPL"]
["Verbena rigida var. lilacina","UPL"]
["Verbena tenuisecta","UPL"]
["Verbena tenuisecta var. alba","UPL"]
["Verbena venosa","UPL"]
["Verbesina alba","OBL"]
["Verbesina encelioides ssp. exauriculata","FACU"]
["Verbesina encelioides var. exauriculata","FACU"]
["Verbesina exauriculata","FACU"]
["Verbesina microptera","FACU"]
["Verbesina nodiflora","UPL"]
["Verbesina prostrata","OBL"]
["Vernonia borinquensis","FAC"]
["Vernonia cinerea","UPL"]
["Vernonia cinerea var. parviflora","UPL"]
["Vernonia sericea","FAC"]
["Veronica peregrina ssp. peregrina","FAC"]
["Veronica peregrina ssp. xalapensis","FAC"]
["Veronica peregrina var. typica","FAC"]
["Veronica peregrina var. xalapensis","FAC"]
["Veronica sherwoodii","FAC"]
["Veronica xalapensis","FAC"]
["Vetiveria zizanioides","FAC"]
["Vigna repens","FAC"]
["Vigna retusa","UPL"]
["Vilfa domingensis","FAC"]
["Vinca rosea","FACU"]
["Vincetoxicum sintenisii","FACU"]
["Vincetoxicum stephanotrichum","FACW"]
["Vincetoxicum variifolium","UPL"]
["Viola linearifolia","UPL"]
["Viscum anceps","UPL"]
["Viscum dichotomum","UPL"]
["Viscum hexastichum","UPL"]
["Vitex negundo var. bicolor","UPL"]
["Vitex negundo var. heterophylla","UPL"]
["Vitex negundo var. intermedia","UPL"]
["Vitex negundo var. negundo","UPL"]
["Vitis cordifolia","FAC"]
["Vitis cordifolia var. foetida","FAC"]
["Vitis cordifolia var. sempervirens","FAC"]
["Vitis illex","FAC"]
["Vittaria filifolia","UPL"]
["Vittaria intramarginalis","UPL"]
["Volkameria aculeata","FACW"]
["Volkameria inermis","FACU"]
["Voyria mexicana","UPL"]
["Vulpia dertonensis","UPL"]
["Wallenia pendula","FAC"]
["Waltheria americana","UPL"]
["Waltheria indica var. americana","UPL"]
["Waltheria pyrolifolia","UPL"]
["Warscewiczella flabelliformis","UPL"]
["Washingtonia filamentosa","FACU"]
["Washingtonia filifera var. robusta","FACU"]
["Wedelia calycina","FAC"]
["Wedelia calycina var. parviflora","UPL"]
["Wedelia gracilis","UPL"]
["Wedelia trilobata","FACU"]
["Werauhia proctorii","UPL"]
["Werauhia ringens","UPL"]
["Werauhia sintenisii","UPL"]
["Willoughbya halei","FAC"]
["Wittmackia lingulata","UPL"]
["Wolffia papulifera","OBL"]
["Wolffia punctata","OBL"]
["Wolffiopsis welwitschii","OBL"]
["Xanthium acerosum","FAC"]
["Xanthium americanum","FAC"]
["Xanthium californicum","FAC"]
["Xanthium californicum var. rotundifolium","FAC"]
["Xanthium calvum","FAC"]
["Xanthium campestre","FAC"]
["Xanthium canadense","FAC"]
["Xanthium cavanillesii","FAC"]
["Xanthium cenchroides","FAC"]
["Xanthium chasei","FAC"]
["Xanthium chinense","FAC"]
["Xanthium commune","FAC"]
["Xanthium curvescens","FAC"]
["Xanthium cylindraceum","FAC"]
["Xanthium echinatum","FAC"]
["Xanthium echinellum","FAC"]
["Xanthium glanduliferum","FAC"]
["Xanthium globosum","FAC"]
["Xanthium inflexum","FAC"]
["Xanthium italicum","FAC"]
["Xanthium macounii","FAC"]
["Xanthium macrocarpum var. glabratum","FAC"]
["Xanthium occidentale","FAC"]
["Xanthium oligacanthum","FAC"]
["Xanthium orientale","FAC"]
["Xanthium oviforme","FAC"]
["Xanthium pensylvanicum","FAC"]
["Xanthium saccharatum","FAC"]
["Xanthium speciosum","FAC"]
["Xanthium strumarium ssp. italicum","FAC"]
["Xanthium strumarium var. canadense","FAC"]
["Xanthium strumarium var. glabratum","FAC"]
["Xanthium strumarium var. oviforme","FAC"]
["Xanthium strumarium var. pensylvanicum","FAC"]
["Xanthium strumarium var. wootonii","FAC"]
["Xanthium strumarium var. wootonii","FAC"]
["Xanthium varians","FAC"]
["Xanthium wootonii","FAC"]
["Xanthosoma atrovirens","FACW"]
["Xanthosoma jacquinii","UPL"]
["Xanthosoma nigrum","FACW"]
["Xanthosoma violaceum","FACW"]
["Xanthoxalis corniculata","FACU"]
["Xanthoxalis corniculata var. atropurpurea","FACU"]
["Xanthoxalis langloisii","FACU"]
["Xanthoxalis repens","FACU"]
["Xeranthemum bracteatum","UPL"]
["Xerochrysum bracteatum","UPL"]
["Ximenesia encelioides","FACU"]
["Ximenesia encelioides var. cana","FACU"]
["Ximenesia encelioides var. exauriculata","FACU"]
["Ximenesia exauriculata","FACU"]
["Ximenesia microptera","FACU"]
["Ximenia inermis","UPL"]
["Xiphocarpus candidus","UPL"]
["Xiphopteris hartii","UPL"]
["Xiphopteris trichomanoides","UPL"]
["Xylophylla epiphyllantha","UPL"]
["Xyris arenicola","OBL"]
["Xyris communis","OBL"]
["Xyris elata","OBL"]
["Xyris elliottii var. stenotera","FACW"]
["Youngia japonica ssp. elstonii","FAC"]
["Youngia thunbergiana","FAC"]
["Yucca elephantipes","UPL"]
["Yucca recurvifolia","UPL"]
["Zamzela rugosa","OBL"]
["Zebrina pendula","FACU"]
["Zebrina pendula var. quadrifolia","FACU"]
["Zephyranthes insularum","UPL"]
["Zephyranthes tubispatha","UPL"]
["Zingiber cassumunar","UPL"]
["Zingiber purpureum","UPL"]
["Zingiber zingiber","UPL"]
["Zinnia elegans","UPL"]
["Zinnia multiflora","UPL"]
["Zinnia pauciflora","UPL"]
["Ziziphus jujuba","UPL"]
["Zornia diphylla","UPL"]
["Zoysia matrella ssp. tenuifolia","UPL"]
["Zoysia matrella var. tenuifolia","UPL"]
["Zoysia tenuifolia","UPL"]