{"text_format":"3","workbook":"xlsx","n_sheets":14,"sheets":["Lookup","Lookup Alaska","TribePartI (2)","Instructions ","Profile","Form","PriorityListForm","TribePartI","Tribe Part II ","150 Per Cent","FPIG13","FPIG 125%","Sheet1","HIP Home"],"not_rendered":{"images":1,"macros":1,"external_links":7,"defined_names":85,"comments":2},"read":"whole","date_system":"1900"}

{"sheet":"Lookup","index":0,"n_rows":27,"n_cols":38,"rows_kept":27,"hidden":true,"merged":[[0,0,0,21],[1,0,1,21],[3,20,3,21],[4,20,4,21],[5,20,5,21],[6,20,6,21],[7,20,7,21],[8,20,8,21],[9,20,9,21],[10,20,10,21],[11,20,11,21],[12,20,12,21],[13,20,13,21],[14,20,14,21],[15,20,15,21],[17,1,17,2],[17,4,17,5],[17,7,17,8],[17,10,17,11],[17,13,17,14]]}
["FACTOR NO. 1 - HIP ELIGIBILITY/SELECTION CRITERIA @ 150%"]
["INCOME GUIDELINE POINT SCHEDULE FOR ALL STATES EXCEPT ALASKA"]
[null,null,25,null,null,20,null,null,15,null,null,10,null,null,5,null,null,0,null,null,"Ineligible",{"$nulls":14},"Income","Family Size","Answer"]
[1,0,"TO",{"$f":"D17","v":{"v":3015,"d":"3,015"}},{"$f":"D4+1","v":{"v":3016,"d":"3,016"}},"TO",{"$f":"G17","v":{"v":6030,"d":"6,030"}},{"$f":"G4+1","v":{"v":6031,"d":"6,031"}},"TO",{"$f":"J17","v":{"v":9045,"d":"9,045"}},{"$f":"J4+1","v":{"v":9046,"d":"9,046"}},"TO",{"$f":"M17","v":{"v":12060,"d":"12,060"}},{"$f":"M4+1","v":{"v":12061,"d":"12,061"}},"TO",{"$f":"P17","v":{"v":15075,"d":"15,075"}},{"$f":"P4+1","v":{"v":15076,"d":"15,076"}},"TO",{"$f":"S17","v":{"v":18090,"d":"18,090"}},{"$f":"S4+1","v":{"v":18091,"d":"18,091"}},"& HIGHER",null,null,1,{"$f":"B4","v":0},{"$f":"E4","v":3016},{"$f":"H4","v":6031},{"$f":"K4","v":9046},{"$f":"N4","v":12061},{"$f":"Q4","v":15076},{"$f":"T4","v":18091},{"$f":"HLOOKUP($AJ5,Y4:AE5,2)","v":25},"hlookup if in this row"]
[2,0,"TO",{"$f":"(D4+D$16)","v":{"v":4060,"d":"4,060"}},{"v":4061,"d":"4,061"},"TO",{"$f":"G4+G$16","v":{"v":8120,"d":"8,120"}},{"v":8121,"d":"8,121"},"TO",{"$f":"J4+J$16","v":{"v":12180,"d":"12,180"}},{"v":12181,"d":"12,181"},"TO",{"$f":"M4+M$16","v":{"v":16240,"d":"16,240"}},{"v":16241,"d":"16,241"},"TO",{"$f":"P4+P$16","v":{"v":20300,"d":"20,300"}},{"v":20301,"d":"20,301"},"TO",{"$f":"S4+S$16","v":{"v":24360,"d":"24,360"}},{"v":24361,"d":"24,361"},"& HIGHER",null,1,null,25,20,15,10,5,0,"N/A","N/A",{"$nulls":3},{"$f":"Form!G12","v":0},{"$f":"Form!E12","v":0},{"$f":"VLOOKUP(AK5,Income_2,9)","v":{"$error":"#N/A"}}]
[3,0,"TO",{"$f":"D5+D$16","v":{"v":5105,"d":"5,105"}},{"v":5106,"d":"5,106"},"TO",{"v":10210,"d":"10,210"},{"v":10211,"d":"10,211"},"TO",{"v":15315,"d":"15,315"},{"v":15316,"d":"15,316"},"TO",{"v":20420,"d":"20,420"},{"v":20421,"d":"20,421"},"TO",{"v":25525,"d":"25,525"},{"v":25526,"d":"25,526"},"TO",{"v":30630,"d":"30,630"},{"v":30631,"d":"30,631"},"& HIGHER",null,null,2,{"$f":"B5","v":0},{"$f":"E5","v":4061},{"$f":"H5","v":8121},{"$f":"K5","v":12181},{"$f":"N5","v":16241},null,{"$f":"T5","v":{"v":24361,"d":"24,361"}},{"$f":"HLOOKUP($AJ5,Y6:AE7,2)","v":25},"hlookup if in this row"]
[4,0,"TO",{"v":6150,"d":"6,150"},{"v":6151,"d":"6,151"},"TO",{"v":12300,"d":"12,300"},{"v":12301,"d":"12,301"},"TO",{"v":18450,"d":"18,450"},{"v":18451,"d":"18,451"},"TO",{"v":24600,"d":"24,600"},{"v":24601,"d":"24,601"},"TO",{"v":30750,"d":"30,750"},{"v":30751,"d":"30,751"},"TO",{"v":36900,"d":"36,900"},{"v":36901,"d":"36,901"},"& HIGHER",{"$nulls":3},25,20,15,10,5,0,"N/A"]
[5,0,"TO",{"v":7195,"d":"7,195"},{"v":7196,"d":"7,196"},"TO",{"v":14390,"d":"14,390"},{"v":14391,"d":"14,391"},"TO",{"v":21585,"d":"21,585"},{"v":21586,"d":"21,586"},"TO",{"v":28780,"d":"28,780"},{"v":28781,"d":"28,781"},"TO",{"v":35975,"d":"35,975"},{"v":35976,"d":"35,976"},"TO",{"v":43170,"d":"43,170"},{"v":43171,"d":"43,171"},"& HIGHER",null,null,3,{"$f":"B6","v":0},{"$f":"E6","v":5106},{"$f":"H6","v":10211},{"$f":"K6","v":15316},{"$f":"N6","v":20421},null,{"$f":"T6","v":{"v":30631,"d":"30,631"}},{"$f":"HLOOKUP($AJ5,Y8:AE9,2)","v":25},"hlookup if in this row"]
[6,0,"TO",{"v":8240,"d":"8,240"},{"v":8241,"d":"8,241"},"TO",{"v":16480,"d":"16,480"},{"v":16481,"d":"16,481"},"TO",{"v":24720,"d":"24,720"},{"v":24721,"d":"24,721"},"TO",{"v":32960,"d":"32,960"},{"v":32961,"d":"32,961"},"TO",{"v":41200,"d":"41,200"},{"v":41201,"d":"41,201"},"TO",{"v":49440,"d":"49,440"},{"v":49441,"d":"49,441"},"& HIGHER",{"$nulls":3},25,20,15,10,5,0,"N/A"]
[7,0,"TO",{"v":9285,"d":"9,285"},{"v":9286,"d":"9,286"},"TO",{"v":18570,"d":"18,570"},{"v":18571,"d":"18,571"},"TO",{"v":27855,"d":"27,855"},{"v":27856,"d":"27,856"},"TO",{"v":37140,"d":"37,140"},{"v":37141,"d":"37,141"},"TO",{"v":46425,"d":"46,425"},{"v":46426,"d":"46,426"},"TO",{"v":55710,"d":"55,710"},{"v":55711,"d":"55,711"},"& HIGHER",null,null,4,{"$f":"B7","v":0},{"$f":"E7","v":6151},{"$f":"H7","v":12301},{"$f":"K7","v":18451},{"$f":"N7","v":24601},null,{"$f":"T7","v":{"v":36901,"d":"36,901"}},{"$f":"HLOOKUP($AJ5,Y10:AE11,2)","v":25},"hlookup if in this row"]
[8,0,"TO",{"v":10330,"d":"10,330"},{"v":10331,"d":"10,331"},"TO",{"v":20660,"d":"20,660"},{"v":20661,"d":"20,661"},"TO",{"v":30990,"d":"30,990"},{"v":30991,"d":"30,991"},"TO",{"v":41320,"d":"41,320"},{"v":41321,"d":"41,321"},"TO",{"v":51650,"d":"51,650"},{"v":51651,"d":"51,651"},"TO",{"v":61980,"d":"61,980"},{"v":61981,"d":"61,981"},"& HIGHER",{"$nulls":3},25,20,15,10,5,0,"N/A"]
[9,0,"TO",{"v":11375,"d":"11,375"},{"v":11376,"d":"11,376"},"TO",{"v":22750,"d":"22,750"},{"v":22751,"d":"22,751"},"TO",{"v":34125,"d":"34,125"},{"v":34126,"d":"34,126"},"TO",{"v":45500,"d":"45,500"},{"v":45501,"d":"45,501"},"TO",{"v":56875,"d":"56,875"},{"v":56876,"d":"56,876"},"TO",{"v":68250,"d":"68,250"},{"v":68251,"d":"68,251"},"& HIGHER",null,null,5,{"$f":"B8","v":0},{"$f":"E8","v":7196},{"$f":"H8","v":14391},{"$f":"K8","v":21586},{"$f":"N8","v":28781},null,{"$f":"T8","v":{"v":43171,"d":"43,171"}},{"$f":"HLOOKUP($AJ5,Y12:AE13,2)","v":25},"hlookup if in this row"]
[10,0,"TO",{"v":12420,"d":"12,420"},{"v":12421,"d":"12,421"},"TO",{"v":24840,"d":"24,840"},{"v":24841,"d":"24,841"},"TO",{"v":37260,"d":"37,260"},{"v":37261,"d":"37,261"},"TO",{"v":49680,"d":"49,680"},{"v":49681,"d":"49,681"},"TO",{"v":62100,"d":"62,100"},{"v":62101,"d":"62,101"},"TO",{"v":74520,"d":"74,520"},{"v":74521,"d":"74,521"},"& HIGHER",{"$nulls":3},25,20,15,10,5,0,"N/A"]
[11,0,"TO",{"v":13465,"d":"13,465"},{"v":13466,"d":"13,466"},"TO",{"v":26930,"d":"26,930"},{"v":26931,"d":"26,931"},"TO",{"v":40395,"d":"40,395"},{"v":40396,"d":"40,396"},"TO",{"v":53860,"d":"53,860"},{"v":53861,"d":"53,861"},"TO",{"v":67325,"d":"67,325"},{"v":67326,"d":"67,326"},"TO",{"v":80790,"d":"80,790"},{"v":80791,"d":"80,791"},"& HIGHER",null,null,6,{"$f":"B9","v":0},{"$f":"E9","v":8241},{"$f":"H9","v":16481},{"$f":"K9","v":24721},{"$f":"N9","v":32961},null,{"$f":"T9","v":{"v":49441,"d":"49,441"}},{"$f":"HLOOKUP($AJ5,Y14:AE15,2)","v":25},"hlookup if in this row"]
[12,0,"TO",{"v":14510,"d":"14,510"},{"v":14511,"d":"14,511"},"TO",{"v":29020,"d":"29,020"},{"v":29021,"d":"29,021"},"TO",{"v":43530,"d":"43,530"},{"v":43531,"d":"43,531"},"TO",{"v":58040,"d":"58,040"},{"v":58041,"d":"58,041"},"TO",{"v":72550,"d":"72,550"},{"v":72551,"d":"72,551"},"TO",{"v":87060,"d":"87,060"},{"v":87061,"d":"87,061"},"& HIGHER",{"$nulls":3},25,20,15,10,5,0,"N/A"]
["EACH PERSON OVER 12 ADD",null,null,{"$f":"D18","v":{"v":1045,"d":"1,045"}},null,null,{"$f":"G18","v":{"v":2090,"d":"2,090"}},null,null,{"$f":"J18","v":{"v":3135,"d":"3,135"}},null,null,{"$f":"M18","v":{"v":4180,"d":"4,180"}},null,null,{"$f":"P18","v":{"v":5225,"d":"5,225"}},null,null,{"$f":"S18","v":{"v":6270,"d":"6,270"}},{"v":6271,"d":"6,271"},"& HIGHER",null,null,7,{"$f":"B10","v":0},{"$f":"E10","v":9286},{"$f":"H10","v":18571},{"$f":"K10","v":27856},{"$f":"N10","v":37141},null,{"$f":"T10","v":{"v":55711,"d":"55,711"}},{"$f":"HLOOKUP($AJ5,Y16:AE17,2)","v":25},"hlookup if in this row"]
[null,"@ 25% =",null,{"$f":"$M$17*0.25","v":{"v":3015,"d":"3,015"}},"@ 50% =",null,{"$f":"$M$17*0.5","v":{"v":6030,"d":"6,030"}},"@ 75% =",null,{"$f":"$M$17*0.75","v":{"v":9045,"d":"9,045 "}},"@ 100% =",null,{"v":12060,"d":"12,060"},"@ 125% =",null,{"$f":"$M$17*1.25","v":{"v":15075,"d":"15,075 "}},"@150%","=",{"$f":"M17*1.5","v":{"v":18090,"d":"18,090 "}},{"$nulls":5},25,20,15,10,5,0,"N/A"]
[null,"@ Add'l:",null,{"$f":"M18*0.25","v":{"v":1045,"d":"1,045"}},"@ Add'l:",null,{"$f":"M18*0.5","v":{"v":2090,"d":"2,090"}},"@ Add'l:",null,{"$f":"M18*0.75","v":{"v":3135,"d":"3,135"}},"@ Add'l:",null,{"v":4180,"d":"4,180"},"@ Add'l:",null,{"$f":"M18*1.25","v":{"v":5225,"d":"5,225 "}},null,null,{"$f":"M18*1.5","v":{"v":6270,"d":"6,270 "}},{"$nulls":4},8,{"$f":"-B11","v":0},{"$f":"E11","v":10331},{"$f":"H11","v":20661},{"$f":"K11","v":30991},{"$f":"N11","v":41321},null,{"$f":"T11","v":{"v":61981,"d":"61,981"}},{"$f":"HLOOKUP($AJ5,Y18:AE19,2)","v":25},"hlookup if in this row"]
["FPIG =","Federal Poverty Income Guidelines (Health & Human Services Poverty Guidelines)",{"$nulls":10},"PG =","Poverty Guidelines",{"$nulls":10},25,20,15,10,5,0,"N/A"]
[{"$nulls":23},9,{"$f":"B12","v":0},{"$f":"E12","v":11376},{"$f":"H12","v":22751},{"$f":"K12","v":34126},{"$f":"N12","v":45501},null,{"$f":"T12","v":{"v":68251,"d":"68,251"}},{"$f":"HLOOKUP($AJ5,Y20:AE21,2)","v":25},"hlookup if in this row"]
[{"$nulls":24},25,20,15,10,5,0,"N/A"]
[{"$nulls":23},10,{"$f":"B13","v":0},{"$f":"E13","v":12421},{"$f":"H13","v":24841},{"$f":"K13","v":37261},{"$f":"N13","v":49681},null,{"$f":"T13","v":{"v":74521,"d":"74,521"}},{"$f":"HLOOKUP($AJ5,Y22:AE23,2)","v":25},"hlookup if in this row"]
[{"$nulls":24},25,20,15,10,5,0,"N/A"]
[{"$nulls":23},11,{"$f":"B14","v":0},{"$f":"E14","v":13466},{"$f":"H14","v":26931},{"$f":"K14","v":40396},{"$f":"N14","v":53861},null,{"$f":"T14","v":{"v":80791,"d":"80,791"}},{"$f":"HLOOKUP($AJ5,Y24:AE25,2)","v":25},"hlookup if in this row"]
[{"$nulls":24},25,20,15,10,5,0,"N/A"]
[{"$nulls":23},12,{"$f":"B15","v":0},{"$f":"E15","v":14511},{"$f":"H15","v":29021},{"$f":"K15","v":43531},{"$f":"N15","v":58041},null,{"$f":"T15","v":{"v":87061,"d":"87,061"}},{"$f":"HLOOKUP($AJ5,Y26:AE27,2)","v":25},"hlookup if in this row"]
[{"$nulls":24},25,20,15,10,5,0,"N/A"]

{"sheet":"Lookup Alaska","index":1,"n_rows":27,"n_cols":38,"rows_kept":27,"hidden":true,"merged":[[0,0,0,21],[1,0,1,21],[3,20,3,21],[4,20,4,21],[5,20,5,21],[6,20,6,21],[7,20,7,21],[8,20,8,21],[9,20,9,21],[10,20,10,21],[11,20,11,21],[12,20,12,21],[13,20,13,21],[14,20,14,21],[15,20,15,21],[17,1,17,2],[17,4,17,5],[17,7,17,8],[17,10,17,11],[17,13,17,14]]}
["FACTOR NO. 1 - HIP ELIGIBILITY/SELECTION CRITERIA @ 150%"]
["INCOME GUIDELINE POINT SCHEDULE FOR ALASKA"]
[null,null,25,null,null,20,null,null,15,null,null,10,null,null,5,null,null,0,null,null,"Ineligible",{"$nulls":14},"Income","Family Size","Answer"]
[1,0,"TO",{"$f":"D17","v":{"v":3765,"d":"3,765"}},{"$f":"D4+1","v":{"v":3766,"d":"3,766"}},"TO",{"$f":"G17","v":{"v":7530,"d":"7,530"}},{"$f":"G4+1","v":{"v":7531,"d":"7,531"}},"TO",{"$f":"J17","v":{"v":11295,"d":"11,295"}},{"$f":"J4+1","v":{"v":11296,"d":"11,296"}},"TO",{"$f":"M17","v":{"v":15060,"d":"15,060"}},{"$f":"M4+1","v":{"v":15061,"d":"15,061"}},"TO",{"$f":"P17","v":{"v":18825,"d":"18,825"}},{"$f":"P4+1","v":{"v":18826,"d":"18,826"}},"TO",{"$f":"S17","v":{"v":22590,"d":"22,590"}},{"$f":"S4+1","v":{"v":22591,"d":"22,591"}},"& HIGHER",null,null,1,{"$f":"B4","v":0},{"$f":"E4","v":3766},{"$f":"H4","v":7531},{"$f":"K4","v":11296},{"$f":"N4","v":15061},{"$f":"Q4","v":18826},{"$f":"T4","v":22591},{"$f":"HLOOKUP($AJ5,Y4:AE5,2)","v":25},"hlookup if in this row"]
[2,0,"TO",{"$f":"(D4+D$16)","v":{"v":5072.5,"d":"5,073"}},{"v":5073.5,"d":"5,074"},"TO",{"$f":"G4+G$16","v":{"v":10145,"d":"10,145"}},{"v":10146,"d":"10,146"},"TO",{"$f":"J4+J$16","v":{"v":15217.5,"d":"15,218"}},{"v":15218.5,"d":"15,219"},"TO",{"$f":"M4+M$16","v":{"v":20290,"d":"20,290"}},{"v":20291,"d":"20,291"},"TO",{"$f":"P4+P$16","v":{"v":25362.5,"d":"25,363"}},{"v":25363.5,"d":"25,364"},"TO",{"$f":"S4+S$16","v":{"v":30435,"d":"30,435"}},{"v":30436,"d":"30,436"},"& HIGHER",null,1,null,25,20,15,10,5,0,"N/A",{"$nulls":4},{"$f":"Form!G12","v":0},{"$f":"Form!E12","v":0},{"$f":"VLOOKUP(AK5,Income_1,9)","v":{"$error":"#N/A"}}]
[3,0,"TO",{"$f":"D5+D$16","v":{"v":6380,"d":"6,380"}},{"v":6381,"d":"6,381"},"TO",{"v":12760,"d":"12,760"},{"v":12761,"d":"12,761"},"TO",{"v":19140,"d":"19,140"},{"v":19141,"d":"19,141"},"TO",{"v":25520,"d":"25,520"},{"v":25521,"d":"25,521"},"TO",{"v":31900,"d":"31,900"},{"v":31901,"d":"31,901"},"TO",{"v":38280,"d":"38,280"},{"v":38281,"d":"38,281"},"& HIGHER",null,null,2,{"$f":"B5","v":0},{"$f":"E5","v":{"v":5073.5,"d":"5074"}},{"$f":"H5","v":10146},{"$f":"K5","v":{"v":15218.5,"d":"15219"}},{"$f":"N5","v":20291},{"$f":"Q5","v":{"v":25363.5,"d":"25,364"}},{"$f":"T5","v":{"v":30436,"d":"30,436"}},{"$f":"HLOOKUP($AJ5,Y6:AD7,2)","v":25},"hlookup if in this row"]
[4,0,"TO",{"v":7687.5,"d":"7,688"},{"v":7688.5,"d":"7,689"},"TO",{"v":15375,"d":"15,375"},{"v":15376,"d":"15,376"},"TO",{"v":23062.5,"d":"23,063"},{"v":23063.5,"d":"23,064"},"TO",{"v":30750,"d":"30,750"},{"v":30751,"d":"30,751"},"TO",{"v":38437.5,"d":"38,438"},{"v":38438.5,"d":"38,439"},"TO",{"v":46125,"d":"46,125"},{"v":46126,"d":"46,126"},"& HIGHER",{"$nulls":3},25,20,15,10,5,0,"N/A"]
[5,0,"TO",{"v":8995,"d":"8,995"},{"v":8996,"d":"8,996"},"TO",{"v":17990,"d":"17,990"},{"v":17991,"d":"17,991"},"TO",{"v":26985,"d":"26,985"},{"v":26986,"d":"26,986"},"TO",{"v":35980,"d":"35,980"},{"v":35981,"d":"35,981"},"TO",{"v":44975,"d":"44,975"},{"v":44976,"d":"44,976"},"TO",{"v":53970,"d":"53,970"},{"v":53971,"d":"53,971"},"& HIGHER",null,null,3,{"$f":"B6","v":0},{"$f":"E6","v":6381},{"$f":"H6","v":12761},{"$f":"K6","v":19141},{"$f":"N6","v":25521},{"$f":"Q6","v":{"v":31901,"d":"31,901"}},{"$f":"T6","v":{"v":38281,"d":"38,281"}},{"$f":"HLOOKUP($AJ5,Y8:AD9,2)","v":25},"hlookup if in this row"]
[6,0,"TO",{"v":10302.5,"d":"10,303"},{"v":10303.5,"d":"10,304"},"TO",{"v":20605,"d":"20,605"},{"v":20606,"d":"20,606"},"TO",{"v":30907.5,"d":"30,908"},{"v":30908.5,"d":"30,909"},"TO",{"v":41210,"d":"41,210"},{"v":41211,"d":"41,211"},"TO",{"v":51512.5,"d":"51,513"},{"v":51513.5,"d":"51,514"},"TO",{"v":61815,"d":"61,815"},{"v":61816,"d":"61,816"},"& HIGHER",{"$nulls":3},25,20,15,10,5,0,"N/A"]
[7,0,"TO",{"v":11610,"d":"11,610"},{"v":11611,"d":"11,611"},"TO",{"v":23220,"d":"23,220"},{"v":23221,"d":"23,221"},"TO",{"v":34830,"d":"34,830"},{"v":34831,"d":"34,831"},"TO",{"v":46440,"d":"46,440"},{"v":46441,"d":"46,441"},"TO",{"v":58050,"d":"58,050"},{"v":58051,"d":"58,051"},"TO",{"v":69660,"d":"69,660"},{"v":69661,"d":"69,661"},"& HIGHER",null,null,4,{"$f":"B7","v":0},{"$f":"E7","v":{"v":7688.5,"d":"7689"}},{"$f":"H7","v":15376},{"$f":"K7","v":{"v":23063.5,"d":"23064"}},{"$f":"N7","v":30751},{"$f":"Q7","v":{"v":38438.5,"d":"38,439"}},{"$f":"T7","v":{"v":46126,"d":"46,126"}},{"$f":"HLOOKUP($AJ5,Y10:AD11,2)","v":25},"hlookup if in this row"]
[8,0,"TO",{"v":12917.5,"d":"12,918"},{"v":12918.5,"d":"12,919"},"TO",{"v":25835,"d":"25,835"},{"v":25836,"d":"25,836"},"TO",{"v":38752.5,"d":"38,753"},{"v":38753.5,"d":"38,754"},"TO",{"v":51670,"d":"51,670"},{"v":51671,"d":"51,671"},"TO",{"v":64587.5,"d":"64,588"},{"v":64588.5,"d":"64,589"},"TO",{"v":77505,"d":"77,505"},{"v":77506,"d":"77,506"},"& HIGHER",{"$nulls":3},25,20,15,10,5,0,"N/A"]
[9,0,"TO",{"v":14225,"d":"14,225"},{"v":14226,"d":"14,226"},"TO",{"v":28450,"d":"28,450"},{"v":28451,"d":"28,451"},"TO",{"v":42675,"d":"42,675"},{"v":42676,"d":"42,676"},"TO",{"v":56900,"d":"56,900"},{"v":56901,"d":"56,901"},"TO",{"v":71125,"d":"71,125"},{"v":71126,"d":"71,126"},"TO",{"v":85350,"d":"85,350"},{"v":85351,"d":"85,351"},"& HIGHER",null,null,5,{"$f":"B8","v":0},{"$f":"E8","v":8996},{"$f":"H8","v":17991},{"$f":"K8","v":26986},{"$f":"N8","v":35981},{"$f":"Q8","v":{"v":44976,"d":"44,976"}},{"$f":"T8","v":{"v":53971,"d":"53,971"}},{"$f":"HLOOKUP($AJ5,Y12:AD13,2)","v":25},"hlookup if in this row"]
[10,0,"TO",{"v":15532.5,"d":"15,533"},{"v":15533.5,"d":"15,534"},"TO",{"v":31065,"d":"31,065"},{"v":31066,"d":"31,066"},"TO",{"v":46597.5,"d":"46,598"},{"v":46598.5,"d":"46,599"},"TO",{"v":62130,"d":"62,130"},{"v":62131,"d":"62,131"},"TO",{"v":77662.5,"d":"77,663"},{"v":77663.5,"d":"77,664"},"TO",{"v":93195,"d":"93,195"},{"v":93196,"d":"93,196"},"& HIGHER",{"$nulls":3},25,20,15,10,5,0,"N/A"]
[11,0,"TO",{"v":16840,"d":"16,840"},{"v":16841,"d":"16,841"},"TO",{"v":33680,"d":"33,680"},{"v":33681,"d":"33,681"},"TO",{"v":50520,"d":"50,520"},{"v":50521,"d":"50,521"},"TO",{"v":67360,"d":"67,360"},{"v":67361,"d":"67,361"},"TO",{"v":84200,"d":"84,200"},{"v":84201,"d":"84,201"},"TO",{"v":101040,"d":"101,040"},{"v":101041,"d":"101,041"},"& HIGHER",null,null,6,{"$f":"B9","v":0},{"$f":"E9","v":{"v":10303.5,"d":"10304"}},{"$f":"H9","v":20606},{"$f":"K9","v":{"v":30908.5,"d":"30909"}},{"$f":"N9","v":41211},{"$f":"Q9","v":{"v":51513.5,"d":"51,514"}},{"$f":"T9","v":{"v":61816,"d":"61,816"}},{"$f":"HLOOKUP($AJ5,Y14:AD15,2)","v":25},"hlookup if in this row"]
[12,0,"TO",{"v":18147.5,"d":"18,148"},{"v":18148.5,"d":"18,149"},"TO",{"v":36295,"d":"36,295"},{"v":36296,"d":"36,296"},"TO",{"v":54442.5,"d":"54,443"},{"v":54443.5,"d":"54,444"},"TO",{"v":72590,"d":"72,590"},{"v":72591,"d":"72,591"},"TO",{"v":90737.5,"d":"90,738"},{"v":90738.5,"d":"90,739"},"TO",{"v":108885,"d":"108,885"},{"v":108886,"d":"108,886"},"& HIGHER",{"$nulls":3},25,20,15,10,5,0,"N/A"]
["EACH PERSON OVER 12 ADD",null,null,{"$f":"D18","v":{"v":1307.5,"d":"1,308"}},null,null,{"$f":"G18","v":{"v":2615,"d":"2,615"}},null,null,{"$f":"J18","v":{"v":3922.5,"d":"3,923"}},null,null,{"$f":"M18","v":{"v":5230,"d":"5,230"}},null,null,{"$f":"P18","v":{"v":6537.5,"d":"6,538"}},null,null,{"$f":"S18","v":{"v":7845,"d":"7,845"}},{"v":7846,"d":"7,846"},"& HIGHER",null,null,7,{"$f":"B10","v":0},{"$f":"E10","v":11611},{"$f":"H10","v":23221},{"$f":"K10","v":34831},{"$f":"N10","v":46441},{"$f":"Q10","v":{"v":58051,"d":"58,051"}},{"$f":"T10","v":{"v":69661,"d":"69,661"}},{"$f":"HLOOKUP($AJ5,Y16:AD17,2)","v":25},"hlookup if in this row"]
[null,"@ 25% =",null,{"$f":"$M$17*0.25","v":{"v":3765,"d":"3,765"}},"@ 50% =",null,{"$f":"$M$17*0.5","v":{"v":7530,"d":"7,530"}},"@ 75% =",null,{"$f":"$M$17*0.75","v":{"v":11295,"d":"11,295 "}},"@ 100% =",null,{"v":15060,"d":"15,060"},"@ 125% =",null,{"$f":"$M$17*1.25","v":{"v":18825,"d":"18,825 "}},"@150%","=",{"$f":"M17*1.5","v":{"v":22590,"d":"22,590 "}},{"$nulls":5},25,20,15,10,5,0,"N/A"]
[null,"@ Add'l:",null,{"$f":"M18*0.25","v":{"v":1307.5,"d":"1,308"}},"@ Add'l:",null,{"$f":"M18*0.5","v":{"v":2615,"d":"2,615"}},"@ Add'l:",null,{"$f":"M18*0.75","v":{"v":3922.5,"d":"3,923"}},"@ Add'l:",null,{"v":5230,"d":"5,230"},"@ Add'l:",null,{"$f":"M18*1.25","v":{"v":6537.5,"d":"6,538 "}},null,null,{"$f":"M18*1.5","v":{"v":7845,"d":"7,845 "}},{"$nulls":4},8,{"$f":"B11","v":0},{"$f":"E11","v":{"v":12918.5,"d":"12919"}},{"$f":"H11","v":25836},{"$f":"K11","v":{"v":38753.5,"d":"38754"}},{"$f":"N11","v":51671},{"$f":"Q11","v":{"v":64588.5,"d":"64,589"}},{"$f":"T11","v":{"v":77506,"d":"77,506"}},{"$f":"HLOOKUP($AJ5,Y18:AD19,2)","v":25},"hlookup if in this row"]
["FPIG =","Federal Poverty Income Guidelines (Health & Human Services Poverty Guidelines)",{"$nulls":10},"PG =","Poverty Guidelines",{"$nulls":10},25,20,15,10,5,0,"N/A"]
[{"$nulls":23},9,{"$f":"B12","v":0},{"$f":"E12","v":14226},{"$f":"H12","v":28451},{"$f":"K12","v":42676},{"$f":"N12","v":56901},{"$f":"Q12","v":{"v":71126,"d":"71,126"}},{"$f":"T12","v":{"v":85351,"d":"85,351"}},{"$f":"HLOOKUP($AJ5,Y20:AD21,2)","v":25},"hlookup if in this row"]
[{"$nulls":24},25,20,15,10,5,0,"N/A"]
[{"$nulls":23},10,{"$f":"B13","v":0},{"$f":"E13","v":{"v":15533.5,"d":"15534"}},{"$f":"H13","v":31066},{"$f":"K13","v":{"v":46598.5,"d":"46599"}},{"$f":"N13","v":62131},{"$f":"Q13","v":{"v":77663.5,"d":"77,664"}},{"$f":"T13","v":{"v":93196,"d":"93,196"}},{"$f":"HLOOKUP($AJ5,Y22:AD23,2)","v":25},"hlookup if in this row"]
[{"$nulls":24},25,20,15,10,5,0,"N/A"]
[{"$nulls":23},11,{"$f":"B14","v":0},{"$f":"E14","v":16841},{"$f":"H14","v":33681},{"$f":"K14","v":50521},{"$f":"N14","v":67361},{"$f":"Q14","v":{"v":84201,"d":"84,201"}},{"$f":"T14","v":{"v":101041,"d":"101,041"}},{"$f":"HLOOKUP($AJ5,Y24:AD25,2)","v":25},"hlookup if in this row"]
[{"$nulls":24},25,20,15,10,5,0,"N/A"]
[{"$nulls":23},12,{"$f":"B15","v":0},{"$f":"E15","v":{"v":18148.5,"d":"18149"}},{"$f":"H15","v":36296},{"$f":"K15","v":{"v":54443.5,"d":"54444"}},{"$f":"N15","v":72591},{"$f":"Q15","v":{"v":90738.5,"d":"90,739"}},{"$f":"T15","v":{"v":108886,"d":"108,886"}},{"$f":"HLOOKUP($AJ5,Y26:AD27,2)","v":25},"hlookup if in this row"]
[{"$nulls":24},25,20,15,10,5,0,"N/A"]

{"sheet":"TribePartI (2)","index":2,"n_rows":2158,"n_cols":14,"rows_kept":2158,"hidden":true,"merged":[[0,0,0,10],[1,1,1,3],[1,4,1,9],[1,11,1,13],[2,1,2,3],[2,4,2,9],[2,11,2,13],[3,1,3,3],[3,4,3,9],[3,11,3,13],[4,1,4,3],[4,4,4,9],[4,11,4,13],[5,1,5,10],[6,0,7,3],[6,4,8,4],[6,5,7,9],[6,10,8,10],[6,11,8,11],[6,12,8,12],[6,13,8,13]]}
["                   PART I - TRIBAL WORK PLAN ",{"$nulls":10},"Date:",null,{"$f":"IF(Profile!D17=0,\"\",Profile!D17)","v":""}]
[1,"Work Plan for Fiscal Year: ",null,null,{"$f":"IF(Profile!D9=0,\"\",Profile!D9)","v":""},{"$nulls":5},"Name:",{"$f":"IF(Profile!D10=0,\"\",Profile!D10)","v":""}]
[2,"Name of Tribe / Consortium:",null,null,{"$f":"IF(Profile!D6=0,\"\",Profile!D6)","v":""},{"$nulls":5},"Title:",{"$f":"IF(Profile!D11=0,\"\",Profile!D11)","v":""}]
[3,"Number of Eligible Applicants:",null,null,{"$f":"IF(M2052=0,\"\",M2052)","v":10},{"$nulls":5},"Phone:",{"$f":"IF(Profile!D12=0,\"\",Profile!D12)","v":""}]
[4,"Number of Applications Received:",null,null,{"$f":"IF(B2052=0,\"\",B2052)","v":"Pretty Weasel"},{"$nulls":5},"Fax:",{"$f":"IF(Profile!D13=0,\"\",Profile!D13)","v":""}]
[null,"See instructions for printing form            "]
["5. Name of Eligible Applicant              (ranked in order of need)",{"$nulls":3},"6. Applicant's Servicing Tribe    ","7. Program Category            (Enter One As Applicable)",{"$nulls":4},"8a. Estimated Start Date","8b. Estimated Project Costs                                         \n 25 CFR 256.17(b))**        ","Eligibility Status","8c. Priority Ranking Points                        (ranked in order from           highest to lowest)"]
[]
[null,"Last ","First","Suffix",null,"(A)","(B)","(C-1)","(C-2)","(D)"]
[1,"Charbonneau","Richard","J","Turtle Montain Band of Chippewa",{"$nulls":3},"C-2",null,{"v":42186,"d":"42,186"},120000,57,81]
[{"$f":"A10+1","v":2},"Grant","Francis","P","Turtle Montain Band of Chippewa",null,null,"C-1",null,null,{"v":42186,"d":"42,186"},120000,54,70]
[{"$f":"A11+1","v":3},"Grandboise","Donald",null,"Turtle Montain Band of Chippewa",null,null,"C-1",null,null,{"v":42186,"d":"42,186"},120000,50,60]
[4,"Janis","Leo",null,"Oglala Sioux Tribe",null,null,"C-1",null,null,{"v":42186,"d":"42,186"},120000,0]
[5,"Black Smith","Pete",null,"Oglala Sioux Tribe",null,"B",{"$nulls":3},{"v":42186,"d":"42,186"},35000,0]
[6,"Brewer","Jennifer",null,"Oglala Sioux Tribe",null,null,"C-1",null,null,{"v":42186,"d":"42,186"},120000,2]
[7,"Grass","Kirsten",null,"Oglala Sioux Tribe",null,null,"C-1",null,null,{"v":42186,"d":"42,186"},120000,2]
[8,"Tobacco","Hattie",null,"Oglala Sioux Tribe",null,null,"C-1",null,null,{"v":42186,"d":"42,186"},120000,3]
[9,"Fox","Holly",null,"Three Affiliated Tribes",null,null,"C-1",null,null,{"v":42186,"d":"42,186"},120000,3]
[10,"Gegleman","Anita",null,"Three Affiliated Tribes",null,null,"C-1",null,null,{"v":42186,"d":"42,186"},120000,3]
[11,"Crows Heart","Richard",null,"Three Affiliated Tribes",null,null,"C-1",null,null,{"v":42186,"d":"42,186"},120000,3]
[12,"Morrison","Beverly",null,"Cheyenne River Sioux Tribe",{"$nulls":3},"C-2",null,{"v":42186,"d":"42,186"},120000,3]
[13,"McCoy","Hanni",null,"Three Affiliated Tribes",null,null,"C-1",null,null,{"v":42186,"d":"42,186"},120000,4]
[14,"Felix-Wells","Corrine",null,"Three Affiliated Tribes",null,null,"C-1",null,null,{"v":42186,"d":"42,186"},120000,5]
[15,"Black Hawk","Dinah",null,"Three Affiliated Tribes",null,null,"C-1",null,null,{"v":42186,"d":"42,186"},120000,5]
[16,"Looks Twice","Georgine",null,"Oglala Sioux Tribe",null,"B",{"$nulls":3},{"v":42186,"d":"42,186"},35000,6]
[17,"Walks Out","Darlene",null,"Oglala Sioux Tribe",null,"B",{"$nulls":3},{"v":42186,"d":"42,186"},35000,7]
[18,"Brave Eagle","Theresa",null,"Oglala Sioux Tribe",null,null,"C-1",null,null,{"v":42186,"d":"42,186"},120000,8]
[19,"Murphy","Claire",null,"Turtle Montain Band of Chippewa",null,null,"C-1",null,null,{"v":42186,"d":"42,186"},120000,10]
[20,"Trottier","Tresa",null,"Turtle Montain Band of Chippewa",null,"B",{"$nulls":3},{"v":42186,"d":"42,186"},35000,10]
[21,"James","Christina",null,"Turtle Montain Band of Chippewa",null,"B",{"$nulls":3},{"v":42186,"d":"42,186"},35000,10]
[22,"Decoteau","Tammy",null,"Turtle Montain Band of Chippewa",null,null,"C-1",null,null,{"v":42186,"d":"42,186"},120000,10]
[23,"Desjarlais","Lisa","M","Turtle Montain Band of Chippewa",null,"B",{"$nulls":3},{"v":42186,"d":"42,186"},35000,10]
[24,"Scott","Alice",null,"Turtle Montain Band of Chippewa",null,"B",{"$nulls":3},{"v":42186,"d":"42,186"},35000,10]
[25,"Payer","Vicky",null,"Turtle Montain Band of Chippewa",null,"B",{"$nulls":3},{"v":42186,"d":"42,186"},35000,10]
[26,"Nadeau","Felicia",null,"Turtle Montain Band of Chippewa",null,null,"C-1",null,null,{"v":42186,"d":"42,186"},120000,10]
[27,"Bercier","Jerilyn",null,"Turtle Montain Band of Chippewa",null,null,"C-1",null,null,{"v":42186,"d":"42,186"},120000,10]
[28,"Brien","Patricia",null,"Turtle Montain Band of Chippewa",null,null,"C-1",null,null,{"v":42186,"d":"42,186"},120000,10]
[29,"Lavallie","Jamie",null,"Turtle Montain Band of Chippewa",null,null,"C-1",null,null,{"v":42186,"d":"42,186"},120000,10]
[30,"Decoteau","Monica",null,"Turtle Montain Band of Chippewa",null,"B",{"$nulls":3},{"v":42186,"d":"42,186"},35000,10]
[31,"Handy","Debra",null,"Turtle Montain Band of Chippewa",null,"B",{"$nulls":3},{"v":42186,"d":"42,186"},35000,10]
[32,"Schroeder","Brooke",null,"Turtle Montain Band of Chippewa",null,null,"C-1",null,null,{"v":42186,"d":"42,186"},120000,10]
[33,"Davis","Francine",null,"Turtle Montain Band of Chippewa",null,null,"C-1",null,null,{"v":42186,"d":"42,186"},120000,10]
[34,"Azure","Holly",null,"Turtle Montain Band of Chippewa",null,null,"C-1",null,null,{"v":42186,"d":"42,186"},120000,10]
[35,"Gourneau","Dianna",null,"Turtle Montain Band of Chippewa",null,null,"C-1",null,null,{"v":42186,"d":"42,186"},120000,10]
[36,"Grant","Austin",null,"Turtle Montain Band of Chippewa",null,null,"C-1",null,null,{"v":42186,"d":"42,186"},120000,10]
[37,"Fox","Marla",null,"Turtle Montain Band of Chippewa",null,"B",{"$nulls":3},{"v":42186,"d":"42,186"},35000,10]
[38,"Martin","Anita",null,"Turtle Montain Band of Chippewa",null,null,"C-1",null,null,{"v":42186,"d":"42,186"},120000,10]
[39,"Hanson","Cherie",null,"Turtle Montain Band of Chippewa",null,null,"C-1",null,null,{"v":42186,"d":"42,186"},120000,10]
[40,"Keplin","Mark","Jr","Turtle Montain Band of Chippewa",null,null,"C-1",null,null,{"v":42186,"d":"42,186"},120000,10]
[41,"Gunville","Janelle",null,"Turtle Montain Band of Chippewa",null,"B",{"$nulls":3},{"v":42186,"d":"42,186"},35000,10]
[42,"Poitra","Kim",null,"Turtle Montain Band of Chippewa",null,"B",{"$nulls":3},{"v":42186,"d":"42,186"},35000,10]
[43,"Morin","Alisha",null,"Turtle Montain Band of Chippewa",null,null,"C-1",null,null,{"v":42186,"d":"42,186"},120000,10]
[44,"Desjarlais","Ardis",null,"Turtle Montain Band of Chippewa",null,null,"C-1",null,null,{"v":42186,"d":"42,186"},120000,10]
[45,"Peltier","Matthew",null,"Turtle Montain Band of Chippewa",null,null,"C-1",null,null,{"v":42186,"d":"42,186"},120000,10]
[46,"Gourneau","Rodney",null,"Turtle Montain Band of Chippewa",null,null,"C-1",null,null,{"v":42186,"d":"42,186"},120000,10]
[47,"Peltier","Roderick",null,"Turtle Montain Band of Chippewa",null,null,"C-1",null,null,{"v":42186,"d":"42,186"},120000,10]
[48,"Lafountain","Shana",null,"Turtle Montain Band of Chippewa",null,"B",{"$nulls":3},{"v":42186,"d":"42,186"},35000,10]
[49,"Keplin","Terry",null,"Turtle Montain Band of Chippewa",null,null,"C-1",null,null,{"v":42186,"d":"42,186"},120000,10]
[50,"Thomas","James",null,"Turtle Montain Band of Chippewa",null,null,"C-1",null,null,{"v":42186,"d":"42,186"},120000,10]
[51,"Malaterre","Dianne",null,"Turtle Montain Band of Chippewa",null,"B",{"$nulls":3},{"v":42186,"d":"42,186"},35000,10]
[52,"Belgarde","Larry",null,"Turtle Montain Band of Chippewa",null,"B",{"$nulls":3},{"v":42186,"d":"42,186"},35000,10]
[53,"Johnson","Sarah",null,"Turtle Montain Band of Chippewa",null,null,"C-1",null,null,{"v":42186,"d":"42,186"},120000,10]
[54,"Decoteau","Bryce",null,"Turtle Montain Band of Chippewa",null,null,"C-1",null,null,{"v":42186,"d":"42,186"},120000,10]
[55,"Morin","Kristen",null,"Turtle Montain Band of Chippewa",null,"B",{"$nulls":3},{"v":42186,"d":"42,186"},35000,10]
[56,"Azure","Matthew",null,"Turtle Montain Band of Chippewa",null,null,"C-1",null,null,{"v":42186,"d":"42,186"},120000,10]
[57,"Davis","Jamie",null,"Turtle Montain Band of Chippewa",null,null,"C-1",null,null,{"v":42186,"d":"42,186"},120000,10]
[58,"Jeanotte","Faith",null,"Turtle Montain Band of Chippewa",null,null,"C-1",null,null,{"v":42186,"d":"42,186"},120000,10]
[59,"Walter","Jetney",null,"Turtle Montain Band of Chippewa",null,null,"C-1",null,null,{"v":42186,"d":"42,186"},120000,10]
[60,"Peltier","Harvey","Jr","Turtle Montain Band of Chippewa",null,null,"C-1",null,null,{"v":42186,"d":"42,186"},120000,10]
[61,"Poitra","Sheila",null,"Turtle Montain Band of Chippewa",null,null,"C-1",null,null,{"v":42186,"d":"42,186"},120000,10]
[62,"Munoz","Geraldine",null,"Turtle Montain Band of Chippewa",null,"B",{"$nulls":3},{"v":42186,"d":"42,186"},35000,10]
[63,"Owens","Misty",null,"Turtle Montain Band of Chippewa",null,null,"C-1",null,null,{"v":42186,"d":"42,186"},120000,10]
[64,"Marcellais","Cameron",null,"Turtle Montain Band of Chippewa",null,"B",{"$nulls":3},{"v":42186,"d":"42,186"},35000,10]
[65,"Parisien","Nadine",null,"Turtle Montain Band of Chippewa",null,"B",{"$nulls":3},{"v":42186,"d":"42,186"},35000,10]
[66,"Lafountain","April",null,"Turtle Montain Band of Chippewa",null,"B",{"$nulls":3},{"v":42186,"d":"42,186"},35000,10]
[{"$f":"A75+1","v":67},"Houle","Stephanie",null,"Turtle Montain Band of Chippewa",null,"B",{"$nulls":3},{"v":42186,"d":"42,186"},35000,10]
[68,"Delorme","Darrell",null,"Turtle Montain Band of Chippewa",null,null,"C-1",null,null,{"v":42186,"d":"42,186"},120000,10]
[69,"Lafromboise","Clifford","Jr","Turtle Montain Band of Chippewa",null,"B",{"$nulls":3},{"v":42186,"d":"42,186"},35000,10]
[70,"Peltier","Rita",null,"Turtle Montain Band of Chippewa",null,"B",{"$nulls":3},{"v":42186,"d":"42,186"},35000,10]
[71,"Oslin","Cheryl",null,"Turtle Montain Band of Chippewa",null,"B",{"$nulls":3},{"v":42186,"d":"42,186"},35000,10]
[72,"Longie","Robert",null,"Turtle Montain Band of Chippewa",null,"B",{"$nulls":3},{"v":42186,"d":"42,186"},35000,10]
[73,"Wallette","Felix",null,"Turtle Montain Band of Chippewa",null,"B",{"$nulls":3},{"v":42186,"d":"42,186"},35000,10]
[74,"Gourneau","Antoine",null,"Turtle Montain Band of Chippewa",null,"B",{"$nulls":3},{"v":42186,"d":"42,186"},35000,10]
[75,"Morin","Roland",null,"Turtle Montain Band of Chippewa",null,"B",{"$nulls":3},{"v":42186,"d":"42,186"},35000,10]
[76,"Desjarlais","Lisa",null,"Turtle Montain Band of Chippewa",null,"B",{"$nulls":3},{"v":42186,"d":"42,186"},35000,10]
[77,"Hyde","Margaret",null,"Turtle Montain Band of Chippewa",null,"B",{"$nulls":3},{"v":42186,"d":"42,186"},35000,10]
[78,"Charette","Maryann",null,"Turtle Montain Band of Chippewa",null,"B",{"$nulls":3},{"v":42186,"d":"42,186"},35000,10]
[79,"Zaste","Shelly",null,"Turtle Montain Band of Chippewa",null,null,"C-1",null,null,{"v":42186,"d":"42,186"},120000,10]
[80,"Allery","Dorine",null,"Turtle Montain Band of Chippewa",null,null,"C-1",null,null,{"v":42186,"d":"42,186"},120000,10]
[81,"Frederick","David",null,"Turtle Montain Band of Chippewa",null,null,"C-1",null,null,{"v":42186,"d":"42,186"},120000,10]
[82,"Larocque","Roxanne",null,"Turtle Montain Band of Chippewa",null,null,"C-1",null,null,{"v":42186,"d":"42,186"},120000,10]
[83,"Jeanotte","Barbara",null,"Turtle Montain Band of Chippewa",null,null,"C-1",null,null,{"v":42186,"d":"42,186"},120000,10]
[84,"Hawley","Rosa",null,"Turtle Montain Band of Chippewa",null,null,"C-1",null,null,{"v":42186,"d":"42,186"},120000,10]
[85,"St. Claire","Nina",null,"Turtle Montain Band of Chippewa",null,null,"C-1",null,null,{"v":42186,"d":"42,186"},120000,10]
[86,"Amyotte","Norbert",null,"Turtle Montain Band of Chippewa",null,"B",{"$nulls":3},{"v":42186,"d":"42,186"},35000,10]
[87,"Allery","Lou ann",null,"Turtle Montain Band of Chippewa",null,"B",{"$nulls":3},{"v":42186,"d":"42,186"},35000,10]
[88,"Akewanzie","Marvin",null,"Turtle Montain Band of Chippewa",null,null,"C-1",null,null,{"v":42186,"d":"42,186"},120000,10]
[89,"Smith","Bonita",null,"Turtle Montain Band of Chippewa",null,"B",{"$nulls":3},{"v":42186,"d":"42,186"},35000,10]
[90,"Trottier","Antoinette",null,"Turtle Montain Band of Chippewa",null,"B",{"$nulls":3},{"v":42186,"d":"42,186"},35000,10]
[91,"Counts","Roger",null,"Turtle Montain Band of Chippewa",null,"B",{"$nulls":3},{"v":42186,"d":"42,186"},35000,10]
[92,"Crissler","Angela",null,"Turtle Montain Band of Chippewa",null,null,"C-1",null,null,{"v":42186,"d":"42,186"},120000,10]
[93,"Morin","Paul ",null,"Turtle Montain Band of Chippewa",null,"B",{"$nulls":3},{"v":42186,"d":"42,186"},35000,10]
[94,"Houle","Barbara",null,"Turtle Montain Band of Chippewa",null,"B",{"$nulls":3},{"v":42186,"d":"42,186"},35000,10]
[95,"Bruce","Gene",null,"Turtle Montain Band of Chippewa",null,null,"C-1",null,null,{"v":42186,"d":"42,186"},120000,10]
[96,"Wallette","Doris",null,"Turtle Montain Band of Chippewa",null,"B",{"$nulls":3},{"v":42186,"d":"42,186"},35000,10]
[97,"Delong","Frederick",null,"Turtle Montain Band of Chippewa",null,"B",{"$nulls":3},{"v":42186,"d":"42,186"},35000,10]
[98,"Houle","Wanda",null,"Turtle Montain Band of Chippewa",null,"B",{"$nulls":3},{"v":42186,"d":"42,186"},35000,10]
[99,"Larocque","Garry",null,"Turtle Montain Band of Chippewa",null,"B",{"$nulls":3},{"v":42186,"d":"42,186"},35000,10]
[100,"Decoteau","Roberta",null,"Turtle Montain Band of Chippewa",null,"B",{"$nulls":3},{"v":42186,"d":"42,186"},35000,10]
[101,"Lavallie","Peter",null,"Turtle Montain Band of Chippewa",null,"B",{"$nulls":3},{"v":42186,"d":"42,186"},35000,10]
[102,"Davis","Marla",null,"Turtle Montain Band of Chippewa",null,"B",{"$nulls":3},{"v":42186,"d":"42,186"},35000,10]
[103,"Lavallie","Cindy",null,"Turtle Montain Band of Chippewa",null,"B",{"$nulls":3},{"v":42186,"d":"42,186"},35000,10]
[104,"Larocque","Elaine",null,"Turtle Montain Band of Chippewa",null,"B",{"$nulls":3},{"v":42186,"d":"42,186"},35000,10]
[105,"Decoteau","Lisa","G","Turtle Montain Band of Chippewa",null,"B",{"$nulls":3},{"v":42186,"d":"42,186"},35000,10]
[106,"Gourneau","Debra",null,"Turtle Montain Band of Chippewa",null,"B",{"$nulls":3},{"v":42186,"d":"42,186"},35000,10]
[107,"Higgins","Theresa",null,"Turtle Montain Band of Chippewa",null,"B",{"$nulls":3},{"v":42186,"d":"42,186"},35000,10]
[108,"Lenoir","Patty",null,"Turtle Montain Band of Chippewa",null,"B",{"$nulls":3},{"v":42186,"d":"42,186"},35000,10]
[109,"St. Claire","Winnona",null,"Turtle Montain Band of Chippewa",null,null,"C-1",null,null,{"v":42186,"d":"42,186"},120000,10]
[110,"Lavallie","Louis",null,"Turtle Montain Band of Chippewa",null,"B",{"$nulls":3},{"v":42186,"d":"42,186"},35000,10]
[111,"Falcon","George","Sr","Turtle Montain Band of Chippewa",null,null,"C-1",null,null,{"v":42186,"d":"42,186"},120000,10]
[112,"Chase","Todd",null,"Turtle Montain Band of Chippewa",null,"B",{"$nulls":3},{"v":42186,"d":"42,186"},35000,10]
[113,"Lafountain","Larry","J","Turtle Montain Band of Chippewa",null,null,"C-1",null,null,{"v":42186,"d":"42,186"},120000,10]
[114,"Decoteau","Vernon",null,"Turtle Montain Band of Chippewa",null,"B",{"$nulls":3},{"v":42186,"d":"42,186"},35000,10]
[115,"Lunday","Brent",null,"Turtle Montain Band of Chippewa",null,"B",{"$nulls":3},{"v":42186,"d":"42,186"},35000,10]
[116,"Nadeau","Gale",null,"Turtle Montain Band of Chippewa",null,"B",{"$nulls":3},{"v":42186,"d":"42,186"},35000,10]
[117,"Houle","Donna",null,"Turtle Montain Band of Chippewa",null,"B",{"$nulls":3},{"v":42186,"d":"42,186"},35000,10]
[118,"Monette","Loretta",null,"Turtle Montain Band of Chippewa",null,"B",{"$nulls":3},{"v":42186,"d":"42,186"},35000,10]
[119,"Morin","Vicky",null,"Turtle Montain Band of Chippewa",null,"B",{"$nulls":3},{"v":42186,"d":"42,186"},35000,10]
[120,"Lavallie","Edward",null,"Turtle Montain Band of Chippewa",null,null,"C-1",null,null,{"v":42186,"d":"42,186"},120000,10]
[121,"Greatwalker","Shelly",null,"Turtle Montain Band of Chippewa",null,"B",{"$nulls":3},{"v":42186,"d":"42,186"},35000,10]
[122,"Burschinger","James",null,"Turtle Montain Band of Chippewa",null,null,"C-1",null,null,{"v":42186,"d":"42,186"},120000,10]
[123,"Maxon","Tracy",null,"Turtle Montain Band of Chippewa",null,"B",{"$nulls":3},{"v":42186,"d":"42,186"},35000,10]
[124,"Delorme","Chelsi",null,"Turtle Montain Band of Chippewa",null,null,"C-1",null,null,{"v":42186,"d":"42,186"},120000,10]
[125,"Champagne","Sandra",null,"Turtle Montain Band of Chippewa",null,"B",{"$nulls":3},{"v":42186,"d":"42,186"},35000,10]
[126,"Decoteau","Jana",null,"Turtle Montain Band of Chippewa",null,null,"C-1",null,null,{"v":42186,"d":"42,186"},120000,10]
[127,"Benson","Anita",null,"Turtle Montain Band of Chippewa",null,"B",{"$nulls":3},{"v":42186,"d":"42,186"},35000,10]
[128,"Counts","Carletta",null,"Turtle Montain Band of Chippewa",null,null,"C-1",null,null,{"v":42186,"d":"42,186"},120000,10]
[129,"Davis","Uriah",null,"Turtle Montain Band of Chippewa",null,null,"C-1",null,null,{"v":42186,"d":"42,186"},120000,10]
[130,"Morin","Rhonda",null,"Turtle Montain Band of Chippewa",null,"B",{"$nulls":3},{"v":42186,"d":"42,186"},35000,10]
[{"$f":"A139+1","v":131},"Keplin","April",null,"Turtle Montain Band of Chippewa",null,"B",{"$nulls":3},{"v":42186,"d":"42,186"},35000,10]
[132,"St. Claire","Shay",null,"Turtle Montain Band of Chippewa",null,null,"C-1",null,null,{"v":42186,"d":"42,186"},120000,10]
[133,"Frederick","Hope",null,"Turtle Montain Band of Chippewa",null,"B",{"$nulls":3},{"v":42186,"d":"42,186"},35000,10]
[134,"Wallette","Samantha",null,"Turtle Montain Band of Chippewa",null,null,"C-1",null,null,{"v":42186,"d":"42,186"},120000,10]
[135,"Lavallie","Linus",null,"Turtle Montain Band of Chippewa",null,"B",{"$nulls":3},{"v":42186,"d":"42,186"},35000,10]
[136,"Gourneau","Margo",null,"Turtle Montain Band of Chippewa",null,"B",{"$nulls":3},{"v":42186,"d":"42,186"},35000,10]
[137,"Poitra","Kyla",null,"Turtle Montain Band of Chippewa",null,"B",{"$nulls":3},{"v":42186,"d":"42,186"},35000,10]
[138,"Lavallie","Shelly",null,"Turtle Montain Band of Chippewa",null,null,"C-1",null,null,{"v":42186,"d":"42,186"},120000,10]
[139,"Poitra","Brett",null,"Turtle Montain Band of Chippewa",null,"B",{"$nulls":3},{"v":42186,"d":"42,186"},35000,10]
[140,"Azure","Myron",null,"Turtle Montain Band of Chippewa",null,null,"C-1",null,null,{"v":42186,"d":"42,186"},120000,10]
[141,"Decoteau","Brandy",null,"Turtle Montain Band of Chippewa",null,null,"C-1",null,null,{"v":42186,"d":"42,186"},120000,10]
[142,"Baker","Larry","Jr","Turtle Montain Band of Chippewa",null,null,"C-1",null,null,{"v":42186,"d":"42,186"},120000,10]
[143,"Azure","Jenita",null,"Turtle Montain Band of Chippewa",null,"B",{"$nulls":3},{"v":42186,"d":"42,186"},35000,10]
[144,"Vondal","Kevin",null,"Turtle Montain Band of Chippewa",null,"B",{"$nulls":3},{"v":42186,"d":"42,186"},35000,10]
[145,"Laverdure","Napoleon",null,"Turtle Montain Band of Chippewa",null,null,"C-1",null,null,{"v":42186,"d":"42,186"},120000,10]
[146,"Blue","Yvonne",null,"Turtle Montain Band of Chippewa",null,null,"C-1",null,null,{"v":42186,"d":"42,186"},120000,10]
[147,"Morin","Ramona",null,"Turtle Montain Band of Chippewa",null,"B",{"$nulls":3},{"v":42186,"d":"42,186"},35000,10]
[148,"Delonais","Jessica",null,"Turtle Montain Band of Chippewa",null,"B",{"$nulls":3},{"v":42186,"d":"42,186"},35000,10]
[149,"Gourneau","Terri",null,"Turtle Montain Band of Chippewa",null,"B",{"$nulls":3},{"v":42186,"d":"42,186"},35000,10]
[150,"Poitra","Melinda",null,"Turtle Montain Band of Chippewa",null,"B",{"$nulls":3},{"v":42186,"d":"42,186"},35000,10]
[151,"Lafountain","Leslie",null,"Turtle Montain Band of Chippewa",null,"B",{"$nulls":3},{"v":42186,"d":"42,186"},35000,10]
[152,"Parisien","Lorraine",null,"Turtle Montain Band of Chippewa",null,"B",{"$nulls":3},{"v":42186,"d":"42,186"},35000,10]
[153,"Reopolle","Farrah",null,"Turtle Montain Band of Chippewa",null,"B",{"$nulls":3},{"v":42186,"d":"42,186"},35000,10]
[154,"Delong","Art",null,"Turtle Montain Band of Chippewa",null,"B",{"$nulls":3},{"v":42186,"d":"42,186"},35000,10]
[155,"Keplin","Raylene",null,"Turtle Montain Band of Chippewa",null,"B",{"$nulls":3},{"v":42186,"d":"42,186"},35000,10]
[156,"Gunville","Jerry",null,"Turtle Montain Band of Chippewa",null,"B",{"$nulls":3},{"v":42186,"d":"42,186"},35000,10]
[157,"Chase","Marilyn",null,"Turtle Montain Band of Chippewa",null,"B",{"$nulls":3},{"v":42186,"d":"42,186"},35000,10]
[158,"Smith","John","J ","Turtle Montain Band of Chippewa",null,"B",{"$nulls":3},{"v":42186,"d":"42,186"},35000,10]
[159,"Vivier","Randy",null,"Turtle Montain Band of Chippewa",null,"B",{"$nulls":3},{"v":42186,"d":"42,186"},35000,10]
[160,"Demery","Francis",null,"Turtle Montain Band of Chippewa",null,null,"C-1",null,null,{"v":42186,"d":"42,186"},120000,10]
[161,"Lafountain","Jerilyn",null,"Turtle Montain Band of Chippewa",null,"B",{"$nulls":3},{"v":42186,"d":"42,186"},35000,10]
[162,"Bliss","Andrea",null,"Turtle Montain Band of Chippewa",null,null,"C-1",null,null,{"v":42186,"d":"42,186"},120000,10]
[163,"Chavez","Toni",null,"Turtle Montain Band of Chippewa",null,"B",{"$nulls":3},{"v":42186,"d":"42,186"},35000,10]
[164,"Robertson","Dimothy",null,"Turtle Montain Band of Chippewa",null,"B",{"$nulls":3},{"v":42186,"d":"42,186"},35000,10]
[165,"Wessels","Wade",null,"Turtle Montain Band of Chippewa",null,null,"C-1",null,null,{"v":42186,"d":"42,186"},120000,10]
[166,"Aiken","Arlene",null,"Turtle Montain Band of Chippewa",null,"B",{"$nulls":3},{"v":42186,"d":"42,186"},35000,10]
[167,"Azure","Cindy",null,"Turtle Montain Band of Chippewa",null,null,"C-1",null,null,{"v":42186,"d":"42,186"},120000,10]
[168,"Champagne","Sandy",null,"Turtle Montain Band of Chippewa",null,"B",{"$nulls":3},{"v":42186,"d":"42,186"},35000,10]
[169,"Belgarde","Clarence",null,"Turtle Montain Band of Chippewa",null,"B",{"$nulls":3},{"v":42186,"d":"42,186"},35000,10]
[170,"Decoteau","Rhonda",null,"Turtle Montain Band of Chippewa",null,null,"C-1",null,null,{"v":42186,"d":"42,186"},120000,10]
[171,"Tillich","Joni",null,"Turtle Montain Band of Chippewa",null,"B",{"$nulls":3},{"v":42186,"d":"42,186"},35000,10]
[172,"Houle","Ola",null,"Turtle Montain Band of Chippewa",null,"B",{"$nulls":3},{"v":42186,"d":"42,186"},35000,10]
[173,"Wilson","Lori",null,"Turtle Montain Band of Chippewa",null,null,"C-1",null,null,{"v":42186,"d":"42,186"},120000,10]
[174,"Moors","Roxanne",null,"Turtle Montain Band of Chippewa",null,"B",{"$nulls":3},{"v":42186,"d":"42,186"},35000,10]
[175,"Brien","Gerald",null,"Turtle Montain Band of Chippewa",null,null,"C-1",null,null,{"v":42186,"d":"42,186"},120000,10]
[176,"Hunt","Cindy",null,"Turtle Montain Band of Chippewa",null,"B",{"$nulls":3},{"v":42186,"d":"42,186"},35000,10]
[177,"Guerue","John",null,"Rosebud Sioux Tribe",null,null,"C-1",null,null,{"v":42186,"d":"42,186"},120000,10]
[178,"Lapointe","Chantelle",null,"Rosebud Sioux Tribe",null,"B",{"$nulls":3},{"v":42186,"d":"42,186"},35000,10]
[179,"Roubideax","Bernadette",null,"Rosebud Sioux Tribe",{"$nulls":3},"C-2",null,{"v":42186,"d":"42,186"},120000,10]
[180,"Yellow Bird","Laura",null,"Rosebud Sioux Tribe",null,"B",{"$nulls":3},{"v":42186,"d":"42,186"},35000,10]
[181,"Dixon","Maybelle",null,"Rosebud Sioux Tribe",null,"B",{"$nulls":3},{"v":42186,"d":"42,186"},35000,10]
[182,"Young","Elizabeth\"Betty\"",null,"Rosebud Sioux Tribe",null,"B",{"$nulls":3},{"v":42186,"d":"42,186"},35000,10]
[183,"Young","Loretta",null,"Rosebud Sioux Tribe",null,null,"C-1",null,null,{"v":42186,"d":"42,186"},120000,10]
[184,"Sedlmejer","Linda",null,"Rosebud Sioux Tribe",null,"B",{"$nulls":3},{"v":42186,"d":"42,186"},35000,10]
[185,"Allard","Shiela",null,"Rosebud Sioux Tribe",null,null,"C-1",null,null,{"v":42186,"d":"42,186"},120000,10]
[186,"Little Elk","Violet",null,"Rosebud Sioux Tribe",null,"B",{"$nulls":3},{"v":42186,"d":"42,186"},35000,10]
[187,"Jones","Calvin ","sr","Rosebud Sioux Tribe",null,null,"C-1",null,null,{"v":42186,"d":"42,186"},120000,10]
[188,"Kills In Water","Roberta",null,"Rosebud Sioux Tribe",null,"B",{"$nulls":3},{"v":42186,"d":"42,186"},35000,10]
[189,"Decory","Gordon",null,"Rosebud Sioux Tribe",null,"B",{"$nulls":3},{"v":42186,"d":"42,186"},35000,10]
[190,"Young","Lorraine",null,"Rosebud Sioux Tribe",null,"B",{"$nulls":3},{"v":42186,"d":"42,186"},35000,10]
[191,"Zimmernan","Betty",null,"Rosebud Sioux Tribe",null,"B",{"$nulls":3},{"v":42186,"d":"42,186"},35000,10]
[192,"Menard","Marc","sr","Rosebud Sioux Tribe",{"$nulls":3},"C-2",null,{"v":42186,"d":"42,186"},120000,10]
[193,"Vasquez","Rita ",null,"Rosebud Sioux Tribe",null,"B",{"$nulls":3},{"v":42186,"d":"42,186"},35000,10]
[194,"Leneaugh","George",null,"Rosebud Sioux Tribe",null,"B",{"$nulls":3},{"v":42186,"d":"42,186"},35000,10]
[{"$f":"A203+1","v":195},"HollowHornBear","Michelle",null,"Rosebud Sioux Tribe",{"$nulls":3},"C-2",null,{"v":42186,"d":"42,186"},120000,10]
[196,"Millard","Micheal",null,"Rosebud Sioux Tribe",null,null,"C-1",null,null,{"v":42186,"d":"42,186"},120000,10]
[197,"Bordeaux","Leroy",null,"Rosebud Sioux Tribe",null,"B",{"$nulls":3},{"v":42186,"d":"42,186"},35000,10]
[198,"Sazue","Brent",null,"Rosebud Sioux Tribe",{"$nulls":3},"C-2",null,{"v":42186,"d":"42,186"},120000,10]
[199,"Two Eagle","Calvin ","sr","Rosebud Sioux Tribe",null,"B",{"$nulls":3},{"v":42186,"d":"42,186"},35000,10]
[200,"Leroy","Caroline ",null,"Rosebud Sioux Tribe",null,"B",{"$nulls":3},{"v":42186,"d":"42,186"},35000,10]
[201,"Young","Timolin",null,"Rosebud Sioux Tribe",null,"B",{"$nulls":3},{"v":42186,"d":"42,186"},35000,10]
[202,"Jones","Noble",null,"Rosebud Sioux Tribe",null,"B",{"$nulls":3},{"v":42186,"d":"42,186"},35000,10]
[203,"Willcuts","Cecilia",null,"Rosebud Sioux Tribe",{"$nulls":3},"C-2",null,{"v":42186,"d":"42,186"},120000,10]
[204,"Douville","Lynda",null,"Rosebud Sioux Tribe",null,"B",{"$nulls":3},{"v":42186,"d":"42,186"},35000,10]
[205,"Good Shield","Faith",null,"Rosebud Sioux Tribe",null,"B",{"$nulls":3},{"v":42186,"d":"42,186"},35000,10]
[206,"Black Wolf","Carmen",null,"Rosebud Sioux Tribe",null,null,"C-1",null,null,{"v":42186,"d":"42,186"},120000,10]
[207,"Felix","Deanne",null,"Rosebud Sioux Tribe",null,"B",{"$nulls":3},{"v":42186,"d":"42,186"},35000,10]
[208,"Leader Charge","Victoria",null,"Rosebud Sioux Tribe",null,null,"C-1",null,null,{"v":42186,"d":"42,186"},120000,10]
[209,"McCloskey","Thetis",null,"Rosebud Sioux Tribe",null,"B",{"$nulls":3},{"v":42186,"d":"42,186"},35000,10]
[210,"Elk Looks Back","Backus",null,"Rosebud Sioux Tribe",null,null,"C-1",null,null,{"v":42186,"d":"42,186"},120000,10]
[211,"Spotted Tail","Charity",null,"Rosebud Sioux Tribe",null,"B",{"$nulls":3},{"v":42186,"d":"42,186"},35000,10]
[212,"Heck ","Rena",null,"Rosebud Sioux Tribe",null,"B",{"$nulls":3},{"v":42186,"d":"42,186"},35000,10]
[213,"BlackSpotted Horse","Nora",null,"Rosebud Sioux Tribe",null,null,"C-1",null,null,{"v":42186,"d":"42,186"},120000,10]
[214,"Wooden Knife","Ruth",null,"Rosebud Sioux Tribe",null,null,"C-1",null,null,{"v":42186,"d":"42,186"},120000,10]
[215,"WhiteThunder","Henrietta",null,"Rosebud Sioux Tribe",null,null,"C-1",null,null,{"v":42186,"d":"42,186"},120000,10]
[216,"Kitteaux","Emma",null,"Rosebud Sioux Tribe",null,null,"C-1",null,null,{"v":42186,"d":"42,186"},120000,10]
[217,"Spotted Elk","Andrette",null,"Rosebud Sioux Tribe",null,"B",{"$nulls":3},{"v":42186,"d":"42,186"},35000,10]
[218,"Knox","Everlyn",null,"Rosebud Sioux Tribe",null,"B",{"$nulls":3},{"v":42186,"d":"42,186"},35000,10]
[219,"Felicia","Vianna",null,"Crow Creek Sioux Tribe",null,"B",{"$nulls":3},{"v":42186,"d":"42,186"},35000,10]
[220,"Taylor","Tamra",null,"Crow Creek Sioux Tribe",null,"B",{"$nulls":3},{"v":42186,"d":"42,186"},35000,10]
[221,"Johnson","Janna",null,"Crow Creek Sioux Tribe",null,"B",{"$nulls":3},{"v":42186,"d":"42,186"},35000,10]
[222,"Hanley ","Richard",null,"Standing Rock Sioux Tribe",null,"B",{"$nulls":3},{"v":42186,"d":"42,186"},35000,10]
[223,"Yankton","Tiana",null,"Oglala Sioux Tribe",null,null,"C-1",null,null,{"v":42186,"d":"42,186"},120000,10]
[224,"Tirado","Hope",null,"Oglala Sioux Tribe",null,"B",{"$nulls":3},{"v":42186,"d":"42,186"},35000,10]
[225,"Larrabee","Wayne",null,"Oglala Sioux Tribe",null,null,"C-1",null,null,{"v":42186,"d":"42,186"},120000,10]
[226,"Witt","Jaunita",null,"Oglala Sioux Tribe",null,"B",{"$nulls":3},{"v":42186,"d":"42,186"},35000,10]
[227,"Hawk","Bradley",null,"Oglala Sioux Tribe",null,null,"C-1",null,null,{"v":42186,"d":"42,186"},120000,10]
[228,"Pourier","Kimberly",null,"Oglala Sioux Tribe",null,null,"C-1",null,null,{"v":42186,"d":"42,186"},120000,10]
[229,"Pourier","Curtis",null,"Oglala Sioux Tribe",null,"B",{"$nulls":3},{"v":42186,"d":"42,186"},35000,10]
[230,"Garnier","Jacqueline",null,"Oglala Sioux Tribe",null,"B",{"$nulls":3},{"v":42186,"d":"42,186"},35000,10]
[231,"Rabbit","Leanne",null,"Oglala Sioux Tribe",null,"B",{"$nulls":3},{"v":42186,"d":"42,186"},35000,10]
[232,"Little Hawk","Cecil","Jr","Oglala Sioux Tribe",null,"B",{"$nulls":3},{"v":42186,"d":"42,186"},35000,10]
[233,"Brewer","Anthony",null,"Oglala Sioux Tribe",null,"B",{"$nulls":3},{"v":42186,"d":"42,186"},35000,10]
[234,"White Calf","Irvin",null,"Oglala Sioux Tribe",null,null,"C-1",null,null,{"v":42186,"d":"42,186"},120000,10]
[235,"Apple","Darrell",null,"Oglala Sioux Tribe",null,null,"C-1",null,null,{"v":42186,"d":"42,186"},120000,10]
[236,"Pacheco","Jody",null,"Oglala Sioux Tribe",null,null,"C-1",null,null,{"v":42186,"d":"42,186"},120000,10]
[237,"Sitting Bear","Naomi",null,"Oglala Sioux Tribe",null,null,"C-1",null,null,{"v":42186,"d":"42,186"},120000,10]
[238,"Fraser","Catlin",null,"Oglala Sioux Tribe",null,null,"C-1",null,null,{"v":42186,"d":"42,186"},120000,10]
[239,"Stone ","Roy",null,"Oglala Sioux Tribe",null,"B",{"$nulls":3},{"v":42186,"d":"42,186"},35000,10]
[240,"Two Lance","Vincent",null,"Oglala Sioux Tribe",null,"B",{"$nulls":3},{"v":42186,"d":"42,186"},35000,10]
[241,"Morrisette","Jennifer",null,"Oglala Sioux Tribe",null,null,"C-1",null,null,{"v":42186,"d":"42,186"},120000,10]
[242,"Red Owl","Helen",null,"Oglala Sioux Tribe",null,null,"C-1",null,null,{"v":42186,"d":"42,186"},120000,10]
[243,"Parmenter","Michelle",null,"Oglala Sioux Tribe",null,null,"C-1",null,null,{"v":42186,"d":"42,186"},120000,10]
[244,"Fights Over","Carolyn",null,"Oglala Sioux Tribe",null,"B",{"$nulls":3},{"v":42186,"d":"42,186"},35000,10]
[245,"Winters-Schaffer","Lucine",null,"Oglala Sioux Tribe",null,null,"C-1",null,null,{"v":42186,"d":"42,186"},120000,10]
[246,"Brewer","Dayna",null,"Oglala Sioux Tribe",null,null,"C-1",null,null,{"v":42186,"d":"42,186"},120000,10]
[247,"Bettelyoun","Nathaniel",null,"Oglala Sioux Tribe",null,"B",{"$nulls":3},{"v":42186,"d":"42,186"},35000,10]
[248,"Brown","Dora",null,"Oglala Sioux Tribe",null,null,"C-1",null,null,{"v":42186,"d":"42,186"},120000,10]
[249,"Big Crow","Susan",null,"Oglala Sioux Tribe",null,"B",{"$nulls":3},{"v":42186,"d":"42,186"},35000,10]
[250,"Head","Byron",null,"Oglala Sioux Tribe",null,null,"C-1",null,null,{"v":42186,"d":"42,186"},120000,10]
[251,"Iron Horn","Lyle",null,"Oglala Sioux Tribe",null,null,"C-1",null,null,{"v":42186,"d":"42,186"},120000,10]
[252,"Little Killer","Sharon",null,"Oglala Sioux Tribe",null,null,"C-1",null,null,{"v":42186,"d":"42,186"},120000,10]
[253,"Provost","Kin",null,"Oglala Sioux Tribe",null,null,"C-1",null,null,{"v":42186,"d":"42,186"},120000,10]
[254,"Randall","Jacqueline ",null,"Oglala Sioux Tribe",null,"B",{"$nulls":3},{"v":42186,"d":"42,186"},35000,10]
[255,"Red Owl","Richard",null,"Oglala Sioux Tribe",null,null,"C-1",null,null,{"v":42186,"d":"42,186"},120000,10]
[256,"Vocu","Marie",null,"Oglala Sioux Tribe",null,null,"C-1",null,null,{"v":42186,"d":"42,186"},120000,10]
[257,"Whirlwind Horse","James",null,"Oglala Sioux Tribe",null,null,"C-1",null,null,{"v":42186,"d":"42,186"},120000,10]
[258,"Janis","Victor",null,"Oglala Sioux Tribe",null,null,"C-1",null,null,{"v":42186,"d":"42,186"},120000,10]
[{"$f":"A267+1","v":259},"Pourier","Duane",null,"Oglala Sioux Tribe",null,null,"C-1",null,null,{"v":42186,"d":"42,186"},120000,10]
[260,"Frogg","Charlotte",null,"Oglala Sioux Tribe",null,null,"C-1",null,null,{"v":42186,"d":"42,186"},120000,10]
[261,"Hard Heart","Alvin",null,"Oglala Sioux Tribe",null,null,"C-1",null,null,{"v":42186,"d":"42,186"},120000,10]
[262,"Helper","Brandon",null,"Oglala Sioux Tribe",null,"B",{"$nulls":3},{"v":42186,"d":"42,186"},35000,10]
[263,"Helper","Geraldine",null,"Oglala Sioux Tribe",null,"B",{"$nulls":3},{"v":42186,"d":"42,186"},35000,10]
[264,"Hernandez","Helen",null,"Oglala Sioux Tribe",null,null,"C-1",null,null,{"v":42186,"d":"42,186"},120000,10]
[265,"Hernandez","Robert",null,"Oglala Sioux Tribe",null,null,"C-1",null,null,{"v":42186,"d":"42,186"},120000,10]
[266,"Hernandez","Sonja",null,"Oglala Sioux Tribe",null,null,"C-1",null,null,{"v":42186,"d":"42,186"},120000,10]
[267,"High Bull","Collette",null,"Oglala Sioux Tribe",null,null,"C-1",null,null,{"v":42186,"d":"42,186"},120000,10]
[268,"High Bull","Maissa",null,"Oglala Sioux Tribe",null,null,"C-1",null,null,{"v":42186,"d":"42,186"},120000,10]
[269,"High Bull","Marvin",null,"Oglala Sioux Tribe",null,null,"C-1",null,null,{"v":42186,"d":"42,186"},120000,10]
[270,"Yellow Boy","Fredrick",null,"Oglala Sioux Tribe",null,null,"C-1",null,null,{"v":42186,"d":"42,186"},120000,10]
[271,"Palmier","Jamie",null,"Oglala Sioux Tribe",null,null,"C-1",null,null,{"v":42186,"d":"42,186"},120000,10]
[272,"Runnels","Cheryce",null,"Oglala Sioux Tribe",null,null,"C-1",null,null,{"v":42186,"d":"42,186"},120000,10]
[273,"Sitting Holy","Tara",null,"Oglala Sioux Tribe",null,null,"C-1",null,null,{"v":42186,"d":"42,186"},120000,10]
[274,"Spotted Bear","Jennifer",null,"Oglala Sioux Tribe",null,null,"C-1",null,null,{"v":42186,"d":"42,186"},120000,10]
[275,"Yellow Shield","Dallas","Jr","Oglala Sioux Tribe",null,"B",{"$nulls":3},{"v":42186,"d":"42,186"},35000,10]
[276,"Janis","Gerald",null,"Oglala Sioux Tribe",null,"B",{"$nulls":3},{"v":42186,"d":"42,186"},35000,10]
[277,"Swallow","Carl",null,"Oglala Sioux Tribe",null,"B",{"$nulls":3},{"v":42186,"d":"42,186"},35000,10]
[278,"Hawk","Lora",null,"Oglala Sioux Tribe",null,null,"C-1",null,null,{"v":42186,"d":"42,186"},120000,10]
[279,"Amiotte","Hanna",null,"Oglala Sioux Tribe",null,null,"C-1",null,null,{"v":42186,"d":"42,186"},120000,10]
[280,"Westover","Agnes",null,"Oglala Sioux Tribe",null,null,"C-1",null,null,{"v":42186,"d":"42,186"},120000,10]
[281,"Houle","Christopher",null,"Three Affiliated Tribes",null,null,"C-1",null,null,{"v":42186,"d":"42,186"},120000,10]
[282,"White Singer","Alvin",null,"Three Affiliated Tribes",null,null,"C-1",null,null,{"v":42186,"d":"42,186"},120000,10]
[283,"Franchuk","Charles",null,"Three Affiliated Tribes",null,null,"C-1",null,null,{"v":42186,"d":"42,186"},120000,10]
[284,"Lockwood","Charlene",null,"Three Affiliated Tribes",null,null,"C-1",null,null,{"v":42186,"d":"42,186"},120000,10]
[285,"Mancera","Kimberly",null,"Three Affiliated Tribes",null,null,"C-1",null,null,{"v":42186,"d":"42,186"},120000,10]
[286,"Myrick","Jacob",null,"Three Affiliated Tribes",null,null,"C-1",null,null,{"v":42186,"d":"42,186"},120000,10]
[287,"GoodIron","Nathan",null,"Three Affiliated Tribes",null,null,"C-1",null,null,{"v":42186,"d":"42,186"},120000,10]
[288,"Boysen","Pansey",null,"Cheyenne River Sioux Tribe",{"$nulls":3},"C-2",null,{"v":42186,"d":"42,186"},120000,10]
[289,"Anderson","Russell",null,"Cheyenne River Sioux Tribe",{"$nulls":3},"C-2",null,{"v":42186,"d":"42,186"},120000,10]
[290,"Addison","Linda",null,"Cheyenne River Sioux Tribe",null,"B",{"$nulls":3},{"v":42186,"d":"42,186"},35000,10]
[291,"Annis ","Carmen",null,"Cheyenne River Sioux Tribe",null,"B",{"$nulls":3},{"v":42186,"d":"42,186"},35000,10]
[292,"Arpan","Albert",null,"Cheyenne River Sioux Tribe",null,"B",{"$nulls":3},{"v":42186,"d":"42,186"},35000,10]
[293,"Ashley","Michael",null,"Cheyenne River Sioux Tribe",{"$nulls":3},"C-2",null,{"v":42186,"d":"42,186"},120000,10]
[294,"Aungie","Marquis",null,"Cheyenne River Sioux Tribe",{"$nulls":3},"C-2",null,{"v":42186,"d":"42,186"},120000,10]
[295,"Avery","Lamar",null,"Cheyenne River Sioux Tribe",{"$nulls":3},"C-2",null,{"v":42186,"d":"42,186"},120000,10]
[296,"Bagola","Preston",null,"Cheyenne River Sioux Tribe",{"$nulls":3},"C-2",null,{"v":42186,"d":"42,186"},120000,10]
[297,"Bald Eagle","Leni",null,"Cheyenne River Sioux Tribe",{"$nulls":3},"C-2",null,{"v":42186,"d":"42,186"},120000,10]
[298,"Barragan","Madonna",null,"Cheyenne River Sioux Tribe",{"$nulls":3},"C-2",null,{"v":42186,"d":"42,186"},120000,10]
[299,"Bear Stops","Aleta",null,"Cheyenne River Sioux Tribe",{"$nulls":3},"C-2",null,{"v":42186,"d":"42,186"},120000,10]
[300,"Belt","Kendra",null,"Cheyenne River Sioux Tribe",{"$nulls":3},"C-2",null,{"v":42186,"d":"42,186"},120000,10]
[301,"Bird Necklace","Sondra",null,"Cheyenne River Sioux Tribe",{"$nulls":3},"C-2",null,{"v":42186,"d":"42,186"},120000,10]
[302,"Black Bird","Ansonia",null,"Cheyenne River Sioux Tribe",{"$nulls":3},"C-2",null,{"v":42186,"d":"42,186"},120000,10]
[303,"Blue Arm","Brionne",null,"Cheyenne River Sioux Tribe",null,null,"C-1",null,null,{"v":42186,"d":"42,186"},120000,10]
[304,"Blue Arm","Valance",null,"Cheyenne River Sioux Tribe",{"$nulls":3},"C-2",null,{"v":42186,"d":"42,186"},120000,10]
[305,"Blue Arm","Gordon",null,"Cheyenne River Sioux Tribe",{"$nulls":3},"C-2",null,{"v":42186,"d":"42,186"},120000,10]
[306,"Blue Coat","Phillip",null,"Cheyenne River Sioux Tribe",null,null,"C-1",null,null,{"v":42186,"d":"42,186"},120000,10]
[307,"Blue Coat","Carla",null,"Cheyenne River Sioux Tribe",{"$nulls":3},"C-2",null,{"v":42186,"d":"42,186"},120000,10]
[308,"Bowker","Dawncee",null,"Cheyenne River Sioux Tribe",{"$nulls":3},"C-2",null,{"v":42186,"d":"42,186"},120000,10]
[309,"Bowker","Renae",null,"Cheyenne River Sioux Tribe",{"$nulls":3},"C-2",null,{"v":42186,"d":"42,186"},120000,10]
[310,"Bowker","Robert",null,"Cheyenne River Sioux Tribe",{"$nulls":3},"C-2",null,{"v":42186,"d":"42,186"},120000,10]
[311,"Bowker","Holly",null,"Cheyenne River Sioux Tribe",null,null,"C-1",null,null,{"v":42186,"d":"42,186"},120000,10]
[312,"Bowker","Delise",null,"Cheyenne River Sioux Tribe",{"$nulls":3},"C-2",null,{"v":42186,"d":"42,186"},120000,10]
[313,"Bowker","Michael",null,"Cheyenne River Sioux Tribe",{"$nulls":3},"C-2",null,{"v":42186,"d":"42,186"},120000,10]
[314,"Brickbill","Michelle",null,"Cheyenne River Sioux Tribe",{"$nulls":3},"C-2",null,{"v":42186,"d":"42,186"},120000,10]
[315,"Brings Plenty","Joni",null,"Cheyenne River Sioux Tribe",null,null,"C-1",null,null,{"v":42186,"d":"42,186"},120000,10]
[316,"Brown","Sharina",null,"Cheyenne River Sioux Tribe",{"$nulls":3},"C-2",null,{"v":42186,"d":"42,186"},120000,10]
[317,"Brown Wolf","William",null,"Cheyenne River Sioux Tribe",{"$nulls":3},"C-2",null,{"v":42186,"d":"42,186"},120000,10]
[318,"Bruguier","Melody",null,"Cheyenne River Sioux Tribe",{"$nulls":3},"C-2",null,{"v":42186,"d":"42,186"},120000,10]
[319,"Bruguier","Rhonda",null,"Cheyenne River Sioux Tribe",{"$nulls":3},"C-2",null,{"v":42186,"d":"42,186"},120000,10]
[320,"Cass","Jordan",null,"Cheyenne River Sioux Tribe",{"$nulls":3},"C-2",null,{"v":42186,"d":"42,186"},120000,10]
[321,"Castro","Chalicia",null,"Cheyenne River Sioux Tribe",{"$nulls":3},"C-2",null,{"v":42186,"d":"42,186"},120000,10]
[322,"Castro","Pamela",null,"Cheyenne River Sioux Tribe",{"$nulls":3},"C-2",null,{"v":42186,"d":"42,186"},120000,10]
[{"$f":"A331+1","v":323},"Charger","Julian",null,"Cheyenne River Sioux Tribe",{"$nulls":3},"C-2",null,{"v":42186,"d":"42,186"},120000,10]
[324,"Charger","Ferrell",null,"Cheyenne River Sioux Tribe",{"$nulls":3},"C-2",null,{"v":42186,"d":"42,186"},120000,10]
[325,"Charger","Clarice",null,"Cheyenne River Sioux Tribe",{"$nulls":3},"C-2",null,{"v":42186,"d":"42,186"},120000,10]
[326,"Chasing Hawk","Tisi",null,"Cheyenne River Sioux Tribe",{"$nulls":3},"C-2",null,{"v":42186,"d":"42,186"},120000,10]
[327,"Chasing Hawk","Taryn",null,"Cheyenne River Sioux Tribe",{"$nulls":3},"C-2",null,{"v":42186,"d":"42,186"},120000,10]
[328,"Chasing Hawk","Lynn",null,"Cheyenne River Sioux Tribe",{"$nulls":3},"C-2",null,{"v":42186,"d":"42,186"},120000,10]
[329,"Chasing Hawk","Allen",null,"Cheyenne River Sioux Tribe",{"$nulls":3},"C-2",null,{"v":42186,"d":"42,186"},120000,10]
[330,"Chasing Hawk","Ann",null,"Cheyenne River Sioux Tribe",{"$nulls":3},"C-2",null,{"v":42186,"d":"42,186"},120000,10]
[331,"Cisneros","Everardo",null,"Cheyenne River Sioux Tribe",{"$nulls":3},"C-2",null,{"v":42186,"d":"42,186"},120000,10]
[332,"Clausen","Troy",null,"Cheyenne River Sioux Tribe",null,null,"C-1",null,null,{"v":42186,"d":"42,186"},120000,10]
[333,"Claymore","Grady",null,"Cheyenne River Sioux Tribe",null,null,"C-1",null,null,{"v":42186,"d":"42,186"},120000,10]
[334,"Clown","Carlin",null,"Cheyenne River Sioux Tribe",{"$nulls":3},"C-2",null,{"v":42186,"d":"42,186"},120000,10]
[335,"Clown","Nolan",null,"Cheyenne River Sioux Tribe",{"$nulls":3},"C-2",null,{"v":42186,"d":"42,186"},120000,10]
[336,"Clown","Desiree",null,"Cheyenne River Sioux Tribe",{"$nulls":3},"C-2",null,{"v":42186,"d":"42,186"},120000,10]
[337,"Clown","Ricardo",null,"Cheyenne River Sioux Tribe",{"$nulls":3},"C-2",null,{"v":42186,"d":"42,186"},120000,10]
[338,"Clown","Raymond",null,"Cheyenne River Sioux Tribe",{"$nulls":3},"C-2",null,{"v":42186,"d":"42,186"},120000,10]
[339,"Clown","Bradley",null,"Cheyenne River Sioux Tribe",{"$nulls":3},"C-2",null,{"v":42186,"d":"42,186"},120000,10]
[340,"Collins","Wicahpi",null,"Cheyenne River Sioux Tribe",{"$nulls":3},"C-2",null,{"v":42186,"d":"42,186"},120000,10]
[341,"Collins","Delicia",null,"Cheyenne River Sioux Tribe",{"$nulls":3},"C-2",null,{"v":42186,"d":"42,186"},120000,10]
[342,"Colombe","Delphine",null,"Cheyenne River Sioux Tribe",{"$nulls":3},"C-2",null,{"v":42186,"d":"42,186"},120000,10]
[343,"Condon","Jae",null,"Cheyenne River Sioux Tribe",{"$nulls":3},"C-2",null,{"v":42186,"d":"42,186"},120000,10]
[344,"Condon","Kate",null,"Cheyenne River Sioux Tribe",{"$nulls":3},"C-2",null,{"v":42186,"d":"42,186"},120000,10]
[345,"Cook","William",null,"Cheyenne River Sioux Tribe",{"$nulls":3},"C-2",null,{"v":42186,"d":"42,186"},120000,10]
[346,"Cota Araujo","Rae Jean",null,"Cheyenne River Sioux Tribe",{"$nulls":3},"C-2",null,{"v":42186,"d":"42,186"},120000,10]
[347,"Counting","Kenneth",null,"Cheyenne River Sioux Tribe",{"$nulls":3},"C-2",null,{"v":42186,"d":"42,186"},120000,10]
[348,"Cudmore","Glen",null,"Cheyenne River Sioux Tribe",{"$nulls":3},"C-2",null,{"v":42186,"d":"42,186"},120000,10]
[349,"Curley","Jerry",null,"Cheyenne River Sioux Tribe",{"$nulls":3},"C-2",null,{"v":42186,"d":"42,186"},120000,10]
[350,"Cutt","Carmen",null,"Cheyenne River Sioux Tribe",null,null,"C-1",null,null,{"v":42186,"d":"42,186"},120000,10]
[351,"Defender","Earl",null,"Cheyenne River Sioux Tribe",{"$nulls":3},"C-2",null,{"v":42186,"d":"42,186"},120000,10]
[352,"Demery","Frenchy",null,"Cheyenne River Sioux Tribe",{"$nulls":3},"C-2",null,{"v":42186,"d":"42,186"},120000,10]
[353,"Dennis","Mary",null,"Cheyenne River Sioux Tribe",null,null,"C-1",null,null,{"v":42186,"d":"42,186"},120000,10]
[354,"Dennis","Rochelle",null,"Cheyenne River Sioux Tribe",null,null,"C-1",null,null,{"v":42186,"d":"42,186"},120000,10]
[355,"Different Horse","Emery",null,"Cheyenne River Sioux Tribe",{"$nulls":3},"C-2",null,{"v":42186,"d":"42,186"},120000,10]
[356,"Dog Eagle","Samantha",null,"Cheyenne River Sioux Tribe",{"$nulls":3},"C-2",null,{"v":42186,"d":"42,186"},120000,10]
[357,"Ducheneaux","Faye",null,"Cheyenne River Sioux Tribe",{"$nulls":3},"C-2",null,{"v":42186,"d":"42,186"},120000,10]
[358,"Ducheneaux","Nicole",null,"Cheyenne River Sioux Tribe",{"$nulls":3},"C-2",null,{"v":42186,"d":"42,186"},120000,10]
[359,"Ducheneaux","Theresa",null,"Cheyenne River Sioux Tribe",{"$nulls":3},"C-2",null,{"v":42186,"d":"42,186"},120000,10]
[360,"Dupris","Sharon",null,"Cheyenne River Sioux Tribe",{"$nulls":3},"C-2",null,{"v":42186,"d":"42,186"},120000,10]
[361,"Dupris","Yvonne",null,"Cheyenne River Sioux Tribe",{"$nulls":3},"C-2",null,{"v":42186,"d":"42,186"},120000,10]
[362,"Dupris","Angela",null,"Cheyenne River Sioux Tribe",{"$nulls":3},"C-2",null,{"v":42186,"d":"42,186"},120000,10]
[363,"Dupris","Jaymee",null,"Cheyenne River Sioux Tribe",{"$nulls":3},"C-2",null,{"v":42186,"d":"42,186"},120000,10]
[364,"Dupris","Julian",null,"Cheyenne River Sioux Tribe",{"$nulls":3},"C-2",null,{"v":42186,"d":"42,186"},120000,10]
[365,"Eagle Bear","Gwendolyn",null,"Cheyenne River Sioux Tribe",{"$nulls":3},"C-2",null,{"v":42186,"d":"42,186"},120000,10]
[366,"Eagle Chasing","Alvina",null,"Cheyenne River Sioux Tribe",{"$nulls":3},"C-2",null,{"v":42186,"d":"42,186"},120000,10]
[367,"Eagle Chasing","Cherronna",null,"Cheyenne River Sioux Tribe",{"$nulls":3},"C-2",null,{"v":42186,"d":"42,186"},120000,10]
[368,"Eagle Chasing","Treena",null,"Cheyenne River Sioux Tribe",{"$nulls":3},"C-2",null,{"v":42186,"d":"42,186"},120000,10]
[369,"Eagleman","June",null,"Cheyenne River Sioux Tribe",{"$nulls":3},"C-2",null,{"v":42186,"d":"42,186"},120000,10]
[370,"Elk Eagle ","Benjamin",null,"Cheyenne River Sioux Tribe",{"$nulls":3},"C-2",null,{"v":42186,"d":"42,186"},120000,10]
[371,"Eagle Chasing","LaVina",null,"Cheyenne River Sioux Tribe",{"$nulls":3},"C-2",null,{"v":42186,"d":"42,186"},120000,10]
[372,"Evans","Alexia",null,"Cheyenne River Sioux Tribe",{"$nulls":3},"C-2",null,{"v":42186,"d":"42,186"},120000,10]
[373,"Fiafoa","Alma",null,"Cheyenne River Sioux Tribe",{"$nulls":3},"C-2",null,{"v":42186,"d":"42,186"},120000,10]
[374,"Fire Cloud","Ida",null,"Cheyenne River Sioux Tribe",{"$nulls":3},"C-2",null,{"v":42186,"d":"42,186"},120000,10]
[375,"Francois","Delia",null,"Cheyenne River Sioux Tribe",{"$nulls":3},"C-2",null,{"v":42186,"d":"42,186"},120000,10]
[376,"Frazier","Natasha",null,"Cheyenne River Sioux Tribe",{"$nulls":3},"C-2",null,{"v":42186,"d":"42,186"},120000,10]
[377,"Frazier","Beyan",null,"Cheyenne River Sioux Tribe",{"$nulls":3},"C-2",null,{"v":42186,"d":"42,186"},120000,10]
[378,"Frazier","Kate",null,"Cheyenne River Sioux Tribe",{"$nulls":3},"C-2",null,{"v":42186,"d":"42,186"},120000,10]
[379,"Galaviz","Elena",null,"Cheyenne River Sioux Tribe",{"$nulls":3},"C-2",null,{"v":42186,"d":"42,186"},120000,10]
[380,"Garreau","Allen",null,"Cheyenne River Sioux Tribe",{"$nulls":3},"C-2",null,{"v":42186,"d":"42,186"},120000,10]
[381,"Garreau","Justin",null,"Cheyenne River Sioux Tribe",{"$nulls":3},"C-2",null,{"v":42186,"d":"42,186"},120000,10]
[382,"Gilbert","Eva",null,"Cheyenne River Sioux Tribe",{"$nulls":3},"C-2",null,{"v":42186,"d":"42,186"},120000,10]
[383,"Greaves","Amanda",null,"Cheyenne River Sioux Tribe",{"$nulls":3},"C-2",null,{"v":42186,"d":"42,186"},120000,10]
[384,"Guerrero","Irene",null,"Cheyenne River Sioux Tribe",{"$nulls":3},"C-2",null,{"v":42186,"d":"42,186"},120000,10]
[385,"Hale","Cleo",null,"Cheyenne River Sioux Tribe",{"$nulls":3},"C-2",null,{"v":42186,"d":"42,186"},120000,10]
[386,"Hale","Herbert",null,"Cheyenne River Sioux Tribe",{"$nulls":3},"C-2",null,{"v":42186,"d":"42,186"},120000,10]
[{"$f":"A395+1","v":387},"Hansen","Walter",null,"Cheyenne River Sioux Tribe",{"$nulls":3},"C-2",null,{"v":42186,"d":"42,186"},120000,10]
[388,"Haskell","David",null,"Cheyenne River Sioux Tribe",{"$nulls":3},"C-2",null,{"v":42186,"d":"42,186"},120000,10]
[389,"Hayes","Sharon",null,"Cheyenne River Sioux Tribe",{"$nulls":3},"C-2",null,{"v":42186,"d":"42,186"},120000,10]
[390,"Hearon","Sherlyn",null,"Cheyenne River Sioux Tribe",{"$nulls":3},"C-2",null,{"v":42186,"d":"42,186"},120000,10]
[391,"High Bear","Flora",null,"Cheyenne River Sioux Tribe",{"$nulls":3},"C-2",null,{"v":42186,"d":"42,186"},120000,10]
[392,"High Bear","Twyla",null,"Cheyenne River Sioux Tribe",{"$nulls":3},"C-2",null,{"v":42186,"d":"42,186"},120000,10]
[393,"High Bear","Cami",null,"Cheyenne River Sioux Tribe",{"$nulls":3},"C-2",null,{"v":42186,"d":"42,186"},120000,10]
[394,"High Bear","Jolene",null,"Cheyenne River Sioux Tribe",null,null,"C-1",null,null,{"v":42186,"d":"42,186"},120000,10]
[395,"High Bear","Andrew",null,"Cheyenne River Sioux Tribe",null,null,"C-1",null,null,{"v":42186,"d":"42,186"},120000,10]
[396,"High Elk","Angela",null,"Cheyenne River Sioux Tribe",{"$nulls":3},"C-2",null,{"v":42186,"d":"42,186"},120000,10]
[397,"High Elk","Arlee",null,"Cheyenne River Sioux Tribe",{"$nulls":3},"C-2",null,{"v":42186,"d":"42,186"},120000,10]
[398,"Hill","Lyn'Dee",null,"Cheyenne River Sioux Tribe",{"$nulls":3},"C-2",null,{"v":42186,"d":"42,186"},120000,10]
[399,"Hill","Jenny",null,"Cheyenne River Sioux Tribe",{"$nulls":3},"C-2",null,{"v":42186,"d":"42,186"},120000,10]
[400,"Hollow Horn","Maura",null,"Cheyenne River Sioux Tribe",{"$nulls":3},"C-2",null,{"v":42186,"d":"42,186"},120000,10]
[401,"Hollow Horn","Veldon",null,"Cheyenne River Sioux Tribe",{"$nulls":3},"C-2",null,{"v":42186,"d":"42,186"},120000,10]
[402,"Hollow Horn","Zigmund",null,"Cheyenne River Sioux Tribe",{"$nulls":3},"C-2",null,{"v":42186,"d":"42,186"},120000,10]
[403,"Holloway","Charles",null,"Cheyenne River Sioux Tribe",{"$nulls":3},"C-2",null,{"v":42186,"d":"42,186"},120000,10]
[404,"Howard","Linda",null,"Cheyenne River Sioux Tribe",{"$nulls":3},"C-2",null,{"v":42186,"d":"42,186"},120000,10]
[405,"In The Woods","Larry",null,"Cheyenne River Sioux Tribe",{"$nulls":3},"C-2",null,{"v":42186,"d":"42,186"},120000,10]
[406,"In The Woods","Burton",null,"Cheyenne River Sioux Tribe",{"$nulls":3},"C-2",null,{"v":42186,"d":"42,186"},120000,10]
[407,"In The Woods","Barbara",null,"Cheyenne River Sioux Tribe",{"$nulls":3},"C-2",null,{"v":42186,"d":"42,186"},120000,10]
[408,"Traversie","Ina",null,"Cheyenne River Sioux Tribe",null,null,"C-1",null,null,{"v":42186,"d":"42,186"},120000,10]
[409,"Iron Hawk","Germaine",null,"Cheyenne River Sioux Tribe",{"$nulls":3},"C-2",null,{"v":42186,"d":"42,186"},120000,10]
[410,"Iron Lightning","Marlarae",null,"Cheyenne River Sioux Tribe",{"$nulls":3},"C-2",null,{"v":42186,"d":"42,186"},120000,10]
[411,"Iron Wing","Roxanne",null,"Cheyenne River Sioux Tribe",{"$nulls":3},"C-2",null,{"v":42186,"d":"42,186"},120000,10]
[412,"Iron Wing","Gilford",null,"Cheyenne River Sioux Tribe",{"$nulls":3},"C-2",null,{"v":42186,"d":"42,186"},120000,10]
[413,"Jefferies","Wade",null,"Cheyenne River Sioux Tribe",{"$nulls":3},"C-2",null,{"v":42186,"d":"42,186"},120000,10]
[414,"Kavanaugh","Rain'e",null,"Cheyenne River Sioux Tribe",{"$nulls":3},"C-2",null,{"v":42186,"d":"42,186"},120000,10]
[415,"Keller","Delaine",null,"Cheyenne River Sioux Tribe",{"$nulls":3},"C-2",null,{"v":42186,"d":"42,186"},120000,10]
[416,"Knight","Heather",null,"Cheyenne River Sioux Tribe",{"$nulls":3},"C-2",null,{"v":42186,"d":"42,186"},120000,10]
[417,"Lafferty","Joseph",null,"Cheyenne River Sioux Tribe",{"$nulls":3},"C-2",null,{"v":42186,"d":"42,186"},120000,10]
[418,"LaPlante","Douglas",null,"Cheyenne River Sioux Tribe",null,null,"C-1",null,null,{"v":42186,"d":"42,186"},120000,10]
[419,"Lara","Lucy",null,"Cheyenne River Sioux Tribe",{"$nulls":3},"C-2",null,{"v":42186,"d":"42,186"},120000,10]
[420,"Fast Horse","Richard",null,"Cheyenne River Sioux Tribe",{"$nulls":3},"C-2",null,{"v":42186,"d":"42,186"},120000,10]
[421,"Laundreau","David",null,"Cheyenne River Sioux Tribe",{"$nulls":3},"C-2",null,{"v":42186,"d":"42,186"},120000,10]
[422,"Lawerence","Bryce",null,"Cheyenne River Sioux Tribe",{"$nulls":3},"C-2",null,{"v":42186,"d":"42,186"},120000,10]
[423,"LeBeau","Amber",null,"Cheyenne River Sioux Tribe",{"$nulls":3},"C-2",null,{"v":42186,"d":"42,186"},120000,10]
[424,"LeBeau","Antone",null,"Cheyenne River Sioux Tribe",{"$nulls":3},"C-2",null,{"v":42186,"d":"42,186"},120000,10]
[425,"LeBeau","Justin",null,"Cheyenne River Sioux Tribe",{"$nulls":3},"C-2",null,{"v":42186,"d":"42,186"},120000,10]
[426,"LeClaire","William",null,"Cheyenne River Sioux Tribe",{"$nulls":3},"C-2",null,{"v":42186,"d":"42,186"},120000,10]
[427,"LeCompte","D'lani",null,"Cheyenne River Sioux Tribe",{"$nulls":3},"C-2",null,{"v":42186,"d":"42,186"},120000,10]
[428,"Lee","Lola",null,"Cheyenne River Sioux Tribe",{"$nulls":3},"C-2",null,{"v":42186,"d":"42,186"},120000,10]
[429,"Lee","Joette",null,"Cheyenne River Sioux Tribe",{"$nulls":3},"C-2",null,{"v":42186,"d":"42,186"},120000,10]
[430,"Little Shield","June",null,"Cheyenne River Sioux Tribe",{"$nulls":3},"C-2",null,{"v":42186,"d":"42,186"},120000,10]
[431,"Little Shield","Nathan",null,"Cheyenne River Sioux Tribe",{"$nulls":3},"C-2",null,{"v":42186,"d":"42,186"},120000,10]
[432,"Little Sky","Chaska",null,"Cheyenne River Sioux Tribe",{"$nulls":3},"C-2",null,{"v":42186,"d":"42,186"},120000,10]
[433,"Little Star","Cassandra",null,"Cheyenne River Sioux Tribe",{"$nulls":3},"C-2",null,{"v":42186,"d":"42,186"},120000,10]
[434,"Little Star","Odessa",null,"Cheyenne River Sioux Tribe",{"$nulls":3},"C-2",null,{"v":42186,"d":"42,186"},120000,10]
[435,"Lone Eagle ","Zouie",null,"Cheyenne River Sioux Tribe",{"$nulls":3},"C-2",null,{"v":42186,"d":"42,186"},120000,10]
[436,"Lone Eagle ","Violet",null,"Cheyenne River Sioux Tribe",null,null,"C-1",null,null,{"v":42186,"d":"42,186"},120000,10]
[437,"Lone Eagle ","Francis",null,"Cheyenne River Sioux Tribe",{"$nulls":3},"C-2",null,{"v":42186,"d":"42,186"},120000,10]
[438,"Long Chase","Ramona",null,"Cheyenne River Sioux Tribe",{"$nulls":3},"C-2",null,{"v":42186,"d":"42,186"},120000,10]
[439,"Looking Horse","Beatrice",null,"Cheyenne River Sioux Tribe",{"$nulls":3},"C-2",null,{"v":42186,"d":"42,186"},120000,10]
[440,"Looking Horse","Ivan",null,"Cheyenne River Sioux Tribe",{"$nulls":3},"C-2",null,{"v":42186,"d":"42,186"},120000,10]
[441,"Lucero","Roberta",null,"Cheyenne River Sioux Tribe",{"$nulls":3},"C-2",null,{"v":42186,"d":"42,186"},120000,10]
[442,"Mann","Janie",null,"Cheyenne River Sioux Tribe",{"$nulls":3},"C-2",null,{"v":42186,"d":"42,186"},120000,10]
[443,"Marrowbone","David",null,"Cheyenne River Sioux Tribe",{"$nulls":3},"C-2",null,{"v":42186,"d":"42,186"},120000,10]
[444,"Marshall","Charlie",null,"Cheyenne River Sioux Tribe",{"$nulls":3},"C-2",null,{"v":42186,"d":"42,186"},120000,10]
[445,"Marti","Viodelca",null,"Cheyenne River Sioux Tribe",{"$nulls":3},"C-2",null,{"v":42186,"d":"42,186"},120000,10]
[446,"McLane","Romona",null,"Cheyenne River Sioux Tribe",{"$nulls":3},"C-2",null,{"v":42186,"d":"42,186"},120000,10]
[447,"Means","Charmayne",null,"Cheyenne River Sioux Tribe",{"$nulls":3},"C-2",null,{"v":42186,"d":"42,186"},120000,10]
[448,"Means","Jeremy",null,"Cheyenne River Sioux Tribe",{"$nulls":3},"C-2",null,{"v":42186,"d":"42,186"},120000,10]
[449,"Mestes","Orville",null,"Cheyenne River Sioux Tribe",{"$nulls":3},"C-2",null,{"v":42186,"d":"42,186"},120000,10]
[450,"Mesteth ","Larry",null,"Cheyenne River Sioux Tribe",{"$nulls":3},"C-2",null,{"v":42186,"d":"42,186"},120000,10]
[{"$f":"A459+1","v":451},"Miner","Charity",null,"Cheyenne River Sioux Tribe",{"$nulls":3},"C-2",null,{"v":42186,"d":"42,186"},120000,10]
[452,"Mitchell","Charity",null,"Cheyenne River Sioux Tribe",{"$nulls":3},"C-2",null,{"v":42186,"d":"42,186"},120000,10]
[453,"Mitchell","Merrill",null,"Cheyenne River Sioux Tribe",{"$nulls":3},"C-2",null,{"v":42186,"d":"42,186"},120000,10]
[454,"Molash","Jennifer",null,"Cheyenne River Sioux Tribe",{"$nulls":3},"C-2",null,{"v":42186,"d":"42,186"},120000,10]
[455,"Moran","Marissa",null,"Cheyenne River Sioux Tribe",{"$nulls":3},"C-2",null,{"v":42186,"d":"42,186"},120000,10]
[456,"Moran","JoBeth",null,"Cheyenne River Sioux Tribe",{"$nulls":3},"C-2",null,{"v":42186,"d":"42,186"},120000,10]
[457,"Moran","James",null,"Cheyenne River Sioux Tribe",{"$nulls":3},"C-2",null,{"v":42186,"d":"42,186"},120000,10]
[458,"Moran","John",null,"Cheyenne River Sioux Tribe",{"$nulls":3},"C-2",null,{"v":42186,"d":"42,186"},120000,10]
[459,"Moran","Kristina",null,"Cheyenne River Sioux Tribe",{"$nulls":3},"C-2",null,{"v":42186,"d":"42,186"},120000,10]
[460,"Morrison","Alyce",null,"Cheyenne River Sioux Tribe",{"$nulls":3},"C-2",null,{"v":42186,"d":"42,186"},120000,10]
[461,"Morrison","Orlando",null,"Cheyenne River Sioux Tribe",{"$nulls":3},"C-2",null,{"v":42186,"d":"42,186"},120000,10]
[462,"Mound","Arlene",null,"Cheyenne River Sioux Tribe",{"$nulls":3},"C-2",null,{"v":42186,"d":"42,186"},120000,10]
[463,"Nichols","July",null,"Cheyenne River Sioux Tribe",{"$nulls":3},"C-2",null,{"v":42186,"d":"42,186"},120000,10]
[464,"Night","Markus",null,"Cheyenne River Sioux Tribe",{"$nulls":3},"C-2",null,{"v":42186,"d":"42,186"},120000,10]
[465,"Oakie","Bernadine",null,"Cheyenne River Sioux Tribe",{"$nulls":3},"C-2",null,{"v":42186,"d":"42,186"},120000,10]
[466,"Oakie","Ila",null,"Cheyenne River Sioux Tribe",{"$nulls":3},"C-2",null,{"v":42186,"d":"42,186"},120000,10]
[467,"Oakie","Ricco",null,"Cheyenne River Sioux Tribe",{"$nulls":3},"C-2",null,{"v":42186,"d":"42,186"},120000,10]
[468,"Oliver","Dalton",null,"Cheyenne River Sioux Tribe",{"$nulls":3},"C-2",null,{"v":42186,"d":"42,186"},120000,10]
[469,"One Feather ","Lucy",null,"Cheyenne River Sioux Tribe",{"$nulls":3},"C-2",null,{"v":42186,"d":"42,186"},120000,10]
[470,"Peterson","Cal",null,"Cheyenne River Sioux Tribe",{"$nulls":3},"C-2",null,{"v":42186,"d":"42,186"},120000,10]
[471,"Phillips","Terry",null,"Cheyenne River Sioux Tribe",{"$nulls":3},"C-2",null,{"v":42186,"d":"42,186"},120000,10]
[472,"Phillips","Wendy",null,"Cheyenne River Sioux Tribe",{"$nulls":3},"C-2",null,{"v":42186,"d":"42,186"},120000,10]
[473,"Pretty Boy","Robert",null,"Cheyenne River Sioux Tribe",{"$nulls":3},"C-2",null,{"v":42186,"d":"42,186"},120000,10]
[474,"Pretty Weasel","Priscella",null,"Cheyenne River Sioux Tribe",{"$nulls":3},"C-2",null,{"v":42186,"d":"42,186"},120000,10]
[475,"Plainbull","Shannon",null,"Turtle Montain Band of Chippewa",null,null,"C-1",null,null,{"v":42186,"d":"42,186"},120000,11]
[476,"Gooden","Shelly",null,"Turtle Montain Band of Chippewa",null,null,"C-1",null,null,{"v":42186,"d":"42,186"},120000,11]
[477,"Demery","Justine",null,"Turtle Montain Band of Chippewa",null,null,"C-1",null,null,{"v":42186,"d":"42,186"},120000,11]
[478,"Belgarde","Sarah",null,"Turtle Montain Band of Chippewa",null,null,"C-1",null,null,{"v":42186,"d":"42,186"},120000,11]
[479,"Moors","Jenny",null,"Turtle Montain Band of Chippewa",null,null,"C-1",null,null,{"v":42186,"d":"42,186"},120000,11]
[480,"Falcon","Ericka",null,"Turtle Montain Band of Chippewa",null,null,"C-1",null,null,{"v":42186,"d":"42,186"},120000,11]
[481,"Morin","Billi Jo",null,"Turtle Montain Band of Chippewa",null,null,"C-1",null,null,{"v":42186,"d":"42,186"},120000,11]
[482,"Lilley","Brian",null,"Turtle Montain Band of Chippewa",null,"B",{"$nulls":3},{"v":42186,"d":"42,186"},35000,11]
[483,"Jerome","Carla",null,"Turtle Montain Band of Chippewa",null,null,"C-1",null,null,{"v":42186,"d":"42,186"},120000,11]
[484,"Dauphinas","Tara",null,"Turtle Montain Band of Chippewa",null,null,"C-1",null,null,{"v":42186,"d":"42,186"},120000,11]
[485,"Poitra","Crystal",null,"Turtle Montain Band of Chippewa",null,null,"C-1",null,null,{"v":42186,"d":"42,186"},120000,11]
[486,"Larocque","Curtis",null,"Turtle Montain Band of Chippewa",null,null,"C-1",null,null,{"v":42186,"d":"42,186"},120000,11]
[487,"Picotte","Flora",null,"Turtle Montain Band of Chippewa",null,null,"C-1",null,null,{"v":42186,"d":"42,186"},120000,11]
[488,"Marcellais","Marlin",null,"Turtle Montain Band of Chippewa",null,"B",{"$nulls":3},{"v":42186,"d":"42,186"},35000,11]
[489,"Davis","Amber",null,"Turtle Montain Band of Chippewa",null,"B",{"$nulls":3},{"v":42186,"d":"42,186"},35000,11]
[490,"Barron","Kelly",null,"Turtle Montain Band of Chippewa",null,"B",{"$nulls":3},{"v":42186,"d":"42,186"},35000,11]
[491,"Parisien","Morgan",null,"Turtle Montain Band of Chippewa",null,null,"C-1",null,null,{"v":42186,"d":"42,186"},120000,11]
[492,"Azure","Ernest",null,"Turtle Montain Band of Chippewa",null,"B",{"$nulls":3},{"v":42186,"d":"42,186"},35000,11]
[493,"Delong","Carol",null,"Turtle Montain Band of Chippewa",null,"B",{"$nulls":3},{"v":42186,"d":"42,186"},35000,11]
[494,"Larocque","Darlene",null,"Turtle Montain Band of Chippewa",null,"B",{"$nulls":3},{"v":42186,"d":"42,186"},35000,11]
[495,"Allery","Ina",null,"Turtle Montain Band of Chippewa",null,"B",{"$nulls":3},{"v":42186,"d":"42,186"},35000,11]
[496,"Belgarde","Dennis",null,"Turtle Montain Band of Chippewa",null,"B",{"$nulls":3},{"v":42186,"d":"42,186"},35000,11]
[497,"Peltier","Darice",null,"Turtle Montain Band of Chippewa",null,"B",{"$nulls":3},{"v":42186,"d":"42,186"},35000,11]
[498,"Provancial","Quinn",null,"Rosebud Sioux Tribe",{"$nulls":3},"C-2",null,{"v":42186,"d":"42,186"},120000,11]
[499,"Sitting Bear","Sharisse",null,"Rosebud Sioux Tribe",{"$nulls":3},"C-2",null,{"v":42186,"d":"42,186"},120000,11]
[500,"Neiss","Laura",null,"Rosebud Sioux Tribe",null,"B",{"$nulls":3},{"v":42186,"d":"42,186"},35000,11]
[501,"MannyWounds","Marie",null,"Standing Rock Sioux Tribe",null,"B",{"$nulls":3},{"v":42186,"d":"42,186"},35000,11]
[502,"Kindle","Timothy",null,"Oglala Sioux Tribe",null,"B",{"$nulls":3},{"v":42186,"d":"42,186"},35000,11]
[503,"Red Owl","Jennifer",null,"Oglala Sioux Tribe",null,null,"C-1",null,null,{"v":42186,"d":"42,186"},120000,11]
[504,"Kills Small","Brandon",null,"Oglala Sioux Tribe",null,null,"C-1",null,null,{"v":42186,"d":"42,186"},120000,11]
[505,"Short Bull","Jessica",null,"Oglala Sioux Tribe",{"$nulls":3},"C-2",null,{"v":42186,"d":"42,186"},120000,11]
[506,"Broken Nose","Francis",null,"Oglala Sioux Tribe",null,null,"C-1",null,null,{"v":42186,"d":"42,186"},120000,11]
[507,"Patton","Dorothy",null,"Oglala Sioux Tribe",null,null,"C-1",null,null,{"v":42186,"d":"42,186"},120000,11]
[508,"Zephier","Ezra",null,"Oglala Sioux Tribe",null,null,"C-1",null,null,{"v":42186,"d":"42,186"},120000,11]
[509,"White Hawk","Tonya",null,"Oglala Sioux Tribe",{"$nulls":3},"C-2",null,{"v":42186,"d":"42,186"},120000,11]
[510,"Black Tail Deer","Frances",null,"Three Affiliated Tribes",null,null,"C-1",null,null,{"v":42186,"d":"42,186"},120000,11]
[511,"Furr","Lisa",null,"Three Affiliated Tribes",null,null,"C-1",null,null,{"v":42186,"d":"42,186"},120000,11]
[512,"Beston","Jennifer",null,"Three Affiliated Tribes",null,null,"C-1",null,null,{"v":42186,"d":"42,186"},120000,11]
[513,"Schultz","Lisa",null,"Three Affiliated Tribes",null,null,"C-1",null,null,{"v":42186,"d":"42,186"},120000,11]
[514,"Hoover","Dinah",null,"Turtle Montain Band of Chippewa",null,null,"C-1",null,null,{"v":42186,"d":"42,186"},120000,12]
[{"$f":"A523+1","v":515},"McCloud","Christa",null,"Turtle Montain Band of Chippewa",null,"B",{"$nulls":3},{"v":42186,"d":"42,186"},35000,12]
[516,"Peltier","Tanya","L","Turtle Montain Band of Chippewa",null,"B",{"$nulls":3},{"v":42186,"d":"42,186"},35000,12]
[517,"Poitra","Caroline","A","Turtle Montain Band of Chippewa",null,"B",{"$nulls":3},{"v":42186,"d":"42,186"},35000,12]
[518,"Azure","Donna","R","Turtle Montain Band of Chippewa",null,"B",{"$nulls":3},{"v":42186,"d":"42,186"},35000,12]
[519,"Gourneau","Susan",null,"Turtle Montain Band of Chippewa",null,"B",{"$nulls":3},{"v":42186,"d":"42,186"},35000,12]
[520,"Desjarlais","Kristen",null,"Turtle Montain Band of Chippewa",null,null,"C-1",null,null,{"v":42186,"d":"42,186"},120000,12]
[521,"Crissler","Sherry",null,"Turtle Montain Band of Chippewa",{"$nulls":3},"C-2",null,{"v":42186,"d":"42,186"},120000,12]
[522,"Lavallie","Jesse",null,"Turtle Montain Band of Chippewa",null,null,"C-1",null,null,{"v":42186,"d":"42,186"},120000,12]
[523,"Vote","Raelynn",null,"Turtle Montain Band of Chippewa",null,null,"C-1",null,null,{"v":42186,"d":"42,186"},120000,12]
[524,"Henry","Sloan",null,"Turtle Montain Band of Chippewa",{"$nulls":3},"C-2",null,{"v":42186,"d":"42,186"},120000,12]
[525,"Bercier","Kayla",null,"Turtle Montain Band of Chippewa",null,null,"C-1",null,null,{"v":42186,"d":"42,186"},120000,12]
[526,"Champagne","Christy",null,"Turtle Montain Band of Chippewa",null,null,"C-1",null,null,{"v":42186,"d":"42,186"},120000,12]
[527,"Belgarde","Gerald",null,"Turtle Montain Band of Chippewa",null,"B",{"$nulls":3},{"v":42186,"d":"42,186"},35000,12]
[528,"Larocque","Elaine",null,"Turtle Montain Band of Chippewa",null,"B",{"$nulls":3},{"v":42186,"d":"42,186"},35000,12]
[529,"Houle","Harvey",null,"Turtle Montain Band of Chippewa",null,null,"C-1",null,null,{"v":42186,"d":"42,186"},120000,12]
[530,"Lenoir","Janet",null,"Turtle Montain Band of Chippewa",null,"B",{"$nulls":3},{"v":42186,"d":"42,186"},35000,12]
[531,"Lavallie","Peter",null,"Turtle Montain Band of Chippewa",null,"B",{"$nulls":3},{"v":42186,"d":"42,186"},35000,12]
[532,"Aiken","Yvonne",null,"Turtle Montain Band of Chippewa",null,"B",{"$nulls":3},{"v":42186,"d":"42,186"},35000,12]
[533,"Martell","Melody",null,"Turtle Montain Band of Chippewa",null,"B",{"$nulls":3},{"v":42186,"d":"42,186"},35000,12]
[534,"Cree","David",null,"Turtle Montain Band of Chippewa",null,null,"C-1",null,null,{"v":42186,"d":"42,186"},120000,12]
[535,"Counts","Justine",null,"Turtle Montain Band of Chippewa",null,null,"C-1",null,null,{"v":42186,"d":"42,186"},120000,12]
[536,"Amyotte","Ronald",null,"Turtle Montain Band of Chippewa",null,null,"C-1",null,null,{"v":42186,"d":"42,186"},120000,12]
[537,"Henry","Brian",null,"Turtle Montain Band of Chippewa",null,null,"C-1",null,null,{"v":42186,"d":"42,186"},120000,12]
[538,"Patnaude","John",null,"Turtle Montain Band of Chippewa",null,"B",{"$nulls":3},{"v":42186,"d":"42,186"},35000,12]
[539,"Bruce","Ruby",null,"Turtle Montain Band of Chippewa",null,"B",{"$nulls":3},{"v":42186,"d":"42,186"},35000,12]
[540,"Peltier","Rose",null,"Turtle Montain Band of Chippewa",null,null,"C-1",null,null,{"v":42186,"d":"42,186"},120000,12]
[541,"Brien","Regina",null,"Turtle Montain Band of Chippewa",null,"B",{"$nulls":3},{"v":42186,"d":"42,186"},35000,12]
[542,"Short","Eugene",null,"Turtle Montain Band of Chippewa",null,"B",{"$nulls":3},{"v":42186,"d":"42,186"},35000,12]
[543,"Nadeau","Verna",null,"Turtle Montain Band of Chippewa",null,null,"C-1",null,null,{"v":42186,"d":"42,186"},120000,12]
[544,"Houle","Waylon",null,"Turtle Montain Band of Chippewa",null,"B",{"$nulls":3},{"v":42186,"d":"42,186"},35000,12]
[545,"Azure","Kylee","M","Turtle Montain Band of Chippewa",null,null,"C-1",null,null,{"v":42186,"d":"42,186"},120000,12]
[546,"Hunter","Rachel",null,"Oglala Sioux Tribe",null,null,"C-1",null,null,{"v":42186,"d":"42,186"},120000,12]
[547,"Richard","Joseph","Jr","Oglala Sioux Tribe",null,null,"C-1",null,null,{"v":42186,"d":"42,186"},120000,12]
[548,"Short Bull","Thearl",null,"Oglala Sioux Tribe",null,"B",{"$nulls":3},{"v":42186,"d":"42,186"},35000,12]
[549,"Condon","Naomi",null,"Oglala Sioux Tribe",{"$nulls":3},"C-2",null,{"v":42186,"d":"42,186"},120000,12]
[550,"Mesteth","Jill",null,"Oglala Sioux Tribe",null,null,"C-1",null,null,{"v":42186,"d":"42,186"},120000,12]
[551,"Roubideaux","Wyleen",null,"Oglala Sioux Tribe",null,null,"C-1",null,null,{"v":42186,"d":"42,186"},120000,12]
[552,"Rowland","Benton",null,"Oglala Sioux Tribe",null,null,"C-1",null,null,{"v":42186,"d":"42,186"},120000,12]
[553,"Waters","Rulon",null,"Oglala Sioux Tribe",null,null,"C-1",null,null,{"v":42186,"d":"42,186"},120000,12]
[554,"Knight","Charlene",null,"Three Affiliated Tribes",null,null,"C-1",null,null,{"v":42186,"d":"42,186"},120000,12]
[555,"Longie","Kavannah",null,"Turtle Montain Band of Chippewa",null,null,"C-1",null,null,{"v":42186,"d":"42,186"},120000,13]
[556,"Davis","Kylee",null,"Turtle Montain Band of Chippewa",null,null,"C-1",null,null,{"v":42186,"d":"42,186"},120000,13]
[557,"Morin","Gena",null,"Turtle Montain Band of Chippewa",null,null,"C-1",null,null,{"v":42186,"d":"42,186"},120000,13]
[558,"Laducer","Terry",null,"Turtle Montain Band of Chippewa",null,"B",{"$nulls":3},{"v":42186,"d":"42,186"},35000,13]
[559,"Lattergrass","Robert","Jr","Turtle Montain Band of Chippewa",null,"B",{"$nulls":3},{"v":42186,"d":"42,186"},35000,13]
[560,"Walter","Dayla",null,"Turtle Montain Band of Chippewa",null,null,"C-1",null,null,{"v":42186,"d":"42,186"},120000,13]
[561,"Malaterre","Doreen",null,"Turtle Montain Band of Chippewa",null,"B",{"$nulls":3},{"v":42186,"d":"42,186"},35000,13]
[562,"Nadeau","Roberta",null,"Turtle Montain Band of Chippewa",null,null,"C-1",null,null,{"v":42186,"d":"42,186"},120000,13]
[563,"Baker","Connie",null,"Turtle Montain Band of Chippewa",null,"B",{"$nulls":3},{"v":42186,"d":"42,186"},35000,13]
[564,"Vivier","Bryan ",null,"Turtle Montain Band of Chippewa",null,null,"C-1",null,null,{"v":42186,"d":"42,186"},120000,13]
[565,"St. Claire","Vernon",null,"Turtle Montain Band of Chippewa",null,"B",{"$nulls":3},{"v":42186,"d":"42,186"},35000,13]
[566,"Allery","Lonnie",null,"Turtle Montain Band of Chippewa",null,"B",{"$nulls":3},{"v":42186,"d":"42,186"},35000,13]
[567,"Murphy","Brenda",null,"Turtle Montain Band of Chippewa",null,null,"C-1",null,null,{"v":42186,"d":"42,186"},120000,13]
[568,"Beston","Elizabeth",null,"Turtle Montain Band of Chippewa",null,null,"C-1",null,null,{"v":42186,"d":"42,186"},120000,13]
[569,"Azure","Frank",null,"Turtle Montain Band of Chippewa",null,"B",{"$nulls":3},{"v":42186,"d":"42,186"},35000,13]
[570,"Bercier","John",null,"Turtle Montain Band of Chippewa",null,null,"C-1",null,null,{"v":42186,"d":"42,186"},120000,13]
[571,"Peltier","Phyllis",null,"Turtle Montain Band of Chippewa",null,null,"C-1",null,null,{"v":42186,"d":"42,186"},120000,13]
[572,"Demontigny","Ferdinand",null,"Turtle Montain Band of Chippewa",{"$nulls":3},"C-2",null,{"v":42186,"d":"42,186"},120000,13]
[573,"Prouty","Mary Ann",null,"Turtle Montain Band of Chippewa",null,"B",{"$nulls":3},{"v":42186,"d":"42,186"},35000,13]
[574,"Wilkie","Clarence",null,"Turtle Montain Band of Chippewa",null,null,"C-1",null,null,{"v":42186,"d":"42,186"},120000,13]
[575,"Longie","Preston",null,"Turtle Montain Band of Chippewa",null,"B",{"$nulls":3},{"v":42186,"d":"42,186"},35000,13]
[576,"Azure","Carlyle",null,"Turtle Montain Band of Chippewa",null,"B",{"$nulls":3},{"v":42186,"d":"42,186"},35000,13]
[577,"Malaterre","Rodney",null,"Turtle Montain Band of Chippewa",null,"B",{"$nulls":3},{"v":42186,"d":"42,186"},35000,13]
[578,"Poitra","Donald",null,"Turtle Montain Band of Chippewa",null,null,"C-1",null,null,{"v":42186,"d":"42,186"},120000,13]
[{"$f":"A587+1","v":579},"Boyer","Darrell",null,"Turtle Montain Band of Chippewa",null,"B",{"$nulls":3},{"v":42186,"d":"42,186"},35000,13]
[580,"Martin","Leona ",null,"Turtle Montain Band of Chippewa",null,"B",{"$nulls":3},{"v":42186,"d":"42,186"},35000,13]
[581,"Poitra","Lonnie",null,"Turtle Montain Band of Chippewa",null,null,"C-1",null,null,{"v":42186,"d":"42,186"},120000,13]
[582,"St. Claire","Betty",null,"Turtle Montain Band of Chippewa",null,null,"C-1",null,null,{"v":42186,"d":"42,186"},120000,13]
[583,"Demery","Jerry",null,"Turtle Montain Band of Chippewa",null,null,"C-1",null,null,{"v":42186,"d":"42,186"},120000,13]
[584,"Houle","Valerie",null,"Turtle Montain Band of Chippewa",null,null,"C-1",null,null,{"v":42186,"d":"42,186"},120000,13]
[585,"Martell","Shirley",null,"Turtle Montain Band of Chippewa",null,"B",{"$nulls":3},{"v":42186,"d":"42,186"},35000,13]
[586,"Eagle Bear","Seth",null,"Oglala Sioux Tribe",null,null,"C-1",null,null,{"v":42186,"d":"42,186"},120000,13]
[587,"Dupris","Ophelia",null,"Cheyenne River Sioux Tribe",{"$nulls":3},"C-2",null,{"v":42186,"d":"42,186"},120000,13]
[588,"Azure","Peter",null,"Turtle Montain Band of Chippewa",null,"B",{"$nulls":3},{"v":42186,"d":"42,186"},35000,14]
[589,"Decoteau","Vanessa",null,"Turtle Montain Band of Chippewa",null,null,"C-1",null,null,{"v":42186,"d":"42,186"},120000,14]
[590,"Belgarde","Kindra",null,"Turtle Montain Band of Chippewa",null,null,"C-1",null,null,{"v":42186,"d":"42,186"},120000,14]
[591,"Delorme","Kathleen",null,"Turtle Montain Band of Chippewa",null,null,"C-1",null,null,{"v":42186,"d":"42,186"},120000,14]
[592,"Decoteau","Mary",null,"Turtle Montain Band of Chippewa",null,"B",{"$nulls":3},{"v":42186,"d":"42,186"},35000,14]
[593,"Vondal","Mary",null,"Turtle Montain Band of Chippewa",null,null,"C-1",null,null,{"v":42186,"d":"42,186"},120000,14]
[594,"Trottier","Pauline",null,"Turtle Montain Band of Chippewa",null,"B",{"$nulls":3},{"v":42186,"d":"42,186"},35000,14]
[595,"Poitra","Brenda",null,"Turtle Montain Band of Chippewa",null,null,"C-1",null,null,{"v":42186,"d":"42,186"},120000,14]
[596,"Lavallie","Bryant",null,"Turtle Montain Band of Chippewa",null,null,"C-1",null,null,{"v":42186,"d":"42,186"},120000,14]
[597,"Wilkie","Gail",null,"Turtle Montain Band of Chippewa",null,"B",{"$nulls":3},{"v":42186,"d":"42,186"},35000,14]
[598,"Bruce","Caroline",null,"Turtle Montain Band of Chippewa",null,"B",{"$nulls":3},{"v":42186,"d":"42,186"},35000,14]
[599,"Peltier","Mary","J ","Turtle Montain Band of Chippewa",null,null,"C-1",null,null,{"v":42186,"d":"42,186"},120000,14]
[600,"Greenwood","Michael",null,"Turtle Montain Band of Chippewa",null,null,"C-1",null,null,{"v":42186,"d":"42,186"},120000,14]
[601,"Azure","Edward",null,"Turtle Montain Band of Chippewa",null,"B",{"$nulls":3},{"v":42186,"d":"42,186"},35000,14]
[602,"Falcon","Valerie",null,"Turtle Montain Band of Chippewa",null,"B",{"$nulls":3},{"v":42186,"d":"42,186"},35000,14]
[603,"Demery","Francine",null,"Turtle Montain Band of Chippewa",null,"B",{"$nulls":3},{"v":42186,"d":"42,186"},35000,14]
[604,"Hoeger","Kenny",null,"Turtle Montain Band of Chippewa",null,"B",{"$nulls":3},{"v":42186,"d":"42,186"},35000,14]
[605,"Counts","Harold",null,"Turtle Montain Band of Chippewa",null,null,"C-1",null,null,{"v":42186,"d":"42,186"},120000,14]
[606,"Belgarde","Lyle",null,"Turtle Montain Band of Chippewa",null,"B",{"$nulls":3},{"v":42186,"d":"42,186"},35000,14]
[607,"Fleetwood","Sharvelle",null,"Turtle Montain Band of Chippewa",null,null,"C-1",null,null,{"v":42186,"d":"42,186"},120000,14]
[608,"Morin","Michelle",null,"Turtle Montain Band of Chippewa",null,null,"C-1",null,null,{"v":42186,"d":"42,186"},120000,14]
[609,"Gunville","John",null,"Turtle Montain Band of Chippewa",null,"B",{"$nulls":3},{"v":42186,"d":"42,186"},35000,14]
[610,"Azure","Frederick",null,"Turtle Montain Band of Chippewa",null,null,"C-1",null,null,{"v":42186,"d":"42,186"},120000,14]
[611,"Crissler","Leo",null,"Turtle Montain Band of Chippewa",null,null,"C-1",null,null,{"v":42186,"d":"42,186"},120000,14]
[612,"Enno","Wyman",null,"Turtle Montain Band of Chippewa",null,"B",{"$nulls":3},{"v":42186,"d":"42,186"},35000,14]
[613,"Peltier","Francis",null,"Turtle Montain Band of Chippewa",null,"B",{"$nulls":3},{"v":42186,"d":"42,186"},35000,14]
[614,"Apple ","Melanie",null,"Oglala Sioux Tribe",null,null,"C-1",null,null,{"v":42186,"d":"42,186"},120000,14]
[615,"Vondal","Richard",null,"Turtle Montain Band of Chippewa",null,null,"C-1",null,null,{"v":42186,"d":"42,186"},120000,15]
[616,"Hanson","Morgan",null,"Turtle Montain Band of Chippewa",null,null,"C-1",null,null,{"v":42186,"d":"42,186"},120000,15]
[617,"Azure","Kandace",null,"Turtle Montain Band of Chippewa",null,null,"C-1",null,null,{"v":42186,"d":"42,186"},120000,15]
[618,"Lavallie","Ronald","Jr","Turtle Montain Band of Chippewa",null,null,"C-1",null,null,{"v":42186,"d":"42,186"},120000,15]
[619,"Crissler","Maryann",null,"Turtle Montain Band of Chippewa",null,"B",{"$nulls":3},{"v":42186,"d":"42,186"},35000,15]
[620,"Grant","Geraldine",null,"Turtle Montain Band of Chippewa",null,"B",{"$nulls":3},{"v":42186,"d":"42,186"},35000,15]
[621,"Poitra","Melinda",null,"Turtle Montain Band of Chippewa",null,null,"C-1",null,null,{"v":42186,"d":"42,186"},120000,15]
[622,"Gourneau","Terri",null,"Turtle Montain Band of Chippewa",null,null,"C-1",null,null,{"v":42186,"d":"42,186"},120000,15]
[623,"Poitra","Damon",null,"Turtle Montain Band of Chippewa",null,"B",{"$nulls":3},{"v":42186,"d":"42,186"},35000,15]
[624,"Parisien","Lorraine",null,"Turtle Montain Band of Chippewa",null,"B",{"$nulls":3},{"v":42186,"d":"42,186"},35000,15]
[625,"Enno","Leah",null,"Turtle Montain Band of Chippewa",null,null,"C-1",null,null,{"v":42186,"d":"42,186"},120000,15]
[626,"Decoteau","Dennis",null,"Turtle Montain Band of Chippewa",null,"B",{"$nulls":3},{"v":42186,"d":"42,186"},35000,15]
[627,"Falcon","Sandra",null,"Turtle Montain Band of Chippewa",null,"B",{"$nulls":3},{"v":42186,"d":"42,186"},35000,15]
[628,"Morin","Ramona",null,"Turtle Montain Band of Chippewa",null,"B",{"$nulls":3},{"v":42186,"d":"42,186"},35000,15]
[629,"Longie","Anna",null,"Turtle Montain Band of Chippewa",null,"B",{"$nulls":3},{"v":42186,"d":"42,186"},35000,15]
[630,"Laducer","Leslie",null,"Turtle Montain Band of Chippewa",null,"B",{"$nulls":3},{"v":42186,"d":"42,186"},35000,15]
[631,"Baker","Pamela",null,"Turtle Montain Band of Chippewa",null,null,"C-1",null,null,{"v":42186,"d":"42,186"},120000,15]
[632,"Falcon","Trina",null,"Turtle Montain Band of Chippewa",null,null,"C-1",null,null,{"v":42186,"d":"42,186"},120000,15]
[633,"Beston","Sherry",null,"Turtle Montain Band of Chippewa",null,null,"C-1",null,null,{"v":42186,"d":"42,186"},120000,15]
[634,"Seydel","Evangeline",null,"Oglala Sioux Tribe",null,"B",{"$nulls":3},{"v":42186,"d":"42,186"},35000,15]
[635,"Red Elk","Ruth",null,"Oglala Sioux Tribe",null,null,"C-1",null,null,{"v":42186,"d":"42,186"},120000,15]
[636,"Black Smith","Norma",null,"Oglala Sioux Tribe",null,null,"C-1",null,null,{"v":42186,"d":"42,186"},120000,15]
[637,"Herman","Rhonda",null,"Oglala Sioux Tribe",null,"B",{"$nulls":3},{"v":42186,"d":"42,186"},35000,15]
[638,"Randall-Ghost","Gloria",null,"Oglala Sioux Tribe",null,null,"C-1",null,null,{"v":42186,"d":"42,186"},120000,15]
[639,"Ruff","Corrine",null,"Oglala Sioux Tribe",null,null,"C-1",null,null,{"v":42186,"d":"42,186"},120000,15]
[640,"Pourier","Desiree",null,"Oglala Sioux Tribe",null,null,"C-1",null,null,{"v":42186,"d":"42,186"},120000,15]
[641,"Jealous Of Him","Rodney",null,"Oglala Sioux Tribe",null,null,"C-1",null,null,{"v":42186,"d":"42,186"},120000,15]
[642,"Broken Nose","Harriet",null,"Oglala Sioux Tribe",null,null,"C-1",null,null,{"v":42186,"d":"42,186"},120000,15]
[{"$f":"A651+1","v":643},"Bettelyoun","Shira",null,"Oglala Sioux Tribe",null,null,"C-1",null,null,{"v":42186,"d":"42,186"},120000,15]
[644,"Big Crow","Cecelia",null,"Oglala Sioux Tribe",null,null,"C-1",null,null,{"v":42186,"d":"42,186"},120000,15]
[645,"Big Crow","Coy",null,"Oglala Sioux Tribe",null,null,"C-1",null,null,{"v":42186,"d":"42,186"},120000,15]
[646,"Stover","Jennifer",null,"Oglala Sioux Tribe",null,null,"C-1",null,null,{"v":42186,"d":"42,186"},120000,15]
[647,"Twiss","Lindsey",null,"Oglala Sioux Tribe",null,null,"C-1",null,null,{"v":42186,"d":"42,186"},120000,15]
[648,"Smith","Eric","Jr","Three Affiliated Tribes",null,null,"C-1",null,null,{"v":42186,"d":"42,186"},120000,15]
[649,"Young Bird","Dwight",null,"Three Affiliated Tribes",null,null,"C-1",null,null,{"v":42186,"d":"42,186"},120000,15]
[650,"White Body","Ellen",null,"Three Affiliated Tribes",null,null,"C-1",null,null,{"v":42186,"d":"42,186"},120000,15]
[651,"Decoteau","Robin",null,"Turtle Montain Band of Chippewa",null,"B",{"$nulls":3},{"v":42186,"d":"42,186"},35000,16]
[652,"Decoteau","Walter",null,"Turtle Montain Band of Chippewa",null,"B",{"$nulls":3},{"v":42186,"d":"42,186"},35000,16]
[653,"Short","Michael",null,"Turtle Montain Band of Chippewa",null,null,"C-1",null,null,{"v":42186,"d":"42,186"},120000,16]
[654,"Decoteau","Isabel",null,"Turtle Montain Band of Chippewa",null,"B",{"$nulls":3},{"v":42186,"d":"42,186"},35000,16]
[655,"Thompson","Christine",null,"Turtle Montain Band of Chippewa",null,"B",{"$nulls":3},{"v":42186,"d":"42,186"},35000,16]
[656,"Davis","Gregory",null,"Turtle Montain Band of Chippewa",null,null,"C-1",null,null,{"v":42186,"d":"42,186"},120000,16]
[657,"Larocque","Gail ",null,"Turtle Montain Band of Chippewa",null,"B",{"$nulls":3},{"v":42186,"d":"42,186"},35000,16]
[658,"Myers","Lawrence",null,"Turtle Montain Band of Chippewa",null,"B",{"$nulls":3},{"v":42186,"d":"42,186"},35000,16]
[659,"Davis","William",null,"Turtle Montain Band of Chippewa",null,null,"C-1",null,null,{"v":42186,"d":"42,186"},120000,16]
[660,"Decoteau","Tina",null,"Turtle Montain Band of Chippewa",null,null,"C-1",null,null,{"v":42186,"d":"42,186"},120000,16]
[661,"Allard","Frances",null,"Turtle Montain Band of Chippewa",null,"B",{"$nulls":3},{"v":42186,"d":"42,186"},35000,16]
[662,"Vivier","Marlin",null,"Turtle Montain Band of Chippewa",null,"B",{"$nulls":3},{"v":42186,"d":"42,186"},35000,16]
[663,"Kirkwood","Carol",null,"Turtle Montain Band of Chippewa",null,"B",{"$nulls":3},{"v":42186,"d":"42,186"},35000,16]
[664,"Lafountain","Theresa",null,"Turtle Montain Band of Chippewa",null,"B",{"$nulls":3},{"v":42186,"d":"42,186"},35000,16]
[665,"Bercier","Victoria",null,"Turtle Montain Band of Chippewa",null,"B",{"$nulls":3},{"v":42186,"d":"42,186"},35000,16]
[666,"Decoteau","Michael",null,"Turtle Montain Band of Chippewa",null,"B",{"$nulls":3},{"v":42186,"d":"42,186"},35000,17]
[667,"Decoteau","Rhonda",null,"Turtle Montain Band of Chippewa",null,null,"C-1",null,null,{"v":42186,"d":"42,186"},120000,17]
[668,"Wilkie","Vince ",null,"Turtle Montain Band of Chippewa",null,null,"C-1",null,null,{"v":42186,"d":"42,186"},120000,17]
[669,"Baker","Donna",null,"Turtle Montain Band of Chippewa",null,"B",{"$nulls":3},{"v":42186,"d":"42,186"},35000,17]
[670,"Franz","Hazel",null,"Turtle Montain Band of Chippewa",null,"B",{"$nulls":3},{"v":42186,"d":"42,186"},35000,17]
[671,"Belgarde","Norman",null,"Turtle Montain Band of Chippewa",null,null,"C-1",null,null,{"v":42186,"d":"42,186"},120000,17]
[672,"Spaeth","Rose",null,"Turtle Montain Band of Chippewa",null,"B",{"$nulls":3},{"v":42186,"d":"42,186"},35000,17]
[673,"Lafountain","Donna",null,"Turtle Montain Band of Chippewa",null,"B",{"$nulls":3},{"v":42186,"d":"42,186"},35000,17]
[674,"Poitra","Eugene","M","Turtle Montain Band of Chippewa",null,"B",{"$nulls":3},{"v":42186,"d":"42,186"},35000,17]
[675,"Morin","Sylvia",null,"Turtle Montain Band of Chippewa",null,"B",{"$nulls":3},{"v":42186,"d":"42,186"},35000,17]
[676,"Laverdure","Linda",null,"Turtle Montain Band of Chippewa",null,"B",{"$nulls":3},{"v":42186,"d":"42,186"},35000,17]
[677,"Lindgren","Yvonne",null,"Turtle Montain Band of Chippewa",null,null,"C-1",null,null,{"v":42186,"d":"42,186"},120000,17]
[678,"Desjarlais","Dorothy",null,"Turtle Montain Band of Chippewa",null,null,"C-1",null,null,{"v":42186,"d":"42,186"},120000,17]
[679,"Henry","Phyllis",null,"Turtle Montain Band of Chippewa",null,"B",{"$nulls":3},{"v":42186,"d":"42,186"},35000,17]
[680,"St. Claire","Mary",null,"Turtle Montain Band of Chippewa",null,"B",{"$nulls":3},{"v":42186,"d":"42,186"},35000,17]
[681,"Azure","George",null,"Turtle Montain Band of Chippewa",null,"B",{"$nulls":3},{"v":42186,"d":"42,186"},35000,17]
[682,"Lafountain","Lavern",null,"Turtle Montain Band of Chippewa",null,null,"C-1",null,null,{"v":42186,"d":"42,186"},120000,17]
[683,"Wetherington","Lucinda",null,"Rosebud Sioux Tribe",{"$nulls":3},"C-2",null,{"v":42186,"d":"42,186"},120000,17]
[684,"Laducer","Linus","R","Turtle Montain Band of Chippewa",null,"B",{"$nulls":3},{"v":42186,"d":"42,186"},35000,18]
[685,"Beston","Sheila",null,"Turtle Montain Band of Chippewa",null,null,"C-1",null,null,{"v":42186,"d":"42,186"},120000,18]
[686,"Baker","Jason",null,"Turtle Montain Band of Chippewa",null,"B",{"$nulls":3},{"v":42186,"d":"42,186"},35000,18]
[687,"Belgarde","Lester",null,"Turtle Montain Band of Chippewa",null,null,"C-1",null,null,{"v":42186,"d":"42,186"},120000,18]
[688,"Blue","Ruth",null,"Turtle Montain Band of Chippewa",null,null,"C-1",null,null,{"v":42186,"d":"42,186"},120000,18]
[689,"Desjarlais","Carol",null,"Turtle Montain Band of Chippewa",null,null,"C-1",null,null,{"v":42186,"d":"42,186"},120000,18]
[690,"Houle","Tina",null,"Turtle Montain Band of Chippewa",null,null,"C-1",null,null,{"v":42186,"d":"42,186"},120000,18]
[691,"Lafromboise","Leann",null,"Turtle Montain Band of Chippewa",null,null,"C-1",null,null,{"v":42186,"d":"42,186"},120000,18]
[692,"Peltier","Sherry",null,"Turtle Montain Band of Chippewa",null,null,"C-1",null,null,{"v":42186,"d":"42,186"},120000,18]
[693,"Burcham","Dawna",null,"Turtle Montain Band of Chippewa",null,null,"C-1",null,null,{"v":42186,"d":"42,186"},120000,18]
[694,"Peltier","Debra",null,"Turtle Montain Band of Chippewa",null,null,"C-1",null,null,{"v":42186,"d":"42,186"},120000,18]
[695,"Steele","Glinda",null,"Turtle Montain Band of Chippewa",null,"B",{"$nulls":3},{"v":42186,"d":"42,186"},35000,18]
[696,"Azure","Donna",null,"Turtle Montain Band of Chippewa",null,"B",{"$nulls":3},{"v":42186,"d":"42,186"},35000,18]
[697,"Belgarde","Misty",null,"Turtle Montain Band of Chippewa",null,"B",{"$nulls":3},{"v":42186,"d":"42,186"},35000,18]
[698,"Farr","Betty",null,"Rosebud Sioux Tribe",{"$nulls":3},"C-2",null,{"v":42186,"d":"42,186"},120000,18]
[699,"Shots","Valerie",null,"Oglala Sioux Tribe",null,null,"C-1",null,null,{"v":42186,"d":"42,186"},120000,18]
[700,"Cuny","Austin",null,"Oglala Sioux Tribe",null,null,"C-1",null,null,{"v":42186,"d":"42,186"},120000,18]
[701,"Lobzun","Faith",null,"Three Affiliated Tribes",null,null,"C-1",null,null,{"v":42186,"d":"42,186"},120000,18]
[702,"Duchaine","Betty",null,"Turtle Montain Band of Chippewa",null,null,"C-1",null,null,{"v":42186,"d":"42,186"},120000,19]
[703,"Charette","Wanda",null,"Turtle Montain Band of Chippewa",null,null,"C-1",null,null,{"v":42186,"d":"42,186"},120000,19]
[704,"Davis","Leona ",null,"Turtle Montain Band of Chippewa",null,null,"C-1",null,null,{"v":42186,"d":"42,186"},120000,19]
[705,"Wallette","Wanda",null,"Turtle Montain Band of Chippewa",null,"B",{"$nulls":3},{"v":42186,"d":"42,186"},35000,19]
[706,"Decoteau","Leah",null,"Turtle Montain Band of Chippewa",null,null,"C-1",null,null,{"v":42186,"d":"42,186"},120000,19]
[{"$f":"A715+1","v":707},"Allery","Cheryl",null,"Turtle Montain Band of Chippewa",null,null,"C-1",null,null,{"v":42186,"d":"42,186"},120000,19]
[708,"Belgarde","Gaileen",null,"Turtle Montain Band of Chippewa",null,null,"C-1",null,null,{"v":42186,"d":"42,186"},120000,19]
[709,"Allery","Dallas",null,"Turtle Montain Band of Chippewa",null,null,"C-1",null,null,{"v":42186,"d":"42,186"},120000,19]
[710,"Nadeau","Veronica",null,"Rosebud Sioux Tribe",null,null,"C-1",null,null,{"v":42186,"d":"42,186"},120000,19]
[711,"Janis","Karlene",null,"Oglala Sioux Tribe",null,"B",{"$nulls":3},{"v":42186,"d":"42,186"},35000,19]
[712,"Locke","Lenore",null,"Oglala Sioux Tribe",null,null,"C-1",null,null,{"v":42186,"d":"42,186"},120000,19]
[713,"Clifford","William",null,"Oglala Sioux Tribe",null,null,"C-1",null,null,{"v":42186,"d":"42,186"},120000,19]
[714,"Dodge","Brian",null,"Oglala Sioux Tribe",null,"B",{"$nulls":3},{"v":42186,"d":"42,186"},35000,19]
[715,"Dubois","Jeremy",null,"Turtle Montain Band of Chippewa",null,"B",{"$nulls":3},{"v":42186,"d":"42,186"},35000,20]
[716,"Belgarde","Jennifer",null,"Turtle Montain Band of Chippewa",null,null,"C-1",null,null,{"v":42186,"d":"42,186"},120000,20]
[717,"Charbonneau","Jeff",null,"Turtle Montain Band of Chippewa",null,"B",{"$nulls":3},{"v":42186,"d":"42,186"},35000,20]
[718,"Davis","Ramona",null,"Turtle Montain Band of Chippewa",null,"B",{"$nulls":3},{"v":42186,"d":"42,186"},35000,20]
[719,"Demery","Justine",null,"Turtle Montain Band of Chippewa",null,null,"C-1",null,null,{"v":42186,"d":"42,186"},120000,20]
[720,"Mattson","Andrea",null,"Turtle Montain Band of Chippewa",null,null,"C-1",null,null,{"v":42186,"d":"42,186"},120000,20]
[721,"Poitra","Joelle",null,"Turtle Montain Band of Chippewa",null,null,"C-1",null,null,{"v":42186,"d":"42,186"},120000,20]
[722,"Belgarde","Lenore",null,"Turtle Montain Band of Chippewa",null,"B",{"$nulls":3},{"v":42186,"d":"42,186"},35000,20]
[723,"Poitra","Crystal",null,"Turtle Montain Band of Chippewa",null,null,"C-1",null,null,{"v":42186,"d":"42,186"},120000,20]
[724,"Azure","Rosemary",null,"Turtle Montain Band of Chippewa",null,"B",{"$nulls":3},{"v":42186,"d":"42,186"},35000,20]
[725,"Morin","Linda",null,"Turtle Montain Band of Chippewa",null,null,"C-1",null,null,{"v":42186,"d":"42,186"},120000,20]
[726,"Keplin","Rhonda",null,"Turtle Montain Band of Chippewa",null,null,"C-1",null,null,{"v":42186,"d":"42,186"},120000,20]
[727,"Grant","Desire",null,"Turtle Montain Band of Chippewa",null,null,"C-1",null,null,{"v":42186,"d":"42,186"},120000,20]
[728,"Charbonneau","Jessica",null,"Turtle Montain Band of Chippewa",null,null,"C-1",null,null,{"v":42186,"d":"42,186"},120000,20]
[729,"Greatwalker","Laura",null,"Turtle Montain Band of Chippewa",null,null,"C-1",null,null,{"v":42186,"d":"42,186"},120000,20]
[730,"Peltier","Tanya",null,"Turtle Montain Band of Chippewa",null,"B",{"$nulls":3},{"v":42186,"d":"42,186"},35000,20]
[731,"Peltier","Carmen",null,"Turtle Montain Band of Chippewa",null,null,"C-1",null,null,{"v":42186,"d":"42,186"},120000,20]
[732,"Malaterre","Jesse",null,"Turtle Montain Band of Chippewa",null,null,"C-1",null,null,{"v":42186,"d":"42,186"},120000,20]
[733,"Keplin","Julie",null,"Turtle Montain Band of Chippewa",null,"B",{"$nulls":3},{"v":42186,"d":"42,186"},35000,20]
[734,"Morin","Loretta",null,"Turtle Montain Band of Chippewa",null,"B",{"$nulls":3},{"v":42186,"d":"42,186"},35000,20]
[735,"Poitra","Arlind","Jr","Turtle Montain Band of Chippewa",null,"B",{"$nulls":3},{"v":42186,"d":"42,186"},35000,20]
[736,"Houle","Anna",null,"Turtle Montain Band of Chippewa",null,"B",{"$nulls":3},{"v":42186,"d":"42,186"},35000,20]
[737,"Belgarde","Amanda",null,"Turtle Montain Band of Chippewa",null,null,"C-1",null,null,{"v":42186,"d":"42,186"},120000,20]
[738,"Morin","Shirley",null,"Turtle Montain Band of Chippewa",null,"B",{"$nulls":3},{"v":42186,"d":"42,186"},35000,20]
[739,"Vivier","Lucille",null,"Turtle Montain Band of Chippewa",null,"B",{"$nulls":3},{"v":42186,"d":"42,186"},35000,20]
[740,"Allery","Dallas",null,"Turtle Montain Band of Chippewa",null,null,"C-1",null,null,{"v":42186,"d":"42,186"},120000,20]
[741,"St. Pierre","Walter","Jr","Turtle Montain Band of Chippewa",null,"B",{"$nulls":3},{"v":42186,"d":"42,186"},35000,20]
[742,"Peltier","Louise","H","Turtle Montain Band of Chippewa",null,"B",{"$nulls":3},{"v":42186,"d":"42,186"},35000,20]
[743,"Delorme","Cecelia",null,"Turtle Montain Band of Chippewa",null,null,"C-1",null,null,{"v":42186,"d":"42,186"},120000,20]
[744,"Carrington","Ben",null,"Turtle Montain Band of Chippewa",null,"B",{"$nulls":3},{"v":42186,"d":"42,186"},35000,20]
[745,"Norman","Betty",null,"Turtle Montain Band of Chippewa",null,"B",{"$nulls":3},{"v":42186,"d":"42,186"},35000,20]
[746,"Belgarde","Raymond",null,"Turtle Montain Band of Chippewa",null,"B",{"$nulls":3},{"v":42186,"d":"42,186"},35000,20]
[747,"Lavallie","Tanya",null,"Turtle Montain Band of Chippewa",null,null,"C-1",null,null,{"v":42186,"d":"42,186"},120000,20]
[748,"Prouty","Alfred",null,"Turtle Montain Band of Chippewa",null,"B",{"$nulls":3},{"v":42186,"d":"42,186"},35000,20]
[749,"Rodland","Elaine",null,"Turtle Montain Band of Chippewa",null,"B",{"$nulls":3},{"v":42186,"d":"42,186"},35000,20]
[750,"Thomas","Shirley",null,"Turtle Montain Band of Chippewa",null,null,"C-1",null,null,{"v":42186,"d":"42,186"},120000,20]
[751,"Schindler","Fred","Sr","Turtle Montain Band of Chippewa",null,"B",{"$nulls":3},{"v":42186,"d":"42,186"},35000,20]
[752,"Peach","Georgia",null,"Turtle Montain Band of Chippewa",{"$nulls":3},"C-2",null,{"v":42186,"d":"42,186"},120000,20]
[753,"Larocque","Delray",null,"Turtle Montain Band of Chippewa",null,null,"C-1",null,null,{"v":42186,"d":"42,186"},120000,20]
[754,"Caster","Roger",null,"Rosebud Sioux Tribe",{"$nulls":3},"C-2",null,{"v":42186,"d":"42,186"},120000,20]
[755,"Wright","Isabelle",null,"Rosebud Sioux Tribe",null,"B",{"$nulls":3},{"v":42186,"d":"42,186"},35000,20]
[756,"St. John","Eunice",null,"Crow Creek Sioux Tribe",null,"B",{"$nulls":3},{"v":42186,"d":"42,186"},35000,20]
[757,"Grass rope","Merlin",null,"Crow Creek Sioux Tribe",null,"B",{"$nulls":3},{"v":42186,"d":"42,186"},35000,20]
[758,"Thompson","Sandra",null,"Crow Creek Sioux Tribe",null,"B",{"$nulls":3},{"v":42186,"d":"42,186"},35000,20]
[759,"Silk","Emery",null,"Standing Rock Sioux Tribe",null,"B",{"$nulls":3},{"v":42186,"d":"42,186"},35000,20]
[760,"Tobacco","Gina",null,"Oglala Sioux Tribe",null,null,"C-1",null,null,{"v":42186,"d":"42,186"},120000,20]
[761,"Gotheridge","sammi",null,"Oglala Sioux Tribe",null,"B",{"$nulls":3},{"v":42186,"d":"42,186"},35000,20]
[762,"Janis","Annie",null,"Oglala Sioux Tribe",null,"B",{"$nulls":3},{"v":42186,"d":"42,186"},35000,20]
[763,"Moves Camp","Bernadette",null,"Oglala Sioux Tribe",null,"B",{"$nulls":3},{"v":42186,"d":"42,186"},35000,20]
[764,"Brown","Fred","Sr","Oglala Sioux Tribe",null,"B",{"$nulls":3},{"v":42186,"d":"42,186"},35000,20]
[765,"Ferguson","Jeffery","Sr","Oglala Sioux Tribe",null,null,"C-1",null,null,{"v":42186,"d":"42,186"},120000,20]
[766,"Tobacco","Phyllis",null,"Oglala Sioux Tribe",null,"B",{"$nulls":3},{"v":42186,"d":"42,186"},35000,20]
[767,"Lays Bad","Gary",null,"Oglala Sioux Tribe",{"$nulls":3},"C-2",null,{"v":42186,"d":"42,186"},120000,20]
[768,"Kills Straight","Birgil",null,"Oglala Sioux Tribe",null,"B",{"$nulls":3},{"v":42186,"d":"42,186"},35000,20]
[769,"Christensen","Michael",null,"Oglala Sioux Tribe",null,null,"C-1",null,null,{"v":42186,"d":"42,186"},120000,20]
[770,"Janis","Mabel",null,"Oglala Sioux Tribe",null,"B",{"$nulls":3},{"v":42186,"d":"42,186"},35000,20]
[{"$f":"A779+1","v":771},"Lone Hill","Theresa",null,"Oglala Sioux Tribe",null,"B",{"$nulls":3},{"v":42186,"d":"42,186"},35000,20]
[772,"Garnier","William",null,"Oglala Sioux Tribe",null,"B",{"$nulls":3},{"v":42186,"d":"42,186"},35000,20]
[773,"Two Bulls","Rachel",null,"Oglala Sioux Tribe",null,null,"C-1",null,null,{"v":42186,"d":"42,186"},120000,20]
[774,"Williams","Wanda",null,"Oglala Sioux Tribe",null,"B",{"$nulls":3},{"v":42186,"d":"42,186"},35000,20]
[775,"Garcia","Mary",null,"Oglala Sioux Tribe",null,null,"C-1",null,null,{"v":42186,"d":"42,186"},120000,20]
[776,"Fisherman","Joseph",null,"Oglala Sioux Tribe",null,null,"C-1",null,null,{"v":42186,"d":"42,186"},120000,20]
[777,"Black Crow","Eugene",null,"Oglala Sioux Tribe",null,"B",{"$nulls":3},{"v":42186,"d":"42,186"},35000,20]
[778,"Janis","Renee",null,"Oglala Sioux Tribe",null,"B",{"$nulls":3},{"v":42186,"d":"42,186"},35000,20]
[779,"Bettelyoun","Kashmir",null,"Oglala Sioux Tribe",null,"B",{"$nulls":3},{"v":42186,"d":"42,186"},35000,20]
[780,"Arapahoe","David",null,"Oglala Sioux Tribe",null,null,"C-1",null,null,{"v":42186,"d":"42,186"},120000,20]
[781,"Helper","Helen",null,"Oglala Sioux Tribe",null,null,"C-1",null,null,{"v":42186,"d":"42,186"},120000,20]
[782,"Gallego","John",null,"Oglala Sioux Tribe",null,null,"C-1",null,null,{"v":42186,"d":"42,186"},120000,20]
[783,"Steele","Tlana",null,"Oglala Sioux Tribe",null,null,"C-1",null,null,{"v":42186,"d":"42,186"},120000,20]
[784,"Brown Bear","Tera",null,"Oglala Sioux Tribe",null,null,"C-1",null,null,{"v":42186,"d":"42,186"},120000,20]
[785,"Bettelyoun","Eugenia",null,"Oglala Sioux Tribe",null,"B",{"$nulls":3},{"v":42186,"d":"42,186"},35000,20]
[786,"Little Killer","Corrine",null,"Oglala Sioux Tribe",null,null,"C-1",null,null,{"v":42186,"d":"42,186"},120000,20]
[787,"Red Elk","Lydia",null,"Oglala Sioux Tribe",{"$nulls":3},"C-2",null,{"v":42186,"d":"42,186"},120000,20]
[788,"Fallis","Bobbie",null,"Oglala Sioux Tribe",{"$nulls":3},"C-2",null,{"v":42186,"d":"42,186"},120000,20]
[789,"Shot With Arrow","Bernard",null,"Oglala Sioux Tribe",null,null,"C-1",null,null,{"v":42186,"d":"42,186"},120000,20]
[790,"Kills Small","Krista",null,"Oglala Sioux Tribe",null,null,"C-1",null,null,{"v":42186,"d":"42,186"},120000,20]
[791,"Rogers","David",null,"Oglala Sioux Tribe",null,null,"C-1",null,null,{"v":42186,"d":"42,186"},120000,20]
[792,"Spotted Thunder","Tiana",null,"Oglala Sioux Tribe",{"$nulls":3},"C-2",null,{"v":42186,"d":"42,186"},120000,20]
[793,"Weasel Bear","Arlette",null,"Oglala Sioux Tribe",null,null,"C-1",null,null,{"v":42186,"d":"42,186"},120000,20]
[794,"Dubray","Charmaine",null,"Oglala Sioux Tribe",null,null,"C-1",null,null,{"v":42186,"d":"42,186"},120000,20]
[795,"Flying Hawk","Stanley",null,"Oglala Sioux Tribe",null,null,"C-1",null,null,{"v":42186,"d":"42,186"},120000,20]
[796,"Brave Heart","Kerry",null,"Oglala Sioux Tribe",{"$nulls":3},"C-2",null,{"v":42186,"d":"42,186"},120000,20]
[797,"Brewer","Lisa D.",null,"Oglala Sioux Tribe",null,null,"C-1",null,null,{"v":42186,"d":"42,186"},120000,20]
[798,"Bissonette","Gabrielle",null,"Oglala Sioux Tribe",null,null,"C-1",null,null,{"v":42186,"d":"42,186"},120000,20]
[799,"Black Elk","Jeanette",null,"Oglala Sioux Tribe",null,"B",{"$nulls":3},{"v":42186,"d":"42,186"},35000,20]
[800,"Little Bull","Holly",null,"Oglala Sioux Tribe",null,null,"C-1",null,null,{"v":42186,"d":"42,186"},120000,20]
[801,"Little Sky","Faith",null,"Oglala Sioux Tribe",null,null,"C-1",null,null,{"v":42186,"d":"42,186"},120000,20]
[802,"Morrison","Robert",null,"Oglala Sioux Tribe",null,null,"C-1",null,null,{"v":42186,"d":"42,186"},120000,20]
[803,"Patton","Alisha",null,"Oglala Sioux Tribe",null,null,"C-1",null,null,{"v":42186,"d":"42,186"},120000,20]
[804,"Returns","Clarence",null,"Oglala Sioux Tribe",null,null,"C-1",null,null,{"v":42186,"d":"42,186"},120000,20]
[805,"Roan Eagle","Susan",null,"Oglala Sioux Tribe",{"$nulls":3},"C-2",null,{"v":42186,"d":"42,186"},120000,20]
[806,"Steele","Sherry",null,"Oglala Sioux Tribe",null,null,"C-1",null,null,{"v":42186,"d":"42,186"},120000,20]
[807,"Hunts Horse","David",null,"Oglala Sioux Tribe",null,null,"C-1",null,null,{"v":42186,"d":"42,186"},120000,20]
[808,"Mesteth","Madeline",null,"Oglala Sioux Tribe",null,"B",{"$nulls":3},{"v":42186,"d":"42,186"},35000,20]
[809,"Lockwood","Clayton",null,"Three Affiliated Tribes",null,null,"C-1",null,null,{"v":42186,"d":"42,186"},120000,20]
[810,"Yellow Bird","Dennis",null,"Three Affiliated Tribes",null,null,"C-1",null,null,{"v":42186,"d":"42,186"},120000,20]
[811,"White Tail","Nelson",null,"Three Affiliated Tribes",null,null,"C-1",null,null,{"v":42186,"d":"42,186"},120000,20]
[812,"Ruiz","Amber",null,"Three Affiliated Tribes",null,null,"C-1",null,null,{"v":42186,"d":"42,186"},120000,20]
[813,"Fox","Chad",null,"Three Affiliated Tribes",null,null,"C-1",null,null,{"v":42186,"d":"42,186"},120000,20]
[814,"Wilkie","Rocky",null,"Three Affiliated Tribes",null,null,"C-1",null,null,{"v":42186,"d":"42,186"},120000,20]
[815,"Newman","Allen",null,"Three Affiliated Tribes",null,null,"C-1",null,null,{"v":42186,"d":"42,186"},120000,20]
[816,"Painte","Donald","Sr","Three Affiliated Tribes",null,null,"C-1",null,null,{"v":42186,"d":"42,186"},120000,20]
[817,"Clown","Rolynn",null,"Cheyenne River Sioux Tribe",{"$nulls":3},"C-2",null,{"v":42186,"d":"42,186"},120000,20]
[818,"Blue","Lindsay",null,"Turtle Montain Band of Chippewa",null,"B",{"$nulls":3},{"v":42186,"d":"42,186"},35000,21]
[819,"Martell","Pamela",null,"Turtle Montain Band of Chippewa",null,"B",{"$nulls":3},{"v":42186,"d":"42,186"},35000,21]
[820,"Labato","Lisa",null,"Turtle Montain Band of Chippewa",null,null,"C-1",null,null,{"v":42186,"d":"42,186"},120000,21]
[821,"Malaterre","Walter",null,"Turtle Montain Band of Chippewa",null,null,"C-1",null,null,{"v":42186,"d":"42,186"},120000,21]
[822,"Zaste","Stephanie",null,"Turtle Montain Band of Chippewa",null,"B",{"$nulls":3},{"v":42186,"d":"42,186"},35000,21]
[823,"Morin","Raelynn",null,"Turtle Montain Band of Chippewa",null,"B",{"$nulls":3},{"v":42186,"d":"42,186"},35000,21]
[824,"Patnaude","Wilma",null,"Turtle Montain Band of Chippewa",null,"B",{"$nulls":3},{"v":42186,"d":"42,186"},35000,21]
[825,"Thomas","Linda",null,"Turtle Montain Band of Chippewa",null,null,"C-1",null,null,{"v":42186,"d":"42,186"},120000,21]
[826,"Krom","Debra",null,"Turtle Montain Band of Chippewa",null,"B",{"$nulls":3},{"v":42186,"d":"42,186"},35000,21]
[827,"Bercier","Judy",null,"Turtle Montain Band of Chippewa",null,"B",{"$nulls":3},{"v":42186,"d":"42,186"},35000,21]
[828,"Bogardis","Grace",null,"Turtle Montain Band of Chippewa",null,"B",{"$nulls":3},{"v":42186,"d":"42,186"},35000,21]
[829,"Demery","Claudia",null,"Turtle Montain Band of Chippewa",null,"B",{"$nulls":3},{"v":42186,"d":"42,186"},35000,21]
[830,"Poitra","Bernice",null,"Turtle Montain Band of Chippewa",null,"B",{"$nulls":3},{"v":42186,"d":"42,186"},35000,21]
[831,"Slater","Kayla",null,"Turtle Montain Band of Chippewa",null,null,"C-1",null,null,{"v":42186,"d":"42,186"},120000,21]
[832,"Martin","Nicholas",null,"Turtle Montain Band of Chippewa",null,"B",{"$nulls":3},{"v":42186,"d":"42,186"},35000,21]
[833,"Walter","Frank",null,"Turtle Montain Band of Chippewa",null,"B",{"$nulls":3},{"v":42186,"d":"42,186"},35000,21]
[834,"Waln","Courtney",null,"Rosebud Sioux Tribe",{"$nulls":3},"C-2",null,{"v":42186,"d":"42,186"},120000,21]
[{"$f":"A843+1","v":835},"Refel","Joey",null,"Rosebud Sioux Tribe",null,null,"C-1",null,null,{"v":42186,"d":"42,186"},120000,21]
[836,"Eisenbraun","Tessa",null,"Rosebud Sioux Tribe",{"$nulls":3},"C-2",null,{"v":42186,"d":"42,186"},120000,21]
[837,"Brewer","Duane","Jr","Oglala Sioux Tribe",null,"B",{"$nulls":3},{"v":42186,"d":"42,186"},35000,21]
[838,"Her Many Horses","Elena",null,"Oglala Sioux Tribe",null,null,"C-1",null,null,{"v":42186,"d":"42,186"},120000,21]
[839,"Spotted Elk","Myrtle",null,"Oglala Sioux Tribe",null,null,"C-1",null,null,{"v":42186,"d":"42,186"},120000,21]
[840,"Briggs","Ira",null,"Oglala Sioux Tribe",null,null,"C-1",null,null,{"v":42186,"d":"42,186"},120000,21]
[841,"Jordan","Edward",null,"Oglala Sioux Tribe",null,null,"C-1",null,null,{"v":42186,"d":"42,186"},120000,21]
[842,"Pourier","Candace",null,"Oglala Sioux Tribe",null,null,"C-1",null,null,{"v":42186,"d":"42,186"},120000,21]
[843,"Brown","Candace",null,"Oglala Sioux Tribe",{"$nulls":3},"C-2",null,{"v":42186,"d":"42,186"},120000,21]
[844,"Trejo","Melda",null,"Oglala Sioux Tribe",null,null,"C-1",null,null,{"v":42186,"d":"42,186"},120000,21]
[845,"Afraid Of Bear","Charity",null,"Oglala Sioux Tribe",null,"B",{"$nulls":3},{"v":42186,"d":"42,186"},35000,21]
[846,"Beane","Elizabeth",null,"Oglala Sioux Tribe",null,null,"C-1",null,null,{"v":42186,"d":"42,186"},120000,21]
[847,"Bear Shield","Jerry",null,"Oglala Sioux Tribe",null,"B",{"$nulls":3},{"v":42186,"d":"42,186"},35000,21]
[848,"Janis","Tammy",null,"Oglala Sioux Tribe",null,null,"C-1",null,null,{"v":42186,"d":"42,186"},120000,21]
[849,"Long","Ramona",null,"Oglala Sioux Tribe",null,null,"C-1",null,null,{"v":42186,"d":"42,186"},120000,21]
[850,"Long","Xavier",null,"Oglala Sioux Tribe",null,null,"C-1",null,null,{"v":42186,"d":"42,186"},120000,21]
[851,"Lovejoy","Delores",null,"Oglala Sioux Tribe",{"$nulls":3},"C-2",null,{"v":42186,"d":"42,186"},120000,21]
[852,"Two Bulls","Dawn",null,"Oglala Sioux Tribe",null,null,"C-1",null,null,{"v":42186,"d":"42,186"},120000,21]
[853,"Martin-Waters","Dana",null,"Oglala Sioux Tribe",null,"B",{"$nulls":3},{"v":42186,"d":"42,186"},35000,21]
[854,"Bianas ","Catherine",null,"Oglala Sioux Tribe",null,null,"C-1",null,null,{"v":42186,"d":"42,186"},120000,21]
[855,"Bear","Gayla",null,"Three Affiliated Tribes",null,null,"C-1",null,null,{"v":42186,"d":"42,186"},120000,21]
[856,"Hall","Rhonda",null,"Three Affiliated Tribes",null,null,"C-1",null,null,{"v":42186,"d":"42,186"},120000,21]
[857,"Dye","Marilyn",null,"Three Affiliated Tribes",null,null,"C-1",null,null,{"v":42186,"d":"42,186"},120000,21]
[858,"Defender","Michael",null,"Turtle Montain Band of Chippewa",null,"B",{"$nulls":3},{"v":42186,"d":"42,186"},35000,22]
[859,"Morin","Shawn",null,"Turtle Montain Band of Chippewa",null,null,"C-1",null,null,{"v":42186,"d":"42,186"},120000,22]
[860,"Short","John",null,"Turtle Montain Band of Chippewa",null,"B",{"$nulls":3},{"v":42186,"d":"42,186"},35000,22]
[861,"Azure","Vita",null,"Turtle Montain Band of Chippewa",null,"B",{"$nulls":3},{"v":42186,"d":"42,186"},35000,22]
[862,"Peltier","Louis ",null,"Turtle Montain Band of Chippewa",null,null,"C-1",null,null,{"v":42186,"d":"42,186"},120000,22]
[863,"Christopherson","Alice",null,"Turtle Montain Band of Chippewa",null,"B",{"$nulls":3},{"v":42186,"d":"42,186"},35000,22]
[864,"Lafromboise","Louis",null,"Turtle Montain Band of Chippewa",null,"B",{"$nulls":3},{"v":42186,"d":"42,186"},35000,22]
[865,"No Moccasin","Doreen",null,"Rosebud Sioux Tribe",{"$nulls":3},"C-2",null,{"v":42186,"d":"42,186"},120000,22]
[866,"Friday","Marsha",null,"Oglala Sioux Tribe",null,null,"C-1",null,null,{"v":42186,"d":"42,186"},120000,22]
[867,"Thunder Hawk","Susan",null,"Oglala Sioux Tribe",null,null,"C-1",null,null,{"v":42186,"d":"42,186"},120000,22]
[868,"Lebeau","Marlin",null,"Oglala Sioux Tribe",null,"B",{"$nulls":3},{"v":42186,"d":"42,186"},35000,22]
[869,"Clifford","Edith",null,"Oglala Sioux Tribe",null,"B",{"$nulls":3},{"v":42186,"d":"42,186"},35000,22]
[870,"Bissonette","Gabrielle 'Lisa'",null,"Oglala Sioux Tribe",null,null,"C-1",null,null,{"v":42186,"d":"42,186"},120000,22]
[871,"Red Cloud","Geraldine",null,"Oglala Sioux Tribe",null,null,"C-1",null,null,{"v":42186,"d":"42,186"},120000,22]
[872,"Red Wing","James",null,"Oglala Sioux Tribe",null,null,"C-1",null,null,{"v":42186,"d":"42,186"},120000,22]
[873,"Mousseau","Laura",null,"Oglala Sioux Tribe",null,null,"C-1",null,null,{"v":42186,"d":"42,186"},120000,22]
[874,"Palmier","Ervene",null,"Oglala Sioux Tribe",null,null,"C-1",null,null,{"v":42186,"d":"42,186"},120000,22]
[875,"Weston","Verne","Sr","Oglala Sioux Tribe",null,null,"C-1",null,null,{"v":42186,"d":"42,186"},120000,22]
[876,"Clifford","Jo-El",null,"Oglala Sioux Tribe",null,null,"C-1",null,null,{"v":42186,"d":"42,186"},120000,22]
[877,"Crow ","Jessica",null,"Oglala Sioux Tribe",null,"B",{"$nulls":3},{"v":42186,"d":"42,186"},35000,22]
[878,"Tallman","Harvey",null,"Oglala Sioux Tribe",null,null,"C-1",null,null,{"v":42186,"d":"42,186"},120000,22]
[879,"Arapahoe","Emery",null,"Oglala Sioux Tribe",null,null,"C-1",null,null,{"v":42186,"d":"42,186"},120000,22]
[880,"Benson","Kelly",null,"Oglala Sioux Tribe",null,null,"C-1",null,null,{"v":42186,"d":"42,186"},120000,22]
[881,"Pourier","Lorna",null,"Oglala Sioux Tribe",null,"B",{"$nulls":3},{"v":42186,"d":"42,186"},35000,22]
[882,"Red Wing","James",null,"Oglala Sioux Tribe",null,null,"C-1",null,null,{"v":42186,"d":"42,186"},120000,22]
[883,"Cottier","Gerald",null,"Oglala Sioux Tribe",null,null,"C-1",null,null,{"v":42186,"d":"42,186"},120000,22]
[884,"Henry","Glendon",null,"Three Affiliated Tribes",null,null,"C-1",null,null,{"v":42186,"d":"42,186"},120000,22]
[885,"Driver","Paulette",null,"Three Affiliated Tribes",null,null,"C-1",null,null,{"v":42186,"d":"42,186"},120000,22]
[886,"Young Bear","Joan",null,"Three Affiliated Tribes",null,null,"C-1",null,null,{"v":42186,"d":"42,186"},120000,22]
[887,"Old Horn","Merledean",null,"Cheyenne River Sioux Tribe",{"$nulls":3},"C-2",null,{"v":42186,"d":"42,186"},120000,22]
[888,"Larocque","Floyd",null,"Turtle Montain Band of Chippewa",null,null,"C-1",null,null,{"v":42186,"d":"42,186"},120000,23]
[889,"Poitra","Jennifer",null,"Turtle Montain Band of Chippewa",null,"B",{"$nulls":3},{"v":42186,"d":"42,186"},35000,23]
[890,"Herrera","Wanda",null,"Turtle Montain Band of Chippewa",null,"B",{"$nulls":3},{"v":42186,"d":"42,186"},35000,23]
[891,"Poitra","Theresa",null,"Turtle Montain Band of Chippewa",null,"B",{"$nulls":3},{"v":42186,"d":"42,186"},35000,23]
[892,"Lee","Gladys",null,"Rosebud Sioux Tribe",null,"B",{"$nulls":3},{"v":42186,"d":"42,186"},35000,23]
[893,"Janis ","Lorraine",null,"Oglala Sioux Tribe",null,null,"C-1",null,null,{"v":42186,"d":"42,186"},120000,23]
[894,"Maruffo","Stacey",null,"Oglala Sioux Tribe",null,null,"C-1",null,null,{"v":42186,"d":"42,186"},120000,23]
[895,"Tyon-Jacobs","Mary",null,"Oglala Sioux Tribe",null,null,"C-1",null,null,{"v":42186,"d":"42,186"},120000,23]
[896,"Mousseaux","Lynn",null,"Oglala Sioux Tribe",null,"B",{"$nulls":3},{"v":42186,"d":"42,186"},35000,23]
[897,"Rodriguez","Renee",null,"Oglala Sioux Tribe",null,null,"C-1",null,null,{"v":42186,"d":"42,186"},120000,23]
[898,"Tobacco","Abraham",null,"Oglala Sioux Tribe",null,null,"C-1",null,null,{"v":42186,"d":"42,186"},120000,23]
[{"$f":"A907+1","v":899},"Smith","Merle",null,"Three Affiliated Tribes",null,null,"C-1",null,null,{"v":42186,"d":"42,186"},120000,23]
[900,"White Singer","Natalie",null,"Three Affiliated Tribes",null,null,"C-1",null,null,{"v":42186,"d":"42,186"},120000,23]
[901,"Dupris","Bernadine",null,"Cheyenne River Sioux Tribe",{"$nulls":3},"C-2",null,{"v":42186,"d":"42,186"},120000,23]
[902,"Bercier","Kimberly",null,"Turtle Montain Band of Chippewa",null,null,"C-1",null,null,{"v":42186,"d":"42,186"},120000,24]
[903,"Delorme","Vincent",null,"Turtle Montain Band of Chippewa",null,"B",{"$nulls":3},{"v":42186,"d":"42,186"},35000,24]
[904,"Thiefoe","Phyllis",null,"Turtle Montain Band of Chippewa",null,"B",{"$nulls":3},{"v":42186,"d":"42,186"},35000,24]
[905,"Baker","Donna","M","Turtle Montain Band of Chippewa",null,"B",{"$nulls":3},{"v":42186,"d":"42,186"},35000,24]
[906,"Belgarde","Leslie","C","Turtle Montain Band of Chippewa",null,null,"C-1",null,null,{"v":42186,"d":"42,186"},120000,24]
[907,"Weber","Clara Flood",null,"Rosebud Sioux Tribe",null,null,"C-1",null,null,{"v":42186,"d":"42,186"},120000,24]
[908,"Montileaux","Dawn",null,"Oglala Sioux Tribe",null,"B",{"$nulls":3},{"v":42186,"d":"42,186"},35000,24]
[909,"Lamont","Tracy",null,"Oglala Sioux Tribe",null,null,"C-1",null,null,{"v":42186,"d":"42,186"},120000,24]
[910,"White Whirlwind","Lois",null,"Oglala Sioux Tribe",null,"B",{"$nulls":3},{"v":42186,"d":"42,186"},35000,24]
[911,"Poor Thunder","Mona",null,"Oglala Sioux Tribe",null,"B",{"$nulls":3},{"v":42186,"d":"42,186"},35000,24]
[912,"Shangreaux","Baptist",null,"Oglala Sioux Tribe",null,"B",{"$nulls":3},{"v":42186,"d":"42,186"},35000,24]
[913,"Black Hawk","Alberta",null,"Oglala Sioux Tribe",null,null,"C-1",null,null,{"v":42186,"d":"42,186"},120000,24]
[914,"Kills Warrior","Katherine",null,"Oglala Sioux Tribe",null,"B",{"$nulls":3},{"v":42186,"d":"42,186"},35000,24]
[915,"Mills ","Renee",null,"Oglala Sioux Tribe",null,null,"C-1",null,null,{"v":42186,"d":"42,186"},120000,24]
[916,"Red Owl ","Michelle",null,"Oglala Sioux Tribe",null,null,"C-1",null,null,{"v":42186,"d":"42,186"},120000,24]
[917,"Andrews","Bonita",null,"Oglala Sioux Tribe",null,null,"C-1",null,null,{"v":42186,"d":"42,186"},120000,24]
[918,"Bissonette","John",null,"Oglala Sioux Tribe",null,"B",{"$nulls":3},{"v":42186,"d":"42,186"},35000,24]
[919,"Reyes","Lucille",null,"Oglala Sioux Tribe",null,null,"C-1",null,null,{"v":42186,"d":"42,186"},120000,24]
[920,"Felix","Hazel",null,"Three Affiliated Tribes",null,null,"C-1",null,null,{"v":42186,"d":"42,186"},120000,24]
[921,"Smith","Dwight",null,"Turtle Montain Band of Chippewa",{"$nulls":3},"C-2",null,{"v":42186,"d":"42,186"},120000,25]
[922,"Desjarlais","Willard",null,"Turtle Montain Band of Chippewa",null,"B",{"$nulls":3},{"v":42186,"d":"42,186"},35000,25]
[923,"Bercier","Thomas",null,"Turtle Montain Band of Chippewa",null,null,"C-1",null,null,{"v":42186,"d":"42,186"},120000,25]
[924,"Brown","Ed",null,"Standing Rock Sioux Tribe",{"$nulls":3},"C-2",null,{"v":42186,"d":"42,186"},120000,25]
[925,"Stretches","Jonathan",null,"Standing Rock Sioux Tribe",null,null,"C-1",null,null,{"v":42186,"d":"42,186"},120000,25]
[926,"Clifford","LaWanda",null,"Oglala Sioux Tribe",null,null,"C-1",null,null,{"v":42186,"d":"42,186"},120000,25]
[927,"Roubideaux","Norma",null,"Oglala Sioux Tribe",null,"B",{"$nulls":3},{"v":42186,"d":"42,186"},35000,25]
[928,"Twiss","Cheryl",null,"Oglala Sioux Tribe",null,"B",{"$nulls":3},{"v":42186,"d":"42,186"},35000,25]
[929,"Two Bulls","Renaldo",null,"Oglala Sioux Tribe",null,null,"C-1",null,null,{"v":42186,"d":"42,186"},120000,25]
[930,"Wounded Arrow","Horace",null,"Oglala Sioux Tribe",null,null,"C-1",null,null,{"v":42186,"d":"42,186"},120000,25]
[931,"Young ","Tonya",null,"Oglala Sioux Tribe",null,null,"C-1",null,null,{"v":42186,"d":"42,186"},120000,25]
[932,"Ashmore","Ramona",null,"Oglala Sioux Tribe",null,null,"C-1",null,null,{"v":42186,"d":"42,186"},120000,25]
[933,"Iron Crow","Lynette",null,"Oglala Sioux Tribe",null,null,"C-1",null,null,{"v":42186,"d":"42,186"},120000,25]
[934,"Good Plume","Garvard",null,"Oglala Sioux Tribe",null,null,"C-1",null,null,{"v":42186,"d":"42,186"},120000,25]
[935,"Clifford","Laura",null,"Oglala Sioux Tribe",{"$nulls":3},"C-2",null,{"v":42186,"d":"42,186"},120000,25]
[936,"Irving","Fawn",null,"Oglala Sioux Tribe",null,"B",{"$nulls":3},{"v":42186,"d":"42,186"},35000,25]
[937,"Johnson","Selma",null,"Oglala Sioux Tribe",null,null,"C-1",null,null,{"v":42186,"d":"42,186"},120000,25]
[938,"Tail","Anthony",null,"Oglala Sioux Tribe",null,null,"C-1",null,null,{"v":42186,"d":"42,186"},120000,25]
[939,"Fox","Elizabeth",null,"Three Affiliated Tribes",null,null,"C-1",null,null,{"v":42186,"d":"42,186"},120000,25]
[940,"Belgarde","Gerald","A","Turtle Montain Band of Chippewa",null,"B",{"$nulls":3},{"v":42186,"d":"42,186"},35000,26]
[941,"Black Elk","Virginia",null,"Oglala Sioux Tribe",null,null,"C-1",null,null,{"v":42186,"d":"42,186"},120000,26]
[942,"Salcedo","Lynette",null,"Oglala Sioux Tribe",null,null,"C-1",null,null,{"v":42186,"d":"42,186"},120000,26]
[943,"Decory","Betty",null,"Oglala Sioux Tribe",null,null,"C-1",null,null,{"v":42186,"d":"42,186"},120000,26]
[944,"Waters","Phillip",null,"Oglala Sioux Tribe",null,"B",{"$nulls":3},{"v":42186,"d":"42,186"},35000,26]
[945,"Two Two","Jeanene",null,"Oglala Sioux Tribe",null,null,"C-1",null,null,{"v":42186,"d":"42,186"},120000,26]
[946,"Laducer","Florence",null,"Three Affiliated Tribes",null,null,"C-1",null,null,{"v":42186,"d":"42,186"},120000,26]
[947,"Belgarde","Carol",null,"Turtle Montain Band of Chippewa",null,null,"C-1",null,null,{"v":42186,"d":"42,186"},120000,27]
[948,"Delorme","Phillip",null,"Turtle Montain Band of Chippewa",null,"B",{"$nulls":3},{"v":42186,"d":"42,186"},35000,27]
[949,"Jetty","Mary",null,"Turtle Montain Band of Chippewa",null,null,"C-1",null,null,{"v":42186,"d":"42,186"},120000,27]
[950,"Standing Soldier","Earl",null,"Oglala Sioux Tribe",null,null,"C-1",null,null,{"v":42186,"d":"42,186"},120000,27]
[951,"Cottier","Ashley",null,"Oglala Sioux Tribe",null,"B",{"$nulls":3},{"v":42186,"d":"42,186"},35000,27]
[952,"Poitra","Marcelline",null,"Turtle Montain Band of Chippewa",null,"B",{"$nulls":3},{"v":42186,"d":"42,186"},35000,28]
[953,"Lafromboise","Larry",null,"Turtle Montain Band of Chippewa",null,"B",{"$nulls":3},{"v":42186,"d":"42,186"},35000,28]
[954,"Shots","Valerie",null,"Oglala Sioux Tribe",null,null,"C-1",null,null,{"v":42186,"d":"42,186"},120000,28]
[955,"Long","Beverly",null,"Oglala Sioux Tribe",null,null,"C-1",null,null,{"v":42186,"d":"42,186"},120000,28]
[956,"Red Kettle","Mabel",null,"Oglala Sioux Tribe",null,null,"C-1",null,null,{"v":42186,"d":"42,186"},120000,28]
[957,"Bull Bear","Jodi",null,"Oglala Sioux Tribe",null,null,"C-1",null,null,{"v":42186,"d":"42,186"},120000,28]
[958,"Frank","Sawee",null,"Oglala Sioux Tribe",null,null,"C-1",null,null,{"v":42186,"d":"42,186"},120000,28]
[959,"Goings","Marvin",null,"Oglala Sioux Tribe",null,null,"C-1",null,null,{"v":42186,"d":"42,186"},120000,28]
[960,"Zah","Candace",null,"Oglala Sioux Tribe",null,null,"C-1",null,null,{"v":42186,"d":"42,186"},120000,28]
[961,"Janis ","Michael",null,"Oglala Sioux Tribe",{"$nulls":3},"C-2",null,{"v":42186,"d":"42,186"},120000,28]
[962,"Little Finger","Stevie",null,"Oglala Sioux Tribe",null,null,"C-1",null,null,{"v":42186,"d":"42,186"},120000,28]
[{"$f":"A971+1","v":963},"Rogers","Delvin",null,"Three Affiliated Tribes",null,null,"C-1",null,null,{"v":42186,"d":"42,186"},120000,28]
[964,"Fragoza","Hope",null,"Three Affiliated Tribes",null,null,"C-1",null,null,{"v":42186,"d":"42,186"},120000,28]
[965,"Little Sky","Mary",null,"Cheyenne River Sioux Tribe",{"$nulls":3},"C-2",null,{"v":42186,"d":"42,186"},120000,28]
[966,"Davis","Linus","A","Turtle Montain Band of Chippewa",null,null,"C-1",null,null,{"v":42186,"d":"42,186"},120000,29]
[967,"Young","Shiela",null,"Rosebud Sioux Tribe",null,"B",{"$nulls":3},{"v":42186,"d":"42,186"},35000,29]
[968,"Chasing Hawk","Aaron",null,"Standing Rock Sioux Tribe",null,null,"C-1",null,null,{"v":42186,"d":"42,186"},120000,29]
[969,"Peil","Lorraine",null,"Oglala Sioux Tribe",null,"B",{"$nulls":3},{"v":42186,"d":"42,186"},35000,29]
[970,"Backward","Ethel",null,"Oglala Sioux Tribe",null,"B",{"$nulls":3},{"v":42186,"d":"42,186"},35000,29]
[971,"Westover","Gaylyn",null,"Oglala Sioux Tribe",null,null,"C-1",null,null,{"v":42186,"d":"42,186"},120000,29]
[972,"Zaste","Tyler",null,"Turtle Montain Band of Chippewa",null,null,"C-1",null,null,{"v":42186,"d":"42,186"},120000,30]
[973,"Larocque","April",null,"Turtle Montain Band of Chippewa",null,null,"C-1",null,null,{"v":42186,"d":"42,186"},120000,30]
[974,"Decoteau","Barry",null,"Turtle Montain Band of Chippewa",null,null,"C-1",null,null,{"v":42186,"d":"42,186"},120000,30]
[975,"St. Pierre","Marina",null,"Turtle Montain Band of Chippewa",null,null,"C-1",null,null,{"v":42186,"d":"42,186"},120000,30]
[976,"Gourneau","Gerald",null,"Turtle Montain Band of Chippewa",null,null,"C-1",null,null,{"v":42186,"d":"42,186"},120000,30]
[977,"Belgarde","Duane",null,"Turtle Montain Band of Chippewa",null,null,"C-1",null,null,{"v":42186,"d":"42,186"},120000,30]
[978,"Laverdure","Linda",null,"Turtle Montain Band of Chippewa",{"$nulls":3},"C-2",null,{"v":42186,"d":"42,186"},120000,30]
[979,"Allard","Arlene",null,"Turtle Montain Band of Chippewa",null,null,"C-1",null,null,{"v":42186,"d":"42,186"},120000,30]
[980,"Azure","Lambert",null,"Turtle Montain Band of Chippewa",null,null,"C-1",null,null,{"v":42186,"d":"42,186"},120000,30]
[981,"Gourneau","Eugene","E","Turtle Montain Band of Chippewa",null,"B",{"$nulls":3},{"v":42186,"d":"42,186"},35000,30]
[982,"Hall","Corey","J ","Turtle Montain Band of Chippewa",null,"B",{"$nulls":3},{"v":42186,"d":"42,186"},35000,30]
[983,"Handeland","Kim",null,"Turtle Montain Band of Chippewa",null,"B",{"$nulls":3},{"v":42186,"d":"42,186"},35000,30]
[984,"Peltier","Phyllis",null,"Turtle Montain Band of Chippewa",null,null,"C-1",null,null,{"v":42186,"d":"42,186"},120000,30]
[985,"St. Pierre","Kevin",null,"Turtle Montain Band of Chippewa",null,"B",{"$nulls":3},{"v":42186,"d":"42,186"},35000,30]
[986,"Walter","Glendale",null,"Turtle Montain Band of Chippewa",null,null,"C-1",null,null,{"v":42186,"d":"42,186"},120000,30]
[987,"Swain ","Dawn",null,"Turtle Montain Band of Chippewa",null,null,"C-1",null,null,{"v":42186,"d":"42,186"},120000,30]
[988,"Peltier","Melvin",null,"Turtle Montain Band of Chippewa",null,null,"C-1",null,null,{"v":42186,"d":"42,186"},120000,30]
[989,"Cromwell","Raeann",null,"Turtle Montain Band of Chippewa",null,null,"C-1",null,null,{"v":42186,"d":"42,186"},120000,30]
[990,"Decoteau","Lucinda",null,"Turtle Montain Band of Chippewa",null,"B",{"$nulls":3},{"v":42186,"d":"42,186"},35000,30]
[991,"Laducer","Leslie",null,"Turtle Montain Band of Chippewa",null,null,"C-1",null,null,{"v":42186,"d":"42,186"},120000,30]
[992,"Gourneau","Mike",null,"Turtle Montain Band of Chippewa",null,null,"C-1",null,null,{"v":42186,"d":"42,186"},120000,30]
[993,"Bruquier","Sonia",null,"Turtle Montain Band of Chippewa",null,null,"C-1",null,null,{"v":42186,"d":"42,186"},120000,30]
[994,"Davis","Sophia",null,"Turtle Montain Band of Chippewa",null,null,"C-1",null,null,{"v":42186,"d":"42,186"},120000,30]
[995,"Smith","Devin",null,"Turtle Montain Band of Chippewa",null,null,"C-1",null,null,{"v":42186,"d":"42,186"},120000,30]
[996,"Morin","Vicky",null,"Turtle Montain Band of Chippewa",null,null,"C-1",null,null,{"v":42186,"d":"42,186"},120000,30]
[997,"Thomas","Rebecca",null,"Turtle Montain Band of Chippewa",{"$nulls":3},"C-2",null,{"v":42186,"d":"42,186"},120000,30]
[998,"Amyotte","Lawrence",null,"Turtle Montain Band of Chippewa",null,null,"C-1",null,null,{"v":42186,"d":"42,186"},120000,30]
[999,"Peltier","Faye",null,"Turtle Montain Band of Chippewa",null,null,"C-1",null,null,{"v":42186,"d":"42,186"},120000,30]
[1000,"Trottier","Shane",null,"Turtle Montain Band of Chippewa",null,null,"C-1",null,null,{"v":42186,"d":"42,186"},120000,30]
[1001,"Belgarde","Melinda",null,"Turtle Montain Band of Chippewa",null,null,"C-1",null,null,{"v":42186,"d":"42,186"},120000,30]
[1002,"Eagle Bear","Jerome",null,"Rosebud Sioux Tribe",null,null,"C-1",null,null,{"v":42186,"d":"42,186"},120000,30]
[1003,"Crystal","McCloskey",null,"Rosebud Sioux Tribe",null,null,"C-1",null,null,{"v":42186,"d":"42,186"},120000,30]
[1004,"Farmer","Doris",null,"Rosebud Sioux Tribe",null,"B",{"$nulls":3},{"v":42186,"d":"42,186"},35000,30]
[1005,"ShotWithTwoArrows","Melvin ","Jr","Rosebud Sioux Tribe",null,"B",{"$nulls":3},{"v":42186,"d":"42,186"},35000,30]
[1006,"Becker","Nakia",null,"Rosebud Sioux Tribe",{"$nulls":3},"C-2",null,{"v":42186,"d":"42,186"},120000,30]
[1007,"Red Bird","Howard",null,"Rosebud Sioux Tribe",{"$nulls":3},"C-2",null,{"v":42186,"d":"42,186"},120000,30]
[1008,"Estes","Todd",null,"Rosebud Sioux Tribe",null,null,"C-1",null,null,{"v":42186,"d":"42,186"},120000,30]
[1009,"White Bird","Sheldon",null,"Rosebud Sioux Tribe",null,"B",{"$nulls":3},{"v":42186,"d":"42,186"},35000,30]
[1010,"Thin Elk","Clarissa",null,"Rosebud Sioux Tribe",{"$nulls":3},"C-2",null,{"v":42186,"d":"42,186"},120000,30]
[1011,"Two Charger","M.Francis Picket",null,"Rosebud Sioux Tribe",null,"B",{"$nulls":3},{"v":42186,"d":"42,186"},35000,30]
[1012,"Lapointe","Warren H",null,"Rosebud Sioux Tribe",null,null,"C-1",null,null,{"v":42186,"d":"42,186"},120000,30]
[1013,"Young","Caroline ",null,"Rosebud Sioux Tribe",null,"B",{"$nulls":3},{"v":42186,"d":"42,186"},35000,30]
[1014,"Yougman","Daniel",null,"Rosebud Sioux Tribe",null,"B",{"$nulls":3},{"v":42186,"d":"42,186"},35000,30]
[1015,"Larvie","Harvie","Jr","Rosebud Sioux Tribe",{"$nulls":3},"C-2",null,{"v":42186,"d":"42,186"},120000,30]
[1016,"Smashed Ice","Sarah",null,"Rosebud Sioux Tribe",{"$nulls":3},"C-2",null,{"v":42186,"d":"42,186"},120000,30]
[1017,"Red Bird","Patrick T",null,"Rosebud Sioux Tribe",{"$nulls":3},"C-2",null,{"v":42186,"d":"42,186"},120000,30]
[1018,"His Law","Robert","Jr","Crow Creek Sioux Tribe",{"$nulls":3},"C-2",null,{"v":42186,"d":"42,186"},120000,30]
[1019,"Antelope","Valerie",null,"Standing Rock Sioux Tribe",{"$nulls":3},"C-2",null,{"v":42186,"d":"42,186"},120000,30]
[1020,"St. John","Christine",null,"Standing Rock Sioux Tribe",{"$nulls":3},"C-2",null,{"v":42186,"d":"42,186"},120000,30]
[1021,"Yellow Earrings","Ivan",null,"Standing Rock Sioux Tribe",null,null,"C-1",null,null,{"v":42186,"d":"42,186"},120000,30]
[1022,"Little Warrior","Lori",null,"Standing Rock Sioux Tribe",{"$nulls":3},"C-2",null,{"v":42186,"d":"42,186"},120000,30]
[1023,"Cheauma","Lawrence","Jr","Standing Rock Sioux Tribe",{"$nulls":3},"C-2",null,{"v":42186,"d":"42,186"},120000,30]
[1024,"Coomes","Delvin",null,"Oglala Sioux Tribe",null,null,"C-1",null,null,{"v":42186,"d":"42,186"},120000,30]
[1025,"New-Bad Bear","Natalie",null,"Oglala Sioux Tribe",null,null,"C-1",null,null,{"v":42186,"d":"42,186"},120000,30]
[1026,"Grass","Aldo",null,"Oglala Sioux Tribe",{"$nulls":3},"C-2",null,{"v":42186,"d":"42,186"},120000,30]
[{"$f":"A1035+1","v":1027},"Black Horse","Sidney",null,"Oglala Sioux Tribe",null,null,"C-1",null,null,{"v":42186,"d":"42,186"},120000,30]
[1028,"Bad Bear","Edsel",null,"Oglala Sioux Tribe",null,null,"C-1",null,null,{"v":42186,"d":"42,186"},120000,30]
[1029,"Charging Crow","Everette",null,"Oglala Sioux Tribe",null,null,"C-1",null,null,{"v":42186,"d":"42,186"},120000,30]
[1030,"White Dress","Richard",null,"Oglala Sioux Tribe",null,null,"C-1",null,null,{"v":42186,"d":"42,186"},120000,30]
[1031,"White Face","Greeley",null,"Oglala Sioux Tribe",null,null,"C-1",null,null,{"v":42186,"d":"42,186"},120000,30]
[1032,"Sharp","Marla",null,"Oglala Sioux Tribe",null,null,"C-1",null,null,{"v":42186,"d":"42,186"},120000,30]
[1033,"Yellow Cloud","Todd",null,"Oglala Sioux Tribe",null,"B",{"$nulls":3},{"v":42186,"d":"42,186"},35000,30]
[1034,"Janis","Olive",null,"Oglala Sioux Tribe",null,null,"C-1",null,null,{"v":42186,"d":"42,186"},120000,30]
[1035,"Brown Eyes","Erroll",null,"Oglala Sioux Tribe",null,"B",{"$nulls":3},{"v":42186,"d":"42,186"},35000,30]
[1036,"Running Hawk","Harold",null,"Oglala Sioux Tribe",null,"B",{"$nulls":3},{"v":42186,"d":"42,186"},35000,30]
[1037,"Pumpkin Seed","Darlene",null,"Oglala Sioux Tribe",null,"B",{"$nulls":3},{"v":42186,"d":"42,186"},35000,30]
[1038,"Richard","Denise",null,"Oglala Sioux Tribe",null,"B",{"$nulls":3},{"v":42186,"d":"42,186"},35000,30]
[1039,"Claymore","Theresa",null,"Oglala Sioux Tribe",null,"B",{"$nulls":3},{"v":42186,"d":"42,186"},35000,30]
[1040,"Anduja","Eric",null,"Oglala Sioux Tribe",null,"B",{"$nulls":3},{"v":42186,"d":"42,186"},35000,30]
[1041,"Hand","Elton",null,"Oglala Sioux Tribe",null,null,"C-1",null,null,{"v":42186,"d":"42,186"},120000,30]
[1042,"Good Voice Elk","Billy",null,"Oglala Sioux Tribe",null,null,"C-1",null,null,{"v":42186,"d":"42,186"},120000,30]
[1043,"Tobacco","Wayland",null,"Oglala Sioux Tribe",null,null,"C-1",null,null,{"v":42186,"d":"42,186"},120000,30]
[1044,"Hunts Horse","Jeremy",null,"Oglala Sioux Tribe",null,null,"C-1",null,null,{"v":42186,"d":"42,186"},120000,30]
[1045,"White Eagle","Ernest",null,"Oglala Sioux Tribe",null,null,"C-1",null,null,{"v":42186,"d":"42,186"},120000,30]
[1046,"Spotted Elk","Wayne",null,"Oglala Sioux Tribe",null,null,"C-1",null,null,{"v":42186,"d":"42,186"},120000,30]
[1047,"Fineran","Tamera",null,"Oglala Sioux Tribe",null,null,"C-1",null,null,{"v":42186,"d":"42,186"},120000,30]
[1048,"Conquering Bear","Orianna",null,"Oglala Sioux Tribe",null,null,"C-1",null,null,{"v":42186,"d":"42,186"},120000,30]
[1049,"White Bull","David",null,"Oglala Sioux Tribe",null,null,"C-1",null,null,{"v":42186,"d":"42,186"},120000,30]
[1050,"Clements","Ruby",null,"Oglala Sioux Tribe",null,null,"C-1",null,null,{"v":42186,"d":"42,186"},120000,30]
[1051,"Bull Bear","Leona",null,"Oglala Sioux Tribe",null,null,"C-1",null,null,{"v":42186,"d":"42,186"},120000,30]
[1052,"Iron Crow","Garfield",null,"Oglala Sioux Tribe",null,null,"C-1",null,null,{"v":42186,"d":"42,186"},120000,30]
[1053,"Martinez","Antoinette",null,"Oglala Sioux Tribe",null,null,"C-1",null,null,{"v":42186,"d":"42,186"},120000,30]
[1054,"Coleman","Maurice",null,"Oglala Sioux Tribe",null,null,"C-1",null,null,{"v":42186,"d":"42,186"},120000,30]
[1055,"Brave ","Albert","Jr","Oglala Sioux Tribe",null,null,"C-1",null,null,{"v":42186,"d":"42,186"},120000,30]
[1056,"Guthmiller","Richard",null,"Oglala Sioux Tribe",null,null,"C-1",null,null,{"v":42186,"d":"42,186"},120000,30]
[1057,"Little Spotted Horse","Roberta",null,"Oglala Sioux Tribe",null,null,"C-1",null,null,{"v":42186,"d":"42,186"},120000,30]
[1058,"Pipe On Head","Ben",null,"Oglala Sioux Tribe",null,null,"C-1",null,null,{"v":42186,"d":"42,186"},120000,30]
[1059,"Saucedo","Angelina",null,"Oglala Sioux Tribe",null,null,"C-1",null,null,{"v":42186,"d":"42,186"},120000,30]
[1060,"Star Comes Out","Juanita",null,"Oglala Sioux Tribe",null,"B",{"$nulls":3},{"v":42186,"d":"42,186"},35000,30]
[1061,"Cottier","Alyssa",null,"Oglala Sioux Tribe",null,null,"C-1",null,null,{"v":42186,"d":"42,186"},120000,30]
[1062,"Gutierrez-Burns","Theresa",null,"Oglala Sioux Tribe",null,null,"C-1",null,null,{"v":42186,"d":"42,186"},120000,30]
[1063,"Black Elk","Nathaniel",null,"Oglala Sioux Tribe",null,null,"C-1",null,null,{"v":42186,"d":"42,186"},120000,30]
[1064,"Goings","Monte",null,"Oglala Sioux Tribe",null,null,"C-1",null,null,{"v":42186,"d":"42,186"},120000,30]
[1065,"Hand","Elton",null,"Oglala Sioux Tribe",{"$nulls":3},"C-2",null,{"v":42186,"d":"42,186"},120000,30]
[1066,"American Horse","Burton",null,"Oglala Sioux Tribe",null,null,"C-1",null,null,{"v":42186,"d":"42,186"},120000,30]
[1067,"Araphaoe","David",null,"Oglala Sioux Tribe",null,null,"C-1",null,null,{"v":42186,"d":"42,186"},120000,30]
[1068,"Pulliam","Patricia",null,"Oglala Sioux Tribe",null,null,"C-1",null,null,{"v":42186,"d":"42,186"},120000,30]
[1069,"Swallow","Nicole",null,"Oglala Sioux Tribe",null,null,"C-1",null,null,{"v":42186,"d":"42,186"},120000,30]
[1070,"Tail","Frank",null,"Oglala Sioux Tribe",{"$nulls":3},"C-2",null,{"v":42186,"d":"42,186"},120000,30]
[1071,"Waters","Cass",null,"Oglala Sioux Tribe",null,null,"C-1",null,null,{"v":42186,"d":"42,186"},120000,30]
[1072,"Waters","Cleveland",null,"Oglala Sioux Tribe",null,null,"C-1",null,null,{"v":42186,"d":"42,186"},120000,30]
[1073,"Wilson","Annette",null,"Oglala Sioux Tribe",null,null,"C-1",null,null,{"v":42186,"d":"42,186"},120000,30]
[1074,"Wilson","Jace",null,"Oglala Sioux Tribe",null,null,"C-1",null,null,{"v":42186,"d":"42,186"},120000,30]
[1075,"Yellow Hair","Elliott",null,"Oglala Sioux Tribe",null,null,"C-1",null,null,{"v":42186,"d":"42,186"},120000,30]
[1076,"Kaline","Meghan",null,"Oglala Sioux Tribe",null,null,"C-1",null,null,{"v":42186,"d":"42,186"},120000,30]
[1077,"Tall ","Hermis",null,"Oglala Sioux Tribe",{"$nulls":3},"C-2",null,{"v":42186,"d":"42,186"},120000,30]
[1078,"Shawnta","Everett",null,"Three Affiliated Tribes",null,null,"C-1",null,null,{"v":42186,"d":"42,186"},120000,30]
[1079,"Fox","Danette",null,"Three Affiliated Tribes",null,null,"C-1",null,null,{"v":42186,"d":"42,186"},120000,30]
[1080,"Lone Fight","Cheryl",null,"Three Affiliated Tribes",null,null,"C-1",null,null,{"v":42186,"d":"42,186"},120000,30]
[1081,"Young Bear","Franklin",null,"Three Affiliated Tribes",null,null,"C-1",null,null,{"v":42186,"d":"42,186"},120000,30]
[1082,"Wilson","Danielle",null,"Three Affiliated Tribes",null,null,"C-1",null,null,{"v":42186,"d":"42,186"},120000,30]
[1083,"White Bear","Paul","Sr","Three Affiliated Tribes",null,null,"C-1",null,null,{"v":42186,"d":"42,186"},120000,30]
[1084,"Thompson","Esther",null,"Cheyenne River Sioux Tribe",{"$nulls":3},"C-2",null,{"v":42186,"d":"42,186"},120000,30]
[1085,"Morin","Caitlin",null,"Turtle Montain Band of Chippewa",null,null,"C-1",null,null,{"v":42186,"d":"42,186"},120000,31]
[1086,"Azure","Letina",null,"Turtle Montain Band of Chippewa",null,"B",{"$nulls":3},{"v":42186,"d":"42,186"},35000,31]
[1087,"Falcon","George","Jr","Turtle Montain Band of Chippewa",null,null,"C-1",null,null,{"v":42186,"d":"42,186"},120000,31]
[1088,"Morin","Miranda",null,"Turtle Montain Band of Chippewa",null,null,"C-1",null,null,{"v":42186,"d":"42,186"},120000,31]
[1089,"Houle","Latera",null,"Turtle Montain Band of Chippewa",null,null,"C-1",null,null,{"v":42186,"d":"42,186"},120000,31]
[1090,"Poitra","Bobbi Jo",null,"Turtle Montain Band of Chippewa",null,null,"C-1",null,null,{"v":42186,"d":"42,186"},120000,31]
[{"$f":"A1099+1","v":1091},"Blue","Sharon",null,"Turtle Montain Band of Chippewa",null,"B",{"$nulls":3},{"v":42186,"d":"42,186"},35000,31]
[1092,"Aiken","Constance",null,"Turtle Montain Band of Chippewa",null,null,"C-1",null,null,{"v":42186,"d":"42,186"},120000,31]
[1093,"Morin","Sandra","M","Turtle Montain Band of Chippewa",null,null,"C-1",null,null,{"v":42186,"d":"42,186"},120000,31]
[1094,"Black Lance","Gwendolyn",null,"Rosebud Sioux Tribe",{"$nulls":3},"C-2",null,{"v":42186,"d":"42,186"},120000,31]
[1095,"Waln","Candace",null,"Rosebud Sioux Tribe",null,"B",{"$nulls":3},{"v":42186,"d":"42,186"},35000,31]
[1096,"Neck","Valencia",null,"Rosebud Sioux Tribe",{"$nulls":3},"C-2",null,{"v":42186,"d":"42,186"},120000,31]
[1097,"Black Calf","Michelle",null,"Rosebud Sioux Tribe",{"$nulls":3},"C-2",null,{"v":42186,"d":"42,186"},120000,31]
[1098,"Edwards","Dorothy ",null,"Rosebud Sioux Tribe",null,null,"C-1",null,null,{"v":42186,"d":"42,186"},120000,31]
[1099,"Stead","Melinda",null,"Rosebud Sioux Tribe",null,null,"C-1",null,null,{"v":42186,"d":"42,186"},120000,31]
[1100,"Black Lance","Debbie",null,"Rosebud Sioux Tribe",{"$nulls":3},"C-2",null,{"v":42186,"d":"42,186"},120000,31]
[1101,"Dillon","Doug","sr","Rosebud Sioux Tribe",{"$nulls":3},"C-2",null,{"v":42186,"d":"42,186"},120000,31]
[1102,"New ","Danielle",null,"Oglala Sioux Tribe",null,null,"C-1",null,null,{"v":42186,"d":"42,186"},120000,31]
[1103,"Bull Bear","Maureen",null,"Oglala Sioux Tribe",null,null,"C-1",null,null,{"v":42186,"d":"42,186"},120000,31]
[1104,"Brewer","Lola",null,"Oglala Sioux Tribe",null,null,"C-1",null,null,{"v":42186,"d":"42,186"},120000,31]
[1105,"White Calf","Royce",null,"Oglala Sioux Tribe",null,null,"C-1",null,null,{"v":42186,"d":"42,186"},120000,31]
[1106,"Thunder Hawk","Conrad",null,"Oglala Sioux Tribe",null,"B",{"$nulls":3},{"v":42186,"d":"42,186"},35000,31]
[1107,"Buckman","Rita",null,"Oglala Sioux Tribe",null,"B",{"$nulls":3},{"v":42186,"d":"42,186"},35000,31]
[1108,"Henry","Ken",null,"Oglala Sioux Tribe",null,null,"C-1",null,null,{"v":42186,"d":"42,186"},120000,31]
[1109,"Kills Small","Lois",null,"Oglala Sioux Tribe",null,null,"C-1",null,null,{"v":42186,"d":"42,186"},120000,31]
[1110,"Young Bull Bear","Kelly",null,"Oglala Sioux Tribe",null,null,"C-1",null,null,{"v":42186,"d":"42,186"},120000,31]
[1111,"Koenen","Lew",null,"Oglala Sioux Tribe",null,null,"C-1",null,null,{"v":42186,"d":"42,186"},120000,31]
[1112,"Brought Plenty","Arlette",null,"Oglala Sioux Tribe",null,null,"C-1",null,null,{"v":42186,"d":"42,186"},120000,31]
[1113,"Fast Horse","Moses",null,"Oglala Sioux Tribe",null,null,"C-1",null,null,{"v":42186,"d":"42,186"},120000,31]
[1114,"Pipe On Head","Brenda",null,"Oglala Sioux Tribe",null,null,"C-1",null,null,{"v":42186,"d":"42,186"},120000,31]
[1115,"Two Bulls","Pauline",null,"Oglala Sioux Tribe",{"$nulls":3},"C-2",null,{"v":42186,"d":"42,186"},120000,31]
[1116,"Iron Cloud","Melissa",null,"Oglala Sioux Tribe",null,null,"C-1",null,null,{"v":42186,"d":"42,186"},120000,31]
[1117,"Belt","Waylon",null,"Oglala Sioux Tribe",null,null,"C-1",null,null,{"v":42186,"d":"42,186"},120000,31]
[1118,"Steele","Deidra",null,"Oglala Sioux Tribe",null,null,"C-1",null,null,{"v":42186,"d":"42,186"},120000,31]
[1119,"Steele","Gary",null,"Oglala Sioux Tribe",null,null,"C-1",null,null,{"v":42186,"d":"42,186"},120000,31]
[1120,"One Horn","Marana",null,"Oglala Sioux Tribe",null,null,"C-1",null,null,{"v":42186,"d":"42,186"},120000,31]
[1121,"Incognito","Elaine",null,"Three Affiliated Tribes",null,null,"C-1",null,null,{"v":42186,"d":"42,186"},120000,31]
[1122,"Gillette","Stephanie",null,"Three Affiliated Tribes",null,null,"C-1",null,null,{"v":42186,"d":"42,186"},120000,31]
[1123,"Azure","Clifford","A","Turtle Montain Band of Chippewa",null,"B",{"$nulls":3},{"v":42186,"d":"42,186"},35000,32]
[1124,"Allery","Leonard",null,"Turtle Montain Band of Chippewa",null,null,"C-1",null,null,{"v":42186,"d":"42,186"},120000,32]
[1125,"Gladue","Ashley",null,"Turtle Montain Band of Chippewa",null,null,"C-1",null,null,{"v":42186,"d":"42,186"},120000,32]
[1126,"Vondal","Tracey",null,"Turtle Montain Band of Chippewa",null,null,"C-1",null,null,{"v":42186,"d":"42,186"},120000,32]
[1127,"Azure","Gabrielle",null,"Turtle Montain Band of Chippewa",null,null,"C-1",null,null,{"v":42186,"d":"42,186"},120000,32]
[1128,"Longie","Clayton",null,"Turtle Montain Band of Chippewa",null,null,"C-1",null,null,{"v":42186,"d":"42,186"},120000,32]
[1129,"Parisien","Kaylee",null,"Turtle Montain Band of Chippewa",null,"B",{"$nulls":3},{"v":42186,"d":"42,186"},35000,32]
[1130,"Gunville","Bobby","J","Turtle Montain Band of Chippewa",null,"B",{"$nulls":3},{"v":42186,"d":"42,186"},35000,32]
[1131,"Enno","Jeanelle",null,"Turtle Montain Band of Chippewa",null,null,"C-1",null,null,{"v":42186,"d":"42,186"},120000,32]
[1132,"Fluery","Lani",null,"Turtle Montain Band of Chippewa",null,"B",{"$nulls":3},{"v":42186,"d":"42,186"},35000,32]
[1133,"Malaterre","Debbie",null,"Turtle Montain Band of Chippewa",null,null,"C-1",null,null,{"v":42186,"d":"42,186"},120000,32]
[1134,"Charette","Christy",null,"Turtle Montain Band of Chippewa",null,null,"C-1",null,null,{"v":42186,"d":"42,186"},120000,32]
[1135,"Lenoir","Jessica",null,"Turtle Montain Band of Chippewa",null,null,"C-1",null,null,{"v":42186,"d":"42,186"},120000,32]
[1136,"Falcon","Derek",null,"Turtle Montain Band of Chippewa",null,null,"C-1",null,null,{"v":42186,"d":"42,186"},120000,32]
[1137,"Decoteau","James","H","Turtle Montain Band of Chippewa",{"$nulls":3},"C-2",null,{"v":42186,"d":"42,186"},120000,32]
[1138,"Steele","Dorothy",null,"Turtle Montain Band of Chippewa",null,null,"C-1",null,null,{"v":42186,"d":"42,186"},120000,32]
[1139,"Vann","Irene",null,"Turtle Montain Band of Chippewa",null,null,"C-1",null,null,{"v":42186,"d":"42,186"},120000,32]
[1140,"Wilkie","Jenny",null,"Turtle Montain Band of Chippewa",null,"B",{"$nulls":3},{"v":42186,"d":"42,186"},35000,32]
[1141,"Keplin","Clemence",null,"Turtle Montain Band of Chippewa",null,null,"C-1",null,null,{"v":42186,"d":"42,186"},120000,32]
[1142,"Morin","Archie",null,"Turtle Montain Band of Chippewa",null,null,"C-1",null,null,{"v":42186,"d":"42,186"},120000,32]
[1143,"Morin","Penny",null,"Turtle Montain Band of Chippewa",null,null,"C-1",null,null,{"v":42186,"d":"42,186"},120000,32]
[1144,"Neilsen","Louise",null,"Turtle Montain Band of Chippewa",null,"B",{"$nulls":3},{"v":42186,"d":"42,186"},35000,32]
[1145,"Swallow-Arcoren","Debra",null,"Rosebud Sioux Tribe",null,null,"C-1",null,null,{"v":42186,"d":"42,186"},120000,32]
[1146,"Larrabee","Jess",null,"Standing Rock Sioux Tribe",{"$nulls":3},"C-2",null,{"v":42186,"d":"42,186"},120000,32]
[1147,"One Feather","Delmar",null,"Oglala Sioux Tribe",null,null,"C-1",null,null,{"v":42186,"d":"42,186"},120000,32]
[1148,"Little Thunder","Blaine",null,"Oglala Sioux Tribe",null,"B",{"$nulls":3},{"v":42186,"d":"42,186"},35000,32]
[1149,"Yellow Horse","Leonard",null,"Oglala Sioux Tribe",null,null,"C-1",null,null,{"v":42186,"d":"42,186"},120000,32]
[1150,"Mesteth","Francis",null,"Oglala Sioux Tribe",null,null,"C-1",null,null,{"v":42186,"d":"42,186"},120000,32]
[1151,"Blue Bird","Catherine",null,"Oglala Sioux Tribe",null,null,"C-1",null,null,{"v":42186,"d":"42,186"},120000,32]
[1152,"Fast Horse","Talbert",null,"Oglala Sioux Tribe",null,"B",{"$nulls":3},{"v":42186,"d":"42,186"},35000,32]
[1153,"Lay","Carol",null,"Oglala Sioux Tribe",null,null,"C-1",null,null,{"v":42186,"d":"42,186"},120000,32]
[1154,"Rowland","Ashley",null,"Oglala Sioux Tribe",null,null,"C-1",null,null,{"v":42186,"d":"42,186"},120000,32]
[{"$f":"A1163+1","v":1155},"Ferguson","Antoinette",null,"Oglala Sioux Tribe",null,null,"C-1",null,null,{"v":42186,"d":"42,186"},120000,32]
[1156,"Gay ","Iris",null,"Oglala Sioux Tribe",null,null,"C-1",null,null,{"v":42186,"d":"42,186"},120000,32]
[1157,"Buckman","Ursula",null,"Oglala Sioux Tribe",{"$nulls":3},"C-2",null,{"v":42186,"d":"42,186"},120000,32]
[1158,"Fast Horse","Dana",null,"Oglala Sioux Tribe",null,null,"C-1",null,null,{"v":42186,"d":"42,186"},120000,32]
[1159,"Buckman","Erica",null,"Oglala Sioux Tribe",null,null,"C-1",null,null,{"v":42186,"d":"42,186"},120000,32]
[1160,"Goings","Frank",null,"Oglala Sioux Tribe",null,null,"C-1",null,null,{"v":42186,"d":"42,186"},120000,32]
[1161,"Twiss","Gertrude",null,"Oglala Sioux Tribe",null,null,"C-1",null,null,{"v":42186,"d":"42,186"},120000,32]
[1162,"Bad Wound","Martin",null,"Oglala Sioux Tribe",null,"B",{"$nulls":3},{"v":42186,"d":"42,186"},35000,32]
[1163,"Means","John",null,"Oglala Sioux Tribe",null,null,"C-1",null,null,{"v":42186,"d":"42,186"},120000,32]
[1164,"Merrival","Yvonne",null,"Oglala Sioux Tribe",null,null,"C-1",null,null,{"v":42186,"d":"42,186"},120000,32]
[1165,"Poor Bear","PteskaHinapaWi",null,"Oglala Sioux Tribe",{"$nulls":3},"C-2",null,{"v":42186,"d":"42,186"},120000,32]
[1166,"Rowlnad","Phoebe",null,"Oglala Sioux Tribe",null,null,"C-1",null,null,{"v":42186,"d":"42,186"},120000,32]
[1167,"Waters","Brett",null,"Oglala Sioux Tribe",null,null,"C-1",null,null,{"v":42186,"d":"42,186"},120000,32]
[1168,"Winters","Esther",null,"Oglala Sioux Tribe",null,"B",{"$nulls":3},{"v":42186,"d":"42,186"},35000,32]
[1169,"Yellow Bull","Jennifer",null,"Oglala Sioux Tribe",null,null,"C-1",null,null,{"v":42186,"d":"42,186"},120000,32]
[1170,"Marrow Bone","Yvette",null,"Oglala Sioux Tribe",null,"B",{"$nulls":3},{"v":42186,"d":"42,186"},35000,32]
[1171,"Sleeping Bear","Carla",null,"Oglala Sioux Tribe",null,null,"C-1",null,null,{"v":42186,"d":"42,186"},120000,32]
[1172,"West","Jay",null,"Oglala Sioux Tribe",null,null,"C-1",null,null,{"v":42186,"d":"42,186"},120000,32]
[1173,"Martinelli","Michaela",null,"Three Affiliated Tribes",null,null,"C-1",null,null,{"v":42186,"d":"42,186"},120000,32]
[1174,"Bailey","Alona",null,"Three Affiliated Tribes",null,null,"C-1",null,null,{"v":42186,"d":"42,186"},120000,32]
[1175,"Morsette","Chad","Sr","Three Affiliated Tribes",null,null,"C-1",null,null,{"v":42186,"d":"42,186"},120000,32]
[1176,"Swift Eagle","Jolene",null,"Three Affiliated Tribes",null,null,"C-1",null,null,{"v":42186,"d":"42,186"},120000,32]
[1177,"Delilah","Charger",null,"Cheyenne River Sioux Tribe",{"$nulls":3},"C-2",null,{"v":42186,"d":"42,186"},120000,32]
[1178,"Charbonneau","Jessica",null,"Turtle Montain Band of Chippewa",null,null,"C-1",null,null,{"v":42186,"d":"42,186"},120000,33]
[1179,"Gourneau","Inez",null,"Turtle Montain Band of Chippewa",null,"B",{"$nulls":3},{"v":42186,"d":"42,186"},35000,33]
[1180,"Champagne","Willard",null,"Turtle Montain Band of Chippewa",null,"B",{"$nulls":3},{"v":42186,"d":"42,186"},35000,33]
[1181,"Martin","Yvonne",null,"Turtle Montain Band of Chippewa",null,null,"C-1",null,null,{"v":42186,"d":"42,186"},120000,33]
[1182,"Keplin","Larry",null,"Turtle Montain Band of Chippewa",null,"B",{"$nulls":3},{"v":42186,"d":"42,186"},35000,33]
[1183,"Black Spotted Horse","Ethel",null,"Rosebud Sioux Tribe",{"$nulls":3},"C-2",null,{"v":42186,"d":"42,186"},120000,33]
[1184,"Franzen","Vernell",null,"Standing Rock Sioux Tribe",{"$nulls":3},"C-2",null,{"v":42186,"d":"42,186"},120000,33]
[1185,"Gary","Debra",null,"Standing Rock Sioux Tribe",null,"B",{"$nulls":3},{"v":42186,"d":"42,186"},35000,33]
[1186,"Black Feather","Glenda",null,"Oglala Sioux Tribe",null,null,"C-1",null,null,{"v":42186,"d":"42,186"},120000,33]
[1187,"Merrival","Leonard",null,"Oglala Sioux Tribe",null,"B",{"$nulls":3},{"v":42186,"d":"42,186"},35000,33]
[1188,"Yellow Shield","Erna",null,"Oglala Sioux Tribe",null,"B",{"$nulls":3},{"v":42186,"d":"42,186"},35000,33]
[1189,"Red Cloud","Vanessa",null,"Oglala Sioux Tribe",null,"B",{"$nulls":3},{"v":42186,"d":"42,186"},35000,33]
[1190,"Two Eagle","Jolynn",null,"Oglala Sioux Tribe",null,"B",{"$nulls":3},{"v":42186,"d":"42,186"},35000,33]
[1191,"Wilson","Kayla",null,"Oglala Sioux Tribe",null,null,"C-1",null,null,{"v":42186,"d":"42,186"},120000,33]
[1192,"Bettelyoun","Colleen",null,"Oglala Sioux Tribe",null,"B",{"$nulls":3},{"v":42186,"d":"42,186"},35000,33]
[1193,"Marshall","Kimberly",null,"Oglala Sioux Tribe",null,null,"C-1",null,null,{"v":42186,"d":"42,186"},120000,33]
[1194,"Marshall","Nora",null,"Oglala Sioux Tribe",null,null,"C-1",null,null,{"v":42186,"d":"42,186"},120000,33]
[1195,"Martinez","Ellen",null,"Oglala Sioux Tribe",null,null,"C-1",null,null,{"v":42186,"d":"42,186"},120000,33]
[1196,"Nelson","J.R.",null,"Oglala Sioux Tribe",null,null,"C-1",null,null,{"v":42186,"d":"42,186"},120000,33]
[1197,"White","Krista",null,"Oglala Sioux Tribe",null,null,"C-1",null,null,{"v":42186,"d":"42,186"},120000,33]
[1198,"Marshall","Lisa",null,"Oglala Sioux Tribe",null,null,"C-1",null,null,{"v":42186,"d":"42,186"},120000,33]
[1199,"Her Many Horses","Robin",null,"Oglala Sioux Tribe",null,"B",{"$nulls":3},{"v":42186,"d":"42,186"},35000,33]
[1200,"Eagle","Alberta",null,"Oglala Sioux Tribe",null,null,"C-1",null,null,{"v":42186,"d":"42,186"},120000,33]
[1201,"Esparza","Lolita",null,"Oglala Sioux Tribe",null,null,"C-1",null,null,{"v":42186,"d":"42,186"},120000,33]
[1202,"Good Crow","Delores",null,"Oglala Sioux Tribe",null,"B",{"$nulls":3},{"v":42186,"d":"42,186"},35000,33]
[1203,"Bagola","Collette",null,"Oglala Sioux Tribe",null,null,"C-1",null,null,{"v":42186,"d":"42,186"},120000,33]
[1204,"Long ","Genevieve",null,"Oglala Sioux Tribe",null,"B",{"$nulls":3},{"v":42186,"d":"42,186"},35000,33]
[1205,"White Bull","Lisa",null,"Oglala Sioux Tribe",null,null,"C-1",null,null,{"v":42186,"d":"42,186"},120000,33]
[1206,"Gibbons","Glen",null,"Oglala Sioux Tribe",null,null,"C-1",null,null,{"v":42186,"d":"42,186"},120000,33]
[1207,"Goings","Marvin",null,"Oglala Sioux Tribe",null,null,"C-1",null,null,{"v":42186,"d":"42,186"},120000,33]
[1208,"Grinnell","Charles",null,"Three Affiliated Tribes",null,null,"C-1",null,null,{"v":42186,"d":"42,186"},120000,33]
[1209,"Holy Bear","Anthony",null,"Cheyenne River Sioux Tribe",{"$nulls":3},"C-2",null,{"v":42186,"d":"42,186"},120000,33]
[1210,"Blacksmith","Cheryl",null,"Turtle Montain Band of Chippewa",null,"B",{"$nulls":3},{"v":42186,"d":"42,186"},35000,34]
[1211,"Thiefoe","Nicole",null,"Turtle Montain Band of Chippewa",null,"B",{"$nulls":3},{"v":42186,"d":"42,186"},35000,34]
[1212,"Trottier","Alfred",null,"Turtle Montain Band of Chippewa",null,"B",{"$nulls":3},{"v":42186,"d":"42,186"},35000,34]
[1213,"Qugley","Patricia",null,"Rosebud Sioux Tribe",null,"B",{"$nulls":3},{"v":42186,"d":"42,186"},35000,34]
[1214,"Red Feather","Helen",null,"Oglala Sioux Tribe",null,null,"C-1",null,null,{"v":42186,"d":"42,186"},120000,34]
[1215,"Good Voice Flute","Merrill",null,"Oglala Sioux Tribe",null,"B",{"$nulls":3},{"v":42186,"d":"42,186"},35000,34]
[1216,"Kills In Water","Valorie",null,"Oglala Sioux Tribe",null,"B",{"$nulls":3},{"v":42186,"d":"42,186"},35000,34]
[1217,"Brewer","Lenora",null,"Oglala Sioux Tribe",null,"B",{"$nulls":3},{"v":42186,"d":"42,186"},35000,34]
[1218,"Shangreaux","Baptist",null,"Oglala Sioux Tribe",null,"B",{"$nulls":3},{"v":42186,"d":"42,186"},35000,34]
[{"$f":"A1227+1","v":1219},"Watkins","Lisa",null,"Oglala Sioux Tribe",null,null,"C-1",null,null,{"v":42186,"d":"42,186"},120000,34]
[1220,"Chief","Waverly",null,"Oglala Sioux Tribe",null,"B",{"$nulls":3},{"v":42186,"d":"42,186"},35000,34]
[1221,"Pourier","Derek",null,"Oglala Sioux Tribe",null,null,"C-1",null,null,{"v":42186,"d":"42,186"},120000,41]
[1222,"Pourier","Michelle",null,"Oglala Sioux Tribe",null,null,"C-1",null,null,{"v":42186,"d":"42,186"},120000,32]
[1223,"Chief Eagle","Margaret",null,"Oglala Sioux Tribe",null,"B",{"$nulls":3},{"v":42186,"d":"42,186"},35000,34]
[1224,"Slow Bear","Alvin",null,"Oglala Sioux Tribe",null,"B",{"$nulls":3},{"v":42186,"d":"42,186"},35000,34]
[1225,"Clifford","Anne",null,"Oglala Sioux Tribe",null,null,"C-1",null,null,{"v":42186,"d":"42,186"},120000,34]
[1226,"American","Carmen",null,"Oglala Sioux Tribe",null,null,"C-1",null,null,{"v":42186,"d":"42,186"},120000,34]
[1227,"Morrison","Noella",null,"Oglala Sioux Tribe",null,null,"C-1",null,null,{"v":42186,"d":"42,186"},120000,34]
[1228,"Shaving","Gerald",null,"Cheyenne River Sioux Tribe",{"$nulls":3},"C-2",null,{"v":42186,"d":"42,186"},120000,34]
[1229,"Peltier","Wendy",null,"Turtle Montain Band of Chippewa",null,"B",{"$nulls":3},{"v":42186,"d":"42,186"},35000,35]
[1230,"Swain ","Loretta",null,"Turtle Montain Band of Chippewa",null,null,"C-1",null,null,{"v":42186,"d":"42,186"},120000,35]
[1231,"Champagne","Gloria",null,"Turtle Montain Band of Chippewa",null,null,"C-1",null,null,{"v":42186,"d":"42,186"},120000,35]
[1232,"Morin","Mary","C","Turtle Montain Band of Chippewa",null,"B",{"$nulls":3},{"v":42186,"d":"42,186"},35000,35]
[1233,"Jaste","Karen",null,"Turtle Montain Band of Chippewa",null,null,"C-1",null,null,{"v":42186,"d":"42,186"},120000,35]
[1234,"Defender","Delores",null,"Turtle Montain Band of Chippewa",null,"B",{"$nulls":3},{"v":42186,"d":"42,186"},35000,35]
[1235,"Jeanotte","Verna",null,"Turtle Montain Band of Chippewa",null,"B",{"$nulls":3},{"v":42186,"d":"42,186"},35000,35]
[1236,"Johnson","Edward","Sr","Turtle Montain Band of Chippewa",null,"B",{"$nulls":3},{"v":42186,"d":"42,186"},35000,35]
[1237,"Shields","Cheryl",null,"Crow Creek Sioux Tribe",null,"B",{"$nulls":3},{"v":42186,"d":"42,186"},35000,35]
[1238,"Olsen","Hazel",null,"Crow Creek Sioux Tribe",null,"B",{"$nulls":3},{"v":42186,"d":"42,186"},35000,35]
[1239,"Long Crow ","Chauncey",null,"Crow Creek Sioux Tribe",null,"B",{"$nulls":3},{"v":42186,"d":"42,186"},35000,35]
[1240,"Condon","Deirdre",null,"Standing Rock Sioux Tribe",null,"B",{"$nulls":3},{"v":42186,"d":"42,186"},35000,35]
[1241,"Lodge","Henry",null,"Oglala Sioux Tribe",null,"B",{"$nulls":3},{"v":42186,"d":"42,186"},35000,35]
[1242,"Locke","Marlene",null,"Oglala Sioux Tribe",null,"B",{"$nulls":3},{"v":42186,"d":"42,186"},35000,35]
[1243,"Richard","Joseph",null,"Oglala Sioux Tribe",null,null,"C-1",null,null,{"v":42186,"d":"42,186"},120000,35]
[1244,"Mora","Rhea",null,"Oglala Sioux Tribe",{"$nulls":3},"C-2",null,{"v":42186,"d":"42,186"},120000,35]
[1245,"Good Plume","Garvard",null,"Oglala Sioux Tribe",null,null,"C-1",null,null,{"v":42186,"d":"42,186"},120000,35]
[1246,"Pourier","Alonna",null,"Oglala Sioux Tribe",null,null,"C-1",null,null,{"v":42186,"d":"42,186"},120000,35]
[1247,"Standing Soldier","Victor",null,"Oglala Sioux Tribe",null,null,"C-1",null,null,{"v":42186,"d":"42,186"},120000,35]
[1248,"Briseno","Brandon",null,"Oglala Sioux Tribe",{"$nulls":3},"C-2",null,{"v":42186,"d":"42,186"},120000,35]
[1249,"Red Cloud","Guy",null,"Oglala Sioux Tribe",null,null,"C-1",null,null,{"v":42186,"d":"42,186"},120000,35]
[1250,"Red Cloud","Linda",null,"Oglala Sioux Tribe",null,"B",{"$nulls":3},{"v":42186,"d":"42,186"},35000,35]
[1251,"Red Cloud","Marty",null,"Oglala Sioux Tribe",null,"B",{"$nulls":3},{"v":42186,"d":"42,186"},35000,35]
[1252,"Goings","Yvonne",null,"Oglala Sioux Tribe",null,null,"C-1",null,null,{"v":42186,"d":"42,186"},120000,35]
[1253,"Wilkie","Jennifer",null,"Three Affiliated Tribes",null,null,"C-1",null,null,{"v":42186,"d":"42,186"},120000,35]
[1254,"Dunn","Germaine",null,"Cheyenne River Sioux Tribe",{"$nulls":3},"C-2",null,{"v":42186,"d":"42,186"},120000,35]
[1255,"Keplin","Rose","M","Turtle Montain Band of Chippewa",null,"B",{"$nulls":3},{"v":42186,"d":"42,186"},35000,36]
[1256,"Cree","Jesse",null,"Turtle Montain Band of Chippewa",null,null,"C-1",null,null,{"v":42186,"d":"42,186"},120000,36]
[1257,"Belgarde","Steven",null,"Turtle Montain Band of Chippewa",null,null,"C-1",null,null,{"v":42186,"d":"42,186"},120000,36]
[1258,"Allery","Carol",null,"Turtle Montain Band of Chippewa",null,"B",{"$nulls":3},{"v":42186,"d":"42,186"},35000,36]
[1259,"Delorme","Darlene",null,"Turtle Montain Band of Chippewa",{"$nulls":3},"C-2",null,{"v":42186,"d":"42,186"},120000,36]
[1260,"Brien","Rita",null,"Turtle Montain Band of Chippewa",null,"B",{"$nulls":3},{"v":42186,"d":"42,186"},35000,36]
[1261,"Vivier","Cora",null,"Turtle Montain Band of Chippewa",null,"B",{"$nulls":3},{"v":42186,"d":"42,186"},35000,36]
[1262,"Touch","Clara",null,"Standing Rock Sioux Tribe",null,null,"C-1",null,null,{"v":42186,"d":"42,186"},120000,36]
[1263,"Standing Elk","Joseph",null,"Oglala Sioux Tribe",null,null,"C-1",null,null,{"v":42186,"d":"42,186"},120000,36]
[1264,"Sharpfish","Donald",null,"Oglala Sioux Tribe",{"$nulls":3},"C-2",null,{"v":42186,"d":"42,186"},120000,36]
[1265,"Goodman","Leola",null,"Oglala Sioux Tribe",null,null,"C-1",null,null,{"v":42186,"d":"42,186"},120000,36]
[1266,"Big Crow","Walter",null,"Oglala Sioux Tribe",null,"B",{"$nulls":3},{"v":42186,"d":"42,186"},35000,36]
[1267,"Janis","Cora",null,"Oglala Sioux Tribe",null,"B",{"$nulls":3},{"v":42186,"d":"42,186"},35000,36]
[1268,"Horse","Alberta",null,"Oglala Sioux Tribe",null,null,"C-1",null,null,{"v":42186,"d":"42,186"},120000,36]
[1269,"Garnier","Dirk",null,"Oglala Sioux Tribe",null,null,"C-1",null,null,{"v":42186,"d":"42,186"},120000,36]
[1270,"Trevino","Shannon",null,"Oglala Sioux Tribe",null,null,"C-1",null,null,{"v":42186,"d":"42,186"},120000,36]
[1271,"Kills Warrior","Geraldine",null,"Oglala Sioux Tribe",null,null,"C-1",null,null,{"v":42186,"d":"42,186"},120000,36]
[1272,"Brown Eyes","Pete",null,"Oglala Sioux Tribe",null,null,"C-1",null,null,{"v":42186,"d":"42,186"},120000,36]
[1273,"Rabbithead","Kenneth",null,"Three Affiliated Tribes",null,null,"C-1",null,null,{"v":42186,"d":"42,186"},120000,36]
[1274,"Laducer","Debra",null,"Turtle Montain Band of Chippewa",null,null,"C-1",null,null,{"v":42186,"d":"42,186"},120000,37]
[1275,"Sherman","Clarrisa",null,"Turtle Montain Band of Chippewa",null,"B",{"$nulls":3},{"v":42186,"d":"42,186"},35000,37]
[1276,"Lavallie","Lawrence",null,"Turtle Montain Band of Chippewa",null,"B",{"$nulls":3},{"v":42186,"d":"42,186"},35000,37]
[1277,"Lafountain","Benedict",null,"Turtle Montain Band of Chippewa",null,null,"C-1",null,null,{"v":42186,"d":"42,186"},120000,37]
[1278,"Menard","Janice",null,"Rosebud Sioux Tribe",null,"B",{"$nulls":3},{"v":42186,"d":"42,186"},35000,37]
[1279,"Blue Thunder","Lawrence",null,"Rosebud Sioux Tribe",null,"B",{"$nulls":3},{"v":42186,"d":"42,186"},35000,37]
[1280,"Brown Wolf","Julia",null,"Crow Creek Sioux Tribe",null,"B",{"$nulls":3},{"v":42186,"d":"42,186"},35000,37]
[1281,"Pourier","Dale",null,"Oglala Sioux Tribe",null,"B",{"$nulls":3},{"v":42186,"d":"42,186"},35000,37]
[1282,"Alkire","Mildred",null,"Oglala Sioux Tribe",null,null,"C-1",null,null,{"v":42186,"d":"42,186"},120000,37]
[{"$f":"A1291+1","v":1283},"Garnier","Oliver",null,"Oglala Sioux Tribe",null,"B",{"$nulls":3},{"v":42186,"d":"42,186"},35000,37]
[1284,"Kills In Water","Wilma",null,"Oglala Sioux Tribe",null,null,"C-1",null,null,{"v":42186,"d":"42,186"},120000,37]
[1285,"Fire Thhunder","Lillian",null,"Oglala Sioux Tribe",null,null,"C-1",null,null,{"v":42186,"d":"42,186"},120000,37]
[1286,"Rosalas","Mabel",null,"Oglala Sioux Tribe",null,"B",{"$nulls":3},{"v":42186,"d":"42,186"},35000,37]
[1287,"Lone Fight","Donald",null,"Three Affiliated Tribes",null,null,"C-1",null,null,{"v":42186,"d":"42,186"},120000,37]
[1288,"Boyer","Leonard",null,"Turtle Montain Band of Chippewa",{"$nulls":3},"C-2",null,{"v":42186,"d":"42,186"},120000,38]
[1289,"Slater","Delane",null,"Turtle Montain Band of Chippewa",null,null,"C-1",null,null,{"v":42186,"d":"42,186"},120000,38]
[1290,"Hunt","Ruth",null,"Turtle Montain Band of Chippewa",null,"B",{"$nulls":3},{"v":42186,"d":"42,186"},35000,38]
[1291,"Falcon","Linda",null,"Turtle Montain Band of Chippewa",null,"B",{"$nulls":3},{"v":42186,"d":"42,186"},35000,38]
[1292,"Night Shield","Francine",null,"Rosebud Sioux Tribe",null,"B",{"$nulls":3},{"v":42186,"d":"42,186"},35000,38]
[1293,"Wilson","Jewell",null,"Crow Creek Sioux Tribe",{"$nulls":3},"C-2",null,{"v":42186,"d":"42,186"},120000,38]
[1294,"Titus","Emma",null,"Oglala Sioux Tribe",null,"B",{"$nulls":3},{"v":42186,"d":"42,186"},35000,38]
[1295,"Red Paint","Yolanda",null,"Oglala Sioux Tribe",null,null,"C-1",null,null,{"v":42186,"d":"42,186"},120000,38]
[1296,"Bordeaux","Chrystal",null,"Oglala Sioux Tribe",null,"B",{"$nulls":3},{"v":42186,"d":"42,186"},35000,38]
[1297,"Yellow Wolf","Joseph",null,"Oglala Sioux Tribe",null,"B",{"$nulls":3},{"v":42186,"d":"42,186"},35000,38]
[1298,"Protector","Dawson",null,"Oglala Sioux Tribe",null,null,"C-1",null,null,{"v":42186,"d":"42,186"},120000,38]
[1299,"Nadeau","Mildred",null,"Turtle Montain Band of Chippewa",null,"B",{"$nulls":3},{"v":42186,"d":"42,186"},35000,39]
[1300,"Nadeau","Gerald","L","Turtle Montain Band of Chippewa",null,"B",{"$nulls":3},{"v":42186,"d":"42,186"},35000,39]
[1301,"Azure","James","M","Turtle Montain Band of Chippewa",null,null,"C-1",null,null,{"v":42186,"d":"42,186"},120000,39]
[1302,"Jumping Eagle","Juanita",null,"Oglala Sioux Tribe",null,null,"C-1",null,null,{"v":42186,"d":"42,186"},120000,39]
[1303,"Thunder Hawk","Bernadette",null,"Oglala Sioux Tribe",null,null,"C-1",null,null,{"v":42186,"d":"42,186"},120000,39]
[1304,"Janis","Richard",null,"Oglala Sioux Tribe",null,null,"C-1",null,null,{"v":42186,"d":"42,186"},120000,39]
[1305,"Little Hawk","Julia",null,"Oglala Sioux Tribe",null,"B",{"$nulls":3},{"v":42186,"d":"42,186"},35000,39]
[1306,"White Hawk","Matyna",null,"Oglala Sioux Tribe",null,null,"C-1",null,null,{"v":42186,"d":"42,186"},120000,39]
[1307,"Chase","James","Jr","Turtle Montain Band of Chippewa",null,null,"C-1",null,null,{"v":42186,"d":"42,186"},120000,40]
[1308,"Larocque","Cody",null,"Turtle Montain Band of Chippewa",null,null,"C-1",null,null,{"v":42186,"d":"42,186"},120000,40]
[1309,"Decoteau","Lisa","K","Turtle Montain Band of Chippewa",null,null,"C-1",null,null,{"v":42186,"d":"42,186"},120000,40]
[1310,"Belgarde","Duane","L","Turtle Montain Band of Chippewa",null,null,"C-1",null,null,{"v":42186,"d":"42,186"},120000,40]
[1311,"Morin","Blake","Jr","Turtle Montain Band of Chippewa",null,null,"C-1",null,null,{"v":42186,"d":"42,186"},120000,40]
[1312,"Blue","Patrick",null,"Turtle Montain Band of Chippewa",null,null,"C-1",null,null,{"v":42186,"d":"42,186"},120000,40]
[1313,"Vivier","Velma",null,"Turtle Montain Band of Chippewa",null,"B",{"$nulls":3},{"v":42186,"d":"42,186"},35000,40]
[1314,"Jollie","Edward",null,"Turtle Montain Band of Chippewa",null,null,"C-1",null,null,{"v":42186,"d":"42,186"},120000,40]
[1315,"Lavallie","George",null,"Turtle Montain Band of Chippewa",null,"B",{"$nulls":3},{"v":42186,"d":"42,186"},35000,40]
[1316,"Morin","Ronald","Jr","Turtle Montain Band of Chippewa",null,"B",{"$nulls":3},{"v":42186,"d":"42,186"},35000,40]
[1317,"Faine","Jenny",null,"Turtle Montain Band of Chippewa",null,null,"C-1",null,null,{"v":42186,"d":"42,186"},120000,40]
[1318,"Swain ","Francis",null,"Turtle Montain Band of Chippewa",null,null,"C-1",null,null,{"v":42186,"d":"42,186"},120000,40]
[1319,"Eagle Bear","Patrick ",null,"Rosebud Sioux Tribe",{"$nulls":3},"C-2",null,{"v":42186,"d":"42,186"},120000,40]
[1320,"Burning Breast","Kathy",null,"Rosebud Sioux Tribe",null,null,"C-1",null,null,{"v":42186,"d":"42,186"},120000,40]
[1321,"Yellow Robe","Joseph",null,"Rosebud Sioux Tribe",null,"B",{"$nulls":3},{"v":42186,"d":"42,186"},35000,40]
[1322,"Shaw","Darlene",null,"Rosebud Sioux Tribe",null,"B",{"$nulls":3},{"v":42186,"d":"42,186"},35000,40]
[1323,"Witt","Paula",null,"Rosebud Sioux Tribe",null,"B",{"$nulls":3},{"v":42186,"d":"42,186"},35000,40]
[1324,"Eagleman","Nellie",null,"Rosebud Sioux Tribe",{"$nulls":3},"C-2",null,{"v":42186,"d":"42,186"},120000,40]
[1325,"Ree","Myra",null,"Rosebud Sioux Tribe",{"$nulls":3},"C-2",null,{"v":42186,"d":"42,186"},120000,40]
[1326,"Wright","Stephanie",null,"Rosebud Sioux Tribe",{"$nulls":3},"C-2",null,{"v":42186,"d":"42,186"},120000,40]
[1327,"Peneaux","Tylene",null,"Rosebud Sioux Tribe",{"$nulls":3},"C-2",null,{"v":42186,"d":"42,186"},120000,40]
[1328,"Spotted tail","Darwin",null,"Rosebud Sioux Tribe",{"$nulls":3},"C-2",null,{"v":42186,"d":"42,186"},120000,40]
[1329,"Burning Breast","Jeanette",null,"Rosebud Sioux Tribe",{"$nulls":3},"C-2",null,{"v":42186,"d":"42,186"},120000,40]
[1330,"Marshall","Loretta",null,"Rosebud Sioux Tribe",{"$nulls":3},"C-2",null,{"v":42186,"d":"42,186"},120000,40]
[1331,"Kills Plenty","George",null,"Rosebud Sioux Tribe",{"$nulls":3},"C-2",null,{"v":42186,"d":"42,186"},120000,40]
[1332,"First In Trouble","Theodore",null,"Rosebud Sioux Tribe",{"$nulls":3},"C-2",null,{"v":42186,"d":"42,186"},120000,40]
[1333,"Covey","Janet",null,"Rosebud Sioux Tribe",{"$nulls":3},"C-2",null,{"v":42186,"d":"42,186"},120000,40]
[1334,"Guerue","Andrea",null,"Rosebud Sioux Tribe",null,null,"C-1",null,null,{"v":42186,"d":"42,186"},120000,40]
[1335,"Stands By Ear","John",null,"Rosebud Sioux Tribe",null,"B",{"$nulls":3},{"v":42186,"d":"42,186"},35000,40]
[1336,"Farmer","Dessirea",null,"Rosebud Sioux Tribe",{"$nulls":3},"C-2",null,{"v":42186,"d":"42,186"},120000,40]
[1337,"Chasing Horse","Franklin V",null,"Rosebud Sioux Tribe",{"$nulls":3},"C-2",null,{"v":42186,"d":"42,186"},120000,40]
[1338,"Guerue","Burton",null,"Rosebud Sioux Tribe",{"$nulls":3},"C-2",null,{"v":42186,"d":"42,186"},120000,40]
[1339,"Mirreau","Justin",null,"Crow Creek Sioux Tribe",null,"B",{"$nulls":3},{"v":42186,"d":"42,186"},35000,40]
[1340,"Howe","Gina",null,"Crow Creek Sioux Tribe",null,"B",{"$nulls":3},{"v":42186,"d":"42,186"},35000,40]
[1341,"Harrison","Brian",null,"Crow Creek Sioux Tribe",null,"B",{"$nulls":3},{"v":42186,"d":"42,186"},35000,40]
[1342,"Brown Bull","Peter",null,"Oglala Sioux Tribe",null,null,"C-1",null,null,{"v":42186,"d":"42,186"},120000,40]
[1343,"Cross Dog","Ronald",null,"Oglala Sioux Tribe",null,"B",{"$nulls":3},{"v":42186,"d":"42,186"},35000,40]
[1344,"Dismounts Thrice","Charlotte",null,"Oglala Sioux Tribe",null,"B",{"$nulls":3},{"v":42186,"d":"42,186"},35000,40]
[1345,"Good Voice Elk","Roseann",null,"Oglala Sioux Tribe",null,null,"C-1",null,null,{"v":42186,"d":"42,186"},120000,40]
[1346,"Weston","Jamie",null,"Oglala Sioux Tribe",null,null,"C-1",null,null,{"v":42186,"d":"42,186"},120000,40]
[{"$f":"A1355+1","v":1347},"Puckett","Flora",null,"Oglala Sioux Tribe",null,null,"C-1",null,null,{"v":42186,"d":"42,186"},120000,40]
[1348,"Merrival","Barton",null,"Oglala Sioux Tribe",null,"B",{"$nulls":3},{"v":42186,"d":"42,186"},35000,40]
[1349,"Two Lance","Marissa",null,"Oglala Sioux Tribe",null,null,"C-1",null,null,{"v":42186,"d":"42,186"},120000,40]
[1350,"Lamont","Jaun",null,"Oglala Sioux Tribe",null,null,"C-1",null,null,{"v":42186,"d":"42,186"},120000,40]
[1351,"Alvarado","Julian",null,"Oglala Sioux Tribe",null,"B",{"$nulls":3},{"v":42186,"d":"42,186"},35000,40]
[1352,"Two Bulls","Catherine",null,"Oglala Sioux Tribe",null,"B",{"$nulls":3},{"v":42186,"d":"42,186"},35000,40]
[1353,"Brave Heart","Sylvester",null,"Oglala Sioux Tribe",null,null,"C-1",null,null,{"v":42186,"d":"42,186"},120000,40]
[1354,"Mercado","Rebecca",null,"Oglala Sioux Tribe",null,null,"C-1",null,null,{"v":42186,"d":"42,186"},120000,40]
[1355,"Pedregon","Ella Sioux",null,"Oglala Sioux Tribe",null,"B",{"$nulls":3},{"v":42186,"d":"42,186"},35000,40]
[1356,"Makes Good","Antoine",null,"Oglala Sioux Tribe",null,null,"C-1",null,null,{"v":42186,"d":"42,186"},120000,40]
[1357,"Watkins","Austin",null,"Oglala Sioux Tribe",null,null,"C-1",null,null,{"v":42186,"d":"42,186"},120000,40]
[1358,"Janis","Dean",null,"Oglala Sioux Tribe",null,null,"C-1",null,null,{"v":42186,"d":"42,186"},120000,40]
[1359,"Tobacco","Chelsea",null,"Oglala Sioux Tribe",null,null,"C-1",null,null,{"v":42186,"d":"42,186"},120000,40]
[1360,"Black Bull","Michelle",null,"Oglala Sioux Tribe",null,"B",{"$nulls":3},{"v":42186,"d":"42,186"},35000,40]
[1361,"DeSersa","Kandee",null,"Oglala Sioux Tribe",null,"B",{"$nulls":3},{"v":42186,"d":"42,186"},35000,40]
[1362,"Watters","Kelly",null,"Oglala Sioux Tribe",null,null,"C-1",null,null,{"v":42186,"d":"42,186"},120000,40]
[1363,"Jealous Of Him","Waylon",null,"Oglala Sioux Tribe",null,null,"C-1",null,null,{"v":42186,"d":"42,186"},120000,40]
[1364,"Long Jaw","Cheyenne",null,"Oglala Sioux Tribe",null,null,"C-1",null,null,{"v":42186,"d":"42,186"},120000,40]
[1365,"White Plume","Unpowin",null,"Oglala Sioux Tribe",null,null,"C-1",null,null,{"v":42186,"d":"42,186"},120000,40]
[1366,"Steele","Andrew",null,"Oglala Sioux Tribe",null,null,"C-1",null,null,{"v":42186,"d":"42,186"},120000,40]
[1367,"Wounded Arrow","Purvis",null,"Oglala Sioux Tribe",null,null,"C-1",null,null,{"v":42186,"d":"42,186"},120000,40]
[1368,"Ten Fingers","Theodore",null,"Oglala Sioux Tribe",null,null,"C-1",null,null,{"v":42186,"d":"42,186"},120000,40]
[1369,"Brave","Ohitika",null,"Oglala Sioux Tribe",null,null,"C-1",null,null,{"v":42186,"d":"42,186"},120000,40]
[1370,"Means","Francis",null,"Oglala Sioux Tribe",null,null,"C-1",null,null,{"v":42186,"d":"42,186"},120000,40]
[1371,"Poor Thunder-Clifford","Melonie",null,"Oglala Sioux Tribe",null,null,"C-1",null,null,{"v":42186,"d":"42,186"},120000,40]
[1372,"Martinez","Annabelle",null,"Oglala Sioux Tribe",null,"B",{"$nulls":3},{"v":42186,"d":"42,186"},35000,40]
[1373,"White Calf`","Ansel",null,"Oglala Sioux Tribe",null,"B",{"$nulls":3},{"v":42186,"d":"42,186"},35000,40]
[1374,"Champagne","Maurice",null,"Oglala Sioux Tribe",null,null,"C-1",null,null,{"v":42186,"d":"42,186"},120000,40]
[1375,"Red Cloud","Bernard","III","Oglala Sioux Tribe",null,null,"C-1",null,null,{"v":42186,"d":"42,186"},120000,40]
[1376,"Brown","Stanley",null,"Oglala Sioux Tribe",null,null,"C-1",null,null,{"v":42186,"d":"42,186"},120000,40]
[1377,"Spotted Elk","Cordelia",null,"Oglala Sioux Tribe",null,null,"C-1",null,null,{"v":42186,"d":"42,186"},120000,40]
[1378,"Bird Necklace","Dawn",null,"Oglala Sioux Tribe",null,null,"C-1",null,null,{"v":42186,"d":"42,186"},120000,40]
[1379,"Bad Yellow Hair","Marlena",null,"Oglala Sioux Tribe",null,null,"C-1",null,null,{"v":42186,"d":"42,186"},120000,40]
[1380,"White Butterfly","Ronald",null,"Oglala Sioux Tribe",null,null,"C-1",null,null,{"v":42186,"d":"42,186"},120000,40]
[1381,"Two Bulls","Melissa",null,"Oglala Sioux Tribe",null,null,"C-1",null,null,{"v":42186,"d":"42,186"},120000,40]
[1382,"Shott ",null,null,"Oglala Sioux Tribe",null,null,"C-1",null,null,{"v":42186,"d":"42,186"},120000,40]
[1383,"Steele","Darwin",null,"Oglala Sioux Tribe",null,null,"C-1",null,null,{"v":42186,"d":"42,186"},120000,40]
[1384,"White Face","Monique",null,"Oglala Sioux Tribe",null,"B",{"$nulls":3},{"v":42186,"d":"42,186"},35000,40]
[1385,"Janis ","Thomas",null,"Oglala Sioux Tribe",null,null,"C-1",null,null,{"v":42186,"d":"42,186"},120000,40]
[1386,"Merrival","Yvonne",null,"Oglala Sioux Tribe",null,null,"C-1",null,null,{"v":42186,"d":"42,186"},120000,40]
[1387,"Leftwich","Roman",null,"Oglala Sioux Tribe",null,null,"C-1",null,null,{"v":42186,"d":"42,186"},120000,40]
[1388,"American Horse","Joel",null,"Oglala Sioux Tribe",null,null,"C-1",null,null,{"v":42186,"d":"42,186"},120000,40]
[1389,"Bad Bear","Denissha",null,"Oglala Sioux Tribe",null,null,"C-1",null,null,{"v":42186,"d":"42,186"},120000,40]
[1390,"Backward","Archie",null,"Oglala Sioux Tribe",null,null,"C-1",null,null,{"v":42186,"d":"42,186"},120000,40]
[1391,"Siers","Anna",null,"Oglala Sioux Tribe",null,null,"C-1",null,null,{"v":42186,"d":"42,186"},120000,40]
[1392,"Janis","Sydney",null,"Oglala Sioux Tribe",null,null,"C-1",null,null,{"v":42186,"d":"42,186"},120000,40]
[1393,"Black Bear","Jacqueline",null,"Oglala Sioux Tribe",null,null,"C-1",null,null,{"v":42186,"d":"42,186"},120000,40]
[1394,"Arapahoe","Candace",null,"Oglala Sioux Tribe",null,null,"C-1",null,null,{"v":42186,"d":"42,186"},120000,40]
[1395,"Janis","Jay",null,"Oglala Sioux Tribe",null,"B",{"$nulls":3},{"v":42186,"d":"42,186"},35000,40]
[1396,"Plenty Wolf","Latonna",null,"Oglala Sioux Tribe",{"$nulls":3},"C-2",null,{"v":42186,"d":"42,186"},120000,40]
[1397,"Red Boy","Jaunita",null,"Oglala Sioux Tribe",null,null,"C-1",null,null,{"v":42186,"d":"42,186"},120000,40]
[1398,"Marshall","Abe",null,"Oglala Sioux Tribe",null,null,"C-1",null,null,{"v":42186,"d":"42,186"},120000,40]
[1399,"Stands ","Cynthia",null,"Oglala Sioux Tribe",null,null,"C-1",null,null,{"v":42186,"d":"42,186"},120000,40]
[1400,"Holy Eagle","Clem",null,"Oglala Sioux Tribe",null,"B",{"$nulls":3},{"v":42186,"d":"42,186"},35000,40]
[1401,"Little Killer","Leon",null,"Oglala Sioux Tribe",{"$nulls":3},"C-2",null,{"v":42186,"d":"42,186"},120000,40]
[1402,"Lakota","Gloria",null,"Oglala Sioux Tribe",null,null,"C-1",null,null,{"v":42186,"d":"42,186"},120000,40]
[1403,"Montelongo","Talena",null,"Oglala Sioux Tribe",null,null,"C-1",null,null,{"v":42186,"d":"42,186"},120000,40]
[1404,"Red Blanket","Rick",null,"Oglala Sioux Tribe",null,null,"C-1",null,null,{"v":42186,"d":"42,186"},120000,40]
[1405,"Standing Soldier","Quentin",null,"Oglala Sioux Tribe",null,null,"C-1",null,null,{"v":42186,"d":"42,186"},120000,40]
[1406,"White Bull","Darrell",null,"Oglala Sioux Tribe",null,null,"C-1",null,null,{"v":42186,"d":"42,186"},120000,40]
[1407,"Yellow Elk","Henry",null,"Oglala Sioux Tribe",null,null,"C-1",null,null,{"v":42186,"d":"42,186"},120000,40]
[1408,"Brown Bull","Verdell",null,"Oglala Sioux Tribe",null,"B",{"$nulls":3},{"v":42186,"d":"42,186"},35000,40]
[1409,"Clifford","Edward",null,"Oglala Sioux Tribe",null,null,"C-1",null,null,{"v":42186,"d":"42,186"},120000,40]
[1410,"Dillon","Verna",null,"Oglala Sioux Tribe",null,null,"C-1",null,null,{"v":42186,"d":"42,186"},120000,40]
[{"$f":"A1419+1","v":1411},"Dubray","Melanie",null,"Oglala Sioux Tribe",null,null,"C-1",null,null,{"v":42186,"d":"42,186"},120000,40]
[1412,"Eagle Elk","Christopher",null,"Oglala Sioux Tribe",null,null,"C-1",null,null,{"v":42186,"d":"42,186"},120000,40]
[1413,"Elk","Nathalie",null,"Oglala Sioux Tribe",null,null,"C-1",null,null,{"v":42186,"d":"42,186"},120000,40]
[1414,"Good Voice Elk","Woniya",null,"Oglala Sioux Tribe",null,null,"C-1",null,null,{"v":42186,"d":"42,186"},120000,40]
[1415,"Hunter","Paulette",null,"Oglala Sioux Tribe",null,"B",{"$nulls":3},{"v":42186,"d":"42,186"},35000,40]
[1416,"Makes Good","Stevie",null,"Oglala Sioux Tribe",null,null,"C-1",null,null,{"v":42186,"d":"42,186"},120000,40]
[1417,"Makes Good ","Vinnie",null,"Oglala Sioux Tribe",null,null,"C-1",null,null,{"v":42186,"d":"42,186"},120000,40]
[1418,"One Horn","Crystal",null,"Oglala Sioux Tribe",null,null,"C-1",null,null,{"v":42186,"d":"42,186"},120000,40]
[1419,"Spencer","Jennifer",null,"Oglala Sioux Tribe",null,null,"C-1",null,null,{"v":42186,"d":"42,186"},120000,40]
[1420,"Talks","Lonnie",null,"Oglala Sioux Tribe",null,null,"C-1",null,null,{"v":42186,"d":"42,186"},120000,40]
[1421,"Bush","Jason",null,"Oglala Sioux Tribe",null,null,"C-1",null,null,{"v":42186,"d":"42,186"},120000,40]
[1422,"Catches","Desiree",null,"Oglala Sioux Tribe",null,null,"C-1",null,null,{"v":42186,"d":"42,186"},120000,40]
[1423,"Cottier","Jeremy",null,"Oglala Sioux Tribe",null,null,"C-1",null,null,{"v":42186,"d":"42,186"},120000,40]
[1424,"Hernandez","Julian",null,"Oglala Sioux Tribe",null,"B",{"$nulls":3},{"v":42186,"d":"42,186"},35000,40]
[1425,"Horse","Ambrose",null,"Oglala Sioux Tribe",null,null,"C-1",null,null,{"v":42186,"d":"42,186"},120000,40]
[1426,"Horse","Malcolm",null,"Oglala Sioux Tribe",null,null,"C-1",null,null,{"v":42186,"d":"42,186"},120000,40]
[1427,"Horse","Thurman",null,"Oglala Sioux Tribe",null,null,"C-1",null,null,{"v":42186,"d":"42,186"},120000,40]
[1428,"Little ","Garrell",null,"Oglala Sioux Tribe",null,null,"C-1",null,null,{"v":42186,"d":"42,186"},120000,40]
[1429,"Lone Elk","Brian",null,"Oglala Sioux Tribe",null,null,"C-1",null,null,{"v":42186,"d":"42,186"},120000,40]
[1430,"Oldsen","Tadrey",null,"Oglala Sioux Tribe",null,null,"C-1",null,null,{"v":42186,"d":"42,186"},120000,40]
[1431,"Wounded Head","Anthony",null,"Oglala Sioux Tribe",null,null,"C-1",null,null,{"v":42186,"d":"42,186"},120000,40]
[1432,"Apple ","Frank","Jr","Oglala Sioux Tribe",null,null,"C-1",null,null,{"v":42186,"d":"42,186"},120000,40]
[1433,"New-Bad Bear","Elizabeth",null,"Oglala Sioux Tribe",null,null,"C-1",null,null,{"v":42186,"d":"42,186"},120000,40]
[1434,"Bagola","Candida",null,"Oglala Sioux Tribe",null,null,"C-1",null,null,{"v":42186,"d":"42,186"},120000,40]
[1435,"Belt","Merton",null,"Oglala Sioux Tribe",null,null,"C-1",null,null,{"v":42186,"d":"42,186"},120000,40]
[1436,"Black Smith","Jackie",null,"Oglala Sioux Tribe",null,null,"C-1",null,null,{"v":42186,"d":"42,186"},120000,40]
[1437,"Black Smith","Vonna",null,"Oglala Sioux Tribe",null,null,"C-1",null,null,{"v":42186,"d":"42,186"},120000,40]
[1438,"Corbine","Eric",null,"Oglala Sioux Tribe",null,null,"C-1",null,null,{"v":42186,"d":"42,186"},120000,40]
[1439,"Cuny","Wade",null,"Oglala Sioux Tribe",null,null,"C-1",null,null,{"v":42186,"d":"42,186"},120000,40]
[1440,"Eagle Hawk","Jennifer",null,"Oglala Sioux Tribe",null,null,"C-1",null,null,{"v":42186,"d":"42,186"},120000,40]
[1441,"Janis","Joelle",null,"Oglala Sioux Tribe",null,null,"C-1",null,null,{"v":42186,"d":"42,186"},120000,40]
[1442,"LaDeaux","Colton",null,"Oglala Sioux Tribe",null,null,"C-1",null,null,{"v":42186,"d":"42,186"},120000,40]
[1443,"Long Visitor","Jennifer",null,"Oglala Sioux Tribe",null,"B",{"$nulls":3},{"v":42186,"d":"42,186"},35000,40]
[1444,"Long Visitor","Leah",null,"Oglala Sioux Tribe",null,null,"C-1",null,null,{"v":42186,"d":"42,186"},120000,40]
[1445,"Little Spotted Horse","Norton",null,"Oglala Sioux Tribe",{"$nulls":3},"C-2",null,{"v":42186,"d":"42,186"},120000,40]
[1446,"Means","Henry",null,"Oglala Sioux Tribe",null,null,"C-1",null,null,{"v":42186,"d":"42,186"},120000,40]
[1447,"Plenty Arrows","Carley",null,"Oglala Sioux Tribe",null,null,"C-1",null,null,{"v":42186,"d":"42,186"},120000,40]
[1448,"Saucedo","Stephanie",null,"Oglala Sioux Tribe",null,null,"C-1",null,null,{"v":42186,"d":"42,186"},120000,40]
[1449,"Starr","Roberta",null,"Oglala Sioux Tribe",null,"B",{"$nulls":3},{"v":42186,"d":"42,186"},35000,40]
[1450,"Two Eagles","Ona",null,"Oglala Sioux Tribe",null,null,"C-1",null,null,{"v":42186,"d":"42,186"},120000,40]
[1451,"Warrior","Lavelle",null,"Oglala Sioux Tribe",null,null,"C-1",null,null,{"v":42186,"d":"42,186"},120000,40]
[1452,"Clifford","Eli",null,"Oglala Sioux Tribe",null,null,"C-1",null,null,{"v":42186,"d":"42,186"},120000,40]
[1453,"Clifford","Toree",null,"Oglala Sioux Tribe",null,null,"C-1",null,null,{"v":42186,"d":"42,186"},120000,40]
[1454,"Cortier","Harley",null,"Oglala Sioux Tribe",null,null,"C-1",null,null,{"v":42186,"d":"42,186"},120000,40]
[1455,"Dowty","Dawn",null,"Oglala Sioux Tribe",null,null,"C-1",null,null,{"v":42186,"d":"42,186"},120000,40]
[1456,"Garnier","Yolanda",null,"Oglala Sioux Tribe",null,"B",{"$nulls":3},{"v":42186,"d":"42,186"},35000,40]
[1457,"Buckman","Waverly",null,"Oglala Sioux Tribe",null,null,"C-1",null,null,{"v":42186,"d":"42,186"},120000,40]
[1458,"Black Elk","Tabitha",null,"Oglala Sioux Tribe",null,null,"C-1",null,null,{"v":42186,"d":"42,186"},120000,40]
[1459,"Bordeaux","Kenneth",null,"Oglala Sioux Tribe",null,"B",{"$nulls":3},{"v":42186,"d":"42,186"},35000,40]
[1460,"Brewer","Lisa M.",null,"Oglala Sioux Tribe",null,null,"C-1",null,null,{"v":42186,"d":"42,186"},120000,40]
[1461,"Brown","Cody",null,"Oglala Sioux Tribe",null,null,"C-1",null,null,{"v":42186,"d":"42,186"},120000,40]
[1462,"Haas","Gilminita",null,"Oglala Sioux Tribe",null,null,"C-1",null,null,{"v":42186,"d":"42,186"},120000,40]
[1463,"Hawk Wing","Elijah",null,"Oglala Sioux Tribe",null,"B",{"$nulls":3},{"v":42186,"d":"42,186"},35000,40]
[1464,"Hawk Wing","George",null,"Oglala Sioux Tribe",null,null,"C-1",null,null,{"v":42186,"d":"42,186"},120000,40]
[1465,"Hollow Horn","Albert",null,"Oglala Sioux Tribe",null,"B",{"$nulls":3},{"v":42186,"d":"42,186"},35000,40]
[1466,"Janis","Charles",null,"Oglala Sioux Tribe",null,null,"C-1",null,null,{"v":42186,"d":"42,186"},120000,40]
[1467,"Bissonette","Calvin",null,"Oglala Sioux Tribe",null,null,"C-1",null,null,{"v":42186,"d":"42,186"},120000,40]
[1468,"DuBray","Ruth",null,"Oglala Sioux Tribe",null,null,"C-1",null,null,{"v":42186,"d":"42,186"},120000,40]
[1469,"Garner","Lorette",null,"Oglala Sioux Tribe",null,null,"C-1",null,null,{"v":42186,"d":"42,186"},120000,40]
[1470,"Mousseaux","Eddy",null,"Oglala Sioux Tribe",null,null,"C-1",null,null,{"v":42186,"d":"42,186"},120000,40]
[1471,"Waters","Raymond",null,"Oglala Sioux Tribe",null,null,"C-1",null,null,{"v":42186,"d":"42,186"},120000,40]
[1472,"Bagola","Lisa",null,"Oglala Sioux Tribe",null,null,"C-1",null,null,{"v":42186,"d":"42,186"},120000,40]
[1473,"Bettelyoun","Eric",null,"Oglala Sioux Tribe",null,null,"C-1",null,null,{"v":42186,"d":"42,186"},120000,40]
[1474,"Bissonette","Pedro",null,"Oglala Sioux Tribe",null,null,"C-1",null,null,{"v":42186,"d":"42,186"},120000,40]
[{"$f":"A1483+1","v":1475},"Bissonette","Wendy",null,"Oglala Sioux Tribe",null,null,"C-1",null,null,{"v":42186,"d":"42,186"},120000,40]
[1476,"Janis","Gary Dawn",null,"Oglala Sioux Tribe",null,null,"C-1",null,null,{"v":42186,"d":"42,186"},120000,40]
[1477,"Kills Enemy At Night","Dale",null,"Oglala Sioux Tribe",null,"B",{"$nulls":3},{"v":42186,"d":"42,186"},35000,40]
[1478,"Lafferty","Uriah",null,"Oglala Sioux Tribe",null,null,"C-1",null,null,{"v":42186,"d":"42,186"},120000,40]
[1479,"Little Moon","Missy",null,"Oglala Sioux Tribe",null,null,"C-1",null,null,{"v":42186,"d":"42,186"},120000,40]
[1480,"Long","Mitchell",null,"Oglala Sioux Tribe",null,null,"C-1",null,null,{"v":42186,"d":"42,186"},120000,40]
[1481,"Mousseaux","Dustin",null,"Oglala Sioux Tribe",null,null,"C-1",null,null,{"v":42186,"d":"42,186"},120000,40]
[1482,"Mousseaux","Ronald",null,"Oglala Sioux Tribe",null,null,"C-1",null,null,{"v":42186,"d":"42,186"},120000,40]
[1483,"Oldson","Macy",null,"Oglala Sioux Tribe",null,null,"C-1",null,null,{"v":42186,"d":"42,186"},120000,40]
[1484,"Patton","Michelle",null,"Oglala Sioux Tribe",null,null,"C-1",null,null,{"v":42186,"d":"42,186"},120000,40]
[1485,"Richards","Filmore",null,"Oglala Sioux Tribe",null,null,"C-1",null,null,{"v":42186,"d":"42,186"},120000,40]
[1486,"Shangreaux","Kelly",null,"Oglala Sioux Tribe",null,null,"C-1",null,null,{"v":42186,"d":"42,186"},120000,40]
[1487,"Standing Soldier","Leah",null,"Oglala Sioux Tribe",null,null,"C-1",null,null,{"v":42186,"d":"42,186"},120000,40]
[1488,"Stoldt","Ray",null,"Oglala Sioux Tribe",null,null,"C-1",null,null,{"v":42186,"d":"42,186"},120000,40]
[1489,"Swick","Emmanuel",null,"Oglala Sioux Tribe",null,null,"C-1",null,null,{"v":42186,"d":"42,186"},120000,40]
[1490,"Swift Bird","Peter",null,"Oglala Sioux Tribe",null,null,"C-1",null,null,{"v":42186,"d":"42,186"},120000,40]
[1491,"Tobacco","Curtis",null,"Oglala Sioux Tribe",null,null,"C-1",null,null,{"v":42186,"d":"42,186"},120000,40]
[1492,"Ten Fingers","Freida",null,"Oglala Sioux Tribe",null,null,"C-1",null,null,{"v":42186,"d":"42,186"},120000,40]
[1493,"Thunder Bull","Earl",null,"Oglala Sioux Tribe",{"$nulls":3},"C-2",null,{"v":42186,"d":"42,186"},120000,40]
[1494,"Two Bulls ","Marissa",null,"Oglala Sioux Tribe",null,null,"C-1",null,null,{"v":42186,"d":"42,186"},120000,40]
[1495,"Two Bulls ","T'Lana",null,"Oglala Sioux Tribe",null,null,"C-1",null,null,{"v":42186,"d":"42,186"},120000,40]
[1496,"Two Eagle","Jolynn",null,"Oglala Sioux Tribe",null,null,"C-1",null,null,{"v":42186,"d":"42,186"},120000,40]
[1497,"Waters","Cole",null,"Oglala Sioux Tribe",null,null,"C-1",null,null,{"v":42186,"d":"42,186"},120000,40]
[1498,"Day Boy-Waters","Marla",null,"Oglala Sioux Tribe",null,null,"C-1",null,null,{"v":42186,"d":"42,186"},120000,40]
[1499,"Waters","Kelly",null,"Oglala Sioux Tribe",null,null,"C-1",null,null,{"v":42186,"d":"42,186"},120000,40]
[1500,"White","Cassandra",null,"Oglala Sioux Tribe",null,null,"C-1",null,null,{"v":42186,"d":"42,186"},120000,40]
[1501,"Whiting","Christopher",null,"Oglala Sioux Tribe",null,null,"C-1",null,null,{"v":42186,"d":"42,186"},120000,40]
[1502,"White Eyes","Melanie",null,"Oglala Sioux Tribe",null,null,"C-1",null,null,{"v":42186,"d":"42,186"},120000,40]
[1503,"White Magpie","Latisha",null,"Oglala Sioux Tribe",null,null,"C-1",null,null,{"v":42186,"d":"42,186"},120000,40]
[1504,"White Rabbit","Cheryl",null,"Oglala Sioux Tribe",null,null,"C-1",null,null,{"v":42186,"d":"42,186"},120000,40]
[1505,"Wolfe","Tara",null,"Oglala Sioux Tribe",null,null,"C-1",null,null,{"v":42186,"d":"42,186"},120000,40]
[1506,"Yellow Bird-Steele","Michelle",null,"Oglala Sioux Tribe",null,null,"C-1",null,null,{"v":42186,"d":"42,186"},120000,40]
[1507,"Yellow Boy","Christopher",null,"Oglala Sioux Tribe",null,null,"C-1",null,null,{"v":42186,"d":"42,186"},120000,40]
[1508,"Clifford","Carmena",null,"Oglala Sioux Tribe",null,null,"C-1",null,null,{"v":42186,"d":"42,186"},120000,40]
[1509,"Hawk Wing","Virgil",null,"Oglala Sioux Tribe",null,null,"C-1",null,null,{"v":42186,"d":"42,186"},120000,40]
[1510,"Kelly ","Heather",null,"Oglala Sioux Tribe",null,"B",{"$nulls":3},{"v":42186,"d":"42,186"},35000,40]
[1511,"One Horn","Darrell",null,"Oglala Sioux Tribe",null,null,"C-1",null,null,{"v":42186,"d":"42,186"},120000,40]
[1512,"Pino","Rainbow",null,"Oglala Sioux Tribe",null,null,"C-1",null,null,{"v":42186,"d":"42,186"},120000,40]
[1513,"Pettigrew","Susan",null,"Oglala Sioux Tribe",null,null,"C-1",null,null,{"v":42186,"d":"42,186"},120000,40]
[1514,"Respects Nothing","Doris",null,"Oglala Sioux Tribe",null,null,"C-1",null,null,{"v":42186,"d":"42,186"},120000,40]
[1515,"Touche","Samantha",null,"Oglala Sioux Tribe",null,null,"C-1",null,null,{"v":42186,"d":"42,186"},120000,40]
[1516,"Coomes","Theodore",null,"Oglala Sioux Tribe",null,null,"C-1",null,null,{"v":42186,"d":"42,186"},120000,40]
[1517,"Goings","Monte",null,"Oglala Sioux Tribe",null,null,"C-1",null,null,{"v":42186,"d":"42,186"},120000,40]
[1518,"Grass","Kristen",null,"Oglala Sioux Tribe",null,null,"C-1",null,null,{"v":42186,"d":"42,186"},120000,40]
[1519,"Haas","Gilmanita",null,"Oglala Sioux Tribe",null,null,"C-1",null,null,{"v":42186,"d":"42,186"},120000,40]
[1520,"Garnier","Stephanie",null,"Oglala Sioux Tribe",null,"B",{"$nulls":3},{"v":42186,"d":"42,186"},35000,40]
[1521,"Baker","Talana",null,"Three Affiliated Tribes",null,null,"C-1",null,null,{"v":42186,"d":"42,186"},120000,40]
[1522,"Bateman","Jeffrey",null,"Three Affiliated Tribes",null,null,"C-1",null,null,{"v":42186,"d":"42,186"},120000,40]
[1523,"White Singer","Alvin",null,"Three Affiliated Tribes",null,null,"C-1",null,null,{"v":42186,"d":"42,186"},120000,40]
[1524,"Old Rock","Francis","Jr","Three Affiliated Tribes",null,null,"C-1",null,null,{"v":42186,"d":"42,186"},120000,40]
[1525,"Dye","Grayson",null,"Three Affiliated Tribes",null,null,"C-1",null,null,{"v":42186,"d":"42,186"},120000,40]
[1526,"Fox","Tana",null,"Three Affiliated Tribes",null,null,"C-1",null,null,{"v":42186,"d":"42,186"},120000,40]
[1527,"Newman","Herald",null,"Three Affiliated Tribes",null,null,"C-1",null,null,{"v":42186,"d":"42,186"},120000,40]
[1528,"Smith","Davina",null,"Three Affiliated Tribes",null,null,"C-1",null,null,{"v":42186,"d":"42,186"},120000,40]
[1529,"Whitman","Heather",null,"Three Affiliated Tribes",null,null,"C-1",null,null,{"v":42186,"d":"42,186"},120000,40]
[1530,"Halvorson","Arden",null,"Three Affiliated Tribes",null,null,"C-1",null,null,{"v":42186,"d":"42,186"},120000,40]
[1531,"Irwin","Aaron",null,"Three Affiliated Tribes",null,null,"C-1",null,null,{"v":42186,"d":"42,186"},120000,40]
[1532,"Sheppo","Henry",null,"Three Affiliated Tribes",null,null,"C-1",null,null,{"v":42186,"d":"42,186"},120000,40]
[1533,"Smith","Ryan",null,"Three Affiliated Tribes",null,null,"C-1",null,null,{"v":42186,"d":"42,186"},120000,40]
[1534,"Lovelette","Scot",null,"Cheyenne River Sioux Tribe",{"$nulls":3},"C-2",null,{"v":42186,"d":"42,186"},120000,40]
[1535,"Garreau","Melvin",null,"Cheyenne River Sioux Tribe",{"$nulls":3},"C-2",null,{"v":42186,"d":"42,186"},120000,40]
[1536,"Brown","Benjamin",null,"Cheyenne River Sioux Tribe",{"$nulls":3},"C-2",null,{"v":42186,"d":"42,186"},120000,40]
[1537,"Fielder","William",null,"Cheyenne River Sioux Tribe",{"$nulls":3},"C-2",null,{"v":42186,"d":"42,186"},120000,40]
[1538,"Little Moon","Wallace",null,"Cheyenne River Sioux Tribe",null,null,"C-1",null,null,{"v":42186,"d":"42,186"},120000,40]
[{"$f":"A1547+1","v":1539},"Chasing Hawk","Tisevera",null,"Cheyenne River Sioux Tribe",{"$nulls":3},"C-2",null,{"v":42186,"d":"42,186"},120000,40]
[1540,"High Hawk","Floyd",null,"Cheyenne River Sioux Tribe",{"$nulls":3},"C-2",null,{"v":42186,"d":"42,186"},120000,40]
[1541,"Bowker","Marlene",null,"Cheyenne River Sioux Tribe",{"$nulls":3},"C-2",null,{"v":42186,"d":"42,186"},120000,40]
[1542,"Long","Nial",null,"Cheyenne River Sioux Tribe",{"$nulls":3},"C-2",null,{"v":42186,"d":"42,186"},120000,40]
[1543,"White Magpie","Marta",null,"Cheyenne River Sioux Tribe",{"$nulls":3},"C-2",null,{"v":42186,"d":"42,186"},120000,40]
[1544,"Brings Horse","James",null,"Cheyenne River Sioux Tribe",{"$nulls":3},"C-2",null,{"v":42186,"d":"42,186"},120000,40]
[1545,"Thunder Hawk","Madonna",null,"Cheyenne River Sioux Tribe",{"$nulls":3},"C-2",null,{"v":42186,"d":"42,186"},120000,40]
[1546,"Traversie","Ty",null,"Cheyenne River Sioux Tribe",{"$nulls":3},"C-2",null,{"v":42186,"d":"42,186"},120000,40]
[1547,"High Elk","Clara",null,"Cheyenne River Sioux Tribe",{"$nulls":3},"C-2",null,{"v":42186,"d":"42,186"},120000,40]
[1548,"LaClaire","Charlene",null,"Cheyenne River Sioux Tribe",{"$nulls":3},"C-2",null,{"v":42186,"d":"42,186"},120000,40]
[1549,"Buck Elk Thunder","Ethlene",null,"Cheyenne River Sioux Tribe",{"$nulls":3},"C-2",null,{"v":42186,"d":"42,186"},120000,40]
[1550,"Bruce","Marlene",null,"Turtle Montain Band of Chippewa",{"$nulls":3},"C-2",null,{"v":42186,"d":"42,186"},120000,41]
[1551,"Nadeau","Linda","M","Turtle Montain Band of Chippewa",null,null,"C-1",null,null,{"v":42186,"d":"42,186"},120000,41]
[1552,"Hall","Charlene",null,"Turtle Montain Band of Chippewa",{"$nulls":3},"C-2",null,{"v":42186,"d":"42,186"},120000,41]
[1553,"Lenoir","William",null,"Turtle Montain Band of Chippewa",null,null,"C-1",null,null,{"v":42186,"d":"42,186"},120000,41]
[1554,"Longie","Stella",null,"Turtle Montain Band of Chippewa",null,"B",{"$nulls":3},{"v":42186,"d":"42,186"},35000,41]
[1555,"Grandboise","Judith",null,"Turtle Montain Band of Chippewa",null,"B",{"$nulls":3},{"v":42186,"d":"42,186"},35000,41]
[1556,"Ludwig","Christine",null,"Rosebud Sioux Tribe",null,"B",{"$nulls":3},{"v":42186,"d":"42,186"},35000,41]
[1557,"Romero","T-Sheena",null,"Rosebud Sioux Tribe",{"$nulls":3},"C-2",null,{"v":42186,"d":"42,186"},120000,41]
[1558,"Smith","Chelsea",null,"Rosebud Sioux Tribe",{"$nulls":3},"C-2",null,{"v":42186,"d":"42,186"},120000,41]
[1559,"Plumman","Katelyn",null,"Rosebud Sioux Tribe",{"$nulls":3},"C-2",null,{"v":42186,"d":"42,186"},120000,41]
[1560,"Swift","Diana",null,"Rosebud Sioux Tribe",{"$nulls":3},"C-2",null,{"v":42186,"d":"42,186"},120000,41]
[1561,"Colhoff","Desiree",null,"Oglala Sioux Tribe",null,"B",{"$nulls":3},{"v":42186,"d":"42,186"},35000,41]
[1562,"Eagle Bull","Paul",null,"Oglala Sioux Tribe",null,"B",{"$nulls":3},{"v":42186,"d":"42,186"},35000,41]
[1563,"Martinez","Roberta",null,"Oglala Sioux Tribe",null,"B",{"$nulls":3},{"v":42186,"d":"42,186"},35000,41]
[1564,"Afraid Of Bear","Jeremy",null,"Oglala Sioux Tribe",null,"B",{"$nulls":3},{"v":42186,"d":"42,186"},35000,41]
[1565,"Kills Enemy","Gerard",null,"Oglala Sioux Tribe",null,null,"C-1",null,null,{"v":42186,"d":"42,186"},120000,41]
[1566,"Garbaldi","Ana",null,"Oglala Sioux Tribe",null,null,"C-1",null,null,{"v":42186,"d":"42,186"},120000,41]
[1567,"DeSersa","Sherman",null,"Oglala Sioux Tribe",null,null,"C-1",null,null,{"v":42186,"d":"42,186"},120000,41]
[1568,"Vonasch","Katela",null,"Oglala Sioux Tribe",null,null,"C-1",null,null,{"v":42186,"d":"42,186"},120000,41]
[1569,"Dodge","Brian",null,"Oglala Sioux Tribe",null,"B",{"$nulls":3},{"v":42186,"d":"42,186"},35000,41]
[1570,"Cheyenne","Mabel",null,"Oglala Sioux Tribe",null,null,"C-1",null,null,{"v":42186,"d":"42,186"},120000,41]
[1571,"Saucedo","Angelina",null,"Oglala Sioux Tribe",null,null,"C-1",null,null,{"v":42186,"d":"42,186"},120000,41]
[1572,"Evans ","Jennifer",null,"Oglala Sioux Tribe",null,null,"C-1",null,null,{"v":42186,"d":"42,186"},120000,41]
[1573,"Little Boy","Maria",null,"Oglala Sioux Tribe",null,null,"C-1",null,null,{"v":42186,"d":"42,186"},120000,41]
[1574,"Rhambrose","Carmen",null,"Oglala Sioux Tribe",null,null,"C-1",null,null,{"v":42186,"d":"42,186"},120000,41]
[1575,"Bettelyoun","Darin",null,"Oglala Sioux Tribe",null,null,"C-1",null,null,{"v":42186,"d":"42,186"},120000,41]
[1576,"Two Two","Ashley",null,"Oglala Sioux Tribe",null,"B",{"$nulls":3},{"v":42186,"d":"42,186"},35000,41]
[1577,"Sierra","Heather",null,"Oglala Sioux Tribe",null,"B",{"$nulls":3},{"v":42186,"d":"42,186"},35000,41]
[1578,"Apple ","Mary ",null,"Oglala Sioux Tribe",null,null,"C-1",null,null,{"v":42186,"d":"42,186"},120000,41]
[1579,"Black Elk-Homer","Rayette",null,"Oglala Sioux Tribe",null,null,"C-1",null,null,{"v":42186,"d":"42,186"},120000,41]
[1580,"Clifford","Christina",null,"Oglala Sioux Tribe",null,"B",{"$nulls":3},{"v":42186,"d":"42,186"},35000,41]
[1581,"Morrisette","Amanda",null,"Oglala Sioux Tribe",null,null,"C-1",null,null,{"v":42186,"d":"42,186"},120000,41]
[1582,"Bad Wound","Katheena",null,"Oglala Sioux Tribe",null,null,"C-1",null,null,{"v":42186,"d":"42,186"},120000,41]
[1583,"Jack","Alice",null,"Oglala Sioux Tribe",null,null,"C-1",null,null,{"v":42186,"d":"42,186"},120000,41]
[1584,"Watson","Pamlyn",null,"Oglala Sioux Tribe",null,null,"C-1",null,null,{"v":42186,"d":"42,186"},120000,41]
[1585,"Curry ","Albert",null,"Oglala Sioux Tribe",null,null,"C-1",null,null,{"v":42186,"d":"42,186"},120000,41]
[1586,"Catches","Martin",null,"Oglala Sioux Tribe",null,null,"C-1",null,null,{"v":42186,"d":"42,186"},120000,41]
[1587,"Jones","Lorrie",null,"Oglala Sioux Tribe",null,null,"C-1",null,null,{"v":42186,"d":"42,186"},120000,41]
[1588,"Fast Wolf","Antoinette",null,"Oglala Sioux Tribe",{"$nulls":3},"C-2",null,{"v":42186,"d":"42,186"},120000,41]
[1589,"Randall","Rodney",null,"Oglala Sioux Tribe",null,null,"C-1",null,null,{"v":42186,"d":"42,186"},120000,41]
[1590,"Coleman","Tricia",null,"Oglala Sioux Tribe",null,null,"C-1",null,null,{"v":42186,"d":"42,186"},120000,41]
[1591,"High Hawk","Charles",null,"Oglala Sioux Tribe",null,null,"C-1",null,null,{"v":42186,"d":"42,186"},120000,41]
[1592,"Lone Hill","Malcolm",null,"Oglala Sioux Tribe",null,null,"C-1",null,null,{"v":42186,"d":"42,186"},120000,41]
[1593,"Mesteth","Travis",null,"Oglala Sioux Tribe",null,null,"C-1",null,null,{"v":42186,"d":"42,186"},120000,41]
[1594,"Peneaux","Karen",null,"Oglala Sioux Tribe",null,null,"C-1",null,null,{"v":42186,"d":"42,186"},120000,41]
[1595,"Quick Bear","Jennifer",null,"Oglala Sioux Tribe",null,null,"C-1",null,null,{"v":42186,"d":"42,186"},120000,41]
[1596,"Shot","He-Ska-Win",null,"Oglala Sioux Tribe",null,null,"C-1",null,null,{"v":42186,"d":"42,186"},120000,41]
[1597,"Thunder Hawk",null,null,"Oglala Sioux Tribe",null,null,"C-1",null,null,{"v":42186,"d":"42,186"},120000,41]
[1598,"Thunder Hawk","Suzette",null,"Oglala Sioux Tribe",null,null,"C-1",null,null,{"v":42186,"d":"42,186"},120000,41]
[1599,"Belt ","Novelyn",null,"Oglala Sioux Tribe",null,null,"C-1",null,null,{"v":42186,"d":"42,186"},120000,41]
[1600,"Brave","Georgianna",null,"Oglala Sioux Tribe",null,"B",{"$nulls":3},{"v":42186,"d":"42,186"},35000,41]
[1601,"Chief Eagle","Lucille",null,"Oglala Sioux Tribe",null,null,"C-1",null,null,{"v":42186,"d":"42,186"},120000,41]
[1602,"Corbine","Jack",null,"Oglala Sioux Tribe",null,null,"C-1",null,null,{"v":42186,"d":"42,186"},120000,41]
[{"$f":"A1611+1","v":1603},"Rouillard","Samuel",null,"Oglala Sioux Tribe",null,null,"C-1",null,null,{"v":42186,"d":"42,186"},120000,41]
[1604,"Sits Poor","Franklin",null,"Oglala Sioux Tribe",null,null,"C-1",null,null,{"v":42186,"d":"42,186"},120000,41]
[1605,"Tobacco","Eldon",null,"Oglala Sioux Tribe",null,null,"C-1",null,null,{"v":42186,"d":"42,186"},120000,41]
[1606,"Two Bulls","Samantha",null,"Oglala Sioux Tribe",null,null,"C-1",null,null,{"v":42186,"d":"42,186"},120000,41]
[1607,"Yellow Hair","Elmer",null,"Oglala Sioux Tribe",null,null,"C-1",null,null,{"v":42186,"d":"42,186"},120000,41]
[1608,"Coomes","Nikki",null,"Oglala Sioux Tribe",null,"B",{"$nulls":3},{"v":42186,"d":"42,186"},35000,41]
[1609,"Cuny","Raeann",null,"Oglala Sioux Tribe",null,"B",{"$nulls":3},{"v":42186,"d":"42,186"},35000,41]
[1610,"Day Boy","Miranda",null,"Oglala Sioux Tribe",null,null,"C-1",null,null,{"v":42186,"d":"42,186"},120000,41]
[1611,"Fast Horse","Jason",null,"Oglala Sioux Tribe",null,"B",{"$nulls":3},{"v":42186,"d":"42,186"},35000,41]
[1612,"Fast Horse","Nichole",null,"Oglala Sioux Tribe",null,null,"C-1",null,null,{"v":42186,"d":"42,186"},120000,41]
[1613,"Brewer","Lenora",null,"Oglala Sioux Tribe",null,null,"C-1",null,null,{"v":42186,"d":"42,186"},120000,41]
[1614,"Brings Him Back","Ellis",null,"Oglala Sioux Tribe",{"$nulls":3},"C-2",null,{"v":42186,"d":"42,186"},120000,41]
[1615,"Brings Plenty","Darrell",null,"Oglala Sioux Tribe",null,null,"C-1",null,null,{"v":42186,"d":"42,186"},120000,41]
[1616,"Ghost Bear","Jeri",null,"Oglala Sioux Tribe",{"$nulls":3},"C-2",null,{"v":42186,"d":"42,186"},120000,41]
[1617,"Horse","Maryann",null,"Oglala Sioux Tribe",null,null,"C-1",null,null,{"v":42186,"d":"42,186"},120000,41]
[1618,"Janis","Rodney",null,"Oglala Sioux Tribe",null,null,"C-1",null,null,{"v":42186,"d":"42,186"},120000,41]
[1619,"Trejo","Reann",null,"Oglala Sioux Tribe",null,null,"C-1",null,null,{"v":42186,"d":"42,186"},120000,41]
[1620,"Little Hawk","Kelmarie",null,"Oglala Sioux Tribe",null,null,"C-1",null,null,{"v":42186,"d":"42,186"},120000,41]
[1621,"Little Hawk","Marvin",null,"Oglala Sioux Tribe",null,null,"C-1",null,null,{"v":42186,"d":"42,186"},120000,41]
[1622,"Long Soldier","Joylinn",null,"Oglala Sioux Tribe",null,null,"C-1",null,null,{"v":42186,"d":"42,186"},120000,41]
[1623,"Mesteth","Rachel",null,"Oglala Sioux Tribe",{"$nulls":3},"C-2",null,{"v":42186,"d":"42,186"},120000,41]
[1624,"Merrival","Michael",null,"Oglala Sioux Tribe",null,null,"C-1",null,null,{"v":42186,"d":"42,186"},120000,41]
[1625,"Merrival","Thomas",null,"Oglala Sioux Tribe",null,null,"C-1",null,null,{"v":42186,"d":"42,186"},120000,41]
[1626,"Nelson","Dallas",null,"Oglala Sioux Tribe",null,null,"C-1",null,null,{"v":42186,"d":"42,186"},120000,41]
[1627,"Nelson","Sam",null,"Oglala Sioux Tribe",null,null,"C-1",null,null,{"v":42186,"d":"42,186"},120000,41]
[1628,"Oldson","Echo",null,"Oglala Sioux Tribe",null,null,"C-1",null,null,{"v":42186,"d":"42,186"},120000,41]
[1629,"Red Cloud","John",null,"Oglala Sioux Tribe",{"$nulls":3},"C-2",null,{"v":42186,"d":"42,186"},120000,41]
[1630,"Richards","Ariel",null,"Oglala Sioux Tribe",null,null,"C-1",null,null,{"v":42186,"d":"42,186"},120000,41]
[1631,"Stewart","Carley",null,"Oglala Sioux Tribe",null,null,"C-1",null,null,{"v":42186,"d":"42,186"},120000,41]
[1632,"Two Bulls","Harold",null,"Oglala Sioux Tribe",null,null,"C-1",null,null,{"v":42186,"d":"42,186"},120000,41]
[1633,"Two Two","Mary Jo",null,"Oglala Sioux Tribe",null,null,"C-1",null,null,{"v":42186,"d":"42,186"},120000,41]
[1634,"Weston","Mark",null,"Oglala Sioux Tribe",null,null,"C-1",null,null,{"v":42186,"d":"42,186"},120000,41]
[1635,"Wounded Arrow","Brenda",null,"Oglala Sioux Tribe",null,null,"C-1",null,null,{"v":42186,"d":"42,186"},120000,41]
[1636,"Youngman","Gavin",null,"Oglala Sioux Tribe",null,null,"C-1",null,null,{"v":42186,"d":"42,186"},120000,41]
[1637,"Black Elk","Ryan",null,"Oglala Sioux Tribe",null,null,"C-1",null,null,{"v":42186,"d":"42,186"},120000,41]
[1638,"Chase Alone","Reggie",null,"Oglala Sioux Tribe",null,null,"C-1",null,null,{"v":42186,"d":"42,186"},120000,41]
[1639,"Chief Eagle","Erica",null,"Oglala Sioux Tribe",null,null,"C-1",null,null,{"v":42186,"d":"42,186"},120000,41]
[1640,"Duchaine","Roddora",null,"Three Affiliated Tribes",null,null,"C-1",null,null,{"v":42186,"d":"42,186"},120000,41]
[1641,"Good Bear","Cheryle",null,"Three Affiliated Tribes",null,null,"C-1",null,null,{"v":42186,"d":"42,186"},120000,41]
[1642,"Morsette","Dawn",null,"Three Affiliated Tribes",null,null,"C-1",null,null,{"v":42186,"d":"42,186"},120000,41]
[1643,"Lockwood","Heather",null,"Three Affiliated Tribes",null,null,"C-1",null,null,{"v":42186,"d":"42,186"},120000,41]
[1644,"Black Hawk","Helen",null,"Three Affiliated Tribes",null,null,"C-1",null,null,{"v":42186,"d":"42,186"},120000,41]
[1645,"Conklin","Alyssa",null,"Three Affiliated Tribes",null,null,"C-1",null,null,{"v":42186,"d":"42,186"},120000,41]
[1646,"Morsette","Dawn",null,"Three Affiliated Tribes",null,null,"C-1",null,null,{"v":42186,"d":"42,186"},120000,41]
[1647,"Shakespear","Brenda",null,"Cheyenne River Sioux Tribe",{"$nulls":3},"C-2",null,{"v":42186,"d":"42,186"},120000,41]
[1648,"Goetz","Carrie",null,"Cheyenne River Sioux Tribe",{"$nulls":3},"C-2",null,{"v":42186,"d":"42,186"},120000,41]
[1649,"Boyer","Allen",null,"Turtle Montain Band of Chippewa",{"$nulls":3},"C-2",null,{"v":42186,"d":"42,186"},120000,42]
[1650,"Delorme","Joanne",null,"Turtle Montain Band of Chippewa",null,"B",{"$nulls":3},{"v":42186,"d":"42,186"},35000,42]
[1651,"Swain ","Frank","Sr","Turtle Montain Band of Chippewa",{"$nulls":3},"C-2",null,{"v":42186,"d":"42,186"},120000,42]
[1652,"Allery","David",null,"Turtle Montain Band of Chippewa",null,null,"C-1",null,null,{"v":42186,"d":"42,186"},120000,42]
[1653,"Laducer","Alfred","J","Turtle Montain Band of Chippewa",null,"B",{"$nulls":3},{"v":42186,"d":"42,186"},35000,42]
[1654,"Jeanotte","Angel",null,"Turtle Montain Band of Chippewa",null,null,"C-1",null,null,{"v":42186,"d":"42,186"},120000,42]
[1655,"Larvie","Candace",null,"Rosebud Sioux Tribe",{"$nulls":3},"C-2",null,{"v":42186,"d":"42,186"},120000,42]
[1656,"White Bull","Ferris",null,"Oglala Sioux Tribe",null,null,"C-1",null,null,{"v":42186,"d":"42,186"},120000,42]
[1657,"Chavez","Myron","Jr","Oglala Sioux Tribe",null,null,"C-1",null,null,{"v":42186,"d":"42,186"},120000,42]
[1658,"Waters","Chifon",null,"Oglala Sioux Tribe",null,null,"C-1",null,null,{"v":42186,"d":"42,186"},120000,42]
[1659,"Weston","Carol",null,"Oglala Sioux Tribe",null,"B",{"$nulls":3},{"v":42186,"d":"42,186"},35000,42]
[1660,"Weston","Kimberly",null,"Oglala Sioux Tribe",null,null,"C-1",null,null,{"v":42186,"d":"42,186"},120000,42]
[1661,"Vocu","Michelle",null,"Oglala Sioux Tribe",null,null,"C-1",null,null,{"v":42186,"d":"42,186"},120000,42]
[1662,"Little","Sioux Dawn",null,"Oglala Sioux Tribe",null,null,"C-1",null,null,{"v":42186,"d":"42,186"},120000,42]
[1663,"Kills In Water","Gwen",null,"Oglala Sioux Tribe",null,null,"C-1",null,null,{"v":42186,"d":"42,186"},120000,42]
[1664,"Lodge","Michael",null,"Oglala Sioux Tribe",null,"B",{"$nulls":3},{"v":42186,"d":"42,186"},35000,42]
[1665,"Little Bear","Garrett",null,"Oglala Sioux Tribe",null,null,"C-1",null,null,{"v":42186,"d":"42,186"},120000,42]
[1666,"Iron Crow","Rochelle",null,"Oglala Sioux Tribe",null,"B",{"$nulls":3},{"v":42186,"d":"42,186"},35000,42]
[{"$f":"A1675+1","v":1667},"Hernandez","Julian",null,"Oglala Sioux Tribe",null,null,"C-1",null,null,{"v":42186,"d":"42,186"},120000,42]
[1668,"Little Boy","Geraldine",null,"Oglala Sioux Tribe",null,null,"C-1",null,null,{"v":42186,"d":"42,186"},120000,42]
[1669,"Standing Soldier","Kimberly",null,"Oglala Sioux Tribe",null,null,"C-1",null,null,{"v":42186,"d":"42,186"},120000,42]
[1670,"True Blood","Imogene",null,"Oglala Sioux Tribe",null,null,"C-1",null,null,{"v":42186,"d":"42,186"},120000,42]
[1671,"Martinez","Jessica",null,"Oglala Sioux Tribe",null,null,"C-1",null,null,{"v":42186,"d":"42,186"},120000,42]
[1672,"Belt","Merton",null,"Oglala Sioux Tribe",null,null,"C-1",null,null,{"v":42186,"d":"42,186"},120000,42]
[1673,"Martinez","Christina",null,"Oglala Sioux Tribe",null,null,"C-1",null,null,{"v":42186,"d":"42,186"},120000,42]
[1674,"Black Crow","Jaydee",null,"Oglala Sioux Tribe",null,null,"C-1",null,null,{"v":42186,"d":"42,186"},120000,42]
[1675,"Belt","Amy",null,"Oglala Sioux Tribe",null,null,"C-1",null,null,{"v":42186,"d":"42,186"},120000,42]
[1676,"Ghost","Shilo",null,"Oglala Sioux Tribe",null,null,"C-1",null,null,{"v":42186,"d":"42,186"},120000,42]
[1677,"Standing Soldier","Kenneth",null,"Oglala Sioux Tribe",null,null,"C-1",null,null,{"v":42186,"d":"42,186"},120000,42]
[1678,"Janis","Shalene",null,"Oglala Sioux Tribe",null,null,"C-1",null,null,{"v":42186,"d":"42,186"},120000,42]
[1679,"Smoke","Benjamin",null,"Oglala Sioux Tribe",null,null,"C-1",null,null,{"v":42186,"d":"42,186"},120000,42]
[1680,"Ramos","Katrina",null,"Oglala Sioux Tribe",null,null,"C-1",null,null,{"v":42186,"d":"42,186"},120000,42]
[1681,"Lone Elk","Daniel",null,"Oglala Sioux Tribe",null,null,"C-1",null,null,{"v":42186,"d":"42,186"},120000,42]
[1682,"Leftwich","April",null,"Oglala Sioux Tribe",null,null,"C-1",null,null,{"v":42186,"d":"42,186"},120000,42]
[1683,"Returns","Clarence","Sr","Oglala Sioux Tribe",null,null,"C-1",null,null,{"v":42186,"d":"42,186"},120000,42]
[1684,"Warrior","Felicia",null,"Oglala Sioux Tribe",null,"B",{"$nulls":3},{"v":42186,"d":"42,186"},35000,42]
[1685,"Mesteth","Jennifer",null,"Oglala Sioux Tribe",null,null,"C-1",null,null,{"v":42186,"d":"42,186"},120000,42]
[1686,"Janis ","Belva",null,"Oglala Sioux Tribe",null,null,"C-1",null,null,{"v":42186,"d":"42,186"},120000,42]
[1687,"Boyd","Tana",null,"Oglala Sioux Tribe",null,null,"C-1",null,null,{"v":42186,"d":"42,186"},120000,42]
[1688,"Goings ","Luhanna",null,"Oglala Sioux Tribe",null,null,"C-1",null,null,{"v":42186,"d":"42,186"},120000,42]
[1689,"Martinez","Antoine",null,"Oglala Sioux Tribe",null,null,"C-1",null,null,{"v":42186,"d":"42,186"},120000,42]
[1690,"Rooks","JoAnn",null,"Oglala Sioux Tribe",null,"B",{"$nulls":3},{"v":42186,"d":"42,186"},35000,42]
[1691,"Rosalas","April",null,"Oglala Sioux Tribe",null,"B",{"$nulls":3},{"v":42186,"d":"42,186"},35000,42]
[1692,"Tobacco","Belva",null,"Oglala Sioux Tribe",null,"B",{"$nulls":3},{"v":42186,"d":"42,186"},35000,42]
[1693,"Hernandez","Ben",null,"Oglala Sioux Tribe",null,null,"C-1",null,null,{"v":42186,"d":"42,186"},120000,42]
[1694,"Lone Elk","Lucille",null,"Oglala Sioux Tribe",null,null,"C-1",null,null,{"v":42186,"d":"42,186"},120000,42]
[1695,"Means","Gabrielle",null,"Oglala Sioux Tribe",{"$nulls":3},"C-2",null,{"v":42186,"d":"42,186"},120000,42]
[1696,"Ponca","Janelle",null,"Oglala Sioux Tribe",null,null,"C-1",null,null,{"v":42186,"d":"42,186"},120000,42]
[1697,"Swallow","David",null,"Oglala Sioux Tribe",null,null,"C-1",null,null,{"v":42186,"d":"42,186"},120000,42]
[1698,"Two Eagle","Edward",null,"Oglala Sioux Tribe",null,null,"C-1",null,null,{"v":42186,"d":"42,186"},120000,42]
[1699,"Young Bear","Cameron",null,"Oglala Sioux Tribe",null,"B",{"$nulls":3},{"v":42186,"d":"42,186"},35000,42]
[1700,"Big Crow","Stacy",null,"Oglala Sioux Tribe",null,"B",{"$nulls":3},{"v":42186,"d":"42,186"},35000,42]
[1701,"Dreaming Bear","Angel",null,"Oglala Sioux Tribe",null,null,"C-1",null,null,{"v":42186,"d":"42,186"},120000,42]
[1702,"Fast Horse","Calendra",null,"Oglala Sioux Tribe",null,null,"C-1",null,null,{"v":42186,"d":"42,186"},120000,42]
[1703,"Garnier","Germaine",null,"Oglala Sioux Tribe",null,"B",{"$nulls":3},{"v":42186,"d":"42,186"},35000,42]
[1704,"High Hawk ","Natasha",null,"Oglala Sioux Tribe",null,null,"C-1",null,null,{"v":42186,"d":"42,186"},120000,42]
[1705,"Long ","Jennifer",null,"Oglala Sioux Tribe",null,null,"C-1",null,null,{"v":42186,"d":"42,186"},120000,42]
[1706,"Tobacco","Bobbi Jo",null,"Oglala Sioux Tribe",null,null,"C-1",null,null,{"v":42186,"d":"42,186"},120000,42]
[1707,"Two Eagles","Eleanor",null,"Oglala Sioux Tribe",{"$nulls":3},"C-2",null,{"v":42186,"d":"42,186"},120000,42]
[1708,"Weasel Bear","Ashley",null,"Oglala Sioux Tribe",null,null,"C-1",null,null,{"v":42186,"d":"42,186"},120000,42]
[1709,"Clifford","Edith",null,"Oglala Sioux Tribe",null,null,"C-1",null,null,{"v":42186,"d":"42,186"},120000,42]
[1710,"Little-Davis","Misty",null,"Oglala Sioux Tribe",null,"B",{"$nulls":3},{"v":42186,"d":"42,186"},35000,42]
[1711,"Eagle Bull","Autumn",null,"Oglala Sioux Tribe",null,null,"C-1",null,null,{"v":42186,"d":"42,186"},120000,42]
[1712,"Fox Belly","Summer",null,"Oglala Sioux Tribe",null,null,"C-1",null,null,{"v":42186,"d":"42,186"},120000,42]
[1713,"Brown","Leann",null,"Oglala Sioux Tribe",null,null,"C-1",null,null,{"v":42186,"d":"42,186"},120000,42]
[1714,"Goings ","Yvonne",null,"Oglala Sioux Tribe",null,null,"C-1",null,null,{"v":42186,"d":"42,186"},120000,42]
[1715,"Iron Horse","Jeremy",null,"Oglala Sioux Tribe",null,null,"C-1",null,null,{"v":42186,"d":"42,186"},120000,42]
[1716,"Iron Horse","Jeremy",null,"Oglala Sioux Tribe",null,null,"C-1",null,null,{"v":42186,"d":"42,186"},120000,42]
[1717,"Conroy","Opal",null,"Oglala Sioux Tribe",null,null,"C-1",null,null,{"v":42186,"d":"42,186"},120000,42]
[1718,"Bissonette","Tracy",null,"Oglala Sioux Tribe",null,null,"C-1",null,null,{"v":42186,"d":"42,186"},120000,42]
[1719,"Little","Kandis",null,"Oglala Sioux Tribe",null,null,"C-1",null,null,{"v":42186,"d":"42,186"},120000,42]
[1720,"Little","Raine",null,"Oglala Sioux Tribe",null,"B",{"$nulls":3},{"v":42186,"d":"42,186"},35000,42]
[1721,"Little Bear","Ramona",null,"Oglala Sioux Tribe",null,null,"C-1",null,null,{"v":42186,"d":"42,186"},120000,42]
[1722,"Little Bear","Richard",null,"Oglala Sioux Tribe",null,null,"C-1",null,null,{"v":42186,"d":"42,186"},120000,42]
[1723,"Little Hawk","Rosalie",null,"Oglala Sioux Tribe",null,"B",{"$nulls":3},{"v":42186,"d":"42,186"},35000,42]
[1724,"McGaa","Dawn",null,"Oglala Sioux Tribe",null,"B",{"$nulls":3},{"v":42186,"d":"42,186"},35000,42]
[1725,"McLaughlin","Carla",null,"Oglala Sioux Tribe",null,"B",{"$nulls":3},{"v":42186,"d":"42,186"},35000,42]
[1726,"Martinez","Annabelle",null,"Oglala Sioux Tribe",null,null,"C-1",null,null,{"v":42186,"d":"42,186"},120000,42]
[1727,"Peters","Kelly",null,"Oglala Sioux Tribe",null,null,"C-1",null,null,{"v":42186,"d":"42,186"},120000,42]
[1728,"Poor Bear","Irene",null,"Oglala Sioux Tribe",null,null,"C-1",null,null,{"v":42186,"d":"42,186"},120000,42]
[1729,"Red Cloud","Betty",null,"Oglala Sioux Tribe",null,"B",{"$nulls":3},{"v":42186,"d":"42,186"},35000,42]
[1730,"Red Feather","Martin",null,"Oglala Sioux Tribe",null,null,"C-1",null,null,{"v":42186,"d":"42,186"},120000,42]
[{"$f":"A1739+1","v":1731},"Red Hawk","Mary",null,"Oglala Sioux Tribe",null,null,"C-1",null,null,{"v":42186,"d":"42,186"},120000,42]
[1732,"Red Hawk","Mollie",null,"Oglala Sioux Tribe",null,null,"C-1",null,null,{"v":42186,"d":"42,186"},120000,42]
[1733,"Salway","Vanessa",null,"Oglala Sioux Tribe",null,null,"C-1",null,null,{"v":42186,"d":"42,186"},120000,42]
[1734,"Shangreaux","James",null,"Oglala Sioux Tribe",null,null,"C-1",null,null,{"v":42186,"d":"42,186"},120000,42]
[1735,"Swift Bird","Faron",null,"Oglala Sioux Tribe",null,null,"C-1",null,null,{"v":42186,"d":"42,186"},120000,42]
[1736,"Tobacco","Harold",null,"Oglala Sioux Tribe",null,null,"C-1",null,null,{"v":42186,"d":"42,186"},120000,42]
[1737,"Three Fingers","Anastasia",null,"Oglala Sioux Tribe",null,null,"C-1",null,null,{"v":42186,"d":"42,186"},120000,42]
[1738,"Twiss","Justine",null,"Oglala Sioux Tribe",null,null,"C-1",null,null,{"v":42186,"d":"42,186"},120000,42]
[1739,"Walking","Tracy",null,"Oglala Sioux Tribe",null,null,"C-1",null,null,{"v":42186,"d":"42,186"},120000,42]
[1740,"Waters","Alan",null,"Oglala Sioux Tribe",null,null,"C-1",null,null,{"v":42186,"d":"42,186"},120000,42]
[1741,"Weston","Antonio",null,"Oglala Sioux Tribe",null,null,"C-1",null,null,{"v":42186,"d":"42,186"},120000,42]
[1742,"Whalen","Quentin",null,"Oglala Sioux Tribe",null,"B",{"$nulls":3},{"v":42186,"d":"42,186"},35000,42]
[1743,"Wilson","Kayla",null,"Oglala Sioux Tribe",null,null,"C-1",null,null,{"v":42186,"d":"42,186"},120000,42]
[1744,"Kootswatewa","Erika",null,"Oglala Sioux Tribe",null,null,"C-1",null,null,{"v":42186,"d":"42,186"},120000,42]
[1745,"LaDeaux","Megan",null,"Oglala Sioux Tribe",null,null,"C-1",null,null,{"v":42186,"d":"42,186"},120000,42]
[1746,"Martinez","King",null,"Oglala Sioux Tribe",null,null,"C-1",null,null,{"v":42186,"d":"42,186"},120000,42]
[1747,"Romero","Leslie",null,"Oglala Sioux Tribe",null,null,"C-1",null,null,{"v":42186,"d":"42,186"},120000,42]
[1748,"Water","Charles",null,"Oglala Sioux Tribe",null,null,"C-1",null,null,{"v":42186,"d":"42,186"},120000,42]
[1749,"Yellow Hawk","Tessie",null,"Oglala Sioux Tribe",null,"B",{"$nulls":3},{"v":42186,"d":"42,186"},35000,42]
[1750,"Yellow Shield","Sheryl",null,"Oglala Sioux Tribe",null,null,"C-1",null,null,{"v":42186,"d":"42,186"},120000,42]
[1751,"Bolman","Joni",null,"Three Affiliated Tribes",null,null,"C-1",null,null,{"v":42186,"d":"42,186"},120000,42]
[1752,"Moniz","Melanie",null,"Three Affiliated Tribes",null,null,"C-1",null,null,{"v":42186,"d":"42,186"},120000,42]
[1753,"White Bear","Beverly",null,"Three Affiliated Tribes",null,null,"C-1",null,null,{"v":42186,"d":"42,186"},120000,42]
[1754,"Lone Eagle ","Al",null,"Cheyenne River Sioux Tribe",{"$nulls":3},"C-2",null,{"v":42186,"d":"42,186"},120000,42]
[1755,"High Pine","Delores",null,"Cheyenne River Sioux Tribe",{"$nulls":3},"C-2",null,{"v":42186,"d":"42,186"},120000,42]
[1756,"Miner","William",null,"Cheyenne River Sioux Tribe",null,null,"C-1",null,null,{"v":42186,"d":"42,186"},120000,42]
[1757,"Moran","Roderick",null,"Cheyenne River Sioux Tribe",{"$nulls":3},"C-2",null,{"v":42186,"d":"42,186"},120000,42]
[1758,"Hileman","Virginia",null,"Turtle Montain Band of Chippewa",{"$nulls":3},"C-2",null,{"v":42186,"d":"42,186"},120000,43]
[1759,"Esmie","Vanessa",null,"Turtle Montain Band of Chippewa",null,"B",{"$nulls":3},{"v":42186,"d":"42,186"},35000,43]
[1760,"Davis","Alfred",null,"Turtle Montain Band of Chippewa",null,"B",{"$nulls":3},{"v":42186,"d":"42,186"},35000,43]
[1761,"Jordan","Rose",null,"Standing Rock Sioux Tribe",{"$nulls":3},"C-2",null,{"v":42186,"d":"42,186"},120000,43]
[1762,"Wilson","Norman","Sr","Oglala Sioux Tribe",null,"B",{"$nulls":3},{"v":42186,"d":"42,186"},35000,43]
[1763,"Amercan Horse","Romona",null,"Oglala Sioux Tribe",null,"B",{"$nulls":3},{"v":42186,"d":"42,186"},35000,43]
[1764,"Wilson-Brave","Alicia",null,"Oglala Sioux Tribe",null,null,"C-1",null,null,{"v":42186,"d":"42,186"},120000,43]
[1765,"Martinez","Molbay",null,"Oglala Sioux Tribe",null,null,"C-1",null,null,{"v":42186,"d":"42,186"},120000,43]
[1766,"Mesteth","Mary",null,"Oglala Sioux Tribe",null,null,"C-1",null,null,{"v":42186,"d":"42,186"},120000,43]
[1767,"Short Bull","Marcia",null,"Oglala Sioux Tribe",null,"B",{"$nulls":3},{"v":42186,"d":"42,186"},35000,43]
[1768,"Red Cloud","Marty","Jr","Oglala Sioux Tribe",null,"B",{"$nulls":3},{"v":42186,"d":"42,186"},35000,43]
[1769,"One Horn","Savanna",null,"Oglala Sioux Tribe",null,null,"C-1",null,null,{"v":42186,"d":"42,186"},120000,43]
[1770,"Sitting Holy","Sondra",null,"Oglala Sioux Tribe",null,null,"C-1",null,null,{"v":42186,"d":"42,186"},120000,43]
[1771,"Pourier","Jessica",null,"Oglala Sioux Tribe",null,null,"C-1",null,null,{"v":42186,"d":"42,186"},120000,43]
[1772,"Lone Hill","Monica",null,"Oglala Sioux Tribe",null,null,"C-1",null,null,{"v":42186,"d":"42,186"},120000,43]
[1773,"Tail","Holly",null,"Oglala Sioux Tribe",null,"B",{"$nulls":3},{"v":42186,"d":"42,186"},35000,43]
[1774,"Camp","Rayette",null,"Oglala Sioux Tribe",null,"B",{"$nulls":3},{"v":42186,"d":"42,186"},35000,43]
[1775,"Romero","Charlotte",null,"Oglala Sioux Tribe",null,"B",{"$nulls":3},{"v":42186,"d":"42,186"},35000,43]
[1776,"Jones ","Lorrie",null,"Oglala Sioux Tribe",null,null,"C-1",null,null,{"v":42186,"d":"42,186"},120000,43]
[1777,"Palmier","Sheri",null,"Oglala Sioux Tribe",null,null,"C-1",null,null,{"v":42186,"d":"42,186"},120000,43]
[1778,"Marshall","Summer",null,"Oglala Sioux Tribe",null,null,"C-1",null,null,{"v":42186,"d":"42,186"},120000,43]
[1779,"Thin Elk","Babette",null,"Oglala Sioux Tribe",null,"B",{"$nulls":3},{"v":42186,"d":"42,186"},35000,43]
[1780,"Clements","Ruby",null,"Oglala Sioux Tribe",null,null,"C-1",null,null,{"v":42186,"d":"42,186"},120000,43]
[1781,"Three Fingers","Anastasia",null,"Oglala Sioux Tribe",null,null,"C-1",null,null,{"v":42186,"d":"42,186"},120000,43]
[1782,"Hernandez","Faye",null,"Oglala Sioux Tribe",null,"B",{"$nulls":3},{"v":42186,"d":"42,186"},35000,43]
[1783,"Twiss","Justine",null,"Oglala Sioux Tribe",null,"B",{"$nulls":3},{"v":42186,"d":"42,186"},35000,43]
[1784,"Richards-Fisherman","Floreda",null,"Oglala Sioux Tribe",null,null,"C-1",null,null,{"v":42186,"d":"42,186"},120000,43]
[1785,"Simental","Pedro",null,"Oglala Sioux Tribe",null,null,"C-1",null,null,{"v":42186,"d":"42,186"},120000,43]
[1786,"Brewer","Lisa M.",null,"Oglala Sioux Tribe",null,null,"C-1",null,null,{"v":42186,"d":"42,186"},120000,43]
[1787,"Jumping Eagle","Mandi",null,"Oglala Sioux Tribe",null,null,"C-1",null,null,{"v":42186,"d":"42,186"},120000,43]
[1788,"Lopez","Casey",null,"Oglala Sioux Tribe",null,null,"C-1",null,null,{"v":42186,"d":"42,186"},120000,43]
[1789,"Coleman","Jesse",null,"Oglala Sioux Tribe",null,"B",{"$nulls":3},{"v":42186,"d":"42,186"},35000,43]
[1790,"Imitates Dog","Celeste",null,"Oglala Sioux Tribe",null,null,"C-1",null,null,{"v":42186,"d":"42,186"},120000,43]
[1791,"Pourier","Douglas",null,"Oglala Sioux Tribe",null,null,"C-1",null,null,{"v":42186,"d":"42,186"},120000,43]
[1792,"Sitting Bear","Romaine",null,"Oglala Sioux Tribe",null,null,"C-1",null,null,{"v":42186,"d":"42,186"},120000,43]
[1793,"Shangreaux","Clarissa",null,"Oglala Sioux Tribe",null,null,"C-1",null,null,{"v":42186,"d":"42,186"},120000,43]
[1794,"Yellow Wolf","Crystal",null,"Oglala Sioux Tribe",null,null,"C-1",null,null,{"v":42186,"d":"42,186"},120000,43]
[{"$f":"A1803+1","v":1795},"Sevilla","Betty",null,"Oglala Sioux Tribe",null,null,"C-1",null,null,{"v":42186,"d":"42,186"},120000,43]
[1796,"Schweigman","Donna",null,"Oglala Sioux Tribe",null,null,"C-1",null,null,{"v":42186,"d":"42,186"},120000,43]
[1797,"Short Bull","Jewel",null,"Oglala Sioux Tribe",null,null,"C-1",null,null,{"v":42186,"d":"42,186"},120000,43]
[1798,"Weasel Bear","Francy",null,"Oglala Sioux Tribe",null,null,"C-1",null,null,{"v":42186,"d":"42,186"},120000,43]
[1799,"Humming Bird","Evonne",null,"Oglala Sioux Tribe",null,null,"C-1",null,null,{"v":42186,"d":"42,186"},120000,43]
[1800,"Witt","Santee",null,"Oglala Sioux Tribe",null,null,"C-1",null,null,{"v":42186,"d":"42,186"},120000,43]
[1801,"Basurto","Cassandra",null,"Oglala Sioux Tribe",null,null,"C-1",null,null,{"v":42186,"d":"42,186"},120000,43]
[1802,"Krueger","Yolanda",null,"Oglala Sioux Tribe",null,null,"C-1",null,null,{"v":42186,"d":"42,186"},120000,43]
[1803,"Pulliam","Patricia",null,"Oglala Sioux Tribe",null,"B",{"$nulls":3},{"v":42186,"d":"42,186"},35000,43]
[1804,"Red Cloud","Tiffany",null,"Oglala Sioux Tribe",null,null,"C-1",null,null,{"v":42186,"d":"42,186"},120000,43]
[1805,"Red Shirt","Matilda",null,"Oglala Sioux Tribe",null,null,"C-1",null,null,{"v":42186,"d":"42,186"},120000,43]
[1806,"Weston","Verne","Jr","Oglala Sioux Tribe",null,null,"C-1",null,null,{"v":42186,"d":"42,186"},120000,43]
[1807,"White Calf","Beverly",null,"Oglala Sioux Tribe",null,null,"C-1",null,null,{"v":42186,"d":"42,186"},120000,43]
[1808,"White Dress","Alvin",null,"Oglala Sioux Tribe",null,null,"C-1",null,null,{"v":42186,"d":"42,186"},120000,43]
[1809,"Clifford","Jo-El",null,"Oglala Sioux Tribe",null,null,"C-1",null,null,{"v":42186,"d":"42,186"},120000,43]
[1810,"Clifford","Toree",null,"Oglala Sioux Tribe",null,null,"C-1",null,null,{"v":42186,"d":"42,186"},120000,43]
[1811,"Clifford","William",null,"Oglala Sioux Tribe",null,null,"C-1",null,null,{"v":42186,"d":"42,186"},120000,43]
[1812,"Condon","Naomi",null,"Oglala Sioux Tribe",{"$nulls":3},"C-2",null,{"v":42186,"d":"42,186"},120000,43]
[1813,"Giago","Richard",null,"Oglala Sioux Tribe",null,null,"C-1",null,null,{"v":42186,"d":"42,186"},120000,43]
[1814,"Goings","Doris",null,"Oglala Sioux Tribe",null,"B",{"$nulls":3},{"v":42186,"d":"42,186"},35000,43]
[1815,"Goings","Frank",null,"Oglala Sioux Tribe",null,null,"C-1",null,null,{"v":42186,"d":"42,186"},120000,43]
[1816,"Ramirez","Manuel",null,"Three Affiliated Tribes",null,null,"C-1",null,null,{"v":42186,"d":"42,186"},120000,43]
[1817,"Blue Arm","Teresita",null,"Cheyenne River Sioux Tribe",{"$nulls":3},"C-2",null,{"v":42186,"d":"42,186"},120000,43]
[1818,"Decoteau","Patrick","J","Turtle Montain Band of Chippewa",null,null,"C-1",null,null,{"v":42186,"d":"42,186"},120000,44]
[1819,"Chase","Leroy",null,"Turtle Montain Band of Chippewa",null,"B",{"$nulls":3},{"v":42186,"d":"42,186"},35000,44]
[1820,"Sea Walker","Gertrude",null,"Standing Rock Sioux Tribe",null,null,"C-1",null,null,{"v":42186,"d":"42,186"},120000,44]
[1821,"Quick Bear","Urva",null,"Oglala Sioux Tribe",null,null,"C-1",null,null,{"v":42186,"d":"42,186"},120000,44]
[1822,"Last Horse","Joyce",null,"Oglala Sioux Tribe",null,"B",{"$nulls":3},{"v":42186,"d":"42,186"},35000,44]
[1823,"White Dress","Cyrinthia",null,"Oglala Sioux Tribe",null,null,"C-1",null,null,{"v":42186,"d":"42,186"},120000,44]
[1824,"Bissonette","Roger",null,"Oglala Sioux Tribe",null,null,"C-1",null,null,{"v":42186,"d":"42,186"},120000,44]
[1825,"Brown","Doreen",null,"Oglala Sioux Tribe",null,null,"C-1",null,null,{"v":42186,"d":"42,186"},120000,44]
[1826,"Jumping Eagle","Edward","Sr","Oglala Sioux Tribe",null,null,"C-1",null,null,{"v":42186,"d":"42,186"},120000,44]
[1827,"Mercado","Sophia",null,"Oglala Sioux Tribe",null,null,"C-1",null,null,{"v":42186,"d":"42,186"},120000,44]
[1828,"Thunder Bull","Kimberly",null,"Oglala Sioux Tribe",null,"B",{"$nulls":3},{"v":42186,"d":"42,186"},35000,44]
[1829,"High Hawk","Sheri",null,"Oglala Sioux Tribe",null,"B",{"$nulls":3},{"v":42186,"d":"42,186"},35000,44]
[1830,"Kocer","Lavon",null,"Oglala Sioux Tribe",null,"B",{"$nulls":3},{"v":42186,"d":"42,186"},35000,44]
[1831,"Pourier","Denise",null,"Oglala Sioux Tribe",null,"B",{"$nulls":3},{"v":42186,"d":"42,186"},35000,44]
[1832,"Brave Heart","He Tehila",null,"Oglala Sioux Tribe",null,null,"C-1",null,null,{"v":42186,"d":"42,186"},120000,44]
[1833,"Price","Janelle",null,"Oglala Sioux Tribe",null,null,"C-1",null,null,{"v":42186,"d":"42,186"},120000,44]
[1834,"Giago","Richard",null,"Oglala Sioux Tribe",null,null,"C-1",null,null,{"v":42186,"d":"42,186"},120000,44]
[1835,"Bark","Ryan",null,"Oglala Sioux Tribe",null,null,"C-1",null,null,{"v":42186,"d":"42,186"},120000,44]
[1836,"Red Feather","Kathy",null,"Oglala Sioux Tribe",null,null,"C-1",null,null,{"v":42186,"d":"42,186"},120000,44]
[1837,"Respects Nothing","Anna",null,"Oglala Sioux Tribe",null,null,"C-1",null,null,{"v":42186,"d":"42,186"},120000,44]
[1838,"White Face","David",null,"Oglala Sioux Tribe",null,null,"C-1",null,null,{"v":42186,"d":"42,186"},120000,44]
[1839,"Tail","Mary",null,"Oglala Sioux Tribe",null,null,"C-1",null,null,{"v":42186,"d":"42,186"},120000,44]
[1840,"Bettelyoun","George",null,"Oglala Sioux Tribe",null,"B",{"$nulls":3},{"v":42186,"d":"42,186"},35000,44]
[1841,"Morgan","Sophie",null,"Oglala Sioux Tribe",null,null,"C-1",null,null,{"v":42186,"d":"42,186"},120000,44]
[1842,"Black Elk","Tabitha",null,"Oglala Sioux Tribe",null,null,"C-1",null,null,{"v":42186,"d":"42,186"},120000,44]
[1843,"Brown","Lindsey",null,"Oglala Sioux Tribe",null,"B",{"$nulls":3},{"v":42186,"d":"42,186"},35000,44]
[1844,"Buckman","Clifford",null,"Oglala Sioux Tribe",null,null,"C-1",null,null,{"v":42186,"d":"42,186"},120000,44]
[1845,"Buckman","Misty",null,"Oglala Sioux Tribe",null,null,"C-1",null,null,{"v":42186,"d":"42,186"},120000,44]
[1846,"Gutierrez-Burns","Theresa",null,"Oglala Sioux Tribe",null,null,"C-1",null,null,{"v":42186,"d":"42,186"},120000,44]
[1847,"Caldwell","Brandon",null,"Oglala Sioux Tribe",null,null,"C-1",null,null,{"v":42186,"d":"42,186"},120000,44]
[1848,"Carlow","Michelle",null,"Oglala Sioux Tribe",null,null,"C-1",null,null,{"v":42186,"d":"42,186"},120000,44]
[1849,"Catches","Arvella",null,"Oglala Sioux Tribe",null,null,"C-1",null,null,{"v":42186,"d":"42,186"},120000,44]
[1850,"Catches","Dale",null,"Oglala Sioux Tribe",null,null,"C-1",null,null,{"v":42186,"d":"42,186"},120000,44]
[1851,"Catches","Johnathan",null,"Oglala Sioux Tribe",null,null,"C-1",null,null,{"v":42186,"d":"42,186"},120000,44]
[1852,"Champagne","James",null,"Oglala Sioux Tribe",null,null,"C-1",null,null,{"v":42186,"d":"42,186"},120000,44]
[1853,"Chief Eagle","Rachel",null,"Oglala Sioux Tribe",null,null,"C-1",null,null,{"v":42186,"d":"42,186"},120000,44]
[1854,"Clifford","Anne",null,"Oglala Sioux Tribe",null,null,"C-1",null,null,{"v":42186,"d":"42,186"},120000,44]
[1855,"Clifford","Edith",null,"Oglala Sioux Tribe",null,null,"C-1",null,null,{"v":42186,"d":"42,186"},120000,44]
[1856,"Kazena","Charlotte",null,"Three Affiliated Tribes",null,null,"C-1",null,null,{"v":42186,"d":"42,186"},120000,44]
[1857,"Quick Bear","Kelli",null,"Three Affiliated Tribes",null,null,"C-1",null,null,{"v":42186,"d":"42,186"},120000,44]
[1858,"Good Left","Myrtle",null,"Three Affiliated Tribes",null,null,"C-1",null,null,{"v":42186,"d":"42,186"},120000,44]
[{"$f":"A1867+1","v":1859},"Houston","Marvin",null,"Cheyenne River Sioux Tribe",{"$nulls":3},"C-2",null,{"v":42186,"d":"42,186"},120000,44]
[1860,"Horn","Aaron",null,"Cheyenne River Sioux Tribe",{"$nulls":3},"C-2",null,{"v":42186,"d":"42,186"},120000,44]
[1861,"Low Dog","Nora",null,"Cheyenne River Sioux Tribe",{"$nulls":3},"C-2",null,{"v":42186,"d":"42,186"},120000,44]
[1862,"Peltier","Sylvester",null,"Turtle Montain Band of Chippewa",null,"B",{"$nulls":3},{"v":42186,"d":"42,186"},35000,45]
[1863,"Malaterre","Thomas",null,"Turtle Montain Band of Chippewa",null,"B",{"$nulls":3},{"v":42186,"d":"42,186"},35000,45]
[1864,"Morin","Lawrence",null,"Turtle Montain Band of Chippewa",null,"B",{"$nulls":3},{"v":42186,"d":"42,186"},35000,45]
[1865,"Sitting Crow","Victor",null,"Crow Creek Sioux Tribe",null,"B",{"$nulls":3},{"v":42186,"d":"42,186"},35000,45]
[1866,"Brings Plenty","Delano",null,"Oglala Sioux Tribe",null,null,"C-1",null,null,{"v":42186,"d":"42,186"},120000,45]
[1867,"Lamont","Shaler",null,"Oglala Sioux Tribe",null,null,"C-1",null,null,{"v":42186,"d":"42,186"},120000,45]
[1868,"Marshall","Albert","Sr","Oglala Sioux Tribe",null,null,"C-1",null,null,{"v":42186,"d":"42,186"},120000,45]
[1869,"Bad Milk","Ione",null,"Oglala Sioux Tribe",null,null,"C-1",null,null,{"v":42186,"d":"42,186"},120000,45]
[1870,"Chief Eagle","Lucille",null,"Oglala Sioux Tribe",null,null,"C-1",null,null,{"v":42186,"d":"42,186"},120000,45]
[1871,"Janis","Tiffany",null,"Oglala Sioux Tribe",null,null,"C-1",null,null,{"v":42186,"d":"42,186"},120000,45]
[1872,"Belt","Sara",null,"Oglala Sioux Tribe",null,null,"C-1",null,null,{"v":42186,"d":"42,186"},120000,45]
[1873,"Milk","Orville",null,"Oglala Sioux Tribe",null,null,"C-1",null,null,{"v":42186,"d":"42,186"},120000,45]
[1874,"Pierce","Richard",null,"Oglala Sioux Tribe",null,null,"C-1",null,null,{"v":42186,"d":"42,186"},120000,45]
[1875,"Marshall ","William",null,"Oglala Sioux Tribe",null,null,"C-1",null,null,{"v":42186,"d":"42,186"},120000,45]
[1876,"Standing Soldier","Mary",null,"Oglala Sioux Tribe",null,null,"C-1",null,null,{"v":42186,"d":"42,186"},120000,45]
[1877,"White Face","Manuel",null,"Oglala Sioux Tribe",null,"B",{"$nulls":3},{"v":42186,"d":"42,186"},35000,45]
[1878,"Returns","Bonnie",null,"Oglala Sioux Tribe",null,null,"C-1",null,null,{"v":42186,"d":"42,186"},120000,45]
[1879,"Ten Fingers","Evelyn",null,"Oglala Sioux Tribe",null,null,"C-1",null,null,{"v":42186,"d":"42,186"},120000,45]
[1880,"Red Elk","Ernest",null,"Oglala Sioux Tribe",null,"B",{"$nulls":3},{"v":42186,"d":"42,186"},35000,45]
[1881,"Good Crow","Delores",null,"Oglala Sioux Tribe",null,null,"C-1",null,null,{"v":42186,"d":"42,186"},120000,45]
[1882,"Good Plume","Garvard",null,"Oglala Sioux Tribe",null,null,"C-1",null,null,{"v":42186,"d":"42,186"},120000,45]
[1883,"Oakie","Romanus",null,"Cheyenne River Sioux Tribe",{"$nulls":3},"C-2",null,{"v":42186,"d":"42,186"},120000,45]
[1884,"Howard","Amelia",null,"Cheyenne River Sioux Tribe",{"$nulls":3},"C-2",null,{"v":42186,"d":"42,186"},120000,45]
[1885,"Thomas","Bernard",null,"Turtle Montain Band of Chippewa",null,null,"C-1",null,null,{"v":42186,"d":"42,186"},120000,46]
[1886,"Fast Wolf","Varden",null,"Oglala Sioux Tribe",null,"B",{"$nulls":3},{"v":42186,"d":"42,186"},35000,46]
[1887,"Jacobs","Wesley",null,"Oglala Sioux Tribe",null,"B",{"$nulls":3},{"v":42186,"d":"42,186"},35000,46]
[1888,"Apple","Fern",null,"Oglala Sioux Tribe",null,"B",{"$nulls":3},{"v":42186,"d":"42,186"},35000,46]
[1889,"Pumpkin Seed","Colleen",null,"Oglala Sioux Tribe",null,null,"C-1",null,null,{"v":42186,"d":"42,186"},120000,46]
[1890,"Bettelyoun","George",null,"Oglala Sioux Tribe",{"$nulls":3},"C-2",null,{"v":42186,"d":"42,186"},120000,46]
[1891,"Locke","Darrell",null,"Oglala Sioux Tribe",null,null,"C-1",null,null,{"v":42186,"d":"42,186"},120000,46]
[1892,"Red Ear Horse","Karen",null,"Oglala Sioux Tribe",null,null,"C-1",null,null,{"v":42186,"d":"42,186"},120000,46]
[1893,"Black Feather","Lucille",null,"Oglala Sioux Tribe",null,"B",{"$nulls":3},{"v":42186,"d":"42,186"},35000,46]
[1894,"Reddy","Timothy",null,"Oglala Sioux Tribe",null,null,"C-1",null,null,{"v":42186,"d":"42,186"},120000,46]
[1895,"Red Hawk","Melvin",null,"Oglala Sioux Tribe",{"$nulls":3},"C-2",null,{"v":42186,"d":"42,186"},120000,46]
[1896,"Romero","Eloise",null,"Oglala Sioux Tribe",null,null,"C-1",null,null,{"v":42186,"d":"42,186"},120000,46]
[1897,"Tyon","Floyd","Sr","Oglala Sioux Tribe",null,null,"C-1",null,null,{"v":42186,"d":"42,186"},120000,46]
[1898,"Brown","Judith",null,"Cheyenne River Sioux Tribe",{"$nulls":3},"C-2",null,{"v":42186,"d":"42,186"},120000,46]
[1899,"Belgarde","Carol","J","Turtle Montain Band of Chippewa",null,"B",{"$nulls":3},{"v":42186,"d":"42,186"},35000,47]
[1900,"Thomas","Rebecca","M","Turtle Montain Band of Chippewa",{"$nulls":3},"C-2",null,{"v":42186,"d":"42,186"},120000,47]
[1901,"McCloskey","Lenora",null,"Rosebud Sioux Tribe",null,"B",{"$nulls":3},{"v":42186,"d":"42,186"},120000,47]
[1902,"Frazer","Francis",null,"Oglala Sioux Tribe",null,null,"C-1",null,null,{"v":42186,"d":"42,186"},120000,47]
[1903,"White Face","Ellen",null,"Oglala Sioux Tribe",null,null,"C-1",null,null,{"v":42186,"d":"42,186"},120000,47]
[1904,"Hunter","Caroline",null,"Oglala Sioux Tribe",null,null,"C-1",null,null,{"v":42186,"d":"42,186"},120000,47]
[1905,"Bordeaux","Lee",null,"Cheyenne River Sioux Tribe",{"$nulls":3},"C-2",null,{"v":42186,"d":"42,186"},120000,47]
[1906,"Sitting Eagle","James",null,"Cheyenne River Sioux Tribe",{"$nulls":3},"C-2",null,{"v":42186,"d":"42,186"},120000,47]
[1907,"Poitra","Lionel",null,"Turtle Montain Band of Chippewa",null,null,"C-1",null,null,{"v":42186,"d":"42,186"},120000,48]
[1908,"Kills In Water","Theresa",null,"Rosebud Sioux Tribe",{"$nulls":3},"C-2",null,{"v":42186,"d":"42,186"},120000,48]
[1909,"Richards","Douglas",null,"Oglala Sioux Tribe",null,"B",{"$nulls":3},{"v":42186,"d":"42,186"},35000,48]
[1910,"Brave Heart","Lyle",null,"Oglala Sioux Tribe",null,null,"C-1",null,null,{"v":42186,"d":"42,186"},120000,48]
[1911,"Old Horse","Faron",null,"Oglala Sioux Tribe",null,null,"C-1",null,null,{"v":42186,"d":"42,186"},120000,48]
[1912,"Fisherman","Ronald",null,"Oglala Sioux Tribe",null,null,"C-1",null,null,{"v":42186,"d":"42,186"},120000,48]
[1913,"Brewer","Mona",null,"Oglala Sioux Tribe",null,null,"C-1",null,null,{"v":42186,"d":"42,186"},120000,48]
[1914,"Goings","Doris",null,"Oglala Sioux Tribe",null,"B",{"$nulls":3},{"v":42186,"d":"42,186"},35000,48]
[1915,"Little Dog","Joseph",null,"Oglala Sioux Tribe",null,null,"C-1",null,null,{"v":42186,"d":"42,186"},120000,48]
[1916,"Swan","Valerie",null,"Cheyenne River Sioux Tribe",{"$nulls":3},"C-2",null,{"v":42186,"d":"42,186"},120000,48]
[1917,"West","Nancy",null,"Cheyenne River Sioux Tribe",{"$nulls":3},"C-2",null,{"v":42186,"d":"42,186"},120000,48]
[1918,"Decoteau","Irene","M","Turtle Montain Band of Chippewa",null,"B",{"$nulls":3},{"v":42186,"d":"42,186"},35000,49]
[1919,"Brewer","Alden",null,"Oglala Sioux Tribe",null,"B",{"$nulls":3},{"v":42186,"d":"42,186"},35000,49]
[1920,"Grooms","William",null,"Oglala Sioux Tribe",null,null,"C-1",null,null,{"v":42186,"d":"42,186"},120000,49]
[1921,"Garnier","Wanda",null,"Oglala Sioux Tribe",{"$nulls":3},"C-2",null,{"v":42186,"d":"42,186"},120000,49]
[1922,"Grooms","William",null,"Oglala Sioux Tribe",null,null,"C-1",null,null,{"v":42186,"d":"42,186"},120000,49]
[{"$f":"A1931+1","v":1923},"Whalen","Jeffrey",null,"Oglala Sioux Tribe",null,"B",{"$nulls":3},{"v":42186,"d":"42,186"},35000,49]
[1924,"Spotted Bear","Hobart",null,"Oglala Sioux Tribe",null,"B",{"$nulls":3},{"v":42186,"d":"42,186"},35000,49]
[1925,"High Elk","Salina",null,"Cheyenne River Sioux Tribe",{"$nulls":3},"C-2",null,{"v":42186,"d":"42,186"},120000,49]
[1926,"Mesteth","Larry",null,"Cheyenne River Sioux Tribe",{"$nulls":3},"C-2",null,{"v":42186,"d":"42,186"},120000,49]
[1927,"Iron Hawk","Inez",null,"Cheyenne River Sioux Tribe",{"$nulls":3},"C-2",null,{"v":42186,"d":"42,186"},120000,49]
[1928,"Smith","Kayo F.",null,"Rosebud Sioux Tribe",null,"B",{"$nulls":3},{"v":42186,"d":"42,186"},35000,50]
[1929,"Howe","John",null,"Crow Creek Sioux Tribe",null,"B",{"$nulls":3},{"v":42186,"d":"42,186"},35000,50]
[1930,"Big Road","Frieda",null,"Oglala Sioux Tribe",null,null,"C-1",null,null,{"v":42186,"d":"42,186"},120000,50]
[1931,"Cortier","Adrian",null,"Oglala Sioux Tribe",null,"B",{"$nulls":3},{"v":42186,"d":"42,186"},35000,50]
[1932,"Red Hawk","Melvin",null,"Oglala Sioux Tribe",null,null,"C-1",null,null,{"v":42186,"d":"42,186"},120000,50]
[1933,"Garner","Louis",null,"Oglala Sioux Tribe",null,null,"C-1",null,null,{"v":42186,"d":"42,186"},120000,50]
[1934,"Big Road","Freida",null,"Oglala Sioux Tribe",null,"B",{"$nulls":3},{"v":42186,"d":"42,186"},35000,50]
[1935,"Mousseaux","Fred",null,"Oglala Sioux Tribe",null,null,"C-1",null,null,{"v":42186,"d":"42,186"},120000,50]
[1936,"Spotted Eagle","Bernice",null,"Oglala Sioux Tribe",null,null,"C-1",null,null,{"v":42186,"d":"42,186"},120000,50]
[1937,"Wilkinson","Gordon",null,"Three Affiliated Tribes",null,null,"C-1",null,null,{"v":42186,"d":"42,186"},120000,50]
[1938,"Lovelette","Wayne",null,"Cheyenne River Sioux Tribe",{"$nulls":3},"C-2",null,{"v":42186,"d":"42,186"},120000,50]
[1939,"Hill","Joyce",null,"Cheyenne River Sioux Tribe",{"$nulls":3},"C-2",null,{"v":42186,"d":"42,186"},120000,50]
[1940,"Darlene","Bowker",null,"Cheyenne River Sioux Tribe",{"$nulls":3},"C-2",null,{"v":42186,"d":"42,186"},120000,50]
[1941,"Hollow Horn","Linda",null,"Oglala Sioux Tribe",null,"B",{"$nulls":3},{"v":42186,"d":"42,186"},35000,51]
[1942,"Steele","Chester",null,"Oglala Sioux Tribe",null,null,"C-1",null,null,{"v":42186,"d":"42,186"},120000,51]
[1943,"Goings","Rochelle",null,"Oglala Sioux Tribe",null,"B",{"$nulls":3},{"v":42186,"d":"42,186"},35000,51]
[1944,"Rooks","Grace",null,"Oglala Sioux Tribe",null,null,"C-1",null,null,{"v":42186,"d":"42,186"},120000,51]
[1945,"Red Cloud","Verdell",null,"Oglala Sioux Tribe",null,null,"C-1",null,null,{"v":42186,"d":"42,186"},120000,51]
[1946,"Ribsman","Sheldon",null,"Oglala Sioux Tribe",null,"B",{"$nulls":3},{"v":42186,"d":"42,186"},35000,51]
[1947,"Sitting Bear","Verna",null,"Three Affiliated Tribes",null,null,"C-1",null,null,{"v":42186,"d":"42,186"},120000,51]
[1948,"Wells","Billie",null,"Three Affiliated Tribes",null,null,"C-1",null,null,{"v":42186,"d":"42,186"},120000,51]
[1949,"Red Horse","Hermus",null,"Cheyenne River Sioux Tribe",{"$nulls":3},"C-2",null,{"v":42186,"d":"42,186"},120000,51]
[1950,"Black Lance","Marie",null,"Rosebud Sioux Tribe",{"$nulls":3},"C-2",null,{"v":42186,"d":"42,186"},120000,52]
[1951,"Fleury","Velma",null,"Crow Creek Sioux Tribe",null,"B",{"$nulls":3},{"v":42186,"d":"42,186"},35000,52]
[1952,"Red Elk","Vern",null,"Oglala Sioux Tribe",null,null,"C-1",null,null,{"v":42186,"d":"42,186"},120000,52]
[1953,"Little Brave","Christina",null,"Oglala Sioux Tribe",null,null,"C-1",null,null,{"v":42186,"d":"42,186"},120000,52]
[1954,"Quiver","Louis",null,"Oglala Sioux Tribe",{"$nulls":3},"C-2",null,{"v":42186,"d":"42,186"},120000,52]
[1955,"Lamere","Roger",null,"Oglala Sioux Tribe",null,null,"C-1",null,null,{"v":42186,"d":"42,186"},120000,52]
[1956,"Bull Bear","Meltino",null,"Oglala Sioux Tribe",null,"B",{"$nulls":3},{"v":42186,"d":"42,186"},35000,52]
[1957,"Gay ","Nancy",null,"Oglala Sioux Tribe",null,null,"C-1",null,null,{"v":42186,"d":"42,186"},120000,52]
[1958,"Janis ","Norma",null,"Oglala Sioux Tribe",null,null,"C-1",null,null,{"v":42186,"d":"42,186"},120000,52]
[1959,"One Horn ","Tylene",null,"Oglala Sioux Tribe",null,null,"C-1",null,null,{"v":42186,"d":"42,186"},120000,52]
[1960,"Perea","Julia",null,"Oglala Sioux Tribe",null,null,"C-1",null,null,{"v":42186,"d":"42,186"},120000,52]
[1961,"Dreaming Bear","Delmar",null,"Oglala Sioux Tribe",null,null,"C-1",null,null,{"v":42186,"d":"42,186"},120000,52]
[1962,"Morgan","Sophie",null,"Oglala Sioux Tribe",null,"B",{"$nulls":3},{"v":42186,"d":"42,186"},35000,52]
[1963,"Stands","Richard",null,"Oglala Sioux Tribe",null,null,"C-1",null,null,{"v":42186,"d":"42,186"},120000,52]
[1964,"White Magpie","Victoria",null,"Oglala Sioux Tribe",null,null,"C-1",null,null,{"v":42186,"d":"42,186"},120000,52]
[1965,"Little Wounded","Patricia",null,"Cheyenne River Sioux Tribe",{"$nulls":3},"C-2",null,{"v":42186,"d":"42,186"},120000,52]
[1966,"High Hawk","Natasha",null,"Oglala Sioux Tribe",null,null,"C-1",null,null,{"v":42186,"d":"42,186"},120000,53]
[1967,"Vitalis","Darrell",null,"Oglala Sioux Tribe",null,null,"C-1",null,null,{"v":42186,"d":"42,186"},120000,53]
[1968,"Wilson","Edna",null,"Oglala Sioux Tribe",null,null,"C-1",null,null,{"v":42186,"d":"42,186"},120000,53]
[1969,"Two Bulls","Ron",null,"Oglala Sioux Tribe",null,"B",{"$nulls":3},{"v":42186,"d":"42,186"},35000,53]
[1970,"Dull Knife","Guy","Sr","Oglala Sioux Tribe",null,null,"C-1",null,null,{"v":42186,"d":"42,186"},120000,53]
[1971,"Black Feather","Glenda",null,"Oglala Sioux Tribe",null,"B",{"$nulls":3},{"v":42186,"d":"42,186"},35000,53]
[1972,"Chaddelsone-Little","Janice",null,"Oglala Sioux Tribe",null,"B",{"$nulls":3},{"v":42186,"d":"42,186"},35000,53]
[1973,"Red Cloud","Theresa",null,"Oglala Sioux Tribe",null,null,"C-1",null,null,{"v":42186,"d":"42,186"},120000,53]
[1974,"Standing Soldier","Donald",null,"Oglala Sioux Tribe",null,null,"C-1",null,null,{"v":42186,"d":"42,186"},120000,53]
[1975,"Owl King","Elizabeth",null,"Cheyenne River Sioux Tribe",{"$nulls":3},"C-2",null,{"v":42186,"d":"42,186"},120000,53]
[1976,"Noble","Joy",null,"Oglala Sioux Tribe",null,null,"C-1",null,null,{"v":42186,"d":"42,186"},120000,54]
[1977,"Feather Earring","Luwanda",null,"Oglala Sioux Tribe",null,null,"C-1",null,null,{"v":42186,"d":"42,186"},120000,54]
[1978,"Martin","Antoine",null,"Oglala Sioux Tribe",null,null,"C-1",null,null,{"v":42186,"d":"42,186"},120000,54]
[1979,"Janis ","Filbert",null,"Oglala Sioux Tribe",null,"B",{"$nulls":3},{"v":42186,"d":"42,186"},35000,54]
[1980,"Martin","Lema",null,"Oglala Sioux Tribe",null,null,"C-1",null,null,{"v":42186,"d":"42,186"},120000,54]
[1981,"DeSersa","Clifton",null,"Oglala Sioux Tribe",null,null,"C-1",null,null,{"v":42186,"d":"42,186"},120000,54]
[1982,"Little Bear","Roselyn",null,"Oglala Sioux Tribe",null,null,"C-1",null,null,{"v":42186,"d":"42,186"},120000,54]
[1983,"Phillips","Beatrice",null,"Cheyenne River Sioux Tribe",{"$nulls":3},"C-2",null,{"v":42186,"d":"42,186"},120000,54]
[1984,"Catches","Veda",null,"Cheyenne River Sioux Tribe",{"$nulls":3},"C-2",null,{"v":42186,"d":"42,186"},120000,54]
[1985,"Hill","Ford",null,"Cheyenne River Sioux Tribe",{"$nulls":3},"C-2",null,{"v":42186,"d":"42,186"},120000,54]
[1986,"Collins","Phyllis",null,"Cheyenne River Sioux Tribe",{"$nulls":3},"C-2",null,{"v":42186,"d":"42,186"},120000,54]
[{"$f":"A1995+1","v":1987},"Huber","Elsie",null,"Rosebud Sioux Tribe",null,"B",{"$nulls":3},{"v":42186,"d":"42,186"},35000,55]
[1988,"Janis","Tiffany",null,"Oglala Sioux Tribe",null,null,"C-1",null,null,{"v":42186,"d":"42,186"},120000,55]
[1989,"Hollow Horn","Joyce",null,"Oglala Sioux Tribe",null,null,"C-1",null,null,{"v":42186,"d":"42,186"},120000,55]
[1990,"Warrior","Sylvia",null,"Oglala Sioux Tribe",null,null,"C-1",null,null,{"v":42186,"d":"42,186"},120000,55]
[1991,"Janis","Donna",null,"Oglala Sioux Tribe",null,null,"C-1",null,null,{"v":42186,"d":"42,186"},120000,55]
[1992,"Garfield","John",null,"Oglala Sioux Tribe",null,"B",{"$nulls":3},{"v":42186,"d":"42,186"},35000,55]
[1993,"Red Paint","Matthew",null,"Oglala Sioux Tribe",null,null,"C-1",null,null,{"v":42186,"d":"42,186"},120000,55]
[1994,"Little White Man","Louis",null,"Oglala Sioux Tribe",{"$nulls":3},"C-2",null,{"v":42186,"d":"42,186"},120000,56]
[1995,"Lone Hill","Mildred",null,"Oglala Sioux Tribe",null,null,"C-1",null,null,{"v":42186,"d":"42,186"},120000,56]
[1996,"Coleman","Ella",null,"Oglala Sioux Tribe",null,"B",{"$nulls":3},{"v":42186,"d":"42,186"},35000,56]
[1997,"Catches","Cynthia",null,"Oglala Sioux Tribe",null,null,"C-1",null,null,{"v":42186,"d":"42,186"},120000,56]
[1998,"In The Woods","Loveleah",null,"Cheyenne River Sioux Tribe",{"$nulls":3},"C-2",null,{"v":42186,"d":"42,186"},120000,56]
[1999,"Locke","Mary",null,"Oglala Sioux Tribe",null,null,"C-1",null,null,{"v":42186,"d":"42,186"},120000,57]
[2000,"Long ","Bart",null,"Oglala Sioux Tribe",null,"B",{"$nulls":3},{"v":42186,"d":"42,186"},35000,57]
[2001,"Rodriquez","Marilyn",null,"Oglala Sioux Tribe",null,null,"C-1",null,null,{"v":42186,"d":"42,186"},120000,57]
[2002,"Kills Plenty","Marie",null,"Rosebud Sioux Tribe",null,"B",{"$nulls":3},{"v":42186,"d":"42,186"},35000,58]
[2003,"Tobacco","Orlando",null,"Oglala Sioux Tribe",null,null,"C-1",null,null,{"v":42186,"d":"42,186"},120000,58]
[2004,"Garnette","Aqualynne",null,"Oglala Sioux Tribe",null,null,"C-1",null,null,{"v":42186,"d":"42,186"},120000,58]
[2005,"One Feather","Phyllis",null,"Oglala Sioux Tribe",{"$nulls":3},"C-2",null,{"v":42186,"d":"42,186"},120000,58]
[2006,"Cottier","Leo",null,"Oglala Sioux Tribe",null,null,"C-1",null,null,{"v":42186,"d":"42,186"},120000,58]
[2007,"Mousseaux","Oletha",null,"Oglala Sioux Tribe",null,"B",{"$nulls":3},{"v":42186,"d":"42,186"},35000,58]
[2008,"Walker","Quanah",null,"Cheyenne River Sioux Tribe",{"$nulls":3},"C-2",null,{"v":42186,"d":"42,186"},120000,58]
[2009,"Danley","Elberta",null,"Cheyenne River Sioux Tribe",{"$nulls":3},"C-2",null,{"v":42186,"d":"42,186"},120000,58]
[2010,"Iron Wing","Barbara",null,"Cheyenne River Sioux Tribe",{"$nulls":3},"C-2",null,{"v":42186,"d":"42,186"},120000,58]
[2011,"Herman","Patrick ","Sr","Rosebud Sioux Tribe",null,null,"C-1",null,null,{"v":42186,"d":"42,186"},120000,59]
[2012,"Whirlwind Horse","William",null,"Oglala Sioux Tribe",null,"B",{"$nulls":3},{"v":42186,"d":"42,186"},35000,59]
[2013,"Brave Eagle","Ruby",null,"Oglala Sioux Tribe",null,null,"C-1",null,null,{"v":42186,"d":"42,186"},120000,59]
[2014,"Martin-Vegas","Carmel",null,"Oglala Sioux Tribe",null,null,"C-1",null,null,{"v":42186,"d":"42,186"},120000,59]
[2015,"White Bull","Dawn",null,"Oglala Sioux Tribe",{"$nulls":3},"C-2",null,{"v":42186,"d":"42,186"},120000,60]
[2016,"Elk","Anthony",null,"Three Affiliated Tribes",null,null,"C-1",null,null,{"v":42186,"d":"42,186"},120000,60]
[2017,"Good Shield","Mary",null,"Cheyenne River Sioux Tribe",{"$nulls":3},"C-2",null,{"v":42186,"d":"42,186"},120000,60]
[2018,"LaPlante","Lanny",null,"Cheyenne River Sioux Tribe",{"$nulls":3},"C-2",null,{"v":42186,"d":"42,186"},120000,60]
[2019,"Watkins","Lisa",null,"Oglala Sioux Tribe",null,null,"C-1",null,null,{"v":42186,"d":"42,186"},120000,61]
[2020,"Montreal","Magdeline",null,"Cheyenne River Sioux Tribe",{"$nulls":3},"C-2",null,{"v":42186,"d":"42,186"},120000,61]
[2021,"Montreal","Magdeline",null,"Cheyenne River Sioux Tribe",{"$nulls":3},"C-2",null,{"v":42186,"d":"42,186"},120000,61]
[2022,"Starr","Edward",null,"Oglala Sioux Tribe",null,null,"C-1",null,null,{"v":42186,"d":"42,186"},120000,62]
[2023,"Lefthand","Richard",null,"Oglala Sioux Tribe",null,null,"C-1",null,null,{"v":42186,"d":"42,186"},120000,62]
[2024,"Yellow Wolf","Eunice",null,"Oglala Sioux Tribe",null,null,"C-1",null,null,{"v":42186,"d":"42,186"},120000,62]
[2025,"Dixon","Althea",null,"Oglala Sioux Tribe",null,"B",{"$nulls":3},{"v":42186,"d":"42,186"},35000,62]
[2026,"Black Bear","Millie",null,"Oglala Sioux Tribe",null,null,"C-1",null,null,{"v":42186,"d":"42,186"},120000,62]
[2027,"Little Bear","Roselyn",null,"Oglala Sioux Tribe",null,null,"C-1",null,null,{"v":42186,"d":"42,186"},120000,63]
[2028,"Red Cloud","Sylvia",null,"Oglala Sioux Tribe",null,"B",{"$nulls":3},{"v":42186,"d":"42,186"},35000,63]
[2029,"Garnette","Anthony",null,"Oglala Sioux Tribe",null,null,"C-1",null,null,{"v":42186,"d":"42,186"},120000,64]
[2030,"Standing Soldier","Vern",null,"Oglala Sioux Tribe",null,null,"C-1",null,null,{"v":42186,"d":"42,186"},120000,65]
[2031,"Swan","Barbara",null,"Oglala Sioux Tribe",null,null,"C-1",null,null,{"v":42186,"d":"42,186"},120000,66]
[2032,"Twin","Irvene",null,"Oglala Sioux Tribe",null,null,"C-1",null,null,{"v":42186,"d":"42,186"},120000,66]
[2033,"Eagle Hawk","Christopher",null,"Oglala Sioux Tribe",null,null,"C-1",null,null,{"v":42186,"d":"42,186"},120000,66]
[2034,"Brings Him Back","Olive",null,"Oglala Sioux Tribe",null,null,"C-1",null,null,{"v":42186,"d":"42,186"},120000,67]
[2035,"Grass","Duffy",null,"Oglala Sioux Tribe",null,null,"C-1",null,null,{"v":42186,"d":"42,186"},120000,68]
[2036,"Broken Nose","Tex",null,"Oglala Sioux Tribe",null,null,"C-1",null,null,{"v":42186,"d":"42,186"},120000,69]
[2037,"Around Him-Fineran","Anne",null,"Oglala Sioux Tribe",null,"B",{"$nulls":3},{"v":42186,"d":"42,186"},35000,71]
[2038,"Cortier","Lila",null,"Oglala Sioux Tribe",{"$nulls":3},"C-2",null,{"v":42186,"d":"42,186"},120000,79]
[2039,"Brown Thunder","Joe",null,"Oglala Sioux Tribe",null,null,"C-1",null,null,{"v":42186,"d":"42,186"},120000,83]
[2040,"Garnette","Theodore",null,"Oglala Sioux Tribe",null,"B",{"$nulls":3},{"v":42186,"d":"42,186"},35000,93]
[2041]
[null,"Pretty Weasel","Kristen",null,"Cheyenne River Sioux Tribe",{"$nulls":3},"C-2",null,{"v":42186,"d":"42,186"},120000,10]
[null,"Pretty Weasel","Madrick",null,"Cheyenne River Sioux Tribe",{"$nulls":3},"C-2",null,{"v":42186,"d":"42,186"},120000,10,{"$f":"COUNT(N10:N2050)","v":3}]
[null,"Quilt","Charlene",null,"Cheyenne River Sioux Tribe",{"$nulls":3},"C-2",null,{"v":42186,"d":"42,186"},120000,10]
[null,"Red Bear","Pierce",null,"Cheyenne River Sioux Tribe",{"$nulls":3},"C-2",null,{"v":42186,"d":"42,186"},120000,10]
[null,"Red Bear","Arvin",null,"Cheyenne River Sioux Tribe",{"$nulls":3},"C-2",null,{"v":42186,"d":"42,186"},120000,10]
[null,"Red Bear","Gina",null,"Cheyenne River Sioux Tribe",{"$nulls":3},"C-2",null,{"v":42186,"d":"42,186"},120000,10]
[null,"Red Bear","Sheldon",null,"Cheyenne River Sioux Tribe",{"$nulls":3},"C-2",null,{"v":42186,"d":"42,186"},120000,10]
[null,"Red Bird","Cheryl",null,"Cheyenne River Sioux Tribe",{"$nulls":3},"C-2",null,{"v":42186,"d":"42,186"},120000,10]
[null,"Red Bird","Rochelle",null,"Cheyenne River Sioux Tribe",{"$nulls":3},"C-2",null,{"v":42186,"d":"42,186"},120000,10]
[null,"Red Bull ","Elizabeth",null,"Cheyenne River Sioux Tribe",{"$nulls":3},"C-2",null,{"v":42186,"d":"42,186"},120000,10]
[null,"Red Fox","Sandra",null,"Cheyenne River Sioux Tribe",{"$nulls":3},"C-2",null,{"v":42186,"d":"42,186"},120000,10]
[null,"Red Fox","Patricia",null,"Cheyenne River Sioux Tribe",{"$nulls":3},"C-2",null,{"v":42186,"d":"42,186"},120000,10]
[null,"Red Horse","Devina",null,"Cheyenne River Sioux Tribe",{"$nulls":3},"C-2",null,{"v":42186,"d":"42,186"},120000,10]
[null,"Red Horse","Iris",null,"Cheyenne River Sioux Tribe",{"$nulls":3},"C-2",null,{"v":42186,"d":"42,186"},120000,10]
[null,"Reindle","Maris",null,"Cheyenne River Sioux Tribe",{"$nulls":3},"C-2",null,{"v":42186,"d":"42,186"},120000,10]
[null,"Richards","Jacey",null,"Cheyenne River Sioux Tribe",{"$nulls":3},"C-2",null,{"v":42186,"d":"42,186"},120000,10]
[null,"Rivers","Patrick",null,"Cheyenne River Sioux Tribe",{"$nulls":3},"C-2",null,{"v":42186,"d":"42,186"},120000,10]
[null,"Rivers","William",null,"Cheyenne River Sioux Tribe",{"$nulls":3},"C-2",null,{"v":42186,"d":"42,186"},120000,10]
[null,"Roach","Cameo",null,"Cheyenne River Sioux Tribe",{"$nulls":3},"C-2",null,{"v":42186,"d":"42,186"},120000,10]
[null,"Roberts","Melissa",null,"Cheyenne River Sioux Tribe",{"$nulls":3},"C-2",null,{"v":42186,"d":"42,186"},120000,10]
[null,"Romero","Mabel",null,"Cheyenne River Sioux Tribe",{"$nulls":3},"C-2",null,{"v":42186,"d":"42,186"},120000,10]
[null,"Rosas","Dion",null,"Cheyenne River Sioux Tribe",{"$nulls":3},"C-2",null,{"v":42186,"d":"42,186"},120000,10]
[null,"Runs After","Marilyn",null,"Cheyenne River Sioux Tribe",{"$nulls":3},"C-2",null,{"v":42186,"d":"42,186"},120000,10]
[null,"Sand","Frankie",null,"Cheyenne River Sioux Tribe",{"$nulls":3},"C-2",null,{"v":42186,"d":"42,186"},120000,10]
[null,"Sand","Caroline",null,"Cheyenne River Sioux Tribe",null,null,"C-1",null,null,{"v":42186,"d":"42,186"},120000,10]
[null,"Sherman","Marita",null,"Cheyenne River Sioux Tribe",{"$nulls":3},"C-2",null,{"v":42186,"d":"42,186"},120000,10]
[null,"Shooter","Jacob",null,"Cheyenne River Sioux Tribe",{"$nulls":3},"C-2",null,{"v":42186,"d":"42,186"},120000,10]
[null,"Spotted Bear","Robert",null,"Cheyenne River Sioux Tribe",{"$nulls":3},"C-2",null,{"v":42186,"d":"42,186"},120000,10]
[null,"Spotted Horse","Kim",null,"Cheyenne River Sioux Tribe",{"$nulls":3},"C-2",null,{"v":42186,"d":"42,186"},120000,10]
[null,"Stadel","Jordan",null,"Cheyenne River Sioux Tribe",{"$nulls":3},"C-2",null,{"v":42186,"d":"42,186"},120000,10]
[null,"Strong Heart","Sylvia",null,"Cheyenne River Sioux Tribe",{"$nulls":3},"C-2",null,{"v":42186,"d":"42,186"},120000,10]
[null,"Sunkaska","David",null,"Cheyenne River Sioux Tribe",{"$nulls":3},"C-2",null,{"v":42186,"d":"42,186"},120000,10]
[null,"Swimmer","Tim",null,"Cheyenne River Sioux Tribe",{"$nulls":3},"C-2",null,{"v":42186,"d":"42,186"},120000,10]
[null,"Takes The Knife","Jorden",null,"Cheyenne River Sioux Tribe",{"$nulls":3},"C-2",null,{"v":42186,"d":"42,186"},120000,10]
[null,"Takes The Knife","Marty",null,"Cheyenne River Sioux Tribe",{"$nulls":3},"C-2",null,{"v":42186,"d":"42,186"},120000,10]
[null,"Talks","Sandra",null,"Cheyenne River Sioux Tribe",{"$nulls":3},"C-2",null,{"v":42186,"d":"42,186"},120000,10]
[null,"Taylor","Paula",null,"Cheyenne River Sioux Tribe",{"$nulls":3},"C-2",null,{"v":42186,"d":"42,186"},120000,10]
[null,"Taylor","Charles",null,"Cheyenne River Sioux Tribe",{"$nulls":3},"C-2",null,{"v":42186,"d":"42,186"},120000,10]
[null,"Thompson","Alex",null,"Cheyenne River Sioux Tribe",null,null,"C-1",null,null,{"v":42186,"d":"42,186"},120000,10]
[null,"Thompson","Kenton",null,"Cheyenne River Sioux Tribe",{"$nulls":3},"C-2",null,{"v":42186,"d":"42,186"},120000,10]
[null,"Thompson","Marty",null,"Cheyenne River Sioux Tribe",null,null,"C-1",null,null,{"v":42186,"d":"42,186"},120000,10]
[null,"Traversie","Misti",null,"Cheyenne River Sioux Tribe",{"$nulls":3},"C-2",null,{"v":42186,"d":"42,186"},120000,10]
[null,"Two Hearts","Karen",null,"Cheyenne River Sioux Tribe",{"$nulls":3},"C-2",null,{"v":42186,"d":"42,186"},120000,10]
[null,"Uses Many","Jared",null,"Cheyenne River Sioux Tribe",{"$nulls":3},"C-2",null,{"v":42186,"d":"42,186"},120000,10]
[null,"Veo","Jeff",null,"Cheyenne River Sioux Tribe",{"$nulls":3},"C-2",null,{"v":42186,"d":"42,186"},120000,10]
[null,"Veo","Bill",null,"Cheyenne River Sioux Tribe",{"$nulls":3},"C-2",null,{"v":42186,"d":"42,186"},120000,10]
[null,"Viet","Joni",null,"Cheyenne River Sioux Tribe",{"$nulls":3},"C-2",null,{"v":42186,"d":"42,186"},120000,10]
[null,"Walking Crane","Arnold",null,"Cheyenne River Sioux Tribe",{"$nulls":3},"C-2",null,{"v":42186,"d":"42,186"},120000,10]
[null,"Waloke","April",null,"Cheyenne River Sioux Tribe",{"$nulls":3},"C-2",null,{"v":42186,"d":"42,186"},120000,10]
[null,"Waloke","Sylvester",null,"Cheyenne River Sioux Tribe",{"$nulls":3},"C-2",null,{"v":42186,"d":"42,186"},120000,10]
[null,"War Cloud","Artis",null,"Cheyenne River Sioux Tribe",null,null,"C-1",null,null,{"v":42186,"d":"42,186"},120000,10]
[null,"White Dog","David",null,"Cheyenne River Sioux Tribe",{"$nulls":3},"C-2",null,{"v":42186,"d":"42,186"},120000,10]
[null,"White Eagle","Leonard",null,"Cheyenne River Sioux Tribe",{"$nulls":3},"C-2",null,{"v":42186,"d":"42,186"},120000,10]
[null,"White Eyes","Lonny",null,"Cheyenne River Sioux Tribe",{"$nulls":3},"C-2",null,{"v":42186,"d":"42,186"},120000,10]
[null,"White Feather","Virginia",null,"Cheyenne River Sioux Tribe",{"$nulls":3},"C-2",null,{"v":42186,"d":"42,186"},120000,10]
[null,"White Feather","Evan",null,"Cheyenne River Sioux Tribe",{"$nulls":3},"C-2",null,{"v":42186,"d":"42,186"},120000,10]
[null,"White Magpie","Wendell",null,"Cheyenne River Sioux Tribe",{"$nulls":3},"C-2",null,{"v":42186,"d":"42,186"},120000,10]
[null,"Whiteman","Oscar",null,"Cheyenne River Sioux Tribe",{"$nulls":3},"C-2",null,{"v":42186,"d":"42,186"},120000,10]
[null,"Widow","Narcelle",null,"Cheyenne River Sioux Tribe",{"$nulls":3},"C-2",null,{"v":42186,"d":"42,186"},120000,10]
[null,"Widow","Ed",null,"Cheyenne River Sioux Tribe",{"$nulls":3},"C-2",null,{"v":42186,"d":"42,186"},120000,10]
[null,"Widow","Norris",null,"Cheyenne River Sioux Tribe",{"$nulls":3},"C-2",null,{"v":42186,"d":"42,186"},120000,10]
[null,"Wolfe","Orlando",null,"Cheyenne River Sioux Tribe",{"$nulls":3},"C-2",null,{"v":42186,"d":"42,186"},120000,10]
[null,"Yellow Hawk","Kathy",null,"Cheyenne River Sioux Tribe",{"$nulls":3},"C-2",null,{"v":42186,"d":"42,186"},120000,10]
[null,"Young","Angela",null,"Cheyenne River Sioux Tribe",{"$nulls":3},"C-2",null,{"v":42186,"d":"42,186"},120000,10]
[null,"Belgarde","Imogene",null,"Spirit Lake Tribe",null,"B",{"$nulls":3},{"v":42186,"d":"42,186"},35000,20]
[null,"Greyhorn","Vincent","Sr","Spirit Lake Tribe",null,"B",{"$nulls":3},{"v":42186,"d":"42,186"},35000,20]
[null,"LaRoque","Trudy",null,"Spirit Lake Tribe",null,"B",{"$nulls":3},{"v":42186,"d":"42,186"},35000,20]
[null,"Ross","Claudette",null,"Spirit Lake Tribe",null,"B",{"$nulls":3},{"v":42186,"d":"42,186"},35000,25]
[null,"Cavanaugh","Daniel",null,"Spirit Lake Tribe",null,"B",{"$nulls":3},{"v":42186,"d":"42,186"},35000,10]
[null,"Lohnes","David","Sr","Spirit Lake Tribe",null,"B",{"$nulls":3},{"v":42186,"d":"42,186"},35000,10]
[null,"Thomas","Wanda",null,"Spirit Lake Tribe",null,"B",{"$nulls":3},{"v":42186,"d":"42,186"},35000,10]
[null,"Myrick","Pauline",null,"Spirit Lake Tribe",null,"B",{"$nulls":3},{"v":42186,"d":"42,186"},35000,10]
[null,"Demarce","Andrew",null,"Spirit Lake Tribe",null,"B",{"$nulls":3},{"v":42186,"d":"42,186"},35000,75]
[null,"Georgeson","Sharon",null,"Spirit Lake Tribe",null,"B",{"$nulls":3},{"v":42186,"d":"42,186"},35000,61]
[null,"Culbertson","Pierre",null,"Spirit Lake Tribe",null,"B",{"$nulls":3},{"v":42186,"d":"42,186"},35000,53]
[null,"Thomas","Richard",null,"Spirit Lake Tribe",null,"B",{"$nulls":3},{"v":42186,"d":"42,186"},35000,53]
[null,"Abraham","Glenn",null,"Spirit Lake Tribe",null,"B",{"$nulls":3},{"v":42186,"d":"42,186"},35000,46]
[null,"Bendickson","Deborah",null,"Spirit Lake Tribe",null,"B",{"$nulls":3},{"v":42186,"d":"42,186"},35000,44]
[null,"Littleghost","Elizabeth",null,"Spirit Lake Tribe",null,"B",{"$nulls":3},{"v":42186,"d":"42,186"},35000,42]
[null,"Jackson","Barbara",null,"Spirit Lake Tribe",null,"B",{"$nulls":3},{"v":42186,"d":"42,186"},35000,40]
[null,"Chaske","Corrine",null,"Spirit Lake Tribe",null,"B",{"$nulls":3},{"v":42186,"d":"42,186"},35000,38]
[null,"Cloud","Aloysius",null,"Spirit Lake Tribe",null,"B",{"$nulls":3},{"v":42186,"d":"42,186"},35000,38]
[null,"Touche","Omar",null,"Spirit Lake Tribe",null,"B",{"$nulls":3},{"v":42186,"d":"42,186"},35000,37]
[null,"Green","Inez",null,"Spirit Lake Tribe",null,"B",{"$nulls":3},{"v":42186,"d":"42,186"},35000,37]
[null,"Herman","Terrance",null,"Spirit Lake Tribe",null,"B",{"$nulls":3},{"v":42186,"d":"42,186"},35000,37]
[null,"Denne","Randy",null,"Spirit Lake Tribe",null,"B",{"$nulls":3},{"v":42186,"d":"42,186"},35000,35]
[null,"Cavanaugh","Peggy",null,"Spirit Lake Tribe",null,"B",{"$nulls":3},{"v":42186,"d":"42,186"},35000,34]
[null,"Woods ","Anna",null,"Spirit Lake Tribe",null,"B",{"$nulls":3},{"v":42186,"d":"42,186"},35000,31]
[null,"Chaske","Winfield",null,"Spirit Lake Tribe",null,"B",{"$nulls":3},{"v":42186,"d":"42,186"},35000,29]
[null,"Young","Wesley",null,"Spirit Lake Tribe",null,"B",{"$nulls":3},{"v":42186,"d":"42,186"},35000,28]
[null,"Morin","Andrew",null,"Spirit Lake Tribe",null,"B",{"$nulls":3},{"v":42186,"d":"42,186"},35000,27]
[null,"Redroad","Francis",null,"Spirit Lake Tribe",null,"B",{"$nulls":3},{"v":42186,"d":"42,186"},35000,27]
[null,"Whiteman","Cora",null,"Spirit Lake Tribe",null,"B",{"$nulls":3},{"v":42186,"d":"42,186"},35000,25]
[null,"Alfeldt","Joyce",null,"Spirit Lake Tribe",null,"B",{"$nulls":3},{"v":42186,"d":"42,186"},35000,25]
[null,"Sherman","Joseph",null,"Spirit Lake Tribe",null,"B",{"$nulls":3},{"v":42186,"d":"42,186"},35000,24]
[null,"Lawrence","Jeanette",null,"Spirit Lake Tribe",null,"B",{"$nulls":3},{"v":42186,"d":"42,186"},35000,23]
[null,"Lohnes","Steve",null,"Spirit Lake Tribe",null,"B",{"$nulls":3},{"v":42186,"d":"42,186"},35000,22]
[null,"Greywater","Delemma",null,"Spirit Lake Tribe",null,"B",{"$nulls":3},{"v":42186,"d":"42,186"},35000,21]
[null,"Ironheart","Silas","Jr","Spirit Lake Tribe",null,"B",{"$nulls":3},{"v":42186,"d":"42,186"},35000,19]
[null,"Stensland","Loretta",null,"Spirit Lake Tribe",null,"B",{"$nulls":3},{"v":42186,"d":"42,186"},35000,18]
[null,"Demarce","Timothy",null,"Spirit Lake Tribe",null,"B",{"$nulls":3},{"v":42186,"d":"42,186"},35000,18]
[null,"Wadsworth","Darlene",null,"Spirit Lake Tribe",null,"B",{"$nulls":3},{"v":42186,"d":"42,186"},35000,17]
[null,"Robinson","Elaine",null,"Spirit Lake Tribe",null,"B",{"$nulls":3},{"v":42186,"d":"42,186"},35000,2]
[null,"Thomas","Adrian",null,"Spirit Lake Tribe",null,"B",{"$nulls":3},{"v":42186,"d":"42,186"},35000,10]
[null,"Feather","Virgil",null,"Spirit Lake Tribe",null,"B",{"$nulls":3},{"v":42186,"d":"42,186"},35000,10]
[null,"Belgarde","Cheryl",null,"Spirit Lake Tribe",null,"B",{"$nulls":3},{"v":42186,"d":"42,186"},35000,10]
[null,"Davidson","Eunice",null,"Spirit Lake Tribe",null,"B",{"$nulls":3},{"v":42186,"d":"42,186"},35000,10]
[null,"Jetty","Charlene",null,"Spirit Lake Tribe",null,"B",{"$nulls":3},{"v":42186,"d":"42,186"},35000,10]

{"sheet":"Instructions ","index":3,"n_rows":133,"n_cols":2,"rows_kept":133,"merged":[[1,1,1,6],[2,1,2,6],[3,1,3,6],[4,1,4,6],[5,1,5,6],[6,1,6,6],[7,1,7,6],[8,0,8,6],[9,1,9,5],[10,1,10,5],[11,1,11,6],[12,1,12,6],[13,1,13,6],[14,1,14,6],[15,1,15,6],[16,1,16,6],[17,1,17,6],[18,1,18,6],[19,1,19,6],[20,1,20,6],[21,1,21,6],[22,1,22,6],[23,1,23,6],[25,1,25,5],[26,1,26,6],[27,1,27,6],[28,1,28,6],[29,1,29,6],[30,1,30,6],[31,1,31,6],[32,1,32,6],[33,1,33,6],[35,1,35,2],[36,1,36,6],[37,1,37,6],[38,1,38,6],[39,1,39,6],[40,1,40,6],[41,1,41,6],[42,1,42,6],[43,1,43,2],[44,1,44,2],[45,1,45,6],[46,1,46,6],[47,1,47,6],[48,1,48,6],[49,1,49,6],[50,1,50,6],[51,1,51,6],[52,1,52,6],[54,1,54,6],[55,1,55,5],[56,1,56,6],[57,1,57,6],[58,1,58,6],[59,1,59,6],[60,1,60,6],[61,1,61,6],[62,1,62,6],[63,1,63,6],[64,1,64,6],[65,1,65,6],[66,1,66,6],[67,1,67,6],[68,1,68,6],[69,1,69,6],[70,1,70,6],[71,1,71,6],[72,1,72,6],[73,1,73,6],[74,1,74,6],[75,1,75,6],[76,1,76,6],[77,1,77,6],[78,1,78,6],[79,1,79,6],[80,1,80,6],[81,1,81,6],[82,1,82,6],[83,1,83,6],[84,1,84,5],[85,1,85,5],[86,1,86,6],[87,1,87,6],[88,1,88,6],[89,1,89,6],[90,1,90,6],[91,1,91,6],[92,1,92,6],[93,1,93,6],[94,1,94,6],[95,1,95,6],[96,1,96,6],[97,1,97,6],[98,1,98,6],[99,1,99,6],[100,1,100,6],[101,1,101,6],[102,1,102,6],[103,1,103,6],[104,1,104,6],[105,1,105,6],[106,1,106,6],[107,1,107,6],[108,1,108,6],[110,1,110,5],[111,1,111,6],[112,1,112,6],[113,1,113,6],[114,1,114,6],[115,1,115,6],[116,1,116,6],[117,1,117,6],[118,1,118,6],[119,1,119,6],[120,1,120,6],[121,1,121,6],[122,1,122,6],[123,1,123,6],[124,1,124,6],[125,1,125,6],[126,1,126,6],[127,1,127,6],[128,1,128,6],[129,1,129,6],[130,1,130,6],[131,1,131,6]]}
[]
[null,"This workbook was created using Windows 7, Office Suite Excel 10. There may be some compatibility issues when trying to use this workbook with an earlier version of Excel.May not work with Microsoft Excel 5.0/95 Workbook version. "]
[null,"You are using the Electronic VBA Version of the 2019 HIP Tribal Annual Performance Report. This version shall only be used for FY 2019."]
[null,"This workbook contains macros and formulas, to properly use this Excel Workbook, you must save as enabled Workbook or enable the security macros."]
[null,"To save for use with an older version of Excel,choose Office,then Save As and select one of these options from the Save As Type dropdown list:1)Excel 97-2003 Workbook;2)Save as type:Excel Enabled Workbook;3)Save by adding your tribe name to file;(e.g. 2019 HIP Tribal Annual Performance Report - Your Tribe name)"]
[null,"The 2019 HIP Tribal Annual Performance Report is due to your respective region by COB December 31, 2018."]
[null,"Before submitting this workbook to your respective Regional Office,                                     please save as type: Excel Workbook."]
[null,"Operating Systems: Windows 7 or recommended Windows Vista, or Windows xp Service pack 3"]
[]
[null,"Profile"]
[null,"Item Number Instructions"]
[null,"To properly populate the combo box, please make selection in the regions   dropdown box twice."]
[1,"Select Region from Dropdown box, twice."]
[{"$f":"A13+1","v":2},"Select Tribe/Consortium from Dropdown box."]
[{"$f":"A14+1","v":3},"Press the continue button."]
[{"$f":"A15+1","v":4},"Select member Tribe of Consortia from Dropdown Box"]
[{"$f":"A16+1","v":5},"Provide four digit fiscal year (FY) that identifies fiscal year in which work plan will be implemented. (Fiscal year beginning in October 1, of the current calendar year)."]
[6,"Provide name of preparer in the event we may need to contact you."]
[7,"Select position that you are currently holding from Dropdown Box."]
[8,"Provide phone number."]
[9,"Provide fax number."]
[10,"Provide email address."]
[11,"Digital signature, will Autofill when cell \"D10\" is filled. (Cell is protected)"]
[12,"Will Autofill when cell \"D9\" is filled. (Cell is protected)"]
[]
[null,"Form"]
[null,"Portions of this worksheet are protected and has formulas."]
[1,"Provide District or Member Tribe of consortia, if applicable."]
[{"$f":"A28+1","v":2},"Provide Last Name of Applicant."]
[{"$f":"A29+1","v":3},"Provide First Name of Applicant."]
[4,"Select Suffix Name from Dropdown Box ( i.e. Sr. Jr. III. IV) "]
[5,"Provide Tribal Enrollment number of applicant."]
[6,"Select Category of service, applicant is requesting from Dropdown Box. (i.e. A, B, C-1, C-2, D) "]
["7a","Provide Last Name of Spouse"]
["7b","Provide year to be served"]
["7c","Provide date of when the application was signed"]
[8,"Provide First Name of Spouse."]
[9,"Provide enrollment number of spouse."]
[10,"Provide total amount of income for all family members."]
[11,"Provide number of occupants in household."]
[12,"Provide birthdate of  1st aged person. (i.e. 06/13/1950)"]
[13,"Provide degree of disability (i.e. 100%, 50%) "]
[14,"Provide number of dependents."]
[15,"Select \"Yes\" if house is in  dilapidated condition              Select, \"No\" if house in in repairable condition."]
[16,"Select \"Yes\" if applicant is a Native Veteran"]
[17,"Provide date when applicant signed application."]
[18,"Select \"Yes\" if applicant received a letter of denial of service and is waiting list from Tribal Housing Authority.        Select \"Pending\" if applicant will get a letter from Housing Authority at a later time.                             Select, \"No\" if  applicant received housing assitance within the last 20 years. (Has Hyperlink)"]
[19,"Provide an Estimated Start Date. (i.e. 07/16/2013)"]
[20,"Provide an Estimated cost for project. (i.e. 130,000)"]
[21,"Click the \"Transfer\" button to print Priority Calculation sheet and transfer data to worksheets \"Priority Calculation\" and \"Tribe Part I\". Place printed calculation sheet in Applicant case file."]
[22,"For extra sheets, Click the \"Print\" button to print the Calculation sheet ."]
[23]
[24]
[]
[null,"*Program Category:  (A)  Interim Improvements; (B) Renovations; (C-1) Replacement Housing (replacement of existing, substandard dwelling); (C-2) Replacement Housing (housing provided, no existing dwelling) "]
[null,"Priority List Form"]
[null,"Portions of this worksheet are protected and has formulas."]
[null,"Row \"2\", Cell \"C2\" will auto fill from information entered in worksheet \"Form\". (Cell is protected)"]
[1,"Row \"2\", Cell \"M2\" will auto fill from information entered in worksheet \"Form\". (Cell is protected)"]
[{"$f":"A59+1","v":2},"Row \"3\", Cell \"M3\" will auto fill from information entered in worksheet \"Form\". (Cell is protected)"]
[{"$f":"A60+1","v":3},"Row \"4\",Cell \"M4\" will auto fill from information entered in worksheet \"Form\". (Cell is protected)"]
[4,"Column B will auto fill from information entered in worksheet \"Form\". "]
[5,"Column C will auto fill from information entered in worksheet \"Form\"."]
[6,"Column D will auto fill from information entered in worksheet \"Form\"."]
[7,"Column E will auto fill from information entered in worksheet \"Form\". "]
[8,"Column F will auto fill from information entered in worksheet \"Form\". "]
[9,"Column G will auto fill from information entered in worksheet \"Form\". "]
[10,"Column H will auto fill from information entered in worksheet \"Form\". "]
[11,"Column I will auto fill from information entered in worksheet \"Form\". "]
[12,"Column J will auto fill from information entered in worksheet \"Form\". "]
[13,"Column K will auto fill from information entered in worksheet \"Form\". "]
[14,"Column L will auto fill from information entered in worksheet \"Form\". "]
[15,"Column M will auto fill from information entered in worksheet \"Form\". "]
[16,"Column N will auto fill from information entered in worksheet \"Form\". "]
[17,"Column O will auto fill from information entered in worksheet \"Form\". "]
[18,"Column P will auto fill from information entered in worksheet \"Form\". "]
[19,"Column Q will auto fill from information entered in worksheet \"Form\". "]
[20,"Column R will auto fill from information entered in worksheet \"Form\". "]
[21,"Column S will auto fill from information entered in worksheet \"Form\". "]
[22,"Column T will auto fill from information entered in worksheet \"Form\". "]
[23,"Column U will auto fill from information entered in worksheet \"Form\". "]
[24,"Column V will auto fill from information entered in worksheet \"Form\". "]
[25,"When printing Priority Calculation sheet, to prevent printing extra sheets, select file, select print, select active sheets and select the number of sheets you want to print."]
[]
[null,"Tribe Part I"]
[null,"Item Number Instructions"]
[]
[null,"Row \"2\", Cell \"E2\" will auto fill from information entered in worksheet \"Form\". (Cell is protected)"]
[1,"Row \"2\", Cell \"K2\" will auto fill from information entered in worksheet \"Form\". (Cell is protected)"]
[null,"Row \"3\", Cell \"E3\" will auto fill from information entered in worksheet \"Form\". (Cell is protected)"]
[{"$f":"A89+1","v":2},"Row \"3\", Cell \"K3\" will auto fill from information entered in worksheet \"Form\". (Cell is protected)"]
[null,"Row \"4\",Cell \"E4\" will auto fill from information entered in worksheet \"Form\". (Cell is protected)"]
[{"$f":"A91+1","v":3},"Row \"4\", Cell \"K4\" will auto fill from information entered in worksheet \"Form\". (Cell is protected)"]
[null,"Row \"5\", Cell \"E5\" will auto fill from information entered in worksheet \"Form\". (Cell is protected)"]
[{"$f":"A93+1","v":4},"Row \"5\", Cell \"K5\" will auto fill from information entered in worksheet \"Form\". (Cell is protected)"]
[null,"Column B will auto fill from information entered in worksheet \"Form\". "]
[{"$f":"A95+1","v":5},"Column C will auto fill from information entered in worksheet \"Form\"."]
[null,"Column D will auto fill from information entered in worksheet \"Form\"."]
[null,"Column E will auto fill from information entered in worksheet \"Form\". "]
[{"$f":"A97+1","v":6},"Column F will auto fill from information entered in worksheet \"Form\". "]
[{"$f":"A100+1","v":7},"Column G will auto fill from information entered in worksheet \"Form\". "]
[null,"Column H will auto fill from information entered in worksheet \"Form\". "]
[null,"Column I will auto fill from information entered in worksheet \"Form\". "]
[null,"Column J will auto fill from information entered in worksheet \"Form\". "]
["8a","Column K will auto fill from information entered in worksheet \"Form\". "]
["8b","Column L will auto fill from information entered in worksheet \"Form\". "]
["9a","Column M will auto fill from information entered in worksheet \"Form\". "]
[null,"Column N will auto fill from information entered in worksheet \"Form\". "]
["9b","When printing Tribe Part I, to prevent printing extra sheets, select file, select print,select print active sheets and select the number of sheets you want to print."]
[]
[null,"Tribe Part II"]
[null,"Item Number Instructions"]
[null,"Portions of this worksheet areprotected and has formulas, it contains no macros."]
[]
[null,"Will autofill (Cells are protected)"]
["1a","Will autofill (Cells are protected)"]
["1b","Will autofill (Cells are protected)"]
["2a","Will autofill (Cells are protected)"]
["2b","Will autofill (Cells are protected)"]
["2c","For each recipient provided program service, within accomplishing reporting FY, enter last and first name of recipient."]
[3,"Provide Name of the Tribe/Consortium for which information is being reported."]
[4,"For each recipient listed in Item Number 3,enter the type of program assistance provided, by entering a digit (1) in the applicable Program Category column(s):"]
[5,"     (A)   Interim Improvements (Repairs)"]
[null,"     (B)   Renovations"]
[null,"     (C-1) Replacement Housing (replacement of existing substandard housing)."]
[null,"     (C-2) New Housing (provision of housing for families without a home)."]
[null,"     (D) Down Payment Assistance (provision of housing in providing a grant for down payment)."]
[null,"For each recipient listed in Item 6a, enter the Actual Start Date (MM/YY) of the construction project."]
["6a","For each recipient listed in Item 6, enter Actual Completion Date of the project."]
["6b","For each recipient listed in Item Number 7a, enter Actual Administrative Cost of the project."]
["7a","For each recipient listed in Item Number 7b, enter Actual Project Cost."]
["7b","Will autofill. (Cell is Protected)"]
["7c"]

{"sheet":"Profile","index":4,"n_rows":572,"n_cols":20,"rows_kept":572,"merged":[[0,1,0,4],[1,1,1,4],[2,1,2,4],[6,1,6,4],[14,2,14,4],[19,1,21,4],[28,1,28,4],[29,1,35,4],[36,1,36,4],[37,1,42,4]]}
[null,"Housing Improvement Program",{"$nulls":5},"ALASKA","EASTERN OKLAHOMA","EASTERN ","GREAT PLAINS","MIDWEST","NAVAJO","NORTHWEST","PACIFIC","ROCKY MOUNTAIN","SOUTHERN PLAINS","SOUTHWEST","WESTERN"]
[null,"Tribal Annual Performance Report",{"$nulls":4},"ALASKA","Arctic Slope Native Association","Chickasaw","Catawba","Crow Creek","Bay Mills","Navajo Nation","Chehalis","Agua Caliente","Crow","Alabama-Coushatta","Cochiti","Ak-Chin Community","Housing Officer"]
[null,"Profile",{"$nulls":4},"EASTERN ","Association of Village Council Presidents","Choctaw","Cherokee","Flandreau","Bois Forte",null,"Coeur D'alene","Alturas","Blackfeet","Apache Of Oklahoma","Isleta","Battle Mountain","Housing Executive Director"]
[{"$nulls":6},"EASTERNOKLAHOMA","Bristol Bay Native Association","Creek","Chitimacha","Fort Berthold","Fon Du Lac",null,"Colville","Auburn","Fort Belknap","Caddo","Jemez","Cocopah","Housing Director"]
[null,1,"Region",{"$nulls":3},"GREATPLAINS","Central Council Tlingit and Haida","Eastern Shawnee","Choctaw","Fort Totten","Forest County",null,"Coos Bay","Augustine","Fort Peck","Cheyenne & Arapaho","Jicarilla","Colorado River","Housing Coordinator"]
[null,2,"Tribe / Consortia",{"$nulls":3},"MIDWEST","Cook Inlet Tribal Council","Miami","Coushatta","Lower Brule","Grand Portage",null,"Coquille","Barona","Northern Cheyenne","Citizen Potawatomi","Laguna","Duck Valley","Other"]
[{"$nulls":6},"NAVAJO","Council Of Athabascan Tribal Governments","Modoc","Indian Township","Oglala Sioux Pine Ridge","Grand Traverse",null,"Cow Creek","Benton","Rocky Boy's","Comanche Nation","Mescalero","Duckwater"]
[null,3,"Agency",{"$nulls":3},"NORTHWEST","Fairbanks Native Association","Osage","Jena Choctaw","Omaha","Hannahville",null,"Cowlitz","Berry Creek","Northern Arapaho","Delaware","Nambe","Elko"]
[null,4,"Fiscal Year",{"$nulls":3},"PACIFIC","Inupiat Community of the Arctic Slope","Ottawa","Maliseet","Ponca","Ho-Chunk (Wis. Potawatomi)",null,"Grand Ronde","Big Lagoon","Shoshone","Fort Sill Apache","Picuris","Ely"]
[null,5,"Name",{"$nulls":3},"ROCKYMOUNTAIN","Kawerak Inc","Peoria","Miccosukee","Rosebud Sioux","Huron Band of Potawatomi",null,"Hoh","Big Pine",null,"Iowa Of Kansas","Pojoaque","Fallon"]
[null,6,"Title",{"$nulls":3},"SOUTHERNPLAINS","Kuskokwim Native Association","Quapaw","Micmac","Santee Sioux","Keweenaw Bay",null,"Sb-Jamestown S'kallum","Big Sandy",null,"Iowa Of Oklahoma","Ramah","Fort McDermitt"]
[null,7,"Phone #",{"$nulls":3},"SOUTHWEST","Maniilaq Association","Seminole","Narrangansett","Sisseton-Wahpeton","Lac Courte Oreilles",null,"Kalispel","Big Valley",null,"Kaw Of Oklahoma","San Felipe","Fort McDowell"]
[null,8,"Fax #",{"$nulls":3},"WESTERN","Tanana Chiefs Conference","Seneca-Cayuga","Pamunkey  Indian Tribe","Standing Rock","Lac Du Flambeau",null,"Klamath","Bishop",null,"Kickapoo Tribe Of Kansas","San Ildfonso","Gila River"]
[null,9,"Email",{"$nulls":4},"Native Village Of Akhiok","Thlopthlocco","Penobscot","Trenton","Lac Vieux Desert",null,"Kootenai","Blue Lake",null,"Kickapoo Tribe Of Oklahoma","San Juan","Goshute Business Council"]
[null,null,"I certify that the information given is true, complete and correct to the best of my knowledge, belief, and they are made in good faith.",{"$nulls":4},"Akiachak Native Community","Wyandotte","Pleasant Point Passmaquoddy","Turtle Mountain","Leech Lake",null,"Lower Elwha","Bridgeport",null,"Kickapoo Tribe Of Texas","Sandia","Havasupai"]
[null,10,"Signature",{"$f":"IF(D10=\"\",\"\",D10)","v":""},{"$nulls":3},"Akiak Native Community",null,"Poarch Creek","Winnebago","Little River Ottawa",null,"Sb-Lummi","Buena Vista",null,"Kiowa Of Oklahoma","Santa Ana","Hopi Tribe"]
[null,11,"Date",{"$f":"IF(D16=\"\",\"\",NOW())","v":""},{"$nulls":3},"Native Village Of Akutan",null,"Seminole","Yankton","Minominee",null,"Makah","Cabazon",null,"Otoe-Missouria","Santa Clara","Hopi Tribe (Hpl)"]
[{"$nulls":7},"Village Of Alakanuk",null,"Seneca Nation",null,"Mille Lacs Ojibwe",null,"Metlakatla","Cahuilla",null,"Pawnee","Santa Domingo","Hualapai"]
[{"$nulls":7},"Alatna Village",null,"Shinnecock Nation",null,"Minnesota Chippewa Tribe",null,"Muckleshoot","Campo",null,"Ponca","Southern Ute","Kabaib Paiute"]
[{"$nulls":7},"Native Village Of Aleknagik",null,"St. Regis Mohawk",null,"Oneida Tribe ",null,"Nez Perce","Cedarville",null,"Prairie Potawatomi","Taos","Lovelock"]
[{"$nulls":7},"Allakaket Village",null,"Tunica Biloxi",null,"Odawa, Little Traverse",null,"Nisqually","Chicken Ranch",null,"Sac & Fox - Missouri","Tesuque","Moapa"]
[{"$nulls":7},"Native Village Of Ambler",null,"Tuscarora",null,"Pokagon Band Potawatomi",null,"Nooksack","Chico",null,"Sac & Fox Nation - Oklahoma","Ute Mountain","Pascua Yaqui"]
[{"$nulls":7},"Village Of Anaktuvuk Pass",{"$nulls":3},"Prairie Island",null,"Nw Band Shoshoni","Cloverdale",null,"Tonkawa Tribe of Oklahoma","Ysleta Del Sur","Pyramid Lake"]
[{"$nulls":7},"Yupiit Of Andreafski",{"$nulls":3},"Red Cliff",null,"Port Gamble","Cold Springs",null,"Wichita","Zia","Quechen"]
[{"$nulls":7},"Angoon Community Association",{"$nulls":3},"Red Lake Chippewa",null,"Puyallup","Colusa",null,null,"Zuni","Reno-Sparks"]
[{"$nulls":7},"Village Of Aniak",{"$nulls":3},"Saginaw Chippewa",null,"Quileute","Cortina",{"$nulls":3},"Salt River"]
[{"$nulls":7},"Anvik Village",{"$nulls":3},"Sault Ste. Marie",null,"Sb-Quinault","Coyote Valley",{"$nulls":3},"San Carlos Apache"]
[{"$nulls":7},"Arctic Village",{"$nulls":3},"Shakopee",null,"Salish & Kootenai","Cuyapaipe",{"$nulls":3},"San Juan Paiute"]
[null,"PRIVACY ACT STATEMENT",{"$nulls":5},"Native Village Of Atka",{"$nulls":3},"Sokaogon",null,"Samish","Dry Creek",{"$nulls":3},"Skull Valley"]
[null,"25 CFR 265 and 25 U.S.C. 13 authorize the collection of this information.  This information is covered by the system of record notice “Indian Housing Improvement Program, Interior, BIA-10.”  The primary use of this information is to determine eligibility for assistance under the Housing Improvement Program.  The records contained therein may only be disclosed in accordance with the routine uses and may not otherwise be disclosed by any means of communication to any person, or to another agency, except pursuant to a written request by, or with prior written consent of the individual to whom the record pertains.  If the BIA uses the information furnished on this form for purposes other than those indicated above, it may provide you with an additional statement reflecting those purposes.  Executive Order 9397 authorizes the collection of your Social Security number.  Furnishing the information is voluntary but failure to do so may result in disapproval of your application.  ",{"$nulls":5},"Village Of Atmautluak"]
[{"$nulls":7},"Beaver Village",{"$nulls":3},"St Croix",null,"Sauk-Suiattle","Elem (Sulphur Bank)",{"$nulls":3},"South Fork"]
[{"$nulls":7},"Native Village Of Belkofski",{"$nulls":3},"Stockbridge Munsee",null,"Shoalwater Bay","Elk Valley",{"$nulls":3},"Summitt Lake"]
[{"$nulls":7},"Orutsararmuit Native Village",{"$nulls":3},"Upper Sioux",null,"Shoshone-Bannock","Enterprise",{"$nulls":3},"Tohono O'odham"]
[{"$nulls":7},"Village Of Bill Moore's Slough",{"$nulls":3},"White Earth",null,"Siletz","Fort Bidwell",{"$nulls":3},"Tonto Apache"]
[{"$nulls":7},"Birch Creek Tribe",{"$nulls":5},"Skokomish","Fort Independence",{"$nulls":3},"Uintah & Ouray"]
[{"$nulls":7},"Native Village Of Brevig Mission",{"$nulls":5},"Snoqualmie","Greenville",{"$nulls":3},"Walker River Paiute"]
[null,"PAPERWORK REDUCTION ACT STATEMENT",{"$nulls":5},"Native Village Of Buckland",{"$nulls":5},"Spokane","Grindstone",{"$nulls":3},"Washoe"]
[null,"This information is being collected to select eligible families or individuals to participate in the Housing Improvement Program.  Response to this request is required to obtain a benefit in accordance with 25 CFR 256.  You are not required to respond to this collection of information unless it displays a currently valid OMB control number.  This information will be used to determine the eligibility and the ranking of the applicant.  Public reporting burden for this form is estimated to average 1 hour per response, including the time for reviewing instructions, gathering and maintaining data, and completing and reviewing the form.  Direct comments regarding the burden estimate or any other aspect of this form to Information Collection Clearance Officer – Indian Affairs, 1849 C Street, NW, MS-4141, Washington, DC 20240.",{"$nulls":5},"Native Village Of Cantwell",{"$nulls":5},"Squaxin Island","Guidiville",{"$nulls":3},"Wells"]
[{"$nulls":7},"Chalkyitsik Village",{"$nulls":5},"Stillaguamish","Sb-Hoopa",{"$nulls":3},"White Mountain Apache"]
[{"$nulls":7},"Village Of Chefornak",{"$nulls":5},"Suquamish","Hopland",{"$nulls":3},"Yavapai-Apache"]
[{"$nulls":7},"Chevak Native Village",{"$nulls":5},"Swinomish","Inaja-Cosmit",{"$nulls":3},"Yavapai-Prescott"]
[{"$nulls":7},"Chickaloon Native Village",{"$nulls":5},"Tulalip","Ione",{"$nulls":3},"Yerington Paiute"]
[{"$nulls":7},"Native Village Of Chignik",{"$nulls":5},"Umatilla","Jackson",{"$nulls":3},"Yomba"]
[{"$nulls":7},"Native Village Of Chignik Lagoon"]
[{"$nulls":7},"Chignik Lake Village"]
[{"$nulls":7},"Village Of Crooked Creek"]
[{"$nulls":7},"Native Village Of Deering"]
[{"$nulls":7},"Curyung Tribal Council"]
[{"$nulls":7},"Village Of Dot Lake"]
[{"$nulls":7},"Douglas Indian Association"]
[{"$nulls":7},"Native Village Of Eagle",{"$nulls":5},"Upper Skagit","Jamul"]
[{"$nulls":7},"Native Village Of Eek",{"$nulls":5},"Warm Springs","Karuk"]
[{"$nulls":7},"Egegik Village",{"$nulls":5},"Yakama","La Jolla"]
[{"$nulls":7},"Eklutna Native Village",{"$nulls":6},"Mooretown"]
[{"$nulls":7},"Native Village Of Ekuk",{"$nulls":6},"Morongo"]
[{"$nulls":7},"Ekwok Village",{"$nulls":6},"North Fork"]
[{"$nulls":7},"Native Village Of Elim",{"$nulls":6},"Pala"]
[{"$nulls":7},"Emmonak Village",{"$nulls":6},"Paskenta"]
[{"$nulls":7},"Native Village Of Nanwalek",{"$nulls":6},"Pauma"]
[{"$nulls":7},"Evansville Village",{"$nulls":6},"Pechanga"]
[{"$nulls":7},"Native Village Of Eyak",{"$nulls":6},"Picayune"]
[{"$nulls":7},"Native Village Of False Pass",{"$nulls":6},"Pinoleville"]
[{"$nulls":7},"Native Village Of Fort Yukon",{"$nulls":6},"Pit River"]
[{"$nulls":7},"Native Village Of Gakona",{"$nulls":6},"Potter Valley"]
[{"$nulls":7},"Native Village Of Gambell",{"$nulls":6},"Quartz Valley"]
[{"$nulls":7},"Native Village Of Georgetown",{"$nulls":6},"Ramona"]
[{"$nulls":7},"Chinik Eskimo Community",{"$nulls":6},"Redding"]
[{"$nulls":7},"Organized Village Of Grayling",{"$nulls":6},"Redwood Valley"]
[{"$nulls":7},"Gulkana Village",{"$nulls":6},"Resighini"]
[{"$nulls":7},"Chilkoot Indian Association",{"$nulls":6},"Rincon"]
[{"$nulls":7},"Native Village Of Hamilton",{"$nulls":6},"Robinson"]
[{"$nulls":7},"Holy Cross Village",{"$nulls":6},"Rohnerville"]
[{"$nulls":7},"Hoonah Indian Association",{"$nulls":6},"Round Valley"]
[{"$nulls":7},"Native Village Of Hooper Bay",{"$nulls":6},"Rumsey"]
[{"$nulls":7},"Hughes Village",{"$nulls":6},"San Manuel"]
[{"$nulls":7},"Huslia Village",{"$nulls":6},"San Pasqual"]
[{"$nulls":7},"Hydaburg Cooperative Association",{"$nulls":6},"Santa Rosa"]
[{"$nulls":7},"Igiugig Village",{"$nulls":6},"Santa Rosa Rancheria"]
[{"$nulls":7},"Village Of Iliamna",{"$nulls":6},"Santa Ynez"]
[{"$nulls":7},"Native Village Of Diomede",{"$nulls":6},"Santa Ysabel"]
[{"$nulls":7},"Ivanoff Bay Village",{"$nulls":6},"Scotts Valley"]
[{"$nulls":7},"Organized Village Of Kake",{"$nulls":6},"Sheep Ranch"]
[{"$nulls":7},"Kaktovik Village",{"$nulls":6},"Sherwood"]
[{"$nulls":7},"Village Of Kalskag",{"$nulls":6},"Shingle Springs"]
[{"$nulls":7},"Village Of Kaltag",{"$nulls":6},"Smith River"]
[{"$nulls":7},"Native Village Of Karluk",{"$nulls":6},"Soboba"]
[{"$nulls":7},"Organized Village Of Kasaan",{"$nulls":6},"Stewarts Points"]
[{"$nulls":7},"Native Village Of Kasigluk",{"$nulls":6},"Susanville"]
[{"$nulls":7},"Kenaitze Indian Tribe",{"$nulls":6},"Sycuan"]
[{"$nulls":7},"Ketchikan Indian Corporation",{"$nulls":6},"Table Bluff"]
[{"$nulls":7},"Native Village Of Kiana",{"$nulls":6},"Table Mountain"]
[{"$nulls":7},"Agdaagux Tribe Of King Cove",{"$nulls":6},"Tejon Tribe"]
[{"$nulls":7},"King Island Native Community",{"$nulls":6},"Timbi-Sha"]
[{"$nulls":7},"Native Village Of Kipnuk",{"$nulls":6},"Torres-Martin"]
[{"$nulls":7},"Native Village Of Kivalina",{"$nulls":6},"Trinidad"]
[{"$nulls":7},"Klawock Cooperative Association",{"$nulls":6},"Tule River"]
[{"$nulls":7},"Chilkat Indian Village",{"$nulls":6},"Tuolumne"]
[{"$nulls":7},"Knik Village",{"$nulls":6},"Upper Lake"]
[{"$nulls":7},"Native Village Of Kobuk",{"$nulls":6},"Viejas"]
[{"$nulls":7},"Kokhanok Village",{"$nulls":6},"Wilton Tribe"]
[{"$nulls":7},"New Koliganek Village Council",{"$nulls":6},"Yurok"]
[{"$nulls":7},"Native Village Of Kongiganak"]
[{"$nulls":7},"Village Of Kotlik"]
[{"$nulls":7},"Native Village Of Kotzebue"]
[{"$nulls":7},"Native Village Of Koyuk"]
[{"$nulls":7},"Koyukuk Native Village"]
[{"$nulls":7},"Organized Village Of Kwethluk"]
[{"$nulls":7},"Native Village Of Kwigillingok"]
[{"$nulls":7},"Native Village Of Larsen Bay"]
[{"$nulls":7},"Levelock Village"]
[{"$nulls":7},"Lime Village"]
[{"$nulls":7},"Galena Village"]
[{"$nulls":7},"Village Of Lower Kalskag"]
[{"$nulls":7},"Manley Hot Springs Village"]
[{"$nulls":7},"Manokotak Village"]
[{"$nulls":7},"Native Village Of Marshall"]
[{"$nulls":7},"Native Village Of Mary's Igloo"]
[{"$nulls":7},"Mcgrath Native Village"]
[{"$nulls":7},"Native Village Of Mekoryuk"]
[{"$nulls":7},"Mentasta Traditional Council"]
[{"$nulls":7},"Native Village Of Minto"]
[{"$nulls":7},"Asa'carsarmiut Tribe"]
[{"$nulls":7},"Pauloff Harbor Village"]
[{"$nulls":7},"Native Village Of Goodnews Bay"]
[{"$nulls":7},"Native Village Of Naknek"]
[{"$nulls":7},"Native Village Of Napamite"]
[{"$nulls":7},"Native Village Of Napakiak"]
[{"$nulls":7},"Native Village Of Napaskiak"]
[{"$nulls":7},"Native Village Of Nelson Lagoon"]
[{"$nulls":7},"Nenana Native Association"]
[{"$nulls":7},"New Stuyahok Village"]
[{"$nulls":7},"Newhalen Village"]
[{"$nulls":7},"Newtok Village"]
[{"$nulls":7},"Native Village Of Nightmute"]
[{"$nulls":7},"Nikolai Village"]
[{"$nulls":7},"Native Village Of Nikolski"]
[{"$nulls":7},"Ninilchik Village"]
[{"$nulls":7},"Native Village Of Noatak"]
[{"$nulls":7},"Nome Eskimo Community"]
[{"$nulls":7},"Nondalton Village"]
[{"$nulls":7},"Native Village Of Nuiqsut"]
[{"$nulls":7},"Noorvik Native Community"]
[{"$nulls":7},"Northway Village"]
[{"$nulls":7},"Nulato Village"]
[{"$nulls":7},"Native Village Of Nunaptichuk"]
[{"$nulls":7},"Village Of Ohogamiut"]
[{"$nulls":7},"Village Of Old Harbor"]
[{"$nulls":7},"Oscarville Traditional Village"]
[{"$nulls":7},"Native Village Of Ouzinkie"]
[{"$nulls":7},"Native Village Of Paimut"]
[{"$nulls":7},"Pedro Bay Village"]
[{"$nulls":7},"Native Village Of Perryville"]
[{"$nulls":7},"Petersburg Indian Association"]
[{"$nulls":7},"Native Village Of Pilot Point"]
[{"$nulls":7},"Pilot Station Traditional Village"]
[{"$nulls":7},"Native Village Of Pitka's Point"]
[{"$nulls":7},"Platinum Traditional Village"]
[{"$nulls":7},"Native Village Of Point Hope"]
[{"$nulls":7},"Native Village Of Point Lay"]
[{"$nulls":7},"Native Village Of Port Graham"]
[{"$nulls":7},"Native Village Of Port Heiden"]
[{"$nulls":7},"Native Village Of Port Lions"]
[{"$nulls":7},"Portage Creek Village"]
[{"$nulls":7},"Native Village Of Kwinhagak"]
[{"$nulls":7},"Rampart Village"]
[{"$nulls":7},"Village Of Red Devil"]
[{"$nulls":7},"Native Village Of Ruby"]
[{"$nulls":7},"Iqurmuit Traditional Council"]
[{"$nulls":7},"Village Of Salamatoff"]
[{"$nulls":7},"Qagan Tayagungin Tribe Of Sand Point"]
[{"$nulls":7},"Native Village Of Savoonga"]
[{"$nulls":7},"Village Of Saxman"]
[{"$nulls":7},"Native Village Of Scammon Bay"]
[{"$nulls":7},"Native Village Of Selawik"]
[{"$nulls":7},"Seldovia Village Tribe"]
[{"$nulls":7},"Shageluk Native Village"]
[{"$nulls":7},"Native Village Of Shaktoolik"]
[{"$nulls":7},"Native Village Of Sheldon's Point"]
[{"$nulls":7},"Native Village Of Shismaref"]
[{"$nulls":7},"Native Village Of Shungnak"]
[{"$nulls":7},"Sitka Tribe Of Alaska"]
[{"$nulls":7},"Skagway Village"]
[{"$nulls":7},"Village Of Sleetmute"]
[{"$nulls":7},"Village Of Solomon"]
[{"$nulls":7},"South Naknek Village"]
[{"$nulls":7},"Pribilof Island Aleut Community Of Saint George"]
[{"$nulls":7},"Algaaciq Native Village"]
[{"$nulls":7},"Native Village Of Saint Michael"]
[{"$nulls":7},"Pribilof Island Aleut Community Of Saint Paul"]
[{"$nulls":7},"Stebbins Community Association"]
[{"$nulls":7},"Native Village Of Stevens"]
[{"$nulls":7},"Village Of Stony River"]
[{"$nulls":7},"Takotna Village"]
[{"$nulls":7},"Native Village Of Tanacross"]
[{"$nulls":7},"Native Village Of Tanana"]
[{"$nulls":7},"Native Village Of Tatilek"]
[{"$nulls":7},"Native Village Of Tazlina"]
[{"$nulls":7},"Telida Village"]
[{"$nulls":7},"Native Village Of Teller"]
[{"$nulls":7},"Native Village Of Tetlin"]
[{"$nulls":7},"Traditional Village Of Togiak"]
[{"$nulls":7},"Nunakauyarmiut Tribe"]
[{"$nulls":7},"Tuluksak Native Community"]
[{"$nulls":7},"Native Village Of Tuntutuliak"]
[{"$nulls":7},"Native Village Of Tununak"]
[{"$nulls":7},"Twin Hills Village"]
[{"$nulls":7},"Native Village Of Tyonek"]
[{"$nulls":7},"Ugashik Village Village"]
[{"$nulls":7},"Umkumiute Native Village"]
[{"$nulls":7},"Native Village Of Unalakleet"]
[{"$nulls":7},"Qawalangin Tribe Of Unalaska"]
[{"$nulls":7},"Native Village Of Unga"]
[{"$nulls":7},"Arctic Village"]
[{"$nulls":7},"Village Of Wainwright"]
[{"$nulls":7},"Native Village Of Wales"]
[{"$nulls":7},"Native Village Of White Mountain"]
[{"$nulls":7},"Lesnoi Village"]
[{"$nulls":7},"Wrangell Cooperative Association"]
[{"$nulls":7},"Yakutat Tlingit Tribe"]
[{"$nulls":7},"King Salmon Tribe"]
[{"$nulls":7},"Shoonaq Tribe Of Kodiak"]
[{"$nulls":7},"Native Village Of Chanega"]
[{"$nulls":7},"Kaguyak Village"]
[{"$nulls":7},"Native Village Of Kanatak"]
[{"$nulls":7},"Healy Lake Village"]
[{"$nulls":7},"Native Village Of Chuathbaluk"]
[{"$nulls":7},"Village Of Venetie"]
[{"$nulls":7},{"$f":"COUNTIF(H2:H227,\"*\")","v":226}]
[{"$nulls":7},"EASTERN OKLAHOMA"]
[{"$nulls":7},"Chickasaw"]
[{"$nulls":7},"Choctaw",null,null,{"$f":"COUNTIF(K1:K230,\"*\")","v":17},null,{"$f":"COUNTIF(M1:M230,\"*\")","v":2},{"$f":"COUNTIF(N1:N230,\"*\")","v":45},{"$nulls":3},{"$f":"COUNTIF(R1:R230,\"*\")","v":25}]
[{"$nulls":7},"Creek",{"$f":"COUNTIF(I1:I231,\"*\")","v":15},null,null,{"$f":"COUNTIF(L1:L231,\"*\")","v":33},null,null,{"$f":"COUNTIF(O1:O231,\"*\")","v":93},{"$nulls":3},{"$f":"COUNTIF(S1:S231,\"*\")","v":42}]
[{"$nulls":7},"Eastern Shawnee",null,{"$f":"COUNTIF(J1:J232,\"*\")","v":22},{"$nulls":5},{"$f":"COUNTIF(P1:P232,\"*\")","v":9},{"$f":"COUNTIF(Q1:Q232,\"*\")","v":24}]
[{"$nulls":7},"Pleasnat Point Passamaquoddy"]
[{"$nulls":7},"Miami"]
[{"$nulls":7},"Modoc"]
[{"$nulls":7},"Osage"]
[{"$nulls":7},"Ottawa"]
[{"$nulls":7},"Peoria"]
[{"$nulls":7},"Quapaw"]
[{"$nulls":7},"Seminole"]
[{"$nulls":7},"Seneca-Cayuga"]
[{"$nulls":7},"Thlopthlocco"]
[{"$nulls":7},"Wyandotte"]
[]
[{"$nulls":7},"EASTERN"]
[{"$nulls":7},"Catawba"]
[{"$nulls":7},"Cherokee"]
[{"$nulls":7},"Chitimacha"]
[{"$nulls":7},"Choctaw"]
[{"$nulls":7},"Coushatta"]
[{"$nulls":7},"Indian Township"]
[{"$nulls":7},"Jena Choctaw"]
[{"$nulls":7},"Maliseet"]
[{"$nulls":7},"Miccosukee"]
[{"$nulls":7},"Micmac"]
[{"$nulls":7},"Narrangansett"]
[{"$nulls":7},"Penobscot"]
[{"$nulls":7},"Pleasant Point"]
[{"$nulls":7},"Poarch Creek"]
[{"$nulls":7},"Seminole"]
[{"$nulls":7},"Seneca Nation"]
[{"$nulls":7},"St. Regis Mohawk"]
[{"$nulls":7},"Tunica Biloxi"]
[{"$nulls":7},"Tuscarora"]
[{"$nulls":7},"Wampanoag Aquinnah"]
[]
[{"$nulls":7},"GREAT PLAINS"]
[{"$nulls":7},"Crow Creek"]
[{"$nulls":7},"Flandreau"]
[{"$nulls":7},"Fort Berthold"]
[{"$nulls":7},"Fort Totten"]
[{"$nulls":7},"Lower Brule"]
[{"$nulls":7},"Oglala Sioux Pr"]
[{"$nulls":7},"Omaha"]
[{"$nulls":7},"Ponca"]
[{"$nulls":7},"Rosebud Sioux"]
[{"$nulls":7},"Santee Sioux"]
[{"$nulls":7},"Sisseton-Wahpeton"]
[{"$nulls":7},"Standing Rock"]
[{"$nulls":7},"Trenton"]
[{"$nulls":7},"Turtle Mountain"]
[{"$nulls":7},"Winnebago"]
[{"$nulls":7},"Yankton"]
[]
[{"$nulls":7},"MIDWEST"]
[{"$nulls":7},"Bay Mills"]
[{"$nulls":7},"Bois Forte"]
[{"$nulls":7},"Fon Du Lac"]
[{"$nulls":7},"Forest County"]
[{"$nulls":7},"Grand Portage"]
[{"$nulls":7},"Grand Traverse"]
[{"$nulls":7},"Hannahville"]
[{"$nulls":7},"Ho-Chunk (Wis. Potawatomi)"]
[{"$nulls":7},"Huron Band of Potawatomi"]
[{"$nulls":7},"Keweenaw Bay"]
[{"$nulls":7},"Lac Courte Oreilles"]
[{"$nulls":7},"Lac Du Flambeau"]
[{"$nulls":7},"Lac Vieux Desert"]
[{"$nulls":7},"Leech Lake"]
[{"$nulls":7},"Little River Ottawa"]
[{"$nulls":7},"Minominee"]
[{"$nulls":7},"Mille Lacs Ojibwe"]
[{"$nulls":7},"Oneida Tribe "]
[{"$nulls":7},"Odawa, Little Traverse"]
[{"$nulls":7},"Pokagon Band Potawatomi"]
[{"$nulls":7},"Prairie Island"]
[{"$nulls":7},"Red Cliff"]
[{"$nulls":7},"Red Lake Chippewa"]
[{"$nulls":7},"Saginaw Chippewa"]
[{"$nulls":7},"Sault Ste. Marie"]
[{"$nulls":7},"Shakopee"]
[{"$nulls":7},"Sokaogon"]
[{"$nulls":7},"St Croix"]
[{"$nulls":7},"Stockbridge Munsee"]
[{"$nulls":7},"Upper Sioux"]
[{"$nulls":7},"White Earth"]
[]
[{"$nulls":7},"NAVAJO"]
[{"$nulls":7},"Navajo Nation"]
[]
[{"$nulls":7},"NORTHWEST"]
[{"$nulls":7},"Chehalis"]
[{"$nulls":7},"Coeur D'alene"]
[{"$nulls":7},"Colville"]
[{"$nulls":7},"Coos Bay"]
[{"$nulls":7},"Coquille"]
[{"$nulls":7},"Cow Creek"]
[{"$nulls":7},"Cowlitz"]
[{"$nulls":7},"Grand Ronde"]
[{"$nulls":7},"Hoh"]
[{"$nulls":7},"Sb-Jamestown S'kallum"]
[{"$nulls":7},"Kalispel"]
[{"$nulls":7},"Klamath"]
[{"$nulls":7},"Kootenai"]
[{"$nulls":7},"Lower Elwha"]
[{"$nulls":7},"Sb-Lummi"]
[{"$nulls":7},"Makah"]
[{"$nulls":7},"Metlakatla"]
[{"$nulls":7},"Muckleshoot"]
[{"$nulls":7},"Nez Perce"]
[{"$nulls":7},"Nisqually"]
[{"$nulls":7},"Nooksack"]
[{"$nulls":7},"Nw Band Shoshoni"]
[{"$nulls":7},"Port Gamble"]
[{"$nulls":7},"Puyallup"]
[{"$nulls":7},"Quileute"]
[{"$nulls":7},"Sb-Quinault"]
[{"$nulls":7},"Salish & Kootenai"]
[{"$nulls":7},"Samish"]
[{"$nulls":7},"Sauk-Suiattle"]
[{"$nulls":7},"Shoalwater Bay"]
[{"$nulls":7},"Shoshone-Bannock"]
[{"$nulls":7},"Siletz"]
[{"$nulls":7},"Skokomish"]
[{"$nulls":7},"Snoqualmie"]
[{"$nulls":7},"Spokane"]
[{"$nulls":7},"Squaxin Island"]
[{"$nulls":7},"Stillaguamish"]
[{"$nulls":7},"Suquamish"]
[{"$nulls":7},"Swinomish"]
[{"$nulls":7},"Tulalip"]
[{"$nulls":7},"Umatilla"]
[{"$nulls":7},"Upper Skagit"]
[{"$nulls":7},"Warm Springs"]
[{"$nulls":7},"Yakama"]
[]
[{"$nulls":7},"PACIFIC"]
[{"$nulls":7},"Agua Caliente"]
[{"$nulls":7},"Alturas"]
[{"$nulls":7},"Auburn"]
[{"$nulls":7},"Augustine"]
[{"$nulls":7},"Barona"]
[{"$nulls":7},"Benton"]
[{"$nulls":7},"Berry Creek"]
[{"$nulls":7},"Big Lagoon"]
[{"$nulls":7},"Big Pine"]
[{"$nulls":7},"Big Sandy"]
[{"$nulls":7},"Big Valley"]
[{"$nulls":7},"Bishop"]
[{"$nulls":7},"Blue Lake"]
[{"$nulls":7},"Bridgeport"]
[{"$nulls":7},"Buena Vista"]
[{"$nulls":7},"Cabazon"]
[{"$nulls":7},"Cahuilla"]
[{"$nulls":7},"Campo"]
[{"$nulls":7},"Cedarville"]
[{"$nulls":7},"Chicken Ranch"]
[{"$nulls":7},"Chico"]
[{"$nulls":7},"Cloverdale"]
[{"$nulls":7},"Cold Springs"]
[{"$nulls":7},"Colusa"]
[{"$nulls":7},"Cortina"]
[{"$nulls":7},"Coyote Valley"]
[{"$nulls":7},"Cuyapaipe"]
[{"$nulls":7},"Dry Creek"]
[{"$nulls":7},"Elem (Sulphur Bank)"]
[{"$nulls":7},"Elk Valley"]
[{"$nulls":7},"Enterprise"]
[{"$nulls":7},"Fort Bidwell"]
[{"$nulls":7},"Fort Independence"]
[{"$nulls":7},"Greenville"]
[{"$nulls":7},"Grindstone"]
[{"$nulls":7},"Guidiville"]
[{"$nulls":7},"Sb-Hoopa"]
[{"$nulls":7},"Hopland"]
[{"$nulls":7},"Inaja-Cosmit"]
[{"$nulls":7},"Ione"]
[{"$nulls":7},"Jackson"]
[{"$nulls":7},"Jamul"]
[{"$nulls":7},"Karuk"]
[{"$nulls":7},"La Jolla"]
[{"$nulls":7},"La Posta"]
[{"$nulls":7},"Laytonville"]
[{"$nulls":7},"Lone Pine"]
[{"$nulls":7},"Los Coyotes"]
[{"$nulls":7},"Lytton"]
[{"$nulls":7},"Manchester Point"]
[{"$nulls":7},"Manzanita"]
[{"$nulls":7},"Mesa Grande"]
[{"$nulls":7},"Middletown"]
[{"$nulls":7},"Mooretown"]
[{"$nulls":7},"Morongo"]
[{"$nulls":7},"North Fork"]
[{"$nulls":7},"Pala"]
[{"$nulls":7},"Paskenta"]
[{"$nulls":7},"Pauma"]
[{"$nulls":7},"Pechanga"]
[{"$nulls":7},"Picayune"]
[{"$nulls":7},"Pinoleville"]
[{"$nulls":7},"Pit River"]
[{"$nulls":7},"Potter Valley"]
[{"$nulls":7},"Quartz Valley"]
[{"$nulls":7},"Ramona"]
[{"$nulls":7},"Redding"]
[{"$nulls":7},"Redwood Valley"]
[{"$nulls":7},"Resighini"]
[{"$nulls":7},"Rincon"]
[{"$nulls":7},"Robinson"]
[{"$nulls":7},"Rohnerville"]
[{"$nulls":7},"Round Valley"]
[{"$nulls":7},"Rumsey"]
[{"$nulls":7},"San Manuel"]
[{"$nulls":7},"San Pasqual"]
[{"$nulls":7},"San Rosa"]
[{"$nulls":7},"Santa Rosa Rancheria"]
[{"$nulls":7},"Santa Ynez"]
[{"$nulls":7},"Santa Ysabel"]
[{"$nulls":7},"Scotts Valley"]
[{"$nulls":7},"Sheep Ranch"]
[{"$nulls":7},"Sherwood"]
[{"$nulls":7},"Shingle Springs"]
[{"$nulls":7},"Smith River"]
[{"$nulls":7},"Soboba"]
[{"$nulls":7},"Stewarts Points"]
[{"$nulls":7},"Susanville"]
[{"$nulls":7},"Sycuan"]
[{"$nulls":7},"Table Bluff"]
[{"$nulls":7},"Table Mountain"]
[{"$nulls":7},"Tejon Tribe"]
[{"$nulls":7},"Timbi-Sha"]
[{"$nulls":7},"Torres-Martin"]
[{"$nulls":7},"Trinidad"]
[{"$nulls":7},"Tule River"]
[{"$nulls":7},"Tuolumne"]
[{"$nulls":7},"Upper Lake"]
[{"$nulls":7},"Viejas"]
[{"$nulls":7},"Yurok"]
[{"$nulls":7},"Wilton Tribe"]
[]
[{"$nulls":7},"ROCKY MOUNTAIN"]
[{"$nulls":7},"Crow"]
[{"$nulls":7},"Blackfeet"]
[{"$nulls":7},"Fort Belknap"]
[{"$nulls":7},"Fort Peck"]
[{"$nulls":7},"Northern Cheyenne"]
[{"$nulls":7},"Rocky Boy's"]
[{"$nulls":7},"Northern Arapaho"]
[{"$nulls":7},"Shoshone"]
[]
[{"$nulls":7},"SOUTHERN PLAINS"]
[{"$nulls":7},"Alabama-Coushatta"]
[{"$nulls":7},"Apache of Oklahoma"]
[{"$nulls":7},"Caddo"]
[{"$nulls":7},"Cheyenne & Arapaho"]
[{"$nulls":7},"Citizen Potawatomi"]
[{"$nulls":7},"Comanche Nation"]
[{"$nulls":7},"Delaware"]
[{"$nulls":7},"Fort Sill Apache"]
[{"$nulls":7},"Iowa of Kansas"]
[{"$nulls":7},"Iowa of Oklahoma"]
[{"$nulls":7},"Kaw of Oklahoma"]
[{"$nulls":7},"Kickapoo Tribe of Kansas"]
[{"$nulls":7},"Kickapoo Tribe of Oklahoma"]
[{"$nulls":7},"Kiowa of Oklahoma"]
[{"$nulls":7},"Otoe-Missouria"]
[{"$nulls":7},"Pawnee"]
[{"$nulls":7},"Ponca"]
[{"$nulls":7},"Prairie Potawatomi"]
[{"$nulls":7},"Sac & Fox - Missouri"]
[{"$nulls":7},"Sac & Fox Nation - Oklahoma"]
[{"$nulls":7},"Wichita"]
[]
[{"$nulls":7},"SOUTHWEST"]
[{"$nulls":7},"Cochiti"]
[{"$nulls":7},"Isleta"]
[{"$nulls":7},"Jemez"]
[{"$nulls":7},"Jicarilla"]
[{"$nulls":7},"Laguna"]
[{"$nulls":7},"Mescalero"]
[{"$nulls":7},"Nambe"]
[{"$nulls":7},"Picuris"]
[{"$nulls":7},"Pojoaque"]
[{"$nulls":7},"Ramah"]
[{"$nulls":7},"San Felipe"]
[{"$nulls":7},"San Ildfonso"]
[{"$nulls":7},"San Juan"]
[{"$nulls":7},"Sandia"]
[{"$nulls":7},"Santa Ana"]
[{"$nulls":7},"Santa Clara"]
[{"$nulls":7},"Santa Domingo"]
[{"$nulls":7},"Southern Ute"]
[{"$nulls":7},"Taos"]
[{"$nulls":7},"Tesuque"]
[{"$nulls":7},"Ute Mountain"]
[{"$nulls":7},"Ysleta Del Sur"]
[{"$nulls":7},"Zia"]
[{"$nulls":7},"Zuni"]
[]
[{"$nulls":7},"WESTERN"]
[{"$nulls":7},"Battle Mountain"]
[{"$nulls":7},"Cocopah"]
[{"$nulls":7},"Colorado River"]
[{"$nulls":7},"Duck Valley"]
[{"$nulls":7},"Duckwater"]
[{"$nulls":7},"Elko"]
[{"$nulls":7},"Ely"]
[{"$nulls":7},"Fallon"]
[{"$nulls":7},"Fort Mcdermitt"]
[{"$nulls":7},"Fort Mcdowell"]
[{"$nulls":7},"Gila River"]
[{"$nulls":7},"Goshute Business Council"]
[{"$nulls":7},"Havasupai"]
[{"$nulls":7},"Hopi Tribe"]
[{"$nulls":7},"Hopi Tribe (Hpl)"]
[{"$nulls":7},"Hualapai"]
[{"$nulls":7},"Kabaib Paiute"]
[{"$nulls":7},"Lovelock"]
[{"$nulls":7},"Moapa"]
[{"$nulls":7},"Pascua Yaqui"]
[{"$nulls":7},"Pyramid Lake"]
[{"$nulls":7},"Quechen"]
[{"$nulls":7},"Reno-Sparks"]
[{"$nulls":7},"Salt River"]
[{"$nulls":7},"San Carlos Apache"]
[{"$nulls":7},"San Juan Paiute"]
[{"$nulls":7},"Skull Valley"]
[{"$nulls":7},"South Fork"]
[{"$nulls":7},"Summitt Lake"]
[{"$nulls":7},"Tohono O'odham"]
[{"$nulls":7},"Tonto Apache"]
[{"$nulls":7},"Uintah & Ouray"]
[{"$nulls":7},"Walker River Paiute"]
[{"$nulls":7},"Washoe"]
[{"$nulls":7},"Wells"]
[{"$nulls":7},"White Mountain Apache"]
[{"$nulls":7},"Yavapai-Apache"]
[{"$nulls":7},"Yavapai-Prescott"]
[{"$nulls":7},"Yerington Paiute"]
[{"$nulls":7},"Yomba"]
[]
[{"$nulls":7},{"$f":"COUNTIF(H1:H571,\"*\")","v":559}]

{"sheet":"Form","index":5,"n_rows":634,"n_cols":21,"rows_kept":634,"merged":[[0,2,0,6],[2,4,3,10],[4,1,4,2],[5,8,5,10],[6,1,6,2],[6,8,6,9],[27,1,27,3],[31,1,31,6],[33,1,33,6],[34,1,34,7],[35,1,35,6],[37,1,37,7],[39,1,39,5],[39,6,39,8],[41,1,41,5],[41,9,41,10],[42,1,42,4],[42,9,42,10],[44,6,44,9]]}
[null,"See Instructions","        PRIORITY CALCULATION FORM"]
[null,"Region"]
[1,"ALASKA",null,null,"Privacy Act Warning!  Information on this sheet may pertain to the Privacy Act, all persons handing records must protect integrity, security and confidentiality!"]
[null,"Tribe of Consortia"]
[2,"Sitka Tribe Of Alaska"]
[null,"District, Agency, Member Tribe of Consortia",{"$nulls":4},"Fiscal Year",null,"Date of Application"]
[3,{"$nulls":5},{"$f":"IF(Profile!D9=\"\",\"\",Profile!D9)","v":""}]
[]
[null,"Last Name of Applicant","First Name",null,"Suffix",null,"Enrollment #",null,"Category:"]
[4]
[{"$nulls":10},"Pts"]
[5,"Household Income:",{"$nulls":6},{"$f":"IF(B3=\"Alaska\",'Lookup Alaska'!AL5,Lookup!AL5)","v":{"$error":"#N/A"}},{"$f":"IF(I12=\"\",\"\",I12)","v":{"$error":"#N/A"}},{"$f":"IF(G12=\"\",\"0\",J12)","v":"0"}]
[]
[6,"Aged Person:",{"$nulls":3},{"$f":"IF(E14=0,0,(INT(YEARFRAC(TODAY(),E14,1))))","v":0},{"$f":"ROUNDDOWN(F14,0)","v":0},{"$f":"IF(F14>55,F14-55,\"0\")","v":"0"},{"$f":"IF(G14>70,\"15\",H14)","v":"0"},null,{"$f":"I14","v":"0"}]
[]
[7,"Disabled Individual:",{"$nulls":4},{"$f":"IF(E16=\"Yes\",\"10\",\"0\")","v":"0"},null,{"$f":"IF(E16=\"Yes\",\"10\",\"0\")","v":"0"},{"$f":"I16","v":"0"},{"$f":"J16","v":"0"}]
[]
[8,"Dependent Children:","Under age 18",{"$nulls":3},{"$f":"IF(E18=1,3,0)+IF(E18=2,6,0)+IF(E18=3,9,0)+IF(E18=4,12,0)+IF(E18=5,15,0)+IF(E18>5,15,0)","v":0},null,{"$f":"IF(E18=\"\",\"0\",G18)","v":"0"},{"$f":"I18","v":"0"},{"$f":"J18","v":"0"}]
[]
[9,"Homeless/ Dilapidated",{"$nulls":4},{"$f":"IF(OR(E20=\"Homeless\",\"Dilapidated\"),\"Homeless\",\"5\")","v":{"$error":"#VALUE!"}},{"$f":"IF(E20=\"Homeless\",\"5\",\"0\")","v":"0"},"Homeless",null,{"$f":"H20","v":"0"}]
[]
[10,{"$nulls":5},{"$f":"IF(OR(E22=\"Overcrowded\",\"Dilapidated\"),\"Dilapidated\",\"5\")","v":{"$error":"#VALUE!"}},{"$f":"IF(E20=\"Dilapidated\",\"5\",\"0\")","v":"0"},"Dilapidated",null,{"$f":"H22","v":"0"}]
[]
[11,"Overcrowded",{"$nulls":4},{"$f":"IF(E24=\"Yes\",\"10\",\"0\")","v":"0"},null,{"$f":"IF(E24=\"Yes\",\"5\",\"0\")","v":"0"},{"$f":"I24","v":"0"},{"$f":"J24","v":"0"}]
[]
[12,"Veteran",{"$nulls":4},{"$f":"IF(E26=\"Yes\",\"5\",\"0\")","v":"0"},null,null,{"$f":"I26","v":0},{"$f":"G26","v":"0"}]
[]
[13,"Have you applied for the Veterans Home Loan Program.",{"$nulls":4},{"$f":"IF(E28=\"Yes\",\"Yes\",\"No\")","v":"No"},null,{"$f":"IF(E28=\"\",\"\",E28)","v":""},{"$f":"I28","v":""}]
[]
[14,{"$nulls":7},"Subtotal",{"$f":"(K12+K14+K16+K18+K20+K22)","v":0},{"$f":"(K12+K14+K16+K18+K20+K22+K24+K26)","v":0}]
[]
[15,"DownPayment Assistance, must be provide a Certificate of Eligibility from Lender. ",{"$nulls":7},{"$f":"IF(I32=\"YES\",25,\"0\")","v":"0"},{"$f":"J32","v":"0"}]
[]
[16,"You are on the waiting list and have obtained a denial letter from the Local Housing Authority.",{"$nulls":7},{"$f":"IF(I34=\"YES\",SUM(K12:K32),IF(I34=\"Pending\",SUM(K12:K32),IF(I34=\"No\",\"N/A\")))","v":false},{"$f":"J34","v":false}]
[]
[17,"You have received prior Federal Housing Assistance from HIP, NAHASDA, 1937 ACT, USDA ",{"$nulls":7},{"$f":"IF(I36=\"No\",SUM(K12:K32),IF(I36=\"Pending\",SUM(K12:K32),IF(I36=\"Yes\",\"N/A\")))","v":false},{"$f":"J36","v":false}]
[]
[18,{"$nulls":8},{"$f":"IF(K12=\"N/A\",\"N/A\",SUM(K30:K32))","v":0},{"$f":"J38","v":0}]
[]
[19,"HIP Eligibility requirements 25 CFR Part 256 effective after 12/10/15",{"$nulls":4},"Eligibility Status ",null,null,{"$f":"IF(K34=\"N/A\",\"N/A\",IF(K36=\"N/A\",\"N/A\",SUM(K30:K32)))","v":0},{"$f":"J40","v":0}]
[]
[20,"  If known, please provide an estimated start date to renovate or build new!"]
[21,"  If known, please provide an estimated cost to renovate or build new!"]
[]
[22,"Date of Evaluation:",{"$f":"IF(B10=\"\",\"\",NOW())","v":""},{"$nulls":3},"See instructions on printing"]
[]
[23,"Name of Evaluator:",{"$f":"IF(Profile!D10=\"\",\"\",Profile!D10)","v":""}]
[]
[24,"Contact Number:",{"$f":"IF(Profile!D12=\"\",\"\",Profile!D12)","v":""}]
[]
[]
[{"$nulls":14},"A","Sr","AVCP","Association of Village Council Presidents","ALASKA"]
[{"$nulls":14},"B","Jr","ASNA","Arctic Slope Native Association","Native Village Of Akhiok"]
[{"$nulls":14},"C-1","III","BBNA","Bristol Bay Native Association","Akiachak Native Community"]
[{"$nulls":14},"C-2","IV","CITC","Cook Inlet Tribal Council","Akiak Native Community"]
[{"$nulls":14},"D",null,"CCTH","Central Council Tlingit and Haida","Native Village Of Akutan"]
[{"$nulls":16},"FNA","Fairbanks Native Association","Village Of Alakanuk"]
[{"$nulls":16},"ICAS","Inupiat Community of the Arctic Slope","Allakaket Village"]
[{"$nulls":16},"Kawerak","Kawerak","Alatna Village"]
[{"$nulls":16},"Maniilaq","Maniilaq","Native Village Of Aleknagik"]
[{"$nulls":16},"TCC","Tanana Chiefs Conference","Native Village Of Ambler"]
[{"$nulls":18},"Village Of Anaktuvuk Pass"]
[{"$nulls":16},"Chinle",null,"Yupiit Of Andreafski"]
[{"$nulls":15},"Yes","Shiprock",null,"Village Of Aniak"]
[{"$nulls":15},"No","Western",null,"Arctic Village"]
[{"$nulls":16},1,"Homeless","Native Village Of Atka"]
[{"$nulls":16},2,"Dilapidated","Village Of Atmautluak"]
[{"$nulls":16},3,"Overcrowded","Beaver Village"]
[{"$nulls":16},4,"Veteran","Native Village Of Belkofski"]
[{"$nulls":18},"Orutsararmuit Native Village"]
[{"$nulls":18},"Village Of Bill Moore's Slough"]
[{"$nulls":18},"Birch Creek Tribe"]
[{"$nulls":18},"Native Village Of Brevig Mission"]
[{"$nulls":18},"Native Village Of Buckland"]
[{"$nulls":18},"Native Village Of Cantwell"]
[{"$nulls":15},"Yes",null,null,"Chalkyitsik Village"]
[{"$nulls":15},"Pending",null,null,"Village Of Chefornak"]
[{"$nulls":15},"No",null,null,"Chevak Native Village"]
[{"$nulls":18},"Chickaloon Native Village"]
[{"$nulls":18},"Native Village Of Chignik"]
[{"$nulls":18},"Native Village Of Chignik Lagoon"]
[{"$nulls":18},"Chignik Lake Village"]
[{"$nulls":18},"Cheesh-Na Tribe"]
[{"$nulls":18},"Native Village Of Chitna"]
[{"$nulls":18},"Chuloonawick Native Village"]
[{"$nulls":18},"Circle Native Community"]
[{"$nulls":18},"Village Of Clark's Point"]
[{"$nulls":18},"Pribilof Islands Aleut Communities"]
[{"$nulls":18},"Native Village Of Kluti-Kaah"]
[{"$nulls":18},"Native Village Of Council"]
[{"$nulls":18},"Craig Community Association"]
[{"$nulls":18},"Village Of Crooked Creek"]
[{"$nulls":18},"Native Village Of Deering"]
[{"$nulls":18},"Curyung Tribal Council"]
[{"$nulls":18},"Village Of Dot Lake"]
[{"$nulls":18},"Egegik Village"]
[{"$nulls":18},"Eklutna Native Village"]
[{"$nulls":18},"Native Village Of Ekuk"]
[{"$nulls":18},"Ekwok Village"]
[{"$nulls":18},"Native Village Of Elim"]
[{"$nulls":18},"Emmonak Village"]
[{"$nulls":18},"Native Village Of Nanwalek"]
[{"$nulls":18},"Evansville Village"]
[{"$nulls":18},"Native Village Of Eyak"]
[{"$nulls":18},"Native Village Of False Pass"]
[{"$nulls":18},"Native Village Of Fort Yukon"]
[{"$nulls":18},"Native Village Of Gakona"]
[{"$nulls":18},"Native Village Of Gambell"]
[{"$nulls":18},"Native Village Of Georgetown"]
[{"$nulls":18},"Chinik Eskimo Community"]
[{"$nulls":18},"Organized Village Of Grayling"]
[{"$nulls":18},"Gulkana Village"]
[{"$nulls":18},"Chilkoot Indian Association"]
[{"$nulls":18},"Native Village Of Hamilton"]
[{"$nulls":18},"Holy Cross Village"]
[{"$nulls":18},"Hoonah Indian Association"]
[{"$nulls":18},"Native Village Of Hooper Bay"]
[{"$nulls":18},"Hughes Village"]
[{"$nulls":18},"Huslia Village"]
[{"$nulls":18},"Hydaburg Cooperative Association"]
[{"$nulls":18},"Igiugig Village"]
[{"$nulls":18},"Village Of Iliamna"]
[{"$nulls":18},"Native Village Of Diomede"]
[{"$nulls":18},"Ivanoff Bay Village"]
[{"$nulls":18},"Organized Village Of Kake"]
[{"$nulls":18},"Kaktovik Village"]
[{"$nulls":18},"Village Of Kalskag"]
[{"$nulls":18},"Village Of Kaltag"]
[{"$nulls":18},"Native Village Of Karluk"]
[{"$nulls":18},"Organized Village Of Kasaan"]
[{"$nulls":18},"Native Village Of Kasigluk"]
[{"$nulls":18},"Kenaitze Indian Tribe"]
[{"$nulls":18},"Ketchikan Indian Corporation"]
[{"$nulls":18},"Native Village Of Kiana"]
[{"$nulls":18},"Agdaagux Tribe Of King Cove"]
[{"$nulls":18},"King Island Native Community"]
[{"$nulls":18},"Native Village Of Kipnuk"]
[{"$nulls":18},"Native Village Of Kivalina"]
[{"$nulls":18},"Klawock Cooperative Association"]
[{"$nulls":18},"Chilkat Indian Village"]
[{"$nulls":18},"Knik Village"]
[{"$nulls":18},"Native Village Of Kobuk"]
[{"$nulls":18},"Kokhanok Village"]
[{"$nulls":18},"New Koliganek Village Council"]
[{"$nulls":18},"Native Village Of Kongiganak"]
[{"$nulls":18},"Village Of Kotlik"]
[{"$nulls":18},"Native Village Of Kotzebue"]
[{"$nulls":18},"Native Village Of Koyuk"]
[{"$nulls":18},"Koyukuk Native Village"]
[{"$nulls":18},"Organized Village Of Kwethluk"]
[{"$nulls":18},"Native Village Of Kwigillingok"]
[{"$nulls":18},"Native Village Of Larsen Bay"]
[{"$nulls":18},"Levelock Village"]
[{"$nulls":18},"Lime Village"]
[{"$nulls":18},"Galena Village"]
[{"$nulls":18},"Village Of Lower Kalskag"]
[{"$nulls":18},"Manley Hot Springs Village"]
[{"$nulls":18},"Manokotak Village"]
[{"$nulls":18},"Native Village Of Marshall"]
[{"$nulls":18},"Native Village Of Mary's Igloo"]
[{"$nulls":18},"Mcgrath Native Village"]
[{"$nulls":18},"Native Village Of Mekoryuk"]
[{"$nulls":18},"Mentasta Traditional Council"]
[{"$nulls":18},"Native Village Of Minto"]
[{"$nulls":18},"Asa'carsarmiut Tribe"]
[{"$nulls":18},"Pauloff Harbor Village"]
[{"$nulls":18},"Native Village Of Goodnews Bay"]
[{"$nulls":18},"Native Village Of Naknek"]
[{"$nulls":18},"Native Village Of Napamite"]
[{"$nulls":18},"Native Village Of Napakiak"]
[{"$nulls":18},"Native Village Of Napaskiak"]
[{"$nulls":18},"Native Village Of Nelson Lagoon"]
[{"$nulls":18},"Nenana Native Association"]
[{"$nulls":18},"New Stuyahok Village"]
[{"$nulls":18},"Newhalen Village"]
[{"$nulls":18},"Newtok Village"]
[{"$nulls":18},"Native Village Of Nightmute"]
[{"$nulls":18},"Nikolai Village"]
[{"$nulls":18},"Native Village Of Nikolski"]
[{"$nulls":18},"Ninilchik Village"]
[{"$nulls":18},"Native Village Of Noatak"]
[{"$nulls":18},"Nome Eskimo Community"]
[{"$nulls":18},"Nondalton Village"]
[{"$nulls":18},"Native Village Of Nuiqsut"]
[{"$nulls":18},"Noorvik Native Community"]
[{"$nulls":18},"Northway Village"]
[{"$nulls":18},"Nulato Village"]
[{"$nulls":18},"Native Village Of Nunaptichuk"]
[{"$nulls":18},"Village Of Ohogamiut"]
[{"$nulls":18},"Village Of Old Harbor"]
[{"$nulls":18},"Oscarville Traditional Village"]
[{"$nulls":18},"Native Village Of Ouzinkie"]
[{"$nulls":18},"Native Village Of Paimut"]
[{"$nulls":18},"Pedro Bay Village"]
[{"$nulls":18},"Native Village Of Perryville"]
[{"$nulls":18},"Petersburg Indian Association"]
[{"$nulls":18},"Native Village Of Pilot Point"]
[{"$nulls":18},"Pilot Station Traditional Village"]
[{"$nulls":18},"Native Village Of Pitka's Point"]
[{"$nulls":18},"Platinum Traditional Village"]
[{"$nulls":18},"Native Village Of Point Hope"]
[{"$nulls":18},"Native Village Of Point Lay"]
[{"$nulls":18},"Native Village Of Port Graham"]
[{"$nulls":18},"Native Village Of Port Heiden"]
[{"$nulls":18},"Native Village Of Port Lions"]
[{"$nulls":18},"Portage Creek Village"]
[{"$nulls":18},"Native Village Of Kwinhagak"]
[{"$nulls":18},"Rampart Village"]
[{"$nulls":18},"Village Of Red Devil"]
[{"$nulls":18},"Native Village Of Ruby"]
[{"$nulls":18},"Iqurmuit Traditional Council"]
[{"$nulls":18},"Village Of Salamatoff"]
[{"$nulls":18},"Qagan Tayagungin Tribe Of Sand Point"]
[{"$nulls":18},"Native Village Of Savoonga"]
[{"$nulls":18},"Village Of Saxman"]
[{"$nulls":18},"Native Village Of Scammon Bay"]
[{"$nulls":18},"Native Village Of Selawik"]
[{"$nulls":18},"Seldovia Village Tribe"]
[{"$nulls":18},"Shageluk Native Village"]
[{"$nulls":18},"Native Village Of Shaktoolik"]
[{"$nulls":18},"Native Village Of Sheldon's Point"]
[{"$nulls":18},"Native Village Of Shismaref"]
[{"$nulls":18},"Native Village Of Shungnak"]
[{"$nulls":18},"Sitka Tribe Of Alaska"]
[{"$nulls":18},"Skagway Village"]
[{"$nulls":18},"Village Of Sleetmute"]
[{"$nulls":18},"Village Of Solomon"]
[{"$nulls":18},"South Naknek Village"]
[{"$nulls":18},"Pribilof Island Aleut Community Of Saint George"]
[{"$nulls":18},"Algaaciq Native Village"]
[{"$nulls":18},"Native Village Of Saint Michael"]
[{"$nulls":18},"Pribilof Island Aleut Community Of Saint Paul"]
[{"$nulls":18},"Stebbins Community Association"]
[{"$nulls":18},"Native Village Of Stevens"]
[{"$nulls":18},"Village Of Stony River"]
[{"$nulls":18},"Takotna Village"]
[{"$nulls":18},"Native Village Of Tanacross"]
[{"$nulls":18},"Native Village Of Tanana"]
[{"$nulls":18},"Native Village Of Tatilek"]
[{"$nulls":18},"Native Village Of Tazlina"]
[{"$nulls":18},"Telida Village"]
[{"$nulls":18},"Native Village Of Teller"]
[{"$nulls":18},"Native Village Of Tetlin"]
[{"$nulls":18},"Traditional Village Of Togiak"]
[{"$nulls":18},"Nunakauyarmiut Tribe"]
[{"$nulls":18},"Tuluksak Native Community"]
[{"$nulls":18},"Native Village Of Tuntutuliak"]
[{"$nulls":18},"Native Village Of Tununak"]
[{"$nulls":18},"Twin Hills Village"]
[{"$nulls":18},"Native Village Of Tyonek"]
[{"$nulls":18},"Ugashik Village Village"]
[{"$nulls":18},"Umkumiute Native Village"]
[{"$nulls":18},"Native Village Of Unalakleet"]
[{"$nulls":18},"Qawalangin Tribe Of Unalaska"]
[{"$nulls":18},"Native Village Of Unga"]
[{"$nulls":18},"Arctic Village"]
[{"$nulls":18},"Village Of Wainwright"]
[{"$nulls":18},"Native Village Of Wales"]
[{"$nulls":18},"Native Village Of White Mountain"]
[{"$nulls":18},"Lesnoi Village"]
[{"$nulls":18},"Wrangell Cooperative Association"]
[{"$nulls":18},"Yakutat Tlingit Tribe"]
[{"$nulls":18},"King Salmon Tribe"]
[{"$nulls":18},"Shoonaq Tribe Of Kodiak"]
[{"$nulls":18},"Native Village Of Chanega"]
[{"$nulls":18},"Kaguyak Village"]
[{"$nulls":18},"Native Village Of Kanatak"]
[{"$nulls":18},"Healy Lake Village"]
[{"$nulls":18},"Central Council Of The Tlingit And Haida Tribes"]
[{"$nulls":18},"Native Village Of Chuathbaluk"]
[{"$nulls":18},"Inupiat Community Of The Arctic Slope"]
[{"$nulls":18},"Village Of Venetie"]
[{"$nulls":18},"Council Of Athabascan Tribal Governments"]
[{"$nulls":18},"Tanana Chiefs Conference"]
[{"$nulls":18},"Fairbanks Native Association"]
[{"$nulls":18},"Cook Inlet Tribal Council"]
[{"$nulls":18},"Association of Village Council Presidents"]
[{"$nulls":18},"Arctic Slope Native Association"]
[{"$nulls":18},"Bristol Bay Native Association"]
[{"$nulls":18},"Cook Inlet Tribal Council"]
[{"$nulls":18},"Central Council Tlingit and Haida"]
[{"$nulls":18},"Fairbanks Native Association"]
[{"$nulls":18},"Inupiat Community of the Arctic Slope"]
[{"$nulls":18},"Kawerak Inc"]
[{"$nulls":18},"Kuskokwim Native Association"]
[{"$nulls":18},"Maniilaq Association"]
[{"$nulls":18},"Tanana Chiefs Conference"]
[]
[{"$nulls":18},"EASTERN OKLAHOMA"]
[{"$nulls":18},"Chickasaw",null,"CROW CREEK"]
[{"$nulls":18},"Choctaw",null,"Big Bend"]
[{"$nulls":18},"Creek",null,"Crow Creek"]
[{"$nulls":18},"Eastern Shawnee",null,"Fort Thompson"]
[{"$nulls":18},"Pleasnat Point Passamaquoddy"]
[{"$nulls":18},"Miami",null,"OGLALA"]
[{"$nulls":18},"Modoc",null,"Pine Ridge Village"]
[{"$nulls":18},"Osage",null,"Oglala"]
[{"$nulls":18},"Ottawa",null,"Wakpamni"]
[{"$nulls":18},"Peoria",null,"Wounded Knee"]
[{"$nulls":18},"Quapaw",null,"Porcupine"]
[{"$nulls":18},"Seminole",null,"Medicine Root"]
[{"$nulls":18},"Seneca-Cayuga",null,"Eagle Nest"]
[{"$nulls":18},"Thlopthlocco",null,"Pass Creek"]
[{"$nulls":18},"Wyandotte",null,"La Creek"]
[]
[{"$nulls":18},"EASTERN"]
[{"$nulls":18},"Catawba",null,"Antelope"]
[{"$nulls":18},"Cherokee",null,"Corn Creek"]
[{"$nulls":18},"Chitimacha",null,"Ideal"]
[{"$nulls":18},"Choctaw",null,"Ring Thunder"]
[{"$nulls":18},"Coushatta",null,"St Francis"]
[{"$nulls":18},"Indian Township",null,"Black Pipe"]
[{"$nulls":18},"Jena Choctaw",null,"Grass Mountain"]
[{"$nulls":18},"Maliseet",null,"Milks Camp"]
[{"$nulls":18},"Miccosukee",null,"Rosebud"]
[{"$nulls":18},"Micmac",null,"Swift Bear"]
[{"$nulls":18},"Narrangansett",null,"Bull Creek"]
[{"$nulls":18},"Penobscot",null,"He Dog"]
[{"$nulls":18},"Pleasant Point",null,"Okreek"]
[{"$nulls":18},"Poarch Creek",null,"Soldier Creek"]
[{"$nulls":18},"Seminole",null,"Two Strike"]
[{"$nulls":18},"Seneca Nation",null,"Butte Creek"]
[{"$nulls":18},"Shinnecock Nation",null,"Horse Creek"]
[{"$nulls":18},"St. Regis Mohawk",null,"Parmealee"]
[{"$nulls":18},"Tunica Biloxi",null,"Spring Creek"]
[{"$nulls":18},"Tuscarora",null,"Upper Cut Meat "]
[{"$nulls":18},"Wampanoag Aquinnah"]
[{"$nulls":20},"FORT BERTHOLD"]
[{"$nulls":18},"GREAT PLAINS",null,"New Town/ Little Shell"]
[{"$nulls":18},"Crow Creek",null,"Four Bears"]
[{"$nulls":18},"Flandreau",null,"Parshall/Lucky Mound"]
[{"$nulls":18},"Fort Berthold",null,"Mandree"]
[{"$nulls":18},"Fort Totten",null,"Twin Buttes"]
[{"$nulls":18},"Lower Brule",null,"White Shield"]
[{"$nulls":18},"Oglala Sioux Pr"]
[{"$nulls":18},"Omaha"]
[{"$nulls":18},"Ponca"]
[{"$nulls":18},"Rosebud Sioux"]
[{"$nulls":18},"Santee Sioux"]
[{"$nulls":18},"Sisseton-Wahpeton"]
[{"$nulls":18},"Standing Rock"]
[{"$nulls":18},"Trenton"]
[{"$nulls":18},"Turtle Mountain"]
[{"$nulls":18},"Winnebago"]
[{"$nulls":18},"Yankton"]
[]
[{"$nulls":18},"MIDWEST"]
[{"$nulls":18},"Bay Mills"]
[{"$nulls":18},"Bois Forte"]
[{"$nulls":18},"Fon Du Lac"]
[{"$nulls":18},"Forest County"]
[{"$nulls":18},"Grand Portage"]
[{"$nulls":18},"Grand Traverse"]
[{"$nulls":18},"Hannahville"]
[{"$nulls":18},"Ho-Chunk (Wis. Potawatomi)"]
[{"$nulls":18},"Huron Band of Potawatomi"]
[{"$nulls":18},"Keweenaw Bay"]
[{"$nulls":18},"Lac Courte Oreilles"]
[{"$nulls":18},"Lac Du Flambeau"]
[{"$nulls":18},"Lac Vieux Desert"]
[{"$nulls":18},"Leech Lake"]
[{"$nulls":18},"Little River Ottawa"]
[{"$nulls":18},"Minominee"]
[{"$nulls":18},"Mille Lacs Ojibwe"]
[{"$nulls":18},"Oneida Tribe "]
[{"$nulls":18},"Odawa, Little Traverse"]
[{"$nulls":18},"Pokagon Band Potawatomi"]
[{"$nulls":18},"Prairie Island"]
[{"$nulls":18},"Red Cliff"]
[{"$nulls":18},"Red Lake Chippewa"]
[{"$nulls":18},"Saginaw Chippewa"]
[{"$nulls":18},"Sault Ste. Marie"]
[{"$nulls":18},"Shakopee"]
[{"$nulls":18},"Sokaogon"]
[{"$nulls":18},"St Croix"]
[{"$nulls":18},"Stockbridge Munsee"]
[{"$nulls":18},"Upper Sioux"]
[{"$nulls":18},"White Earth"]
[]
[{"$nulls":18},"NAVAJO"]
[{"$nulls":18},"Chinle"]
[{"$nulls":18},"Eastern"]
[{"$nulls":18},"Ft. Defiance"]
[{"$nulls":18},"Shiprock"]
[{"$nulls":18},"Western"]
[]
[{"$nulls":18},"NORTHWEST"]
[{"$nulls":18},"Chehalis"]
[{"$nulls":18},"Coeur D'alene"]
[{"$nulls":18},"Colville"]
[{"$nulls":18},"Coos Bay"]
[{"$nulls":18},"Coquille"]
[{"$nulls":18},"Cow Creek"]
[{"$nulls":18},"Cowlitz"]
[{"$nulls":18},"Grand Ronde"]
[{"$nulls":18},"Hoh"]
[{"$nulls":18},"Sb-Jamestown S'kallum"]
[{"$nulls":18},"Kalispel"]
[{"$nulls":18},"Klamath"]
[{"$nulls":18},"Kootenai"]
[{"$nulls":18},"Lower Elwha"]
[{"$nulls":18},"Sb-Lummi"]
[{"$nulls":18},"Makah"]
[{"$nulls":18},"Metlakatla"]
[{"$nulls":18},"Muckleshoot"]
[{"$nulls":18},"Nez Perce"]
[{"$nulls":18},"Nisqually"]
[{"$nulls":18},"Nooksack"]
[{"$nulls":18},"Nw Band Shoshoni"]
[{"$nulls":18},"Port Gamble"]
[{"$nulls":18},"Puyallup"]
[{"$nulls":18},"Quileute"]
[{"$nulls":18},"Sb-Quinault"]
[{"$nulls":18},"Salish & Kootenai"]
[{"$nulls":18},"Samish"]
[{"$nulls":18},"Sauk-Suiattle"]
[{"$nulls":18},"Shoalwater Bay"]
[{"$nulls":18},"Shoshone-Bannock"]
[{"$nulls":18},"Siletz"]
[{"$nulls":18},"Skokomish"]
[{"$nulls":18},"Snoqualmie"]
[{"$nulls":18},"Spokane"]
[{"$nulls":18},"Squaxin Island"]
[{"$nulls":18},"Stillaguamish"]
[{"$nulls":18},"Suquamish"]
[{"$nulls":18},"Swinomish"]
[{"$nulls":18},"Tulalip"]
[{"$nulls":18},"Umatilla"]
[{"$nulls":18},"Upper Skagit"]
[{"$nulls":18},"Warm Springs"]
[{"$nulls":18},"Yakama"]
[]
[{"$nulls":18},"PACIFIC"]
[{"$nulls":18},"Agua Caliente"]
[{"$nulls":18},"Alturas"]
[{"$nulls":18},"Auburn"]
[{"$nulls":18},"Augustine"]
[{"$nulls":18},"Barona"]
[{"$nulls":18},"Benton"]
[{"$nulls":18},"Berry Creek"]
[{"$nulls":18},"Big Lagoon"]
[{"$nulls":18},"Big Pine"]
[{"$nulls":18},"Big Sandy"]
[{"$nulls":18},"Big Valley"]
[{"$nulls":18},"Bishop"]
[{"$nulls":18},"Blue Lake"]
[{"$nulls":18},"Bridgeport"]
[{"$nulls":18},"Buena Vista"]
[{"$nulls":18},"Cabazon"]
[{"$nulls":18},"Cahuilla"]
[{"$nulls":18},"Campo"]
[{"$nulls":18},"Cedarville"]
[{"$nulls":18},"Chicken Ranch"]
[{"$nulls":18},"Chico"]
[{"$nulls":18},"Cloverdale"]
[{"$nulls":18},"Cold Springs"]
[{"$nulls":18},"Colusa"]
[{"$nulls":18},"Cortina"]
[{"$nulls":18},"Coyote Valley"]
[{"$nulls":18},"Cuyapaipe"]
[{"$nulls":18},"Dry Creek"]
[{"$nulls":18},"Elem (Sulphur Bank)"]
[{"$nulls":18},"Elk Valley"]
[{"$nulls":18},"Enterprise"]
[{"$nulls":18},"Fort Bidwell"]
[{"$nulls":18},"Fort Independence"]
[{"$nulls":18},"Greenville"]
[{"$nulls":18},"Grindstone"]
[{"$nulls":18},"Guidiville"]
[{"$nulls":18},"Sb-Hoopa"]
[{"$nulls":18},"Hopland"]
[{"$nulls":18},"Inaja-Cosmit"]
[{"$nulls":18},"Ione"]
[{"$nulls":18},"Jackson"]
[{"$nulls":18},"Jamul"]
[{"$nulls":18},"Karuk"]
[{"$nulls":18},"La Jolla"]
[{"$nulls":18},"La Posta"]
[{"$nulls":18},"Laytonville"]
[{"$nulls":18},"Lone Pine"]
[{"$nulls":18},"Los Coyotes"]
[{"$nulls":18},"Lytton"]
[{"$nulls":18},"Manchester Point"]
[{"$nulls":18},"Manzanita"]
[{"$nulls":18},"Mesa Grande"]
[{"$nulls":18},"Middletown"]
[{"$nulls":18},"Mooretown"]
[{"$nulls":18},"Morongo"]
[{"$nulls":18},"North Fork"]
[{"$nulls":18},"Pala"]
[{"$nulls":18},"Paskenta"]
[{"$nulls":18},"Pauma"]
[{"$nulls":18},"Pechanga"]
[{"$nulls":18},"Picayune"]
[{"$nulls":18},"Pinoleville"]
[{"$nulls":18},"Pit River"]
[{"$nulls":18},"Potter Valley"]
[{"$nulls":18},"Quartz Valley"]
[{"$nulls":18},"Ramona"]
[{"$nulls":18},"Redding"]
[{"$nulls":18},"Redwood Valley"]
[{"$nulls":18},"Resighini"]
[{"$nulls":18},"Rincon"]
[{"$nulls":18},"Robinson"]
[{"$nulls":18},"Rohnerville"]
[{"$nulls":18},"Round Valley"]
[{"$nulls":18},"Rumsey"]
[{"$nulls":18},"San Manuel"]
[{"$nulls":18},"San Pasqual"]
[{"$nulls":18},"San Rosa"]
[{"$nulls":18},"Santa Rosa Rancheria"]
[{"$nulls":18},"Santa Ynez"]
[{"$nulls":18},"Santa Ysabel"]
[{"$nulls":18},"Scotts Valley"]
[{"$nulls":18},"Sheep Ranch"]
[{"$nulls":18},"Sherwood"]
[{"$nulls":18},"Shingle Springs"]
[{"$nulls":18},"Smith River"]
[{"$nulls":18},"Soboba"]
[{"$nulls":18},"Stewarts Points"]
[{"$nulls":18},"Susanville"]
[{"$nulls":18},"Sycuan"]
[{"$nulls":18},"Table Bluff"]
[{"$nulls":18},"Table Mountain"]
[{"$nulls":18},"Timbi-Sha"]
[{"$nulls":18},"Torres-Martin"]
[{"$nulls":18},"Trinidad"]
[{"$nulls":18},"Tule River"]
[{"$nulls":18},"Tuolumne"]
[{"$nulls":18},"Upper Lake"]
[{"$nulls":18},"Viejas"]
[{"$nulls":18},"Yurok"]
[]
[{"$nulls":18},"ROCKY MOUNTAIN"]
[{"$nulls":18},"Crow"]
[{"$nulls":18},"Blackfeet"]
[{"$nulls":18},"Fort Belknap"]
[{"$nulls":18},"Fort Peck"]
[{"$nulls":18},"Northern Cheyenne"]
[{"$nulls":18},"Rocky Boy's"]
[{"$nulls":18},"Northern Arapaho"]
[{"$nulls":18},"Shoshone"]
[]
[{"$nulls":18},"SOUTHERN PLAINS"]
[{"$nulls":18},"Alabama-Coushatta"]
[{"$nulls":18},"Apache of Oklahoma"]
[{"$nulls":18},"Caddo"]
[{"$nulls":18},"Cheyenne & Arapaho"]
[{"$nulls":18},"Citizen Potawatomi"]
[{"$nulls":18},"Comanche Nation"]
[{"$nulls":18},"Delaware"]
[{"$nulls":18},"Fort Sill Apache"]
[{"$nulls":18},"Iowa of Kansas"]
[{"$nulls":18},"Iowa of Oklahoma"]
[{"$nulls":18},"Kaw of Oklahoma"]
[{"$nulls":18},"Kickapoo Tribe of Kansas"]
[{"$nulls":18},"Kickapoo Tribe of Oklahoma"]
[{"$nulls":18},"Kiowa of Oklahoma"]
[{"$nulls":18},"Otoe-Missouria"]
[{"$nulls":18},"Pawnee"]
[{"$nulls":18},"Ponca"]
[{"$nulls":18},"Prairie Potawatomi"]
[{"$nulls":18},"Sac & Fox - Missouri"]
[{"$nulls":18},"Sac & Fox Nation - Oklahoma"]
[{"$nulls":18},"Wichita"]
[]
[{"$nulls":18},"SOUTHWEST"]
[{"$nulls":18},"Cochiti"]
[{"$nulls":18},"Isleta"]
[{"$nulls":18},"Jemez"]
[{"$nulls":18},"Jicarilla"]
[{"$nulls":18},"Laguna"]
[{"$nulls":18},"Mescalero"]
[{"$nulls":18},"Nambe"]
[{"$nulls":18},"Picuris"]
[{"$nulls":18},"Pojoaque"]
[{"$nulls":18},"Ramah"]
[{"$nulls":18},"San Felipe"]
[{"$nulls":18},"San Ildfonso"]
[{"$nulls":18},"San Juan"]
[{"$nulls":18},"Sandia"]
[{"$nulls":18},"Santa Ana"]
[{"$nulls":18},"Santa Clara"]
[{"$nulls":18},"Santa Domingo"]
[{"$nulls":18},"Southern Ute"]
[{"$nulls":18},"Taos"]
[{"$nulls":18},"Tesuque"]
[{"$nulls":18},"Ute Mountain"]
[{"$nulls":18},"Ysleta Del Sur"]
[{"$nulls":18},"Zia"]
[{"$nulls":18},"Zuni"]
[]
[{"$nulls":18},"WESTERN"]
[{"$nulls":18},"Ak-Chin"]
[{"$nulls":18},"Battle Mountain"]
[{"$nulls":18},"Cocopah"]
[{"$nulls":18},"Colorado River"]
[{"$nulls":18},"Duck Valley"]
[{"$nulls":18},"Duckwater"]
[{"$nulls":18},"Elko"]
[{"$nulls":18},"Ely"]
[{"$nulls":18},"Fallon"]
[{"$nulls":18},"Fort Mcdermitt"]
[{"$nulls":18},"Fort Mcdowell"]
[{"$nulls":18},"Gila River"]
[{"$nulls":18},"Goshute Business Council"]
[{"$nulls":18},"Havasupai"]
[{"$nulls":18},"Hopi Tribe"]
[{"$nulls":18},"Hopi Tribe (Hpl)"]
[{"$nulls":18},"Hualapai"]
[{"$nulls":18},"Kabaib Paiute"]
[{"$nulls":18},"Lovelock"]
[{"$nulls":18},"Moapa"]
[{"$nulls":18},"Pascua Yaqui"]
[{"$nulls":18},"Pyramid Lake"]
[{"$nulls":18},"Quechen"]
[{"$nulls":18},"Reno-Sparks"]
[{"$nulls":18},"Salt River"]
[{"$nulls":18},"San Carlos Apache"]
[{"$nulls":18},"San Juan Paiute"]
[{"$nulls":18},"Skull Valley"]
[{"$nulls":18},"South Fork"]
[{"$nulls":18},"Summitt Lake"]
[{"$nulls":18},"Tohono O'odham"]
[{"$nulls":18},"Tonto Apache"]
[{"$nulls":18},"Uintah & Ouray"]
[{"$nulls":18},"Walker River Paiute"]
[{"$nulls":18},"Washoe"]
[{"$nulls":18},"Wells"]
[{"$nulls":18},"White Mountain Apache"]
[{"$nulls":18},"Yavapai-Apache"]
[{"$nulls":18},"Yavapai-Prescott"]
[{"$nulls":18},"Yerington Paiute"]
[{"$nulls":18},"Yomba"]

{"sheet":"PriorityListForm","index":6,"n_rows":4108,"n_cols":23,"rows_kept":4108,"merged":[[1,1,1,3],[1,6,1,11],[1,14,1,18],[2,1,2,3],[2,6,2,11],[2,14,2,18],[3,1,3,2],[3,9,3,10],[3,15,3,20],[4,0,4,21]]}
[]
[null,"Regional Office:",null,null,{"$f":"IF(Profile!D5=\"\",\"\",Profile!D5)","v":""},null,"Number of Tribes Submitting Workplans:",{"$nulls":7},"Number of Eligible Applicants:",{"$nulls":5},{"$f":"IF(U4108=\"\",\"\",U4108)","v":""}]
[null,"Fiscal  Year:",null,null,{"$f":"IF(Profile!D9=\"\",\"\",Profile!D9)","v":""},null,"Number of Tribes In Region:",{"$nulls":7},"Number of Applications Considered:",{"$nulls":5},{"$f":"IF(V4108=\"\",\"\",V4108)","v":""}]
[]
["Privacy Act Warning!  Information on this sheet may pertain to the Privacy Act, must protect integrity, security and confidentiality!"]
[null,"LAST NAME","FIRST NAME","Suffix","Tribe/ District","Cat","Family size","Income    1040 Form","Income Pts","Aged","Disabled","Dependent Children","Homeless","Dilapidated","Overcrowded","Native Veteran","Veteran Loan","Down  Payment","Denial Letter","Prior Assistance","Eligibility Status","Total Points","Notes"]
[1]
[{"$f":"A7+1","v":2}]
[{"$f":"A8+1","v":3}]
[4]
[5]
[6]
[7]
[8]
[9]
[10]
[11]
[12]
[13]
[14]
[15]
[16]
[17]
[18]
[19]
[20]
[21]
[22]
[23]
[24]
[25]
[26]
[27]
[28]
[29]
[30]
[31]
[32]
[33]
[34]
[35]
[36]
[37]
[38]
[39]
[40]
[41]
[42]
[43]
[44]
[45]
[46]
[47]
[48]
[49]
[50]
[51]
[52]
[53]
[54]
[55]
[56]
[57]
[58]
[59]
[60]
[61]
[62]
[63]
[64]
[65]
[66]
[{"$f":"A72+1","v":67}]
[68]
[69]
[70]
[71]
[72]
[73]
[74]
[75]
[76]
[77]
[78]
[79]
[80]
[81]
[82]
[83]
[84]
[85]
[86]
[87]
[88]
[89]
[90]
[91]
[92]
[93]
[94]
[95]
[96]
[97]
[98]
[99]
[100]
[101]
[102]
[103]
[104]
[105]
[106]
[107]
[108]
[109]
[110]
[111]
[112]
[113]
[114]
[115]
[116]
[117]
[118]
[119]
[120]
[121]
[122]
[123]
[124]
[125]
[126]
[127]
[128]
[129]
[130]
[{"$f":"A136+1","v":131}]
[132]
[133]
[134]
[135]
[136]
[137]
[138]
[139]
[140]
[141]
[142]
[143]
[144]
[145]
[146]
[147]
[148]
[149]
[150]
[151]
[152]
[153]
[154]
[155]
[156]
[157]
[158]
[159]
[160]
[161]
[162]
[163]
[164]
[165]
[166]
[167]
[168]
[169]
[170]
[171]
[172]
[173]
[174]
[175]
[176]
[177]
[178]
[179]
[180]
[181]
[182]
[183]
[184]
[185]
[186]
[187]
[188]
[189]
[190]
[191]
[192]
[193]
[194]
[{"$f":"A200+1","v":195}]
[196]
[197]
[198]
[199]
[200]
[201]
[202]
[203]
[204]
[205]
[206]
[207]
[208]
[209]
[210]
[211]
[212]
[213]
[214]
[215]
[216]
[217]
[218]
[219]
[220]
[221]
[222]
[223]
[224]
[225]
[226]
[227]
[228]
[229]
[230]
[231]
[232]
[233]
[234]
[235]
[236]
[237]
[238]
[239]
[240]
[241]
[242]
[243]
[244]
[245]
[246]
[247]
[248]
[249]
[250]
[251]
[252]
[253]
[254]
[255]
[256]
[257]
[258]
[{"$f":"A264+1","v":259}]
[260]
[261]
[262]
[263]
[264]
[265]
[266]
[267]
[268]
[269]
[270]
[271]
[272]
[273]
[274]
[275]
[276]
[277]
[278]
[279]
[280]
[281]
[282]
[283]
[284]
[285]
[286]
[287]
[288]
[289]
[290]
[291]
[292]
[293]
[294]
[295]
[296]
[297]
[298]
[299]
[300]
[301]
[302]
[303]
[304]
[305]
[306]
[307]
[308]
[309]
[310]
[311]
[312]
[313]
[314]
[315]
[316]
[317]
[318]
[319]
[320]
[321]
[322]
[{"$f":"A328+1","v":323}]
[324]
[325]
[326]
[327]
[328]
[329]
[330]
[331]
[332]
[333]
[334]
[335]
[336]
[337]
[338]
[339]
[340]
[341]
[342]
[343]
[344]
[345]
[346]
[347]
[348]
[349]
[350]
[351]
[352]
[353]
[354]
[355]
[356]
[357]
[358]
[359]
[360]
[361]
[362]
[363]
[364]
[365]
[366]
[367]
[368]
[369]
[370]
[371]
[372]
[373]
[374]
[375]
[376]
[377]
[378]
[379]
[380]
[381]
[382]
[383]
[384]
[385]
[386]
[{"$f":"A392+1","v":387}]
[388]
[389]
[390]
[391]
[392]
[393]
[394]
[395]
[396]
[397]
[398]
[399]
[400]
[401]
[402]
[403]
[404]
[405]
[406]
[407]
[408]
[409]
[410]
[411]
[412]
[413]
[414]
[415]
[416]
[417]
[418]
[419]
[420]
[421]
[422]
[423]
[424]
[425]
[426]
[427]
[428]
[429]
[430]
[431]
[432]
[433]
[434]
[435]
[436]
[437]
[438]
[439]
[440]
[441]
[442]
[443]
[444]
[445]
[446]
[447]
[448]
[449]
[450]
[{"$f":"A456+1","v":451}]
[452]
[453]
[454]
[455]
[456]
[457]
[458]
[459]
[460]
[461]
[462]
[463]
[464]
[465]
[466]
[467]
[468]
[469]
[470]
[471]
[472]
[473]
[474]
[475]
[476]
[477]
[478]
[479]
[480]
[481]
[482]
[483]
[484]
[485]
[486]
[487]
[488]
[489]
[490]
[491]
[492]
[493]
[494]
[495]
[496]
[497]
[498]
[499]
[500]
[501]
[502]
[503]
[504]
[505]
[506]
[507]
[508]
[509]
[510]
[511]
[512]
[513]
[514]
[{"$f":"A520+1","v":515}]
[516]
[517]
[518]
[519]
[520]
[521]
[522]
[523]
[524]
[525]
[526]
[527]
[528]
[529]
[530]
[531]
[532]
[533]
[534]
[535]
[536]
[537]
[538]
[539]
[540]
[541]
[542]
[543]
[544]
[545]
[546]
[547]
[548]
[549]
[550]
[551]
[552]
[553]
[554]
[555]
[556]
[557]
[558]
[559]
[560]
[561]
[562]
[563]
[564]
[565]
[566]
[567]
[568]
[569]
[570]
[571]
[572]
[573]
[574]
[575]
[576]
[577]
[578]
[{"$f":"A584+1","v":579}]
[580]
[581]
[582]
[583]
[584]
[585]
[586]
[587]
[588]
[589]
[590]
[591]
[592]
[593]
[594]
[595]
[596]
[597]
[598]
[599]
[600]
[601]
[602]
[603]
[604]
[605]
[606]
[607]
[608]
[609]
[610]
[611]
[612]
[613]
[614]
[615]
[616]
[617]
[618]
[619]
[620]
[621]
[622]
[623]
[624]
[625]
[626]
[627]
[628]
[629]
[630]
[631]
[632]
[633]
[634]
[635]
[636]
[637]
[638]
[639]
[640]
[641]
[642]
[{"$f":"A648+1","v":643}]
[644]
[645]
[646]
[647]
[648]
[649]
[650]
[651]
[652]
[653]
[654]
[655]
[656]
[657]
[658]
[659]
[660]
[661]
[662]
[663]
[664]
[665]
[666]
[667]
[668]
[669]
[670]
[671]
[672]
[673]
[674]
[675]
[676]
[677]
[678]
[679]
[680]
[681]
[682]
[683]
[684]
[685]
[686]
[687]
[688]
[689]
[690]
[691]
[692]
[693]
[694]
[695]
[696]
[697]
[698]
[699]
[700]
[701]
[702]
[703]
[704]
[705]
[706]
[{"$f":"A712+1","v":707}]
[708]
[709]
[710]
[711]
[712]
[713]
[714]
[715]
[716]
[717]
[718]
[719]
[720]
[721]
[722]
[723]
[724]
[725]
[726]
[727]
[728]
[729]
[730]
[731]
[732]
[733]
[734]
[735]
[736]
[737]
[738]
[739]
[740]
[741]
[742]
[743]
[744]
[745]
[746]
[747]
[748]
[749]
[750]
[751]
[752]
[753]
[754]
[755]
[756]
[757]
[758]
[759]
[760]
[761]
[762]
[763]
[764]
[765]
[766]
[767]
[768]
[769]
[770]
[{"$f":"A776+1","v":771}]
[772]
[773]
[774]
[775]
[776]
[777]
[778]
[779]
[780]
[781]
[782]
[783]
[784]
[785]
[786]
[787]
[788]
[789]
[790]
[791]
[792]
[793]
[794]
[795]
[796]
[797]
[798]
[799]
[800]
[801]
[802]
[803]
[804]
[805]
[806]
[807]
[808]
[809]
[810]
[811]
[812]
[813]
[814]
[815]
[816]
[817]
[818]
[819]
[820]
[821]
[822]
[823]
[824]
[825]
[826]
[827]
[828]
[829]
[830]
[831]
[832]
[833]
[834]
[{"$f":"A840+1","v":835}]
[836]
[837]
[838]
[839]
[840]
[841]
[842]
[843]
[844]
[845]
[846]
[847]
[848]
[849]
[850]
[851]
[852]
[853]
[854]
[855]
[856]
[857]
[858]
[859]
[860]
[861]
[862]
[863]
[864]
[865]
[866]
[867]
[868]
[869]
[870]
[871]
[872]
[873]
[874]
[875]
[876]
[877]
[878]
[879]
[880]
[881]
[882]
[883]
[884]
[885]
[886]
[887]
[888]
[889]
[890]
[891]
[892]
[893]
[894]
[895]
[896]
[897]
[898]
[{"$f":"A904+1","v":899}]
[900]
[901]
[902]
[903]
[904]
[905]
[906]
[907]
[908]
[909]
[910]
[911]
[912]
[913]
[914]
[915]
[916]
[917]
[918]
[919]
[920]
[921]
[922]
[923]
[924]
[925]
[926]
[927]
[928]
[929]
[930]
[931]
[932]
[933]
[934]
[935]
[936]
[937]
[938]
[939]
[940]
[941]
[942]
[943]
[944]
[945]
[946]
[947]
[948]
[949]
[950]
[951]
[952]
[953]
[954]
[955]
[956]
[957]
[958]
[959]
[960]
[961]
[962]
[963]
[964]
[965]
[966]
[967]
[968]
[969]
[970]
[971]
[972]
[973]
[974]
[975]
[976]
[977]
[978]
[979]
[980]
[981]
[982]
[983]
[984]
[985]
[986]
[987]
[988]
[989]
[990]
[991]
[992]
[993]
[994]
[995]
[996]
[997]
[998]
[999]
[1000]
[1001]
[1002]
[1003]
[1004]
[1005]
[1006]
[1007]
[1008]
[1009]
[1010]
[1011]
[1012]
[1013]
[1014]
[1015]
[1016]
[1017]
[1018]
[1019]
[1020]
[1021]
[1022]
[1023]
[1024]
[1025]
[1026]
[1027]
[1028]
[1029]
[1030]
[1031]
[1032]
[1033]
[1034]
[1035]
[1036]
[1037]
[1038]
[1039]
[1040]
[1041]
[1042]
[1043]
[1044]
[1045]
[1046]
[1047]
[1048]
[1049]
[1050]
[1051]
[1052]
[1053]
[1054]
[1055]
[1056]
[1057]
[1058]
[1059]
[1060]
[1061]
[1062]
[1063]
[1064]
[1065]
[1066]
[1067]
[1068]
[1069]
[1070]
[1071]
[1072]
[1073]
[1074]
[1075]
[1076]
[1077]
[1078]
[1079]
[1080]
[1081]
[1082]
[1083]
[1084]
[1085]
[1086]
[1087]
[1088]
[1089]
[1090]
[1091]
[1092]
[1093]
[1094]
[1095]
[1096]
[1097]
[1098]
[1099]
[1100]
[1101]
[1102]
[1103]
[1104]
[1105]
[1106]
[1107]
[1108]
[1109]
[1110]
[1111]
[1112]
[1113]
[1114]
[1115]
[1116]
[1117]
[1118]
[1119]
[1120]
[1121]
[1122]
[1123]
[1124]
[1125]
[1126]
[1127]
[1128]
[1129]
[1130]
[1131]
[1132]
[{"$f":"A1138+1","v":1133}]
[{"$f":"A1139+1","v":1134}]
[{"$f":"A1140+1","v":1135}]
[1136]
[1137]
[1138]
[1139]
[1140]
[1141]
[1142]
[1143]
[1144]
[1145]
[1146]
[1147]
[1148]
[1149]
[1150]
[1151]
[1152]
[1153]
[1154]
[1155]
[1156]
[1157]
[1158]
[1159]
[1160]
[1161]
[1162]
[1163]
[1164]
[1165]
[1166]
[1167]
[1168]
[1169]
[1170]
[1171]
[1172]
[1173]
[1174]
[1175]
[1176]
[1177]
[1178]
[1179]
[1180]
[1181]
[1182]
[1183]
[1184]
[1185]
[1186]
[1187]
[1188]
[1189]
[1190]
[1191]
[1192]
[1193]
[1194]
[1195]
[1196]
[{"$f":"A1202+1","v":1197}]
[1198]
[1199]
[1200]
[1201]
[1202]
[1203]
[1204]
[1205]
[1206]
[1207]
[1208]
[1209]
[1210]
[1211]
[1212]
[1213]
[1214]
[{"$f":"A1220+1","v":1215}]
[1216]
[1217]
[1218]
[1219]
[1220]
[1221]
[1222]
[1223]
[1224]
[1225]
[1226]
[1227]
[1228]
[1229]
[1230]
[1231]
[1232]
[1233]
[1234]
[1235]
[1236]
[1237]
[1238]
[1239]
[1240]
[1241]
[1242]
[1243]
[1244]
[1245]
[1246]
[1247]
[1248]
[1249]
[1250]
[1251]
[1252]
[1253]
[1254]
[1255]
[1256]
[1257]
[1258]
[1259]
[1260]
[1261]
[1262]
[1263]
[1264]
[1265]
[1266]
[1267]
[1268]
[1269]
[1270]
[1271]
[1272]
[1273]
[1274]
[1275]
[1276]
[1277]
[1278]
[{"$f":"A1284+1","v":1279}]
[1280]
[1281]
[1282]
[1283]
[1284]
[1285]
[1286]
[1287]
[1288]
[1289]
[1290]
[1291]
[1292]
[1293]
[1294]
[1295]
[1296]
[1297]
[1298]
[1299]
[1300]
[1301]
[1302]
[1303]
[1304]
[1305]
[1306]
[1307]
[1308]
[1309]
[1310]
[1311]
[1312]
[1313]
[1314]
[1315]
[1316]
[1317]
[1318]
[1319]
[1320]
[1321]
[1322]
[1323]
[1324]
[1325]
[1326]
[1327]
[1328]
[1329]
[1330]
[1331]
[1332]
[1333]
[1334]
[1335]
[1336]
[1337]
[1338]
[1339]
[1340]
[1341]
[1342]
[{"$f":"A1348+1","v":1343}]
[1344]
[1345]
[1346]
[1347]
[1348]
[1349]
[1350]
[1351]
[1352]
[1353]
[1354]
[1355]
[1356]
[1357]
[1358]
[1359]
[1360]
[1361]
[1362]
[1363]
[1364]
[1365]
[1366]
[1367]
[1368]
[1369]
[1370]
[1371]
[1372]
[1373]
[1374]
[1375]
[1376]
[1377]
[1378]
[1379]
[1380]
[1381]
[1382]
[1383]
[1384]
[1385]
[1386]
[1387]
[1388]
[1389]
[1390]
[1391]
[1392]
[1393]
[1394]
[1395]
[1396]
[1397]
[1398]
[1399]
[1400]
[1401]
[1402]
[1403]
[1404]
[1405]
[1406]
[{"$f":"A1412+1","v":1407}]
[1408]
[1409]
[1410]
[1411]
[1412]
[1413]
[1414]
[1415]
[1416]
[1417]
[1418]
[1419]
[1420]
[1421]
[1422]
[1423]
[1424]
[1425]
[1426]
[1427]
[1428]
[1429]
[1430]
[1431]
[1432]
[1433]
[1434]
[1435]
[1436]
[1437]
[1438]
[1439]
[1440]
[1441]
[1442]
[1443]
[1444]
[1445]
[1446]
[1447]
[1448]
[1449]
[1450]
[1451]
[1452]
[1453]
[1454]
[1455]
[1456]
[1457]
[1458]
[1459]
[1460]
[1461]
[1462]
[1463]
[1464]
[1465]
[1466]
[1467]
[1468]
[1469]
[1470]
[{"$f":"A1476+1","v":1471}]
[1472]
[1473]
[1474]
[1475]
[1476]
[1477]
[1478]
[1479]
[1480]
[1481]
[1482]
[1483]
[1484]
[1485]
[1486]
[1487]
[1488]
[1489]
[1490]
[1491]
[1492]
[1493]
[1494]
[1495]
[1496]
[1497]
[1498]
[1499]
[1500]
[1501]
[1502]
[1503]
[1504]
[1505]
[1506]
[1507]
[1508]
[1509]
[1510]
[1511]
[1512]
[1513]
[1514]
[1515]
[1516]
[1517]
[1518]
[1519]
[1520]
[1521]
[1522]
[1523]
[1524]
[1525]
[1526]
[1527]
[1528]
[1529]
[1530]
[1531]
[1532]
[1533]
[1534]
[{"$f":"A1540+1","v":1535}]
[1536]
[1537]
[1538]
[1539]
[1540]
[1541]
[1542]
[1543]
[1544]
[1545]
[1546]
[1547]
[1548]
[1549]
[1550]
[1551]
[1552]
[1553]
[1554]
[1555]
[1556]
[1557]
[1558]
[1559]
[1560]
[1561]
[1562]
[1563]
[1564]
[1565]
[1566]
[1567]
[1568]
[1569]
[1570]
[1571]
[1572]
[1573]
[1574]
[1575]
[1576]
[1577]
[1578]
[1579]
[1580]
[1581]
[1582]
[1583]
[1584]
[1585]
[1586]
[1587]
[1588]
[1589]
[1590]
[1591]
[1592]
[1593]
[1594]
[1595]
[1596]
[1597]
[1598]
[{"$f":"A1604+1","v":1599}]
[1600]
[1601]
[1602]
[1603]
[1604]
[1605]
[1606]
[1607]
[1608]
[1609]
[1610]
[1611]
[1612]
[1613]
[1614]
[1615]
[1616]
[1617]
[1618]
[1619]
[1620]
[1621]
[1622]
[1623]
[1624]
[1625]
[1626]
[1627]
[1628]
[1629]
[1630]
[1631]
[1632]
[1633]
[1634]
[1635]
[1636]
[1637]
[1638]
[1639]
[1640]
[1641]
[1642]
[1643]
[1644]
[1645]
[1646]
[1647]
[1648]
[1649]
[1650]
[1651]
[1652]
[1653]
[1654]
[1655]
[1656]
[1657]
[1658]
[1659]
[1660]
[1661]
[1662]
[{"$f":"A1668+1","v":1663}]
[1664]
[1665]
[1666]
[1667]
[1668]
[1669]
[1670]
[1671]
[1672]
[1673]
[1674]
[1675]
[1676]
[1677]
[1678]
[1679]
[1680]
[1681]
[1682]
[1683]
[1684]
[1685]
[1686]
[1687]
[1688]
[1689]
[1690]
[1691]
[1692]
[1693]
[1694]
[1695]
[1696]
[1697]
[1698]
[1699]
[1700]
[1701]
[1702]
[1703]
[1704]
[1705]
[1706]
[1707]
[1708]
[1709]
[1710]
[1711]
[1712]
[1713]
[1714]
[1715]
[1716]
[1717]
[1718]
[1719]
[1720]
[1721]
[1722]
[1723]
[1724]
[1725]
[1726]
[{"$f":"A1732+1","v":1727}]
[1728]
[1729]
[1730]
[1731]
[1732]
[1733]
[1734]
[1735]
[1736]
[1737]
[1738]
[1739]
[1740]
[1741]
[1742]
[1743]
[1744]
[1745]
[1746]
[1747]
[1748]
[1749]
[1750]
[1751]
[1752]
[1753]
[1754]
[1755]
[1756]
[1757]
[1758]
[1759]
[1760]
[1761]
[1762]
[1763]
[1764]
[1765]
[1766]
[1767]
[1768]
[1769]
[1770]
[1771]
[1772]
[1773]
[1774]
[1775]
[1776]
[1777]
[1778]
[1779]
[1780]
[1781]
[1782]
[1783]
[1784]
[1785]
[1786]
[1787]
[1788]
[1789]
[1790]
[{"$f":"A1796+1","v":1791}]
[1792]
[1793]
[1794]
[1795]
[1796]
[1797]
[1798]
[1799]
[1800]
[1801]
[1802]
[1803]
[1804]
[1805]
[1806]
[1807]
[1808]
[1809]
[1810]
[1811]
[1812]
[1813]
[1814]
[1815]
[1816]
[1817]
[1818]
[1819]
[1820]
[1821]
[1822]
[1823]
[1824]
[1825]
[1826]
[1827]
[1828]
[1829]
[1830]
[1831]
[1832]
[1833]
[1834]
[1835]
[1836]
[1837]
[1838]
[1839]
[1840]
[1841]
[1842]
[1843]
[1844]
[1845]
[1846]
[1847]
[1848]
[1849]
[1850]
[1851]
[1852]
[1853]
[1854]
[{"$f":"A1860+1","v":1855}]
[1856]
[1857]
[1858]
[1859]
[1860]
[1861]
[1862]
[1863]
[1864]
[1865]
[1866]
[1867]
[1868]
[1869]
[1870]
[1871]
[1872]
[1873]
[1874]
[1875]
[1876]
[1877]
[1878]
[1879]
[1880]
[1881]
[1882]
[1883]
[1884]
[1885]
[1886]
[1887]
[1888]
[1889]
[1890]
[1891]
[1892]
[1893]
[1894]
[1895]
[1896]
[1897]
[1898]
[1899]
[1900]
[1901]
[1902]
[1903]
[1904]
[1905]
[1906]
[1907]
[1908]
[1909]
[1910]
[1911]
[1912]
[1913]
[1914]
[1915]
[1916]
[1917]
[1918]
[{"$f":"A1924+1","v":1919}]
[1920]
[1921]
[1922]
[1923]
[1924]
[1925]
[1926]
[1927]
[1928]
[1929]
[1930]
[1931]
[1932]
[1933]
[1934]
[1935]
[1936]
[1937]
[1938]
[1939]
[1940]
[1941]
[1942]
[1943]
[1944]
[1945]
[1946]
[1947]
[1948]
[1949]
[1950]
[1951]
[1952]
[1953]
[1954]
[1955]
[1956]
[1957]
[1958]
[1959]
[1960]
[1961]
[1962]
[1963]
[1964]
[1965]
[1966]
[1967]
[1968]
[1969]
[1970]
[1971]
[1972]
[1973]
[1974]
[1975]
[1976]
[1977]
[1978]
[1979]
[1980]
[1981]
[1982]
[{"$f":"A1988+1","v":1983}]
[1984]
[1985]
[1986]
[1987]
[1988]
[1989]
[1990]
[1991]
[1992]
[1993]
[1994]
[1995]
[1996]
[1997]
[1998]
[1999]
[2000]
[2001]
[2002]
[2003]
[2004]
[2005]
[2006]
[2007]
[2008]
[2009]
[2010]
[2011]
[2012]
[2013]
[2014]
[2015]
[2016]
[2017]
[2018]
[2019]
[2020]
[2021]
[2022]
[2023]
[2024]
[2025]
[2026]
[2027]
[2028]
[2029]
[2030]
[2031]
[2032]
[2033]
[2034]
[2035]
[2036]
[2037]
[2038]
[2039]
[2040]
[2041]
[2042]
[2043]
[2044]
[2045]
[2046]
[{"$f":"A2052+1","v":2047}]
[2048]
[2049]
[2050]
[2051]
[2052]
[2053]
[2054]
[2055]
[2056]
[2057]
[2058]
[2059]
[2060]
[2061]
[2062]
[2063]
[2064]
[2065]
[2066]
[2067]
[2068]
[2069]
[2070]
[2071]
[2072]
[2073]
[2074]
[2075]
[2076]
[2077]
[2078]
[2079]
[2080]
[2081]
[2082]
[2083]
[2084]
[2085]
[2086]
[2087]
[2088]
[2089]
[2090]
[2091]
[2092]
[2093]
[2094]
[2095]
[2096]
[2097]
[2098]
[2099]
[2100]
[2101]
[2102]
[2103]
[2104]
[2105]
[2106]
[2107]
[2108]
[2109]
[2110]
[{"$f":"A2116+1","v":2111}]
[2112]
[2113]
[2114]
[2115]
[2116]
[2117]
[2118]
[2119]
[2120]
[2121]
[2122]
[2123]
[2124]
[2125]
[2126]
[2127]
[2128]
[2129]
[2130]
[2131]
[2132]
[2133]
[2134]
[2135]
[2136]
[2137]
[2138]
[2139]
[2140]
[2141]
[2142]
[2143]
[2144]
[2145]
[2146]
[2147]
[2148]
[2149]
[2150]
[2151]
[2152]
[2153]
[2154]
[2155]
[2156]
[2157]
[2158]
[2159]
[2160]
[2161]
[2162]
[2163]
[2164]
[2165]
[2166]
[2167]
[2168]
[2169]
[2170]
[2171]
[2172]
[2173]
[2174]
[{"$f":"A2180+1","v":2175}]
[2176]
[2177]
[2178]
[2179]
[2180]
[2181]
[2182]
[2183]
[2184]
[2185]
[2186]
[2187]
[2188]
[2189]
[2190]
[2191]
[2192]
[2193]
[2194]
[2195]
[2196]
[2197]
[2198]
[2199]
[2200]
[2201]
[2202]
[2203]
[2204]
[2205]
[2206]
[2207]
[2208]
[2209]
[2210]
[2211]
[2212]
[2213]
[2214]
[2215]
[2216]
[2217]
[2218]
[2219]
[2220]
[2221]
[2222]
[2223]
[2224]
[2225]
[2226]
[2227]
[2228]
[2229]
[2230]
[2231]
[2232]
[2233]
[2234]
[2235]
[2236]
[2237]
[2238]
[{"$f":"A2244+1","v":2239}]
[2240]
[2241]
[2242]
[2243]
[2244]
[2245]
[2246]
[2247]
[2248]
[2249]
[2250]
[2251]
[2252]
[2253]
[2254]
[2255]
[2256]
[2257]
[2258]
[2259]
[2260]
[2261]
[2262]
[2263]
[2264]
[2265]
[2266]
[2267]
[2268]
[2269]
[2270]
[2271]
[2272]
[2273]
[2274]
[2275]
[2276]
[2277]
[2278]
[2279]
[2280]
[2281]
[2282]
[2283]
[2284]
[2285]
[2286]
[2287]
[2288]
[2289]
[2290]
[2291]
[2292]
[2293]
[2294]
[2295]
[2296]
[2297]
[2298]
[2299]
[2300]
[2301]
[2302]
[{"$f":"A2308+1","v":2303}]
[2304]
[2305]
[2306]
[2307]
[2308]
[2309]
[2310]
[2311]
[2312]
[2313]
[2314]
[2315]
[2316]
[2317]
[2318]
[2319]
[2320]
[2321]
[2322]
[2323]
[2324]
[2325]
[2326]
[2327]
[2328]
[2329]
[2330]
[2331]
[2332]
[2333]
[2334]
[2335]
[2336]
[2337]
[2338]
[2339]
[2340]
[2341]
[2342]
[2343]
[2344]
[2345]
[2346]
[2347]
[2348]
[2349]
[2350]
[2351]
[2352]
[2353]
[2354]
[2355]
[2356]
[2357]
[2358]
[2359]
[2360]
[2361]
[2362]
[2363]
[2364]
[2365]
[2366]
[{"$f":"A2372+1","v":2367}]
[2368]
[2369]
[2370]
[2371]
[2372]
[2373]
[2374]
[2375]
[2376]
[2377]
[2378]
[2379]
[2380]
[2381]
[2382]
[2383]
[2384]
[2385]
[2386]
[2387]
[2388]
[2389]
[2390]
[2391]
[2392]
[2393]
[2394]
[2395]
[2396]
[2397]
[2398]
[2399]
[2400]
[2401]
[2402]
[2403]
[2404]
[2405]
[2406]
[2407]
[2408]
[2409]
[2410]
[2411]
[2412]
[2413]
[2414]
[2415]
[2416]
[2417]
[2418]
[2419]
[2420]
[2421]
[2422]
[2423]
[2424]
[2425]
[2426]
[2427]
[2428]
[2429]
[2430]
[{"$f":"A2436+1","v":2431}]
[2432]
[2433]
[2434]
[2435]
[2436]
[2437]
[2438]
[2439]
[2440]
[2441]
[2442]
[2443]
[2444]
[2445]
[2446]
[2447]
[2448]
[2449]
[2450]
[2451]
[2452]
[2453]
[2454]
[2455]
[2456]
[2457]
[2458]
[2459]
[2460]
[2461]
[2462]
[2463]
[2464]
[2465]
[2466]
[2467]
[2468]
[2469]
[2470]
[2471]
[2472]
[2473]
[2474]
[2475]
[2476]
[2477]
[2478]
[2479]
[2480]
[2481]
[2482]
[2483]
[2484]
[2485]
[2486]
[2487]
[2488]
[2489]
[2490]
[2491]
[2492]
[2493]
[2494]
[{"$f":"A2500+1","v":2495}]
[2496]
[2497]
[2498]
[2499]
[2500]
[2501]
[2502]
[2503]
[2504]
[2505]
[2506]
[2507]
[2508]
[2509]
[2510]
[2511]
[2512]
[2513]
[2514]
[2515]
[2516]
[2517]
[2518]
[2519]
[2520]
[2521]
[2522]
[2523]
[2524]
[2525]
[2526]
[2527]
[2528]
[2529]
[2530]
[2531]
[2532]
[2533]
[2534]
[2535]
[2536]
[2537]
[2538]
[2539]
[2540]
[2541]
[2542]
[2543]
[2544]
[2545]
[2546]
[2547]
[2548]
[2549]
[2550]
[2551]
[2552]
[2553]
[2554]
[2555]
[2556]
[2557]
[2558]
[{"$f":"A2564+1","v":2559}]
[2560]
[2561]
[2562]
[2563]
[2564]
[2565]
[2566]
[2567]
[2568]
[2569]
[2570]
[2571]
[2572]
[2573]
[2574]
[2575]
[2576]
[2577]
[2578]
[2579]
[2580]
[2581]
[2582]
[2583]
[2584]
[2585]
[2586]
[2587]
[2588]
[2589]
[2590]
[2591]
[2592]
[2593]
[2594]
[2595]
[2596]
[2597]
[2598]
[2599]
[2600]
[2601]
[2602]
[2603]
[2604]
[2605]
[2606]
[2607]
[2608]
[2609]
[2610]
[2611]
[2612]
[2613]
[2614]
[2615]
[2616]
[2617]
[2618]
[2619]
[2620]
[2621]
[2622]
[{"$f":"A2628+1","v":2623}]
[2624]
[2625]
[2626]
[2627]
[2628]
[2629]
[2630]
[2631]
[2632]
[2633]
[2634]
[2635]
[2636]
[2637]
[2638]
[2639]
[2640]
[2641]
[2642]
[2643]
[2644]
[2645]
[2646]
[2647]
[2648]
[2649]
[2650]
[2651]
[2652]
[2653]
[2654]
[2655]
[2656]
[2657]
[2658]
[2659]
[2660]
[2661]
[2662]
[2663]
[2664]
[2665]
[2666]
[2667]
[2668]
[2669]
[2670]
[2671]
[2672]
[2673]
[2674]
[2675]
[2676]
[2677]
[2678]
[2679]
[2680]
[2681]
[2682]
[2683]
[2684]
[2685]
[2686]
[{"$f":"A2692+1","v":2687}]
[2688]
[2689]
[2690]
[2691]
[2692]
[2693]
[2694]
[2695]
[2696]
[2697]
[2698]
[2699]
[2700]
[2701]
[2702]
[2703]
[2704]
[2705]
[2706]
[2707]
[2708]
[2709]
[2710]
[2711]
[2712]
[2713]
[2714]
[2715]
[2716]
[2717]
[2718]
[2719]
[2720]
[2721]
[2722]
[2723]
[2724]
[2725]
[2726]
[2727]
[2728]
[2729]
[2730]
[2731]
[2732]
[2733]
[2734]
[2735]
[2736]
[2737]
[2738]
[2739]
[2740]
[2741]
[2742]
[2743]
[2744]
[2745]
[2746]
[2747]
[2748]
[2749]
[2750]
[{"$f":"A2756+1","v":2751}]
[2752]
[2753]
[2754]
[2755]
[2756]
[2757]
[2758]
[2759]
[2760]
[2761]
[2762]
[2763]
[2764]
[2765]
[2766]
[2767]
[2768]
[2769]
[2770]
[2771]
[2772]
[2773]
[2774]
[2775]
[2776]
[2777]
[2778]
[2779]
[2780]
[2781]
[2782]
[2783]
[2784]
[2785]
[2786]
[2787]
[2788]
[2789]
[2790]
[2791]
[2792]
[2793]
[2794]
[2795]
[2796]
[2797]
[2798]
[2799]
[2800]
[2801]
[2802]
[2803]
[2804]
[2805]
[2806]
[2807]
[2808]
[2809]
[2810]
[2811]
[2812]
[2813]
[2814]
[{"$f":"A2820+1","v":2815}]
[2816]
[2817]
[2818]
[2819]
[2820]
[2821]
[2822]
[2823]
[2824]
[2825]
[2826]
[2827]
[2828]
[2829]
[2830]
[2831]
[2832]
[2833]
[2834]
[2835]
[2836]
[2837]
[2838]
[2839]
[2840]
[2841]
[2842]
[2843]
[2844]
[2845]
[2846]
[2847]
[2848]
[2849]
[2850]
[2851]
[2852]
[2853]
[2854]
[2855]
[2856]
[2857]
[2858]
[2859]
[2860]
[2861]
[2862]
[2863]
[2864]
[2865]
[2866]
[2867]
[2868]
[2869]
[2870]
[2871]
[2872]
[2873]
[2874]
[2875]
[2876]
[2877]
[2878]
[{"$f":"A2884+1","v":2879}]
[2880]
[2881]
[2882]
[2883]
[2884]
[2885]
[2886]
[2887]
[2888]
[2889]
[2890]
[2891]
[2892]
[2893]
[2894]
[2895]
[2896]
[2897]
[2898]
[2899]
[2900]
[2901]
[2902]
[2903]
[2904]
[2905]
[2906]
[2907]
[2908]
[2909]
[2910]
[2911]
[2912]
[2913]
[2914]
[2915]
[2916]
[2917]
[2918]
[2919]
[2920]
[2921]
[2922]
[2923]
[2924]
[2925]
[2926]
[2927]
[2928]
[2929]
[2930]
[2931]
[2932]
[2933]
[2934]
[2935]
[2936]
[2937]
[2938]
[2939]
[2940]
[2941]
[2942]
[{"$f":"A2948+1","v":2943}]
[2944]
[2945]
[2946]
[2947]
[2948]
[2949]
[2950]
[2951]
[2952]
[2953]
[2954]
[2955]
[2956]
[2957]
[2958]
[2959]
[2960]
[2961]
[2962]
[2963]
[2964]
[2965]
[2966]
[2967]
[2968]
[2969]
[2970]
[2971]
[2972]
[2973]
[2974]
[2975]
[2976]
[2977]
[2978]
[2979]
[2980]
[2981]
[2982]
[2983]
[2984]
[2985]
[2986]
[2987]
[2988]
[2989]
[2990]
[2991]
[2992]
[2993]
[2994]
[2995]
[2996]
[2997]
[2998]
[2999]
[3000]
[3001]
[3002]
[3003]
[3004]
[3005]
[3006]
[{"$f":"A3012+1","v":3007}]
[3008]
[3009]
[3010]
[3011]
[3012]
[3013]
[3014]
[3015]
[3016]
[3017]
[3018]
[3019]
[3020]
[3021]
[3022]
[3023]
[3024]
[3025]
[3026]
[3027]
[3028]
[3029]
[3030]
[3031]
[3032]
[3033]
[3034]
[3035]
[3036]
[3037]
[3038]
[3039]
[3040]
[3041]
[3042]
[3043]
[3044]
[3045]
[3046]
[3047]
[3048]
[3049]
[3050]
[3051]
[3052]
[3053]
[3054]
[3055]
[3056]
[3057]
[3058]
[3059]
[3060]
[3061]
[3062]
[3063]
[3064]
[3065]
[3066]
[3067]
[3068]
[3069]
[3070]
[{"$f":"A3076+1","v":3071}]
[3072]
[3073]
[3074]
[3075]
[3076]
[3077]
[3078]
[3079]
[3080]
[3081]
[3082]
[3083]
[3084]
[3085]
[3086]
[3087]
[3088]
[3089]
[3090]
[3091]
[3092]
[3093]
[3094]
[3095]
[3096]
[3097]
[3098]
[3099]
[3100]
[3101]
[3102]
[3103]
[3104]
[3105]
[3106]
[3107]
[3108]
[3109]
[3110]
[3111]
[3112]
[3113]
[3114]
[3115]
[3116]
[3117]
[3118]
[3119]
[3120]
[3121]
[3122]
[3123]
[3124]
[3125]
[3126]
[3127]
[3128]
[3129]
[3130]
[3131]
[3132]
[3133]
[3134]
[{"$f":"A3140+1","v":3135}]
[3136]
[3137]
[3138]
[3139]
[3140]
[3141]
[3142]
[3143]
[3144]
[3145]
[3146]
[3147]
[3148]
[3149]
[3150]
[3151]
[3152]
[3153]
[3154]
[3155]
[3156]
[3157]
[3158]
[3159]
[3160]
[3161]
[3162]
[3163]
[3164]
[3165]
[3166]
[3167]
[3168]
[3169]
[3170]
[3171]
[3172]
[3173]
[3174]
[3175]
[3176]
[3177]
[3178]
[3179]
[3180]
[3181]
[3182]
[3183]
[3184]
[3185]
[3186]
[3187]
[3188]
[3189]
[3190]
[3191]
[3192]
[3193]
[3194]
[3195]
[3196]
[3197]
[3198]
[{"$f":"A3204+1","v":3199}]
[3200]
[3201]
[3202]
[3203]
[3204]
[3205]
[3206]
[3207]
[3208]
[3209]
[3210]
[3211]
[3212]
[3213]
[3214]
[3215]
[3216]
[3217]
[3218]
[3219]
[3220]
[3221]
[3222]
[3223]
[3224]
[3225]
[3226]
[3227]
[3228]
[3229]
[3230]
[3231]
[3232]
[3233]
[3234]
[3235]
[3236]
[3237]
[3238]
[3239]
[3240]
[3241]
[3242]
[3243]
[3244]
[3245]
[3246]
[3247]
[3248]
[3249]
[3250]
[3251]
[3252]
[3253]
[3254]
[3255]
[3256]
[3257]
[3258]
[3259]
[3260]
[3261]
[3262]
[{"$f":"A3268+1","v":3263}]
[3264]
[3265]
[3266]
[3267]
[3268]
[3269]
[3270]
[3271]
[3272]
[3273]
[3274]
[3275]
[3276]
[3277]
[3278]
[3279]
[3280]
[3281]
[3282]
[3283]
[3284]
[3285]
[3286]
[3287]
[3288]
[3289]
[3290]
[3291]
[3292]
[3293]
[3294]
[3295]
[3296]
[3297]
[3298]
[3299]
[3300]
[3301]
[3302]
[3303]
[3304]
[3305]
[3306]
[3307]
[3308]
[3309]
[3310]
[3311]
[3312]
[3313]
[3314]
[3315]
[3316]
[3317]
[3318]
[3319]
[3320]
[3321]
[3322]
[3323]
[3324]
[3325]
[3326]
[{"$f":"A3332+1","v":3327}]
[3328]
[3329]
[3330]
[3331]
[3332]
[3333]
[3334]
[3335]
[3336]
[3337]
[3338]
[3339]
[3340]
[3341]
[3342]
[3343]
[3344]
[3345]
[3346]
[3347]
[3348]
[3349]
[3350]
[3351]
[3352]
[3353]
[3354]
[3355]
[3356]
[3357]
[3358]
[3359]
[3360]
[3361]
[3362]
[3363]
[3364]
[3365]
[3366]
[3367]
[3368]
[3369]
[3370]
[3371]
[3372]
[3373]
[3374]
[3375]
[3376]
[3377]
[3378]
[3379]
[3380]
[3381]
[3382]
[3383]
[3384]
[3385]
[3386]
[3387]
[3388]
[3389]
[3390]
[{"$f":"A3396+1","v":3391}]
[3392]
[3393]
[3394]
[3395]
[3396]
[3397]
[3398]
[3399]
[3400]
[3401]
[3402]
[3403]
[3404]
[3405]
[3406]
[3407]
[3408]
[3409]
[3410]
[3411]
[3412]
[3413]
[3414]
[3415]
[3416]
[3417]
[3418]
[3419]
[3420]
[3421]
[3422]
[3423]
[3424]
[3425]
[3426]
[3427]
[3428]
[3429]
[3430]
[3431]
[3432]
[3433]
[3434]
[3435]
[3436]
[3437]
[3438]
[3439]
[3440]
[3441]
[3442]
[3443]
[3444]
[3445]
[3446]
[3447]
[3448]
[3449]
[3450]
[3451]
[3452]
[3453]
[3454]
[{"$f":"A3460+1","v":3455}]
[3456]
[3457]
[3458]
[3459]
[3460]
[3461]
[3462]
[3463]
[3464]
[3465]
[3466]
[3467]
[3468]
[3469]
[3470]
[3471]
[3472]
[3473]
[3474]
[3475]
[3476]
[3477]
[3478]
[3479]
[3480]
[3481]
[3482]
[3483]
[3484]
[3485]
[3486]
[3487]
[3488]
[3489]
[3490]
[3491]
[3492]
[3493]
[3494]
[3495]
[3496]
[3497]
[3498]
[3499]
[3500]
[3501]
[3502]
[3503]
[3504]
[3505]
[3506]
[3507]
[3508]
[3509]
[3510]
[3511]
[3512]
[3513]
[3514]
[3515]
[3516]
[3517]
[3518]
[{"$f":"A3524+1","v":3519}]
[3520]
[3521]
[3522]
[3523]
[3524]
[3525]
[3526]
[3527]
[3528]
[3529]
[3530]
[3531]
[3532]
[3533]
[3534]
[3535]
[3536]
[3537]
[3538]
[3539]
[3540]
[3541]
[3542]
[3543]
[3544]
[3545]
[3546]
[3547]
[3548]
[3549]
[3550]
[3551]
[3552]
[3553]
[3554]
[3555]
[3556]
[3557]
[3558]
[3559]
[3560]
[3561]
[3562]
[3563]
[3564]
[3565]
[3566]
[3567]
[3568]
[3569]
[3570]
[3571]
[3572]
[3573]
[3574]
[3575]
[3576]
[3577]
[3578]
[3579]
[3580]
[3581]
[3582]
[{"$f":"A3588+1","v":3583}]
[3584]
[3585]
[3586]
[3587]
[3588]
[3589]
[3590]
[3591]
[3592]
[3593]
[3594]
[3595]
[3596]
[3597]
[3598]
[3599]
[3600]
[3601]
[3602]
[3603]
[3604]
[3605]
[3606]
[3607]
[3608]
[3609]
[3610]
[3611]
[3612]
[3613]
[3614]
[3615]
[3616]
[3617]
[3618]
[3619]
[3620]
[3621]
[3622]
[3623]
[3624]
[3625]
[3626]
[3627]
[3628]
[3629]
[3630]
[3631]
[3632]
[3633]
[3634]
[3635]
[3636]
[3637]
[3638]
[3639]
[3640]
[3641]
[3642]
[3643]
[3644]
[3645]
[3646]
[{"$f":"A3652+1","v":3647}]
[3648]
[3649]
[3650]
[3651]
[3652]
[3653]
[3654]
[3655]
[3656]
[3657]
[3658]
[3659]
[3660]
[3661]
[3662]
[3663]
[3664]
[3665]
[3666]
[3667]
[3668]
[3669]
[3670]
[3671]
[3672]
[3673]
[3674]
[3675]
[3676]
[3677]
[3678]
[3679]
[3680]
[3681]
[3682]
[3683]
[3684]
[3685]
[3686]
[3687]
[3688]
[3689]
[3690]
[3691]
[3692]
[3693]
[3694]
[3695]
[3696]
[3697]
[3698]
[3699]
[3700]
[3701]
[3702]
[3703]
[3704]
[3705]
[3706]
[3707]
[3708]
[3709]
[3710]
[{"$f":"A3716+1","v":3711}]
[3712]
[3713]
[3714]
[3715]
[3716]
[3717]
[3718]
[3719]
[3720]
[3721]
[3722]
[3723]
[3724]
[3725]
[3726]
[3727]
[3728]
[3729]
[3730]
[3731]
[3732]
[3733]
[3734]
[3735]
[3736]
[3737]
[3738]
[3739]
[3740]
[3741]
[3742]
[3743]
[3744]
[3745]
[3746]
[3747]
[3748]
[3749]
[3750]
[3751]
[3752]
[3753]
[3754]
[3755]
[3756]
[3757]
[3758]
[3759]
[3760]
[3761]
[3762]
[3763]
[3764]
[3765]
[3766]
[3767]
[3768]
[3769]
[3770]
[3771]
[3772]
[3773]
[3774]
[{"$f":"A3780+1","v":3775}]
[3776]
[3777]
[3778]
[3779]
[3780]
[3781]
[3782]
[3783]
[3784]
[3785]
[3786]
[3787]
[3788]
[3789]
[3790]
[3791]
[3792]
[3793]
[3794]
[3795]
[3796]
[3797]
[3798]
[3799]
[3800]
[3801]
[3802]
[3803]
[3804]
[3805]
[3806]
[3807]
[3808]
[3809]
[3810]
[3811]
[3812]
[3813]
[3814]
[3815]
[3816]
[3817]
[3818]
[3819]
[3820]
[3821]
[3822]
[3823]
[3824]
[3825]
[3826]
[3827]
[3828]
[3829]
[3830]
[3831]
[3832]
[3833]
[3834]
[3835]
[3836]
[3837]
[3838]
[{"$f":"A3844+1","v":3839}]
[3840]
[3841]
[3842]
[3843]
[3844]
[3845]
[3846]
[3847]
[3848]
[3849]
[3850]
[3851]
[3852]
[3853]
[3854]
[3855]
[3856]
[3857]
[3858]
[3859]
[3860]
[3861]
[3862]
[3863]
[3864]
[3865]
[3866]
[3867]
[3868]
[3869]
[3870]
[3871]
[3872]
[3873]
[3874]
[3875]
[3876]
[3877]
[3878]
[3879]
[3880]
[3881]
[3882]
[3883]
[3884]
[3885]
[3886]
[3887]
[3888]
[3889]
[3890]
[3891]
[3892]
[3893]
[3894]
[3895]
[3896]
[3897]
[3898]
[3899]
[3900]
[3901]
[3902]
[{"$f":"A3908+1","v":3903}]
[3904]
[3905]
[3906]
[3907]
[3908]
[3909]
[3910]
[3911]
[3912]
[3913]
[3914]
[3915]
[3916]
[3917]
[3918]
[3919]
[3920]
[3921]
[3922]
[3923]
[3924]
[3925]
[3926]
[3927]
[3928]
[3929]
[3930]
[3931]
[3932]
[3933]
[3934]
[3935]
[3936]
[3937]
[3938]
[3939]
[3940]
[3941]
[3942]
[3943]
[3944]
[3945]
[3946]
[3947]
[3948]
[3949]
[3950]
[3951]
[3952]
[3953]
[3954]
[3955]
[3956]
[3957]
[3958]
[3959]
[3960]
[3961]
[3962]
[3963]
[3964]
[3965]
[3966]
[{"$f":"A3972+1","v":3967}]
[3968]
[3969]
[3970]
[3971]
[3972]
[3973]
[3974]
[3975]
[3976]
[3977]
[3978]
[3979]
[3980]
[3981]
[3982]
[3983]
[3984]
[3985]
[3986]
[3987]
[3988]
[3989]
[3990]
[3991]
[3992]
[3993]
[3994]
[3995]
[3996]
[3997]
[3998]
[3999]
[4000]
[4001]
[4002]
[4003]
[4004]
[4005]
[4006]
[4007]
[4008]
[4009]
[4010]
[4011]
[4012]
[4013]
[4014]
[4015]
[4016]
[4017]
[4018]
[4019]
[4020]
[4021]
[4022]
[4023]
[4024]
[4025]
[4026]
[4027]
[4028]
[4029]
[4030]
[{"$f":"A4036+1","v":4031}]
[4032]
[4033]
[4034]
[4035]
[4036]
[4037]
[4038]
[4039]
[4040]
[4041]
[4042]
[4043]
[4044]
[4045]
[4046]
[4047]
[4048]
[4049]
[4050]
[4051]
[4052]
[4053]
[4054]
[4055]
[4056]
[4057]
[4058]
[4059]
[4060]
[4061]
[4062]
[4063]
[4064]
[4065]
[4066]
[4067]
[4068]
[4069]
[4070]
[4071]
[4072]
[4073]
[4074]
[4075]
[4076]
[4077]
[4078]
[4079]
[4080]
[4081]
[4082]
[4083]
[4084]
[4085]
[4086]
[4087]
[4088]
[4089]
[4090]
[4091]
[4092]
[4093]
[4094]
[{"$f":"A4100+1","v":4095}]
[4096]
[4097]
[4098]
[4099]
[4100]
[]
[{"$nulls":20},{"$f":"COUNTIF(U7:U4106,\">=1\")-COUNTIF(U7:U4106,\">100\")","v":0},{"$f":"COUNTIF(V7:V4106,\">=1\")-COUNTIF(V7:V4106,\">100\")","v":0}]

{"sheet":"TribePartI","index":7,"n_rows":4110,"n_cols":14,"rows_kept":4110,"merged":[[0,0,0,10],[1,1,1,3],[1,4,1,9],[1,11,1,13],[2,1,2,3],[2,4,2,9],[2,11,2,13],[3,1,3,3],[3,4,3,9],[3,11,3,13],[4,1,4,3],[4,4,4,9],[4,11,4,13],[5,1,5,10],[6,0,7,3],[6,4,8,4],[6,5,7,9],[6,10,8,10],[6,11,8,11],[6,12,8,12],[6,13,8,13]]}
["                   PART I - TRIBAL WORK PLAN ",{"$nulls":10},"Date:",null,{"$f":"IF(Profile!D17=0,\"\",Profile!D17)","v":""}]
[1,"Work Plan for Fiscal Year: ",null,null,{"$f":"IF(Profile!D9=0,\"\",Profile!D9)","v":""},{"$nulls":5},"Name:",{"$f":"IF(Profile!D10=0,\"\",Profile!D10)","v":""}]
[2,"Name of Tribe / Consortium:",null,null,{"$f":"IF(Profile!D6=0,\"\",Profile!D6)","v":""},{"$nulls":5},"Title:",{"$f":"IF(Profile!D11=0,\"\",Profile!D11)","v":""}]
[3,"Number of Eligible Applicants:",null,null,{"$f":"IF(M4110=0,\"\",M4110)","v":""},{"$nulls":5},"Phone:",{"$f":"IF(Profile!D12=0,\"\",Profile!D12)","v":""}]
[4,"Number of Applications Received:",null,null,{"$f":"IF(B4110=0,\"\",B4110)","v":""},{"$nulls":5},"Fax:",{"$f":"IF(Profile!D13=0,\"\",Profile!D13)","v":""}]
[null,"See instructions for printing form            "]
["5. Name of Eligible Applicant              (ranked in order of need)",{"$nulls":3},"6. Applicant's Servicing Tribe    ","7. Program Category            (Enter One As Applicable)",{"$nulls":4},"8a. Estimated Start Date","8b. Estimated Project Costs                                         \n 25 CFR 256.17(b))**        ","Eligibility Status","8c. Priority Ranking Points                        (ranked in order from           highest to lowest)"]
[]
[null,"Last ","First","Suffix",null,"(A)","(B)","(C-1)","(C-2)","(D)"]
[1]
[{"$f":"A10+1","v":2}]
[{"$f":"A11+1","v":3}]
[4]
[5]
[6]
[7]
[8]
[9]
[10]
[11]
[12]
[13]
[14]
[15]
[16]
[17]
[18]
[19]
[20]
[21]
[22]
[23]
[24]
[25]
[26]
[27]
[28]
[29]
[30]
[31]
[32]
[33]
[34]
[35]
[36]
[37]
[38]
[39]
[40]
[41]
[42]
[43]
[44]
[45]
[46]
[47]
[48]
[49]
[50]
[51]
[52]
[53]
[54]
[55]
[56]
[57]
[58]
[59]
[60]
[61]
[62]
[63]
[64]
[65]
[66]
[{"$f":"A75+1","v":67}]
[68]
[69]
[70]
[71]
[72]
[73]
[74]
[75]
[76]
[77]
[78]
[79]
[80]
[81]
[82]
[83]
[84]
[85]
[86]
[87]
[88]
[89]
[90]
[91]
[92]
[93]
[94]
[95]
[96]
[97]
[98]
[99]
[100]
[101]
[102]
[103]
[104]
[105]
[106]
[107]
[108]
[109]
[110]
[111]
[112]
[113]
[114]
[115]
[116]
[117]
[118]
[119]
[120]
[121]
[122]
[123]
[124]
[125]
[126]
[127]
[128]
[129]
[130]
[{"$f":"A139+1","v":131}]
[132]
[133]
[134]
[135]
[136]
[137]
[138]
[139]
[140]
[141]
[142]
[143]
[144]
[145]
[146]
[147]
[148]
[149]
[150]
[151]
[152]
[153]
[154]
[155]
[156]
[157]
[158]
[159]
[160]
[161]
[162]
[163]
[164]
[165]
[166]
[167]
[168]
[169]
[170]
[171]
[172]
[173]
[174]
[175]
[176]
[177]
[178]
[179]
[180]
[181]
[182]
[183]
[184]
[185]
[186]
[187]
[188]
[189]
[190]
[191]
[192]
[193]
[194]
[{"$f":"A203+1","v":195}]
[196]
[197]
[198]
[199]
[200]
[201]
[202]
[203]
[204]
[205]
[206]
[207]
[208]
[209]
[210]
[211]
[212]
[213]
[214]
[215]
[216]
[217]
[218]
[219]
[220]
[221]
[222]
[223]
[224]
[225]
[226]
[227]
[228]
[229]
[230]
[231]
[232]
[233]
[234]
[235]
[236]
[237]
[238]
[239]
[240]
[241]
[242]
[243]
[244]
[245]
[246]
[247]
[248]
[249]
[250]
[251]
[252]
[253]
[254]
[255]
[256]
[257]
[258]
[{"$f":"A267+1","v":259}]
[260]
[261]
[262]
[263]
[264]
[265]
[266]
[267]
[268]
[269]
[270]
[271]
[272]
[273]
[274]
[275]
[276]
[277]
[278]
[279]
[280]
[281]
[282]
[283]
[284]
[285]
[286]
[287]
[288]
[289]
[290]
[291]
[292]
[293]
[294]
[295]
[296]
[297]
[298]
[299]
[300]
[301]
[302]
[303]
[304]
[305]
[306]
[307]
[308]
[309]
[310]
[311]
[312]
[313]
[314]
[315]
[316]
[317]
[318]
[319]
[320]
[321]
[322]
[{"$f":"A331+1","v":323}]
[324]
[325]
[326]
[327]
[328]
[329]
[330]
[331]
[332]
[333]
[334]
[335]
[336]
[337]
[338]
[339]
[340]
[341]
[342]
[343]
[344]
[345]
[346]
[347]
[348]
[349]
[350]
[351]
[352]
[353]
[354]
[355]
[356]
[357]
[358]
[359]
[360]
[361]
[362]
[363]
[364]
[365]
[366]
[367]
[368]
[369]
[370]
[371]
[372]
[373]
[374]
[375]
[376]
[377]
[378]
[379]
[380]
[381]
[382]
[383]
[384]
[385]
[386]
[{"$f":"A395+1","v":387}]
[388]
[389]
[390]
[391]
[392]
[393]
[394]
[395]
[396]
[397]
[398]
[399]
[400]
[401]
[402]
[403]
[404]
[405]
[406]
[407]
[408]
[409]
[410]
[411]
[412]
[413]
[414]
[415]
[416]
[417]
[418]
[419]
[420]
[421]
[422]
[423]
[424]
[425]
[426]
[427]
[428]
[429]
[430]
[431]
[432]
[433]
[434]
[435]
[436]
[437]
[438]
[439]
[440]
[441]
[442]
[443]
[444]
[445]
[446]
[447]
[448]
[449]
[450]
[{"$f":"A459+1","v":451}]
[452]
[453]
[454]
[455]
[456]
[457]
[458]
[459]
[460]
[461]
[462]
[463]
[464]
[465]
[466]
[467]
[468]
[469]
[470]
[471]
[472]
[473]
[474]
[475]
[476]
[477]
[478]
[479]
[480]
[481]
[482]
[483]
[484]
[485]
[486]
[487]
[488]
[489]
[490]
[491]
[492]
[493]
[494]
[495]
[496]
[497]
[498]
[499]
[500]
[501]
[502]
[503]
[504]
[505]
[506]
[507]
[508]
[509]
[510]
[511]
[512]
[513]
[514]
[{"$f":"A523+1","v":515}]
[516]
[517]
[518]
[519]
[520]
[521]
[522]
[523]
[524]
[525]
[526]
[527]
[528]
[529]
[530]
[531]
[532]
[533]
[534]
[535]
[536]
[537]
[538]
[539]
[540]
[541]
[542]
[543]
[544]
[545]
[546]
[547]
[548]
[549]
[550]
[551]
[552]
[553]
[554]
[555]
[556]
[557]
[558]
[559]
[560]
[561]
[562]
[563]
[564]
[565]
[566]
[567]
[568]
[569]
[570]
[571]
[572]
[573]
[574]
[575]
[576]
[577]
[578]
[{"$f":"A587+1","v":579}]
[580]
[581]
[582]
[583]
[584]
[585]
[586]
[587]
[588]
[589]
[590]
[591]
[592]
[593]
[594]
[595]
[596]
[597]
[598]
[599]
[600]
[601]
[602]
[603]
[604]
[605]
[606]
[607]
[608]
[609]
[610]
[611]
[612]
[613]
[614]
[615]
[616]
[617]
[618]
[619]
[620]
[621]
[622]
[623]
[624]
[625]
[626]
[627]
[628]
[629]
[630]
[631]
[632]
[633]
[634]
[635]
[636]
[637]
[638]
[639]
[640]
[641]
[642]
[{"$f":"A651+1","v":643}]
[644]
[645]
[646]
[647]
[648]
[649]
[650]
[651]
[652]
[653]
[654]
[655]
[656]
[657]
[658]
[659]
[660]
[661]
[662]
[663]
[664]
[665]
[666]
[667]
[668]
[669]
[670]
[671]
[672]
[673]
[674]
[675]
[676]
[677]
[678]
[679]
[680]
[681]
[682]
[683]
[684]
[685]
[686]
[687]
[688]
[689]
[690]
[691]
[692]
[693]
[694]
[695]
[696]
[697]
[698]
[699]
[700]
[701]
[702]
[703]
[704]
[705]
[706]
[{"$f":"A715+1","v":707}]
[708]
[709]
[710]
[711]
[712]
[713]
[714]
[715]
[716]
[717]
[718]
[719]
[720]
[721]
[722]
[723]
[724]
[725]
[726]
[727]
[728]
[729]
[730]
[731]
[732]
[733]
[734]
[735]
[736]
[737]
[738]
[739]
[740]
[741]
[742]
[743]
[744]
[745]
[746]
[747]
[748]
[749]
[750]
[751]
[752]
[753]
[754]
[755]
[756]
[757]
[758]
[759]
[760]
[761]
[762]
[763]
[764]
[765]
[766]
[767]
[768]
[769]
[770]
[{"$f":"A779+1","v":771}]
[772]
[773]
[774]
[775]
[776]
[777]
[778]
[779]
[780]
[781]
[782]
[783]
[784]
[785]
[786]
[787]
[788]
[789]
[790]
[791]
[792]
[793]
[794]
[795]
[796]
[797]
[798]
[799]
[800]
[801]
[802]
[803]
[804]
[805]
[806]
[807]
[808]
[809]
[810]
[811]
[812]
[813]
[814]
[815]
[816]
[817]
[818]
[819]
[820]
[821]
[822]
[823]
[824]
[825]
[826]
[827]
[828]
[829]
[830]
[831]
[832]
[833]
[834]
[{"$f":"A843+1","v":835}]
[836]
[837]
[838]
[839]
[840]
[841]
[842]
[843]
[844]
[845]
[846]
[847]
[848]
[849]
[850]
[851]
[852]
[853]
[854]
[855]
[856]
[{"$f":"A865+1","v":857}]
[858]
[859]
[860]
[861]
[862]
[863]
[864]
[865]
[866]
[867]
[868]
[869]
[870]
[871]
[872]
[873]
[874]
[875]
[876]
[877]
[878]
[879]
[880]
[881]
[882]
[883]
[884]
[885]
[886]
[887]
[888]
[889]
[890]
[891]
[892]
[893]
[894]
[895]
[896]
[897]
[898]
[899]
[900]
[901]
[902]
[903]
[904]
[905]
[{"$f":"A914+1","v":906}]
[907]
[908]
[909]
[910]
[911]
[912]
[913]
[914]
[915]
[916]
[917]
[918]
[919]
[920]
[921]
[922]
[923]
[924]
[925]
[926]
[927]
[928]
[929]
[930]
[931]
[932]
[933]
[934]
[935]
[936]
[937]
[938]
[939]
[940]
[941]
[942]
[943]
[944]
[945]
[946]
[947]
[948]
[949]
[950]
[951]
[952]
[953]
[954]
[955]
[956]
[957]
[958]
[959]
[960]
[961]
[962]
[963]
[964]
[965]
[966]
[967]
[968]
[969]
[{"$f":"A978+1","v":970}]
[971]
[972]
[973]
[974]
[975]
[976]
[977]
[978]
[979]
[980]
[981]
[982]
[983]
[984]
[985]
[986]
[987]
[988]
[989]
[990]
[991]
[992]
[993]
[994]
[995]
[996]
[997]
[998]
[999]
[1000]
[1001]
[1002]
[1003]
[1004]
[1005]
[1006]
[1007]
[1008]
[1009]
[1010]
[1011]
[1012]
[1013]
[1014]
[1015]
[1016]
[1017]
[1018]
[1019]
[1020]
[1021]
[1022]
[1023]
[1024]
[1025]
[1026]
[1027]
[1028]
[1029]
[1030]
[1031]
[1032]
[1033]
[{"$f":"A1042+1","v":1034}]
[1035]
[1036]
[1037]
[1038]
[1039]
[1040]
[1041]
[1042]
[1043]
[1044]
[1045]
[1046]
[1047]
[1048]
[1049]
[1050]
[1051]
[1052]
[1053]
[1054]
[1055]
[1056]
[1057]
[1058]
[1059]
[1060]
[1061]
[1062]
[1063]
[1064]
[1065]
[1066]
[1067]
[1068]
[1069]
[1070]
[1071]
[1072]
[1073]
[1074]
[1075]
[1076]
[1077]
[1078]
[1079]
[1080]
[1081]
[1082]
[1083]
[1084]
[1085]
[1086]
[1087]
[1088]
[1089]
[1090]
[1091]
[1092]
[1093]
[1094]
[1095]
[1096]
[1097]
[{"$f":"A1106+1","v":1098}]
[1099]
[1100]
[1101]
[1102]
[1103]
[1104]
[1105]
[1106]
[1107]
[1108]
[1109]
[1110]
[1111]
[1112]
[1113]
[1114]
[1115]
[1116]
[1117]
[1118]
[1119]
[1120]
[1121]
[1122]
[1123]
[1124]
[1125]
[1126]
[1127]
[1128]
[1129]
[1130]
[1131]
[1132]
[1133]
[1134]
[1135]
[1136]
[1137]
[1138]
[1139]
[1140]
[1141]
[1142]
[1143]
[1144]
[1145]
[1146]
[1147]
[1148]
[1149]
[1150]
[1151]
[1152]
[1153]
[1154]
[1155]
[1156]
[1157]
[1158]
[1159]
[1160]
[1161]
[{"$f":"A1170+1","v":1162}]
[1163]
[1164]
[1165]
[1166]
[1167]
[1168]
[1169]
[1170]
[1171]
[1172]
[1173]
[1174]
[1175]
[1176]
[1177]
[1178]
[1179]
[1180]
[1181]
[1182]
[1183]
[1184]
[1185]
[1186]
[1187]
[1188]
[1189]
[1190]
[1191]
[1192]
[1193]
[1194]
[1195]
[1196]
[1197]
[1198]
[1199]
[1200]
[1201]
[1202]
[1203]
[1204]
[1205]
[1206]
[1207]
[1208]
[1209]
[1210]
[1211]
[1212]
[1213]
[1214]
[1215]
[1216]
[1217]
[1218]
[1219]
[1220]
[1221]
[1222]
[1223]
[1224]
[1225]
[{"$f":"A1234+1","v":1226}]
[1227]
[1228]
[1229]
[1230]
[1231]
[1232]
[1233]
[1234]
[1235]
[1236]
[1237]
[1238]
[1239]
[1240]
[1241]
[1242]
[1243]
[1244]
[1245]
[1246]
[1247]
[1248]
[1249]
[1250]
[1251]
[1252]
[1253]
[1254]
[1255]
[1256]
[1257]
[1258]
[1259]
[1260]
[1261]
[1262]
[1263]
[1264]
[1265]
[1266]
[1267]
[1268]
[1269]
[1270]
[1271]
[1272]
[1273]
[1274]
[1275]
[1276]
[1277]
[1278]
[1279]
[1280]
[1281]
[1282]
[1283]
[1284]
[1285]
[1286]
[1287]
[1288]
[1289]
[{"$f":"A1298+1","v":1290}]
[1291]
[1292]
[1293]
[1294]
[1295]
[1296]
[1297]
[1298]
[1299]
[1300]
[1301]
[1302]
[1303]
[1304]
[1305]
[1306]
[1307]
[1308]
[1309]
[1310]
[1311]
[1312]
[1313]
[1314]
[1315]
[1316]
[1317]
[1318]
[1319]
[1320]
[1321]
[1322]
[1323]
[1324]
[1325]
[1326]
[1327]
[1328]
[1329]
[1330]
[1331]
[1332]
[1333]
[1334]
[1335]
[1336]
[1337]
[1338]
[1339]
[1340]
[1341]
[1342]
[1343]
[1344]
[1345]
[1346]
[1347]
[1348]
[1349]
[1350]
[1351]
[1352]
[1353]
[{"$f":"A1362+1","v":1354}]
[1355]
[1356]
[1357]
[1358]
[1359]
[1360]
[1361]
[1362]
[1363]
[1364]
[1365]
[1366]
[1367]
[1368]
[1369]
[1370]
[1371]
[1372]
[1373]
[1374]
[1375]
[1376]
[1377]
[1378]
[1379]
[1380]
[1381]
[1382]
[1383]
[1384]
[1385]
[1386]
[1387]
[1388]
[1389]
[1390]
[1391]
[1392]
[1393]
[1394]
[1395]
[1396]
[1397]
[1398]
[1399]
[1400]
[1401]
[1402]
[1403]
[1404]
[1405]
[1406]
[1407]
[1408]
[1409]
[1410]
[1411]
[1412]
[1413]
[1414]
[1415]
[1416]
[1417]
[{"$f":"A1426+1","v":1418}]
[1419]
[1420]
[1421]
[1422]
[1423]
[1424]
[1425]
[{"$f":"A1434+1","v":1426}]
[1427]
[1428]
[1429]
[1430]
[1431]
[1432]
[1433]
[1434]
[1435]
[1436]
[1437]
[1438]
[1439]
[1440]
[1441]
[1442]
[1443]
[1444]
[1445]
[1446]
[1447]
[1448]
[1449]
[1450]
[1451]
[1452]
[1453]
[1454]
[1455]
[1456]
[1457]
[1458]
[1459]
[1460]
[1461]
[1462]
[1463]
[1464]
[1465]
[1466]
[1467]
[1468]
[1469]
[1470]
[1471]
[1472]
[1473]
[1474]
[1475]
[1476]
[1477]
[1478]
[1479]
[1480]
[1481]
[{"$f":"A1490+1","v":1482}]
[1483]
[1484]
[1485]
[1486]
[1487]
[1488]
[1489]
[1490]
[1491]
[1492]
[1493]
[1494]
[1495]
[1496]
[1497]
[1498]
[1499]
[1500]
[1501]
[1502]
[1503]
[1504]
[1505]
[1506]
[1507]
[1508]
[1509]
[1510]
[1511]
[1512]
[1513]
[1514]
[1515]
[1516]
[1517]
[1518]
[1519]
[1520]
[1521]
[1522]
[1523]
[1524]
[1525]
[1526]
[1527]
[1528]
[1529]
[1530]
[1531]
[1532]
[1533]
[1534]
[1535]
[1536]
[1537]
[1538]
[1539]
[1540]
[1541]
[1542]
[1543]
[1544]
[1545]
[{"$f":"A1554+1","v":1546}]
[1547]
[1548]
[1549]
[1550]
[1551]
[1552]
[1553]
[1554]
[1555]
[1556]
[1557]
[1558]
[1559]
[1560]
[1561]
[1562]
[1563]
[1564]
[1565]
[1566]
[1567]
[1568]
[1569]
[1570]
[1571]
[1572]
[1573]
[1574]
[1575]
[1576]
[1577]
[1578]
[1579]
[1580]
[1581]
[1582]
[1583]
[1584]
[1585]
[1586]
[1587]
[1588]
[1589]
[1590]
[1591]
[1592]
[1593]
[1594]
[1595]
[1596]
[1597]
[1598]
[1599]
[1600]
[1601]
[1602]
[1603]
[1604]
[1605]
[1606]
[1607]
[1608]
[1609]
[{"$f":"A1618+1","v":1610}]
[1611]
[1612]
[1613]
[1614]
[1615]
[1616]
[1617]
[1618]
[1619]
[1620]
[1621]
[1622]
[1623]
[1624]
[1625]
[1626]
[1627]
[1628]
[1629]
[1630]
[1631]
[1632]
[1633]
[1634]
[1635]
[1636]
[1637]
[1638]
[1639]
[1640]
[1641]
[1642]
[1643]
[1644]
[1645]
[1646]
[1647]
[1648]
[1649]
[1650]
[1651]
[1652]
[1653]
[1654]
[1655]
[1656]
[1657]
[1658]
[1659]
[1660]
[1661]
[1662]
[1663]
[1664]
[1665]
[1666]
[1667]
[1668]
[1669]
[1670]
[1671]
[1672]
[1673]
[{"$f":"A1682+1","v":1674}]
[1675]
[1676]
[1677]
[1678]
[1679]
[1680]
[1681]
[1682]
[1683]
[1684]
[1685]
[1686]
[1687]
[1688]
[1689]
[1690]
[1691]
[1692]
[1693]
[1694]
[1695]
[1696]
[1697]
[1698]
[1699]
[1700]
[1701]
[1702]
[1703]
[1704]
[1705]
[1706]
[1707]
[1708]
[1709]
[1710]
[1711]
[1712]
[1713]
[1714]
[1715]
[1716]
[1717]
[1718]
[1719]
[1720]
[1721]
[1722]
[1723]
[1724]
[1725]
[1726]
[1727]
[1728]
[1729]
[1730]
[1731]
[1732]
[1733]
[1734]
[1735]
[1736]
[1737]
[{"$f":"A1746+1","v":1738}]
[1739]
[1740]
[1741]
[1742]
[1743]
[1744]
[1745]
[1746]
[1747]
[1748]
[1749]
[1750]
[1751]
[1752]
[1753]
[1754]
[1755]
[1756]
[1757]
[1758]
[1759]
[1760]
[1761]
[1762]
[1763]
[1764]
[1765]
[1766]
[1767]
[1768]
[1769]
[1770]
[1771]
[1772]
[1773]
[1774]
[1775]
[1776]
[1777]
[1778]
[1779]
[1780]
[1781]
[1782]
[1783]
[1784]
[1785]
[1786]
[1787]
[1788]
[1789]
[1790]
[1791]
[1792]
[1793]
[1794]
[1795]
[1796]
[1797]
[1798]
[1799]
[1800]
[1801]
[{"$f":"A1810+1","v":1802}]
[1803]
[1804]
[1805]
[1806]
[1807]
[1808]
[1809]
[1810]
[1811]
[1812]
[1813]
[1814]
[1815]
[1816]
[1817]
[1818]
[1819]
[1820]
[1821]
[1822]
[1823]
[1824]
[1825]
[1826]
[1827]
[1828]
[1829]
[1830]
[1831]
[1832]
[1833]
[{"$f":"A1842+1","v":1834}]
[1835]
[1836]
[1837]
[1838]
[1839]
[1840]
[1841]
[1842]
[1843]
[1844]
[1845]
[1846]
[1847]
[1848]
[1849]
[1850]
[1851]
[1852]
[1853]
[1854]
[1855]
[1856]
[1857]
[1858]
[1859]
[1860]
[1861]
[1862]
[1863]
[1864]
[1865]
[{"$f":"A1874+1","v":1866}]
[1867]
[1868]
[1869]
[1870]
[1871]
[1872]
[1873]
[1874]
[1875]
[1876]
[1877]
[1878]
[1879]
[1880]
[1881]
[1882]
[1883]
[1884]
[1885]
[1886]
[1887]
[1888]
[1889]
[1890]
[1891]
[1892]
[1893]
[1894]
[1895]
[1896]
[1897]
[{"$f":"A1906+1","v":1898}]
[1899]
[1900]
[1901]
[1902]
[1903]
[1904]
[1905]
[1906]
[1907]
[1908]
[1909]
[1910]
[1911]
[1912]
[1913]
[1914]
[1915]
[1916]
[1917]
[1918]
[1919]
[1920]
[1921]
[1922]
[1923]
[1924]
[1925]
[1926]
[1927]
[1928]
[1929]
[{"$f":"A1938+1","v":1930}]
[1931]
[1932]
[1933]
[1934]
[1935]
[1936]
[1937]
[1938]
[1939]
[1940]
[1941]
[{"$f":"A1950+1","v":1942}]
[1943]
[1944]
[1945]
[1946]
[1947]
[1948]
[1949]
[1950]
[1951]
[1952]
[1953]
[1954]
[1955]
[1956]
[1957]
[1958]
[1959]
[1960]
[1961]
[1962]
[1963]
[1964]
[1965]
[1966]
[1967]
[1968]
[1969]
[1970]
[1971]
[1972]
[1973]
[1974]
[1975]
[1976]
[1977]
[1978]
[1979]
[1980]
[1981]
[1982]
[1983]
[1984]
[1985]
[1986]
[1987]
[1988]
[1989]
[1990]
[1991]
[1992]
[1993]
[1994]
[1995]
[1996]
[1997]
[1998]
[1999]
[2000]
[2001]
[2002]
[2003]
[2004]
[2005]
[{"$f":"A2014+1","v":2006}]
[2007]
[2008]
[2009]
[2010]
[2011]
[2012]
[2013]
[2014]
[2015]
[2016]
[2017]
[2018]
[2019]
[2020]
[2021]
[2022]
[2023]
[2024]
[2025]
[2026]
[2027]
[2028]
[2029]
[2030]
[2031]
[2032]
[2033]
[2034]
[2035]
[2036]
[2037]
[2038]
[2039]
[2040]
[2041]
[2042]
[2043]
[2044]
[2045]
[2046]
[2047]
[2048]
[2049]
[2050]
[2051]
[2052]
[2053]
[2054]
[2055]
[2056]
[2057]
[2058]
[2059]
[2060]
[2061]
[2062]
[2063]
[2064]
[2065]
[2066]
[2067]
[2068]
[2069]
[{"$f":"A2078+1","v":2070}]
[2071]
[2072]
[2073]
[2074]
[2075]
[2076]
[2077]
[2078]
[2079]
[2080]
[2081]
[2082]
[2083]
[2084]
[2085]
[2086]
[2087]
[2088]
[2089]
[2090]
[2091]
[2092]
[2093]
[2094]
[2095]
[2096]
[2097]
[2098]
[2099]
[2100]
[2101]
[2102]
[2103]
[2104]
[2105]
[2106]
[2107]
[2108]
[2109]
[2110]
[2111]
[2112]
[2113]
[2114]
[2115]
[2116]
[2117]
[2118]
[2119]
[2120]
[2121]
[2122]
[2123]
[2124]
[2125]
[2126]
[2127]
[2128]
[2129]
[2130]
[2131]
[2132]
[2133]
[{"$f":"A2142+1","v":2134}]
[2135]
[2136]
[2137]
[2138]
[2139]
[2140]
[2141]
[2142]
[2143]
[2144]
[2145]
[2146]
[2147]
[2148]
[2149]
[2150]
[2151]
[2152]
[2153]
[2154]
[2155]
[2156]
[2157]
[2158]
[2159]
[2160]
[2161]
[2162]
[2163]
[2164]
[2165]
[2166]
[2167]
[2168]
[2169]
[2170]
[2171]
[2172]
[2173]
[2174]
[2175]
[2176]
[2177]
[2178]
[2179]
[2180]
[2181]
[2182]
[2183]
[2184]
[2185]
[2186]
[2187]
[2188]
[2189]
[2190]
[2191]
[2192]
[2193]
[2194]
[2195]
[2196]
[2197]
[{"$f":"A2206+1","v":2198}]
[2199]
[2200]
[2201]
[2202]
[2203]
[2204]
[2205]
[2206]
[2207]
[2208]
[2209]
[2210]
[2211]
[2212]
[2213]
[2214]
[2215]
[2216]
[2217]
[2218]
[2219]
[2220]
[2221]
[2222]
[2223]
[2224]
[2225]
[2226]
[2227]
[2228]
[2229]
[2230]
[2231]
[2232]
[2233]
[2234]
[2235]
[2236]
[2237]
[2238]
[2239]
[2240]
[2241]
[2242]
[2243]
[2244]
[2245]
[2246]
[2247]
[2248]
[2249]
[2250]
[2251]
[2252]
[2253]
[2254]
[2255]
[2256]
[2257]
[2258]
[2259]
[2260]
[2261]
[{"$f":"A2270+1","v":2262}]
[2263]
[2264]
[2265]
[2266]
[2267]
[2268]
[2269]
[2270]
[2271]
[2272]
[2273]
[2274]
[2275]
[2276]
[2277]
[2278]
[2279]
[2280]
[2281]
[2282]
[2283]
[2284]
[2285]
[2286]
[2287]
[2288]
[2289]
[2290]
[2291]
[2292]
[2293]
[2294]
[2295]
[2296]
[2297]
[2298]
[2299]
[2300]
[2301]
[2302]
[2303]
[2304]
[2305]
[2306]
[2307]
[2308]
[2309]
[2310]
[2311]
[2312]
[2313]
[2314]
[2315]
[2316]
[2317]
[2318]
[2319]
[2320]
[2321]
[2322]
[2323]
[2324]
[2325]
[{"$f":"A2334+1","v":2326}]
[2327]
[2328]
[2329]
[2330]
[2331]
[2332]
[2333]
[2334]
[2335]
[2336]
[2337]
[2338]
[2339]
[2340]
[2341]
[2342]
[2343]
[2344]
[2345]
[2346]
[2347]
[2348]
[2349]
[2350]
[2351]
[2352]
[2353]
[2354]
[2355]
[2356]
[2357]
[2358]
[2359]
[2360]
[2361]
[2362]
[2363]
[2364]
[2365]
[2366]
[2367]
[2368]
[2369]
[2370]
[2371]
[2372]
[2373]
[2374]
[2375]
[2376]
[2377]
[2378]
[2379]
[2380]
[2381]
[2382]
[2383]
[2384]
[2385]
[2386]
[2387]
[2388]
[2389]
[{"$f":"A2398+1","v":2390}]
[2391]
[2392]
[2393]
[2394]
[2395]
[2396]
[2397]
[2398]
[2399]
[2400]
[2401]
[2402]
[2403]
[2404]
[2405]
[2406]
[2407]
[2408]
[2409]
[2410]
[2411]
[2412]
[2413]
[2414]
[2415]
[2416]
[2417]
[2418]
[2419]
[2420]
[2421]
[2422]
[2423]
[2424]
[2425]
[2426]
[2427]
[2428]
[2429]
[2430]
[2431]
[2432]
[2433]
[2434]
[2435]
[2436]
[2437]
[2438]
[2439]
[2440]
[2441]
[2442]
[2443]
[2444]
[2445]
[2446]
[2447]
[2448]
[2449]
[2450]
[2451]
[2452]
[2453]
[{"$f":"A2462+1","v":2454}]
[2455]
[2456]
[2457]
[2458]
[2459]
[2460]
[2461]
[2462]
[2463]
[2464]
[2465]
[2466]
[2467]
[2468]
[2469]
[2470]
[2471]
[2472]
[2473]
[2474]
[2475]
[2476]
[2477]
[2478]
[2479]
[2480]
[2481]
[2482]
[2483]
[2484]
[2485]
[2486]
[2487]
[2488]
[2489]
[2490]
[2491]
[2492]
[2493]
[2494]
[2495]
[2496]
[2497]
[2498]
[2499]
[2500]
[2501]
[2502]
[2503]
[2504]
[2505]
[2506]
[2507]
[2508]
[2509]
[2510]
[2511]
[2512]
[2513]
[2514]
[2515]
[2516]
[2517]
[{"$f":"A2526+1","v":2518}]
[2519]
[2520]
[2521]
[2522]
[2523]
[2524]
[2525]
[2526]
[2527]
[2528]
[2529]
[2530]
[2531]
[2532]
[2533]
[2534]
[2535]
[2536]
[2537]
[2538]
[2539]
[2540]
[2541]
[2542]
[2543]
[2544]
[2545]
[2546]
[2547]
[2548]
[2549]
[2550]
[2551]
[2552]
[2553]
[2554]
[2555]
[2556]
[2557]
[2558]
[2559]
[2560]
[2561]
[2562]
[2563]
[2564]
[2565]
[2566]
[2567]
[2568]
[2569]
[2570]
[2571]
[2572]
[2573]
[2574]
[2575]
[2576]
[2577]
[2578]
[2579]
[2580]
[2581]
[{"$f":"A2590+1","v":2582}]
[2583]
[2584]
[2585]
[2586]
[2587]
[2588]
[2589]
[2590]
[2591]
[2592]
[2593]
[2594]
[2595]
[2596]
[2597]
[2598]
[2599]
[2600]
[2601]
[2602]
[2603]
[2604]
[2605]
[2606]
[2607]
[2608]
[2609]
[2610]
[2611]
[2612]
[2613]
[2614]
[2615]
[2616]
[2617]
[2618]
[2619]
[2620]
[2621]
[2622]
[2623]
[2624]
[2625]
[2626]
[2627]
[2628]
[2629]
[2630]
[2631]
[2632]
[2633]
[2634]
[2635]
[2636]
[2637]
[2638]
[2639]
[2640]
[2641]
[2642]
[2643]
[2644]
[2645]
[{"$f":"A2654+1","v":2646}]
[2647]
[2648]
[2649]
[2650]
[2651]
[2652]
[2653]
[2654]
[2655]
[2656]
[2657]
[2658]
[2659]
[2660]
[2661]
[2662]
[2663]
[2664]
[2665]
[2666]
[2667]
[2668]
[2669]
[2670]
[2671]
[2672]
[2673]
[2674]
[2675]
[2676]
[2677]
[2678]
[2679]
[2680]
[2681]
[2682]
[2683]
[2684]
[2685]
[2686]
[2687]
[2688]
[2689]
[2690]
[2691]
[2692]
[2693]
[2694]
[2695]
[2696]
[2697]
[2698]
[2699]
[2700]
[2701]
[2702]
[2703]
[2704]
[2705]
[2706]
[2707]
[2708]
[2709]
[{"$f":"A2718+1","v":2710}]
[2711]
[2712]
[2713]
[2714]
[2715]
[2716]
[2717]
[2718]
[2719]
[2720]
[2721]
[2722]
[2723]
[2724]
[2725]
[2726]
[2727]
[2728]
[2729]
[2730]
[2731]
[2732]
[2733]
[2734]
[2735]
[2736]
[2737]
[2738]
[2739]
[2740]
[2741]
[2742]
[2743]
[2744]
[2745]
[2746]
[2747]
[2748]
[2749]
[2750]
[2751]
[2752]
[2753]
[2754]
[2755]
[2756]
[2757]
[2758]
[2759]
[2760]
[2761]
[2762]
[2763]
[2764]
[2765]
[2766]
[2767]
[2768]
[2769]
[2770]
[2771]
[2772]
[2773]
[{"$f":"A2782+1","v":2774}]
[2775]
[2776]
[2777]
[2778]
[2779]
[2780]
[2781]
[2782]
[2783]
[2784]
[2785]
[2786]
[2787]
[2788]
[2789]
[2790]
[2791]
[2792]
[2793]
[2794]
[2795]
[2796]
[2797]
[2798]
[2799]
[2800]
[2801]
[2802]
[2803]
[2804]
[2805]
[2806]
[2807]
[2808]
[2809]
[2810]
[2811]
[2812]
[2813]
[2814]
[2815]
[2816]
[2817]
[2818]
[2819]
[2820]
[2821]
[2822]
[2823]
[2824]
[2825]
[2826]
[2827]
[2828]
[2829]
[2830]
[2831]
[2832]
[2833]
[2834]
[2835]
[2836]
[2837]
[{"$f":"A2846+1","v":2838}]
[2839]
[2840]
[2841]
[2842]
[2843]
[2844]
[2845]
[2846]
[2847]
[2848]
[2849]
[2850]
[2851]
[2852]
[2853]
[2854]
[2855]
[2856]
[2857]
[2858]
[2859]
[2860]
[2861]
[2862]
[2863]
[2864]
[2865]
[2866]
[2867]
[2868]
[2869]
[2870]
[2871]
[2872]
[2873]
[2874]
[2875]
[2876]
[2877]
[2878]
[2879]
[2880]
[2881]
[2882]
[2883]
[2884]
[2885]
[2886]
[2887]
[2888]
[2889]
[2890]
[2891]
[2892]
[2893]
[2894]
[2895]
[2896]
[2897]
[2898]
[2899]
[2900]
[2901]
[{"$f":"A2910+1","v":2902}]
[2903]
[2904]
[2905]
[2906]
[2907]
[2908]
[2909]
[2910]
[2911]
[2912]
[2913]
[2914]
[2915]
[2916]
[2917]
[2918]
[2919]
[2920]
[2921]
[2922]
[2923]
[2924]
[2925]
[2926]
[2927]
[2928]
[2929]
[2930]
[2931]
[2932]
[2933]
[2934]
[2935]
[2936]
[2937]
[2938]
[2939]
[2940]
[2941]
[2942]
[2943]
[2944]
[2945]
[2946]
[2947]
[{"$f":"A2956+1","v":2948}]
[2949]
[2950]
[2951]
[2952]
[2953]
[2954]
[2955]
[2956]
[2957]
[2958]
[2959]
[2960]
[2961]
[2962]
[2963]
[2964]
[2965]
[2966]
[2967]
[2968]
[2969]
[2970]
[2971]
[2972]
[2973]
[2974]
[2975]
[2976]
[2977]
[2978]
[2979]
[{"$f":"A2988+1","v":2980}]
[2981]
[2982]
[2983]
[2984]
[2985]
[2986]
[2987]
[2988]
[2989]
[2990]
[2991]
[2992]
[2993]
[2994]
[2995]
[2996]
[2997]
[2998]
[2999]
[3000]
[3001]
[3002]
[3003]
[3004]
[3005]
[3006]
[3007]
[3008]
[3009]
[3010]
[3011]
[{"$f":"A3020+1","v":3012}]
[3013]
[3014]
[3015]
[3016]
[3017]
[3018]
[3019]
[3020]
[3021]
[3022]
[3023]
[3024]
[3025]
[3026]
[3027]
[3028]
[3029]
[3030]
[3031]
[3032]
[3033]
[3034]
[3035]
[3036]
[3037]
[3038]
[{"$f":"A3047+1","v":3039}]
[3040]
[3041]
[3042]
[3043]
[3044]
[3045]
[3046]
[3047]
[3048]
[3049]
[3050]
[3051]
[3052]
[3053]
[3054]
[3055]
[3056]
[3057]
[3058]
[3059]
[3060]
[3061]
[3062]
[3063]
[3064]
[3065]
[3066]
[3067]
[3068]
[3069]
[3070]
[3071]
[3072]
[3073]
[3074]
[3075]
[3076]
[3077]
[3078]
[3079]
[3080]
[3081]
[3082]
[3083]
[3084]
[3085]
[3086]
[3087]
[3088]
[3089]
[3090]
[3091]
[3092]
[3093]
[3094]
[3095]
[3096]
[3097]
[3098]
[3099]
[3100]
[3101]
[3102]
[{"$f":"A3111+1","v":3103}]
[3104]
[3105]
[3106]
[3107]
[3108]
[3109]
[3110]
[3111]
[3112]
[3113]
[3114]
[3115]
[3116]
[3117]
[3118]
[3119]
[3120]
[3121]
[3122]
[3123]
[3124]
[3125]
[3126]
[3127]
[3128]
[3129]
[3130]
[3131]
[3132]
[3133]
[3134]
[3135]
[3136]
[3137]
[3138]
[3139]
[3140]
[3141]
[3142]
[3143]
[3144]
[3145]
[3146]
[3147]
[3148]
[3149]
[3150]
[3151]
[3152]
[3153]
[3154]
[3155]
[3156]
[3157]
[3158]
[3159]
[3160]
[3161]
[3162]
[3163]
[3164]
[3165]
[3166]
[{"$f":"A3175+1","v":3167}]
[3168]
[3169]
[3170]
[3171]
[3172]
[3173]
[3174]
[3175]
[3176]
[3177]
[3178]
[3179]
[3180]
[3181]
[3182]
[3183]
[3184]
[3185]
[3186]
[3187]
[3188]
[3189]
[3190]
[3191]
[3192]
[3193]
[3194]
[3195]
[3196]
[3197]
[3198]
[3199]
[3200]
[3201]
[3202]
[3203]
[3204]
[3205]
[3206]
[3207]
[3208]
[3209]
[3210]
[3211]
[3212]
[3213]
[3214]
[3215]
[3216]
[3217]
[3218]
[3219]
[3220]
[3221]
[3222]
[3223]
[3224]
[3225]
[3226]
[3227]
[3228]
[3229]
[3230]
[{"$f":"A3239+1","v":3231}]
[3232]
[3233]
[3234]
[3235]
[3236]
[3237]
[3238]
[3239]
[3240]
[3241]
[3242]
[3243]
[3244]
[3245]
[3246]
[3247]
[3248]
[3249]
[3250]
[3251]
[3252]
[3253]
[3254]
[3255]
[3256]
[3257]
[3258]
[3259]
[3260]
[3261]
[3262]
[3263]
[3264]
[3265]
[3266]
[3267]
[3268]
[3269]
[3270]
[3271]
[3272]
[3273]
[3274]
[3275]
[3276]
[3277]
[3278]
[3279]
[3280]
[3281]
[3282]
[3283]
[3284]
[3285]
[3286]
[3287]
[3288]
[3289]
[3290]
[3291]
[3292]
[3293]
[3294]
[{"$f":"A3303+1","v":3295}]
[3296]
[3297]
[3298]
[3299]
[3300]
[3301]
[3302]
[3303]
[3304]
[3305]
[3306]
[3307]
[3308]
[3309]
[3310]
[3311]
[3312]
[3313]
[3314]
[3315]
[3316]
[3317]
[3318]
[3319]
[3320]
[3321]
[3322]
[3323]
[3324]
[3325]
[3326]
[3327]
[3328]
[3329]
[3330]
[3331]
[3332]
[3333]
[3334]
[3335]
[3336]
[3337]
[3338]
[3339]
[3340]
[3341]
[3342]
[3343]
[3344]
[3345]
[3346]
[3347]
[3348]
[3349]
[3350]
[3351]
[3352]
[3353]
[3354]
[3355]
[3356]
[3357]
[3358]
[{"$f":"A3367+1","v":3359}]
[3360]
[3361]
[3362]
[3363]
[3364]
[3365]
[3366]
[3367]
[3368]
[3369]
[3370]
[3371]
[3372]
[3373]
[3374]
[3375]
[3376]
[3377]
[3378]
[3379]
[3380]
[3381]
[3382]
[3383]
[3384]
[3385]
[3386]
[3387]
[3388]
[3389]
[3390]
[3391]
[3392]
[3393]
[3394]
[3395]
[3396]
[3397]
[3398]
[3399]
[3400]
[3401]
[3402]
[3403]
[3404]
[3405]
[3406]
[3407]
[3408]
[3409]
[3410]
[3411]
[3412]
[3413]
[3414]
[3415]
[3416]
[3417]
[3418]
[3419]
[3420]
[3421]
[3422]
[{"$f":"A3431+1","v":3423}]
[3424]
[3425]
[3426]
[3427]
[3428]
[3429]
[3430]
[3431]
[3432]
[3433]
[3434]
[3435]
[3436]
[3437]
[3438]
[3439]
[3440]
[3441]
[3442]
[3443]
[3444]
[3445]
[3446]
[3447]
[3448]
[3449]
[3450]
[3451]
[3452]
[3453]
[3454]
[3455]
[3456]
[3457]
[3458]
[3459]
[3460]
[3461]
[3462]
[3463]
[3464]
[3465]
[3466]
[3467]
[3468]
[3469]
[3470]
[3471]
[3472]
[3473]
[3474]
[3475]
[3476]
[3477]
[3478]
[3479]
[3480]
[3481]
[3482]
[3483]
[3484]
[3485]
[3486]
[{"$f":"A3495+1","v":3487}]
[3488]
[3489]
[3490]
[3491]
[3492]
[3493]
[3494]
[3495]
[3496]
[3497]
[3498]
[3499]
[3500]
[3501]
[3502]
[3503]
[3504]
[3505]
[3506]
[3507]
[3508]
[3509]
[3510]
[3511]
[3512]
[3513]
[3514]
[3515]
[3516]
[3517]
[3518]
[3519]
[3520]
[3521]
[3522]
[3523]
[3524]
[3525]
[3526]
[3527]
[3528]
[3529]
[3530]
[3531]
[3532]
[3533]
[3534]
[3535]
[3536]
[3537]
[3538]
[3539]
[3540]
[3541]
[3542]
[3543]
[3544]
[3545]
[3546]
[3547]
[3548]
[3549]
[3550]
[{"$f":"A3559+1","v":3551}]
[3552]
[3553]
[3554]
[3555]
[3556]
[3557]
[3558]
[3559]
[3560]
[3561]
[3562]
[3563]
[3564]
[3565]
[3566]
[3567]
[3568]
[3569]
[3570]
[3571]
[3572]
[3573]
[3574]
[3575]
[3576]
[3577]
[3578]
[3579]
[3580]
[3581]
[3582]
[3583]
[3584]
[3585]
[3586]
[3587]
[3588]
[3589]
[3590]
[3591]
[3592]
[3593]
[3594]
[3595]
[3596]
[3597]
[3598]
[3599]
[3600]
[3601]
[3602]
[3603]
[3604]
[3605]
[3606]
[3607]
[3608]
[3609]
[3610]
[3611]
[3612]
[3613]
[3614]
[{"$f":"A3623+1","v":3615}]
[3616]
[3617]
[3618]
[3619]
[3620]
[3621]
[3622]
[3623]
[3624]
[3625]
[3626]
[3627]
[3628]
[3629]
[3630]
[3631]
[3632]
[3633]
[3634]
[3635]
[3636]
[3637]
[3638]
[3639]
[3640]
[3641]
[3642]
[3643]
[3644]
[3645]
[3646]
[3647]
[3648]
[3649]
[3650]
[3651]
[3652]
[3653]
[3654]
[3655]
[3656]
[3657]
[3658]
[3659]
[3660]
[3661]
[3662]
[3663]
[3664]
[3665]
[3666]
[3667]
[3668]
[3669]
[3670]
[3671]
[3672]
[3673]
[3674]
[3675]
[3676]
[3677]
[3678]
[{"$f":"A3687+1","v":3679}]
[3680]
[3681]
[3682]
[3683]
[3684]
[3685]
[3686]
[3687]
[3688]
[3689]
[3690]
[3691]
[3692]
[3693]
[3694]
[3695]
[3696]
[3697]
[3698]
[3699]
[3700]
[3701]
[3702]
[3703]
[3704]
[3705]
[3706]
[3707]
[3708]
[3709]
[3710]
[3711]
[3712]
[3713]
[3714]
[3715]
[3716]
[3717]
[3718]
[3719]
[3720]
[3721]
[3722]
[3723]
[3724]
[3725]
[3726]
[3727]
[3728]
[3729]
[3730]
[3731]
[3732]
[3733]
[3734]
[3735]
[3736]
[3737]
[3738]
[3739]
[3740]
[3741]
[3742]
[{"$f":"A3751+1","v":3743}]
[3744]
[3745]
[3746]
[3747]
[3748]
[3749]
[3750]
[3751]
[3752]
[3753]
[3754]
[3755]
[3756]
[3757]
[3758]
[3759]
[3760]
[3761]
[3762]
[3763]
[3764]
[3765]
[3766]
[3767]
[3768]
[3769]
[3770]
[3771]
[3772]
[3773]
[3774]
[3775]
[3776]
[3777]
[3778]
[3779]
[3780]
[3781]
[3782]
[3783]
[3784]
[3785]
[3786]
[3787]
[3788]
[3789]
[3790]
[3791]
[3792]
[3793]
[3794]
[3795]
[3796]
[3797]
[3798]
[3799]
[3800]
[3801]
[3802]
[3803]
[3804]
[3805]
[3806]
[{"$f":"A3815+1","v":3807}]
[3808]
[3809]
[3810]
[3811]
[3812]
[3813]
[3814]
[3815]
[3816]
[3817]
[3818]
[3819]
[3820]
[3821]
[3822]
[3823]
[3824]
[3825]
[3826]
[3827]
[3828]
[3829]
[3830]
[3831]
[3832]
[3833]
[3834]
[3835]
[3836]
[3837]
[3838]
[3839]
[3840]
[3841]
[3842]
[3843]
[3844]
[3845]
[3846]
[3847]
[3848]
[3849]
[3850]
[3851]
[3852]
[3853]
[3854]
[3855]
[3856]
[3857]
[3858]
[3859]
[3860]
[3861]
[3862]
[3863]
[3864]
[3865]
[3866]
[3867]
[3868]
[3869]
[3870]
[3871]
[3872]
[3873]
[3874]
[3875]
[3876]
[3877]
[3878]
[3879]
[3880]
[3881]
[3882]
[3883]
[3884]
[3885]
[3886]
[3887]
[3888]
[3889]
[3890]
[3891]
[3892]
[3893]
[3894]
[3895]
[3896]
[3897]
[3898]
[3899]
[3900]
[3901]
[3902]
[3903]
[3904]
[3905]
[3906]
[3907]
[3908]
[3909]
[3910]
[3911]
[3912]
[3913]
[3914]
[3915]
[3916]
[3917]
[3918]
[3919]
[3920]
[3921]
[3922]
[3923]
[3924]
[3925]
[3926]
[3927]
[3928]
[3929]
[3930]
[3931]
[3932]
[3933]
[3934]
[3935]
[3936]
[3937]
[3938]
[3939]
[3940]
[3941]
[3942]
[3943]
[{"$f":"A3952+1","v":3944}]
[3945]
[3946]
[3947]
[3948]
[3949]
[3950]
[3951]
[3952]
[3953]
[3954]
[3955]
[3956]
[3957]
[3958]
[3959]
[3960]
[3961]
[3962]
[3963]
[3964]
[3965]
[3966]
[3967]
[3968]
[3969]
[3970]
[3971]
[3972]
[3973]
[3974]
[3975]
[3976]
[3977]
[3978]
[3979]
[3980]
[3981]
[3982]
[3983]
[3984]
[3985]
[3986]
[3987]
[3988]
[3989]
[3990]
[3991]
[3992]
[3993]
[3994]
[3995]
[3996]
[3997]
[3998]
[3999]
[4000]
[4001]
[4002]
[4003]
[4004]
[4005]
[4006]
[4007]
[{"$f":"A4016+1","v":4008}]
[4009]
[4010]
[4011]
[4012]
[4013]
[4014]
[4015]
[4016]
[4017]
[4018]
[4019]
[4020]
[4021]
[4022]
[4023]
[4024]
[4025]
[4026]
[4027]
[4028]
[4029]
[4030]
[4031]
[4032]
[4033]
[4034]
[4035]
[4036]
[4037]
[4038]
[4039]
[4040]
[4041]
[4042]
[4043]
[4044]
[4045]
[4046]
[4047]
[4048]
[4049]
[4050]
[4051]
[4052]
[4053]
[4054]
[4055]
[4056]
[4057]
[4058]
[4059]
[4060]
[4061]
[4062]
[4063]
[4064]
[4065]
[4066]
[4067]
[4068]
[4069]
[4070]
[4071]
[4072]
[4073]
[4074]
[4075]
[4076]
[4077]
[4078]
[4079]
[4080]
[4081]
[4082]
[4083]
[4084]
[4085]
[4086]
[4087]
[4088]
[4089]
[4090]
[4091]
[4092]
[4093]
[4094]
[4095]
[4096]
[4097]
[4098]
[4099]
[4100]
[null,{"$f":"COUNTA(B10:B4109)","v":0},null,null,{"$f":"SUM(IF(FREQUENCY(IF(LEN(E9:E4109)>0,MATCH(E9:E4109,E9:E4109,0),\"\"), IF(LEN(E9:E4109)>0,MATCH(E9:E4109,E9:E4109,0),\"\"))>0,1))","v":0},{"$f":"COUNTA(F10:F4109)","v":0},{"$f":"COUNTA(G10:G4109)","v":0},{"$f":"COUNTA(H10:H4109)","v":0},{"$f":"COUNTA(I10:I4109)","v":0},{"$f":"COUNTA(J10:J4109)","v":0},null,null,{"$f":"COUNT(M10:M4109)","v":0},{"$f":"COUNT(N10:N4109)","v":0}]

{"sheet":"Tribe Part II ","index":8,"n_rows":65,"n_cols":14,"rows_kept":65,"merged":[[0,0,0,13],[1,0,2,0],[1,1,1,3],[1,5,1,8],[1,10,1,13],[2,1,2,4],[2,5,2,8],[2,10,2,13],[3,0,5,0],[3,1,3,4],[3,5,3,8],[3,10,3,11],[3,12,3,13],[4,1,4,4],[4,5,4,8],[4,10,4,11],[4,12,4,13],[5,1,5,4],[5,5,5,8],[5,10,5,11],[5,12,5,13],[6,1,6,2],[6,5,6,8],[6,10,6,11],[6,12,6,13],[7,1,7,2],[7,5,7,8],[8,0,10,0],[8,1,9,2],[8,3,10,3],[8,4,9,8],[8,9,9,10],[8,11,9,13]]}
["PART II - REPORT OF ACCOMPLISHMENTS"]
[1,"a. Number of Applicants Provided Service:",{"$nulls":3},{"$f":"IF(B64=0,\"\",B64)","v":""},{"$nulls":4},"   Name of Tribe / Consortium"]
[null,"b. Number of Projects Completed within Fiscal Year:",{"$nulls":3},{"$f":"IF(K64=0,\"\",K64)","v":""},{"$nulls":4},{"$f":"IF(Profile!D6=0,\"\",Profile!D6)","v":""}]
[2,"a. Amount of Total  Administration Funds to Report:",{"$nulls":3},{"$f":"IF(L64=0,\"\",L64)","v":""},{"$nulls":4}," REGION",null,{"$f":"IF(Profile!D5=0,\"\",Profile!D5)","v":""}]
[null,"b. Amount of Total  Constuction Funds to Report:",{"$nulls":3},{"$f":"IF(M64=0,\"\",M64)","v":""},{"$nulls":4},"AGENCY",null,{"$f":"IF(Profile!D8=\"\",\"\",Profile!D8)","v":""}]
[null,"c. Amount of Total HIP Funds to Report:",{"$nulls":3},{"$f":"IF(N64=0,\"\",N64)","v":""},{"$nulls":4}," FISCAL YEAR",null,{"$f":"IF(Profile!D9=0,\"\",Profile!D9)","v":""}]
[null,"Type or Printed Name ",null,{"$f":"IF(Profile!D10=0,\"\",Profile!D10)","v":""},"Title",{"$f":"IF(Profile!D11=0,\"\",Profile!D11)","v":""}]
[null,"Telephone",null,{"$f":"IF(Profile!D12=0,\"\",Profile!D12)","v":""},"Fax",{"$f":"IF(Profile!D13=0,\"\",Profile!D13)","v":""}]
[3,"Name of Applicant Provided Program Services     ",null,"4. Applicant's Servicing Tribe","5. Program Category    (Enter one, as applicable)",{"$nulls":4},"6.  Construction Schedules",null,"7. Construction Funds"]
[]
[null,"Last ","First",null,"(A)","(B)","(C-1)","(C-2)","(D)","a.Date of Construction Start","b.Date of Construction Completion","a. Admin cost","b. Project cost","c.Sum of 7(a) & 7(b)"]
[1,{"$nulls":12},{"$f":"IF(SUM(L12:M12)=0,\"\",SUM(L12:M12))","v":""}]
[{"$f":"A12+1","v":2},{"$nulls":12},{"$f":"IF(SUM(L13:M13)=0,\"\",SUM(L13:M13))","v":""}]
[3,{"$nulls":3}," ",{"$nulls":4}," ",{"$nulls":3},""]
[4,{"$nulls":3}," ",{"$nulls":8},""]
[5,{"$nulls":12},""]
[6,{"$nulls":8}," ",{"$nulls":3},""]
[7,{"$nulls":12},""]
[8,{"$nulls":12},""]
[9,{"$nulls":12},""]
[10,{"$nulls":12},""]
[11,{"$nulls":12},""]
[12,{"$nulls":12},""]
[13,{"$nulls":12},""]
[14,{"$nulls":12},""]
[15,{"$nulls":12},""]
[16,{"$nulls":12},""]
[17,{"$nulls":12},""]
[18,{"$nulls":12},""]
[19,{"$nulls":12},""]
[20,{"$nulls":12},""]
[21,{"$nulls":12},""]
[22,{"$nulls":12},""]
[23,{"$nulls":12},""]
[24,{"$nulls":12},""]
[25,{"$nulls":12},""]
[26,{"$nulls":12},""]
[27,{"$nulls":12},""]
[28,{"$nulls":12},""]
[29,{"$nulls":12},""]
[30,{"$nulls":12},""]
[31,{"$nulls":12},""]
[32,{"$nulls":12},""]
[33,{"$nulls":12},""]
[{"$f":"A44+1","v":34},{"$nulls":12},""]
[35,{"$nulls":12},""]
[36,{"$nulls":12},""]
[37,{"$nulls":12},""]
[38,{"$nulls":12},""]
[39,{"$nulls":12},""]
[40,{"$nulls":12},""]
[41,{"$nulls":12},""]
[42,{"$nulls":12},""]
[43,{"$nulls":12},""]
[44,{"$nulls":12},""]
[45,{"$nulls":12},""]
[46,{"$nulls":12},""]
[47,{"$nulls":12},""]
[48,{"$nulls":12},""]
[49,{"$nulls":12},""]
[50,{"$nulls":12},""]
[51,{"$nulls":12},""]
[52]
[null,{"$f":"COUNTA(B12:B63)","v":0},null,null,{"$f":"SUM(E12:E63)","v":0},{"$f":"SUM(F12:F63)","v":0},{"$f":"SUM(G12:G63)","v":0},{"$f":"SUM(H12:H63)","v":0},null,null,{"$f":"COUNTA(K12:K63)","v":0},{"$f":"SUM(L12:L63)","v":0},{"$f":"SUM(M12:M63)","v":0},{"$f":"SUM(N12:N63)","v":0}]
[{"$nulls":7},{"$f":"SUM(E64:H64)","v":0}]

{"sheet":"150 Per Cent","index":9,"n_rows":43,"n_cols":21,"rows_kept":43,"merged":[[0,0,0,21],[1,0,1,21],[2,1,2,3],[2,4,2,6],[2,7,2,9],[2,10,2,12],[2,13,2,15],[2,16,2,18],[2,19,2,21],[4,20,4,21],[5,20,5,21],[6,20,6,21],[7,20,7,21],[8,20,8,21],[9,20,9,21],[10,20,10,21],[11,20,11,21],[12,20,12,21],[13,20,13,21],[14,20,14,21],[15,20,15,21],[16,20,16,21],[18,1,18,2],[18,4,18,5],[18,7,18,8],[18,10,18,11],[18,13,18,14],[18,16,18,17],[23,0,23,21],[24,0,24,21],[25,1,25,3],[25,4,25,6],[25,7,25,9],[25,10,25,12],[25,13,25,15],[25,16,25,18],[25,19,25,21],[27,20,27,21],[28,20,28,21],[29,20,29,21],[30,20,30,21],[31,20,31,21],[32,20,32,21],[33,20,33,21],[34,20,34,21],[35,20,35,21],[36,20,36,21],[37,20,37,21],[38,20,38,21],[39,20,39,21],[41,1,41,2],[41,4,41,5],[41,7,41,8],[41,10,41,11],[41,13,41,14],[41,16,41,17]]}
["FACTOR NO. 1 - HIP ELIGIBILITY/SELECTION CRITERIA @ 150%"]
["INCOME GUIDELINE POINT SCHEDULE FOR ALL STATES EXCEPT ALASKA & HAWAII"]
["FAMILY SIZE","0% to 25% of PG\n25 POINTS",null,null,"26% to 50% of PG\n20 POINTS",null,null,"51% to 75% of PG\n15 POINTS",null,null,"76% to 100 of PG\n10 POINTS",null,null,"101% to 125% of PG \n5 POINTS",null,null,"125% to 150% of PG\n0 POINTS",null,null,"OVER 150% of FPIG\nINELIGIBLE"]
[]
[1,0,"TO",{"$f":"D18","v":{"v":3035,"d":"3,035 "}},{"$f":"D5+1","v":{"v":3036,"d":"3,036"}},"TO",{"$f":"G18","v":{"v":6070,"d":"6,070 "}},{"$f":"G5+1","v":{"v":6071,"d":"6,071"}},"TO",{"$f":"J18","v":{"v":9105,"d":"9,105 "}},{"$f":"J5+1","v":{"v":9106,"d":"9,106"}},"TO",{"$f":"M18","v":{"v":12140,"d":"12,140"}},{"$f":"M5+1","v":{"v":12141,"d":"12,141"}},"TO",{"$f":"P18","v":{"v":15175,"d":"15,175"}},{"$f":"P5+1","v":{"v":15176,"d":"15,176"}},"TO",{"$f":"S18","v":{"v":18210,"d":"18,210"}},{"$f":"S5+1","v":{"v":18211,"d":"18,211"}},"& HIGHER"]
[2,0,"TO",{"$f":"D5+D$17","v":{"v":4115,"d":"4,115 "}},{"v":4116,"d":"4,116"},"TO",{"$f":"G5+G$17","v":{"v":8230,"d":"8,230 "}},{"v":8231,"d":"8,231"},"TO",{"$f":"J5+J$17","v":{"v":12345,"d":"12,345"}},{"v":12346,"d":"12,346"},"TO",{"$f":"M5+M$17","v":{"v":16460,"d":"16,460"}},{"v":16461,"d":"16,461"},"TO",{"$f":"P5+P$17","v":{"v":20575,"d":"20,575"}},{"v":20576,"d":"20,576"},"TO",{"$f":"S5+S$17","v":{"v":24690,"d":"24,690"}},{"v":24691,"d":"24,691"},"& HIGHER"]
[3,0,"TO",{"$f":"D6+D$17","v":{"v":5195,"d":"5,195"}},{"v":5196,"d":"5,196"},"TO",{"$f":"G6+G$17","v":{"v":10390,"d":"10,390"}},{"v":10391,"d":"10,391"},"TO",{"v":15585,"d":"15,585"},{"v":15586,"d":"15,586"},"TO",{"$f":"M6+M$17","v":{"v":20780,"d":"20,780"}},{"v":20781,"d":"20,781"},"TO",{"v":25975,"d":"25,975"},{"v":25976,"d":"25,976"},"TO",{"v":31170,"d":"31,170"},{"v":31171,"d":"31,171"},"& HIGHER"]
[4,0,"TO",{"v":6275,"d":"6,275"},{"v":6276,"d":"6,276"},"TO",{"v":12550,"d":"12,550"},{"v":12551,"d":"12,551"},"TO",{"v":18825,"d":"18,825"},{"v":18826,"d":"18,826"},"TO",{"$f":"M7+M$17","v":{"v":25100,"d":"25,100"}},{"v":25101,"d":"25,101"},"TO",{"v":31375,"d":"31,375"},{"v":31376,"d":"31,376"},"TO",{"v":37650,"d":"37,650"},{"v":37651,"d":"37,651"},"& HIGHER"]
[5,0,"TO",{"v":7355,"d":"7,355"},{"v":7356,"d":"7,356"},"TO",{"v":14710,"d":"14,710"},{"v":14711,"d":"14,711"},"TO",{"v":22065,"d":"22,065"},{"v":22066,"d":"22,066"},"TO",{"$f":"M8+M$17","v":{"v":29420,"d":"29,420"}},{"v":29421,"d":"29,421"},"TO",{"v":36775,"d":"36,775"},{"v":36776,"d":"36,776"},"TO",{"v":44130,"d":"44,130"},{"v":44131,"d":"44,131"},"& HIGHER"]
[6,0,"TO",{"v":8435,"d":"8,435"},{"v":8436,"d":"8,436"},"TO",{"v":16870,"d":"16,870"},{"v":16871,"d":"16,871"},"TO",{"v":25305,"d":"25,305"},{"v":25306,"d":"25,306"},"TO",{"$f":"M9+M17","v":{"v":33740,"d":"33,740"}},{"v":33741,"d":"33,741"},"TO",{"v":42175,"d":"42,175"},{"v":42176,"d":"42,176"},"TO",{"v":50610,"d":"50,610"},{"v":50611,"d":"50,611"},"& HIGHER"]
[7,0,"TO",{"v":9515,"d":"9,515"},{"v":9516,"d":"9,516"},"TO",{"v":19030,"d":"19,030"},{"v":19031,"d":"19,031"},"TO",{"v":28545,"d":"28,545"},{"v":28546,"d":"28,546"},"TO",{"$f":"M10+M$17","v":{"v":38060,"d":"38,060"}},{"v":38061,"d":"38,061"},"TO",{"v":47575,"d":"47,575"},{"v":47576,"d":"47,576"},"TO",{"v":57090,"d":"57,090"},{"v":57091,"d":"57,091"},"& HIGHER"]
[8,0,"TO",{"v":10595,"d":"10,595"},{"v":10596,"d":"10,596"},"TO",{"v":21190,"d":"21,190"},{"v":21191,"d":"21,191"},"TO",{"v":31785,"d":"31,785"},{"v":31786,"d":"31,786"},"TO",{"$f":"M11+M$17","v":{"v":42380,"d":"42,380"}},{"v":42381,"d":"42,381"},"TO",{"v":52975,"d":"52,975"},{"v":52976,"d":"52,976"},"TO",{"v":63570,"d":"63,570"},{"v":63571,"d":"63,571"},"& HIGHER"]
[9,0,"TO",{"v":11675,"d":"11,675"},{"v":11676,"d":"11,676"},"TO",{"v":23350,"d":"23,350"},{"v":23351,"d":"23,351"},"TO",{"v":35025,"d":"35,025"},{"v":35026,"d":"35,026"},"TO",{"$f":"M12+M$17","v":{"v":46700,"d":"46,700"}},{"v":46701,"d":"46,701"},"TO",{"v":58375,"d":"58,375"},{"v":58376,"d":"58,376"},"TO",{"v":70050,"d":"70,050"},{"v":70051,"d":"70,051"},"& HIGHER"]
[10,0,"TO",{"v":12755,"d":"12,755"},{"v":12756,"d":"12,756"},"TO",{"v":25510,"d":"25,510"},{"v":25511,"d":"25,511"},"TO",{"v":38265,"d":"38,265"},{"v":38266,"d":"38,266"},"TO",{"$f":"M13+M$17","v":{"v":51020,"d":"51,020"}},{"v":51021,"d":"51,021"},"TO",{"v":63775,"d":"63,775"},{"v":63776,"d":"63,776"},"TO",{"v":76530,"d":"76,530"},{"v":76531,"d":"76,531"},"& HIGHER"]
[11,0,"TO",{"v":13835,"d":"13,835"},{"v":13836,"d":"13,836"},"TO",{"v":27670,"d":"27,670"},{"v":27671,"d":"27,671"},"TO",{"v":41505,"d":"41,505"},{"v":41506,"d":"41,506"},"TO",{"$f":"M14+M$17","v":{"v":55340,"d":"55,340"}},{"v":55341,"d":"55,341"},"TO",{"v":69175,"d":"69,175"},{"v":69176,"d":"69,176"},"TO",{"v":83010,"d":"83,010"},{"v":83011,"d":"83,011"},"& HIGHER"]
[12,0,"TO",{"v":14915,"d":"14,915"},{"v":14916,"d":"14,916"},"TO",{"v":29830,"d":"29,830"},{"$f":"G16+1","v":{"v":29831,"d":"29,831"}},"TO",{"v":44745,"d":"44,745"},{"v":44746,"d":"44,746"},"TO",{"$f":"M15+M17","v":{"v":59660,"d":"59,660"}},{"v":59661,"d":"59,661"},"TO",{"v":74575,"d":"74,575"},{"v":74576,"d":"74,576"},"TO",{"v":89490,"d":"89,490"},{"v":89491,"d":"89,491"},"& HIGHER"]
["EACH PERSON OVER 12 ADD",null,null,{"$f":"$M19*0.25","v":{"v":1080,"d":"1,080 "}},null,null,{"$f":"$M$19*0.5","v":{"v":2160,"d":"2,160"}},null,null,{"$f":"$M$19*0.75","v":{"v":3240,"d":"3,240"}},null,null,{"$f":"$M$19*1","v":{"v":4320,"d":"4,320"}},null,null,{"$f":"$M$19*1.25","v":{"v":5400,"d":"5,400"}},null,null,{"$f":"$M$19*1.5","v":{"v":6480,"d":"6,480"}},{"$f":"S17+1","v":{"v":6481,"d":"6,481"}},"& HIGHER"]
[null,"25%=",null,{"$f":"$M$18*0.25","v":{"v":3035,"d":"3,035 "}},"50%=",null,{"$f":"$M$18*0.5","v":{"v":6070,"d":"6,070 "}},"'75%=",null,{"$f":"$M$18*0.75","v":{"v":9105,"d":"9,105 "}},"100%=",null,{"v":12140,"d":"12,140"},"125%=",null,{"$f":"$M$18*1.25","v":{"v":15175,"d":"15,175 "}},"150% =",null,{"$f":"$M18*1.5","v":{"v":18210,"d":"18,210"}},null,{"$f":"R18*1.25","v":0}]
[null,"@ Add'l:",null,{"$f":"J19*0.25","v":810},"@ Add'l:",null,{"$f":"M19*0.5","v":{"v":2160,"d":"2,160"}},"@ Add'l:",null,{"$f":"M19*0.75","v":{"v":3240,"d":"3,240"}},"@ Add'l:",null,{"v":4320,"d":"4,320"},"@ Add'l:",null,{"$f":"$M19*1.25","v":{"v":5400,"d":"5,400"}},"@ Add'l:",null,{"$f":"M19*1.5","v":{"v":6480,"d":"6,480"}},null,{"$f":"R19*1.25","v":0}]
["PG =","HHS Poverty Guidelines"]
[]
[]
[]
["FACTOR NO. 1 - HIP ELIGIBILITY/SELECTION CRITERIA @ 150%"]
["INCOME GUIDELINE POINT SCHEDULE FOR ALASKA"]
["FAMILY SIZE","0% to 25% of PG\n25 POINTS",null,null,"26% to 50% of PG\n20 POINTS",null,null,"51% to 75% of PG\n15 POINTS",null,null,"76% to 100 of PG\n10 POINTS",null,null,"101% to 125% of PG\n5 POINTS",null,null,"126% to 150% of PG\n0 POINTS",null,null,"OVER 150% of FPIG\nINELIGIBLE"]
[]
[1,0,"TO",{"$f":"D41","v":{"v":3795,"d":"3,795"}},{"$f":"D28+1","v":{"v":3796,"d":"3,796"}},"TO",{"$f":"G41","v":{"v":7590,"d":"7,590"}},{"$f":"G28+1","v":{"v":7591,"d":"7,591"}},"TO",{"$f":"J41","v":{"v":11385,"d":"11,385"}},{"$f":"J28+1","v":{"v":11386,"d":"11,386"}},"TO",{"$f":"M41","v":{"v":15180,"d":"15,180"}},{"$f":"M28+1","v":{"v":15181,"d":"15,181"}},"TO",{"$f":"P41","v":{"v":18975,"d":"18,975"}},{"$f":"P28+1","v":{"v":18976,"d":"18,976"}},"TO",{"$f":"S41","v":{"v":22770,"d":"22,770"}},{"$f":"S28+1","v":{"v":22771,"d":"22,771"}},"& HIGHER"]
[2,0,"TO",{"$f":"D28+D$40","v":{"v":5145,"d":"5,145 "}},{"v":5146,"d":"5,146"},"TO",{"$f":"G28+G$40","v":{"v":10290,"d":"10,290 "}},{"v":10291,"d":"10,291"},"TO",{"$f":"J28+J$40","v":{"v":15435,"d":"15,435"}},{"v":15436,"d":"15,436"},"TO",{"$f":"M28+M$40","v":{"v":20580,"d":"20,580"}},{"v":20581,"d":"20,581"},"TO",{"$f":"P28+P$40","v":{"v":25725,"d":"25,725"}},{"v":25726,"d":"25,726"},"TO",{"$f":"S28+S$40","v":{"v":30870,"d":"30,870"}},{"v":30871,"d":"30,871"},"& HIGHER"]
[3,0,"TO",{"v":6495,"d":"6,495"},{"v":6496,"d":"6,496"},"TO",{"v":12990,"d":"12,990"},{"v":12991,"d":"12,991"},"TO",{"v":19485,"d":"19,485"},{"v":19486,"d":"19,486"},"TO",{"v":25980,"d":"25,980"},{"v":25981,"d":"25,981"},"TO",{"v":32475,"d":"32,475"},{"v":32476,"d":"32,476"},"TO",{"v":38970,"d":"38,970"},{"v":38971,"d":"38,971"},"& HIGHER"]
[4,0,"TO",{"v":7845,"d":"7,845"},{"v":7846,"d":"7,846"},"TO",{"v":15690,"d":"15,690"},{"v":15691,"d":"15,691"},"TO",{"v":23535,"d":"23,535"},{"v":23536,"d":"23,536"},"TO",{"v":31380,"d":"31,380"},{"v":31381,"d":"31,381"},"TO",{"v":39225,"d":"39,225"},{"v":39226,"d":"39,226"},"TO",{"v":47070,"d":"47,070"},{"v":47071,"d":"47,071"},"& HIGHER"]
[5,0,"TO",{"v":9195,"d":"9,195"},{"v":9196,"d":"9,196"},"TO",{"v":18390,"d":"18,390"},{"v":18391,"d":"18,391"},"TO",{"v":27585,"d":"27,585"},{"v":27586,"d":"27,586"},"TO",{"v":36780,"d":"36,780"},{"v":36781,"d":"36,781"},"TO",{"v":45975,"d":"45,975"},{"v":45976,"d":"45,976"},"TO",{"v":55170,"d":"55,170"},{"v":55171,"d":"55,171"},"& HIGHER"]
[6,0,"TO",{"v":10545,"d":"10,545"},{"v":10546,"d":"10,546"},"TO",{"v":21090,"d":"21,090"},{"v":21091,"d":"21,091"},"TO",{"v":31635,"d":"31,635"},{"v":31636,"d":"31,636"},"TO",{"v":42180,"d":"42,180"},{"v":42181,"d":"42,181"},"TO",{"v":52725,"d":"52,725"},{"v":52726,"d":"52,726"},"TO",{"v":63270,"d":"63,270"},{"v":63271,"d":"63,271"},"& HIGHER"]
[7,0,"TO",{"v":11895,"d":"11,895"},{"v":11896,"d":"11,896"},"TO",{"v":23790,"d":"23,790"},{"v":23791,"d":"23,791"},"TO",{"v":35685,"d":"35,685"},{"v":35686,"d":"35,686"},"TO",{"v":47580,"d":"47,580"},{"v":47581,"d":"47,581"},"TO",{"v":59475,"d":"59,475"},{"v":59476,"d":"59,476"},"TO",{"v":71370,"d":"71,370"},{"v":71371,"d":"71,371"},"& HIGHER"]
[8,0,"TO",{"v":13245,"d":"13,245"},{"v":13246,"d":"13,246"},"TO",{"v":26490,"d":"26,490"},{"v":26491,"d":"26,491"},"TO",{"v":39735,"d":"39,735"},{"v":39736,"d":"39,736"},"TO",{"v":52980,"d":"52,980"},{"v":52981,"d":"52,981"},"TO",{"v":66225,"d":"66,225"},{"v":66226,"d":"66,226"},"TO",{"v":79470,"d":"79,470"},{"v":79471,"d":"79,471"},"& HIGHER"]
[9,0,"TO",{"v":14595,"d":"14,595"},{"v":14596,"d":"14,596"},"TO",{"v":29190,"d":"29,190"},{"v":29191,"d":"29,191"},"TO",{"v":43785,"d":"43,785"},{"v":43786,"d":"43,786"},"TO",{"v":58380,"d":"58,380"},{"v":58381,"d":"58,381"},"TO",{"v":72975,"d":"72,975"},{"v":72976,"d":"72,976"},"TO",{"v":87570,"d":"87,570"},{"v":87571,"d":"87,571"},"& HIGHER"]
[10,0,"TO",{"v":15945,"d":"15,945"},{"v":15946,"d":"15,946"},"TO",{"v":31890,"d":"31,890"},{"v":31891,"d":"31,891"},"TO",{"v":47835,"d":"47,835"},{"v":47836,"d":"47,836"},"TO",{"v":63780,"d":"63,780"},{"v":63781,"d":"63,781"},"TO",{"v":79725,"d":"79,725"},{"v":79726,"d":"79,726"},"TO",{"v":95670,"d":"95,670"},{"v":95671,"d":"95,671"},"& HIGHER"]
[11,0,"TO",{"v":17295,"d":"17,295"},{"v":17296,"d":"17,296"},"TO",{"v":34590,"d":"34,590"},{"v":34591,"d":"34,591"},"TO",{"v":51885,"d":"51,885"},{"v":51886,"d":"51,886"},"TO",{"v":69180,"d":"69,180"},{"v":69181,"d":"69,181"},"TO",{"v":86475,"d":"86,475"},{"v":86476,"d":"86,476"},"TO",{"v":103770,"d":"103,770"},{"v":103771,"d":"103,771"},"& HIGHER"]
[12,0,"TO",{"v":18645,"d":"18,645"},{"v":18646,"d":"18,646"},"TO",{"v":37290,"d":"37,290"},{"v":37291,"d":"37,291"},"TO",{"v":55935,"d":"55,935"},{"v":55936,"d":"55,936"},"TO",{"v":74580,"d":"74,580"},{"v":74581,"d":"74,581"},"TO",{"v":93225,"d":"93,225"},{"v":93226,"d":"93,226"},"TO",{"v":111870,"d":"111,870"},{"v":111871,"d":"111,871"},"& HIGHER"]
["EACH PERSON OVER 12 ADD",null,null,{"$f":"D42","v":{"v":1350,"d":"1,350"}},null,null,{"$f":"G42","v":{"v":2700,"d":"2,700"}},null,null,{"$f":"J42","v":{"v":4050,"d":"4,050"}},null,null,{"$f":"M42","v":{"v":5400,"d":"5,400"}},null,null,{"$f":"P42","v":{"v":6750,"d":"6,750"}},null,null,{"$f":"S42","v":{"v":8100,"d":"8,100"}},{"v":8101,"d":"8,101"},"& HIGHER"]
[null,"25%=",null,{"$f":"$M$41*0.25","v":{"v":3795,"d":"3,795 "}},"50%=",null,{"$f":"$M$41*0.5","v":{"v":7590,"d":"7,590 "}},"'75%=",null,{"$f":"$M$41*0.75","v":{"v":11385,"d":"11,385 "}},"100%=",null,{"v":15180,"d":"15,180"},"125%=",null,{"$f":"$M$41*1.25","v":{"v":18975,"d":"18,975 "}},"150% =",null,{"$f":"$M41*1.5","v":{"v":22770,"d":"22,770"}},null,{"$f":"R41*1.25","v":0}]
[null,"@ Add'l:",null,{"$f":"M42*0.25","v":{"v":1350,"d":"1,350"}},"@ Add'l:",null,{"$f":"M42*0.5","v":{"v":2700,"d":"2,700"}},"@ Add'l:",null,{"$f":"M42*0.75","v":{"v":4050,"d":"4,050"}},"@ Add'l:",null,{"v":5400,"d":"5,400"},"@ Add'l:",null,{"$f":"$M42*1.25","v":{"v":6750,"d":"6,750"}},"@ Add'l:",null,{"$f":"M42*1.5","v":{"v":8100,"d":"8,100"}},null,{"$f":"R42*1.25","v":0}]
["PG =","HHS Poverty Guidelines"]

{"sheet":"FPIG13","index":10,"n_rows":42,"n_cols":18,"rows_kept":42,"hidden":true,"merged":[[0,0,0,18],[1,0,1,18],[2,1,2,3],[2,4,2,6],[2,7,2,9],[2,10,2,12],[2,13,2,15],[2,16,2,18],[4,17,4,18],[5,17,5,18],[6,17,6,18],[7,17,7,18],[8,17,8,18],[9,17,9,18],[10,17,10,18],[11,17,11,18],[12,17,12,18],[13,17,13,18],[14,17,14,18],[15,17,15,18],[16,1,16,3],[16,4,16,6],[16,7,16,9],[16,10,16,12],[16,13,16,15],[16,17,16,18],[18,1,18,2],[18,4,18,5],[18,7,18,8],[18,10,18,11],[18,13,18,14],[20,0,20,18],[21,0,21,18],[22,1,22,3],[22,4,22,6],[22,7,22,9],[22,10,22,12],[22,13,22,15],[22,16,22,18],[24,17,24,18],[25,17,25,18],[26,17,26,18],[27,17,27,18],[28,17,28,18],[29,17,29,18],[30,17,30,18],[31,17,31,18],[32,17,32,18],[33,17,33,18],[34,17,34,18],[35,17,35,18],[36,17,36,18],[38,1,38,2],[38,4,38,5],[38,7,38,8],[38,10,38,11],[38,13,38,14]]}
["FACTOR NO. 1 - HIP ELIGIBILITY/SELECTION CRITERIA @ 150%"]
["INCOME GUIDELINE POINT SCHEDULE FOR ALASKA "]
["FAMILY SIZE","0% to 25% of PG\n40 POINTS",null,null,"26% to 50% of PG\n30 POINTS",null,null,"51% to 75% of PG\n20 POINTS",null,null,"76% to 100% of PG\n10 POINTS",null,null,"101% to 125% of PG\n0 POINTS",null,null,"OVER 125% of FPIG\nINELIGIBLE"]
[]
[1,0,"TO",{"$f":"$D$18","v":{"v":3587.5,"d":"3,588 "}},{"$f":"D5+1","v":{"v":3588.5,"d":"3,589"}},"TO",{"$f":"G18","v":{"v":6985,"d":"6,985 "}},{"$f":"G5+1","v":{"v":6986,"d":"6,986"}},"TO",{"$f":"J18","v":{"v":10478,"d":"10,478"}},{"$f":"J5+1","v":{"v":10479,"d":"10,479"}},"TO",{"$f":"M18","v":{"v":14350,"d":"14,350"}},{"$f":"M5+1","v":{"v":14351,"d":"14,351"}},"TO",{"$f":"P18","v":{"v":17463,"d":"17,463"}},{"$f":"P5+1","v":{"v":17464,"d":"17,464"}},"& HIGHER"]
[2,0,"TO",{"$f":"D5+B$17","v":{"v":4845,"d":"4,845"}},{"v":4846,"d":"4,846"},"TO",{"$f":"G5+E$17","v":{"v":9500,"d":"9,500"}},{"v":9501,"d":"9,501"},"TO",{"v":14191,"d":"14,191"},{"v":14192,"d":"14,192"},"TO",{"$f":"M5+K$17","v":{"v":19380,"d":"19,380"}},{"v":19381,"d":"19,381"},"TO",{"v":23651,"d":"23,651"},{"v":23652,"d":"23,652"},"& HIGHER"]
[3,0,"TO",{"$f":"D6+B$17","v":{"v":6102.5,"d":"6,103"}},{"v":6103.5,"d":"6,104"},"TO",{"v":12015,"d":"12,015"},{"v":12016,"d":"12,016"},"TO",{"$f":"J6+H$17","v":{"v":17963.5,"d":"17,964"}},{"v":17964.5,"d":"17,965"},"TO",{"v":24410,"d":"24,410"},{"v":24411,"d":"24,411"},"TO",{"v":29839,"d":"29,839"},{"$f":"P7+1","v":{"v":29840,"d":"29,840"}},"& HIGHER"]
[4,0,"TO",{"$f":"D7+B$17","v":{"v":7360,"d":"7,360"}},{"v":7361,"d":"7,361"},"TO",{"v":14530,"d":"14,530"},{"v":14531,"d":"14,531"},"TO",{"v":21617,"d":"21,617"},{"v":21618,"d":"21,618"},"TO",{"v":29440,"d":"29,440"},{"v":29441,"d":"29,441"},"TO",{"$f":"P7+N$17","v":{"v":36126.5,"d":"36,127"}},{"$f":"P8+1","v":{"v":36127.5,"d":"36,128"}},"& HIGHER"]
[5,0,"TO",{"v":8617.5,"d":"8,618"},{"v":8618.5,"d":"8,619"},"TO",{"v":17045,"d":"17,045"},{"v":17046,"d":"17,046"},"TO",{"v":25389.5,"d":"25,390"},{"v":25390.5,"d":"25,391"},"TO",{"v":34470,"d":"34,470"},{"v":34471,"d":"34,471"},"TO",{"v":42215,"d":"42,215"},{"v":42216,"d":"42,216"},"& HIGHER"]
[6,0,"TO",{"$f":"D9+B$17","v":{"v":9875,"d":"9,875"}},{"v":9876,"d":"9,876"},"TO",{"v":19560,"d":"19,560"},{"v":19561,"d":"19,561"},"TO",{"v":29043,"d":"29,043"},{"v":29044,"d":"29,044"},"TO",{"v":39500,"d":"39,500"},{"v":39501,"d":"39,501"},"TO",{"v":48403,"d":"48,403"},{"v":48404,"d":"48,404"},"& HIGHER"]
[7,0,"TO",{"v":11132.5,"d":"11,133"},{"v":11133.5,"d":"11,134"},"TO",{"v":22075,"d":"22,075"},{"v":22076,"d":"22,076"},"TO",{"v":32815.5,"d":"32,816"},{"v":32816.5,"d":"32,817"},"TO",{"v":44530,"d":"44,530"},{"v":44531,"d":"44,531"},"TO",{"v":54591,"d":"54,591"},{"v":54592,"d":"54,592"},"& HIGHER"]
[8,0,"TO",{"$f":"D11+B$17","v":{"v":12390,"d":"12,390"}},{"v":12391,"d":"12,391"},"TO",{"v":24590,"d":"24,590"},{"v":24591,"d":"24,591"},"TO",{"v":36469,"d":"36,469"},{"v":36470,"d":"36,470"},"TO",{"v":49560,"d":"49,560"},{"v":49561,"d":"49,561"},"TO",{"v":60779,"d":"60,779"},{"v":60780,"d":"60,780"},"& HIGHER"]
[9,0,"TO",{"v":13647.5,"d":"13,648"},{"v":13648.5,"d":"13,649"},"TO",{"v":27105,"d":"27,105"},{"v":27106,"d":"27,106"},"TO",{"v":40241.5,"d":"40,242"},{"v":40242.5,"d":"40,243"},"TO",{"v":54590,"d":"54,590"},{"v":54591,"d":"54,591"},"TO",{"v":66967,"d":"66,967"},{"v":66968,"d":"66,968"},"& HIGHER"]
[10,0,"TO",{"$f":"D13+B$17","v":{"v":14905,"d":"14,905"}},{"v":14906,"d":"14,906"},"TO",{"v":29620,"d":"29,620"},{"v":29621,"d":"29,621"},"TO",{"v":43895,"d":"43,895"},{"v":43896,"d":"43,896"},"TO",{"v":59620,"d":"59,620"},{"v":59621,"d":"59,621"},"TO",{"v":73155,"d":"73,155"},{"v":73156,"d":"73,156"},"& HIGHER"]
[11,0,"TO",{"v":16162.5,"d":"16,163"},{"v":16163.5,"d":"16,164"},"TO",{"v":32135,"d":"32,135"},{"v":32136,"d":"32,136"},"TO",{"v":47667.5,"d":"47,668"},{"v":47668.5,"d":"47,669"},"TO",{"v":64650,"d":"64,650"},{"v":64651,"d":"64,651"},"TO",{"$f":"P14+N$17","v":{"v":79442.5,"d":"79,443"}},{"v":79443.5,"d":"79,444"},"& HIGHER"]
[12,0,"TO",{"$f":"D15+B$17","v":{"v":17420,"d":"17,420"}},{"v":13251,"d":"13,251"},"TO",{"v":34650,"d":"34,650"},{"v":34651,"d":"34,651"},"TO",{"v":51321,"d":"51,321"},{"v":51322,"d":"51,322"},"TO",{"v":69680,"d":"69,680"},{"v":69681,"d":"69,681"},"TO",{"v":85531,"d":"85,531"},{"v":85532,"d":"85,532"},"& HIGHER"]
["EACH PERSON OVER 12 ADD",{"$f":"D19","v":{"v":1257.5,"d":"1,258"}},null,null,{"$f":"G19","v":{"v":2515,"d":"2,515"}},null,null,{"$f":"J19","v":{"v":3772.5,"d":"3,773"}},null,null,{"$f":"M19","v":{"v":5030,"d":"5,030"}},null,null,{"$f":"P19","v":{"v":6287.5,"d":"6,288"}},null,null,{"$f":"N17+1","v":{"v":6288.5,"d":"6,289"}},"& HIGHER"]
["2013 PG:","25%=",null,{"$f":"$M$18*0.25","v":{"v":3587.5,"d":"3,588"}},"50%=",null,{"v":6985,"d":"6,985"},"75%=",null,{"v":10478,"d":"10,478 "},"100%=",null,{"v":14350,"d":"14,350"},"125% =",null,{"v":17463,"d":"17,463"}]
[null,"@ Add'l:",null,{"$f":"M19*0.25","v":{"v":1257.5,"d":"1,258"}},"@ Add'l:",null,{"$f":"M19*0.5","v":{"v":2515,"d":"2,515"}},"@ Add'l:",null,{"$f":"M19*0.75","v":{"v":3772.5,"d":"3,773"}},"@ Add'l:",null,{"v":5030,"d":"5,030"},null,null,{"$f":"M19*1.25","v":{"v":6287.5,"d":"6,288"}}]
["PG =","HHS Poverty Guidelines"]
["FACTOR NO. 1 - HIP ELIGIBILITY/SELECTION CRITERIA @ 150%"]
["INCOME GUIDELINE POINT SCHEDULE FOR ALL STATES EXCEPT ALASKA "]
["FAMILY SIZE","0% to 25% of FPIG\n40 POINTS",null,null,"26% to 50% of FPIG\n30 POINTS",null,null,"51% to 75% of FPIG\n20 POINTS",null,null,"76% to 100% of FPIG\n10 POINTS",null,null,"101% to 125% of FPIG\n0 POINTS",null,null,"OVER 125% of FPIG\nINELIGIBLE"]
[]
[1,0,"TO",{"$f":"D38","v":{"v":2793,"d":"2,793"}},{"$f":"D25+1","v":{"v":2794,"d":"2,794"}},"TO",{"$f":"G38","v":{"v":5585,"d":"5,585"}},{"$f":"G25+1","v":{"v":5586,"d":"5,586"}},"TO",{"$f":"J38","v":{"v":8378,"d":"8,378"}},{"$f":"J25+1","v":{"v":8379,"d":"8,379"}},"TO",{"$f":"M38","v":{"v":11490,"d":"11,490"}},{"$f":"M25+1","v":{"v":11491,"d":"11,491"}},"TO",{"$f":"P38","v":{"v":13963,"d":"13,963"}},{"$f":"P25+1","v":{"v":13964,"d":"13,964"}},"& HIGHER"]
[2,0,"TO",{"$f":"D25+D$37","v":{"v":3798,"d":"3,798"}},{"v":3799,"d":"3,799"},"TO",{"$f":"G25+G$37","v":{"v":7595,"d":"7,595"}},{"v":7596,"d":"7,596"},"TO",{"$f":"J25+J$37","v":{"v":11393,"d":"11,393"}},{"v":11394,"d":"11,394"},"TO",{"$f":"M25+M$37","v":{"v":15510,"d":"15,510"}},{"v":15511,"d":"15,511"},"TO",{"$f":"P25+P$37","v":{"v":18988,"d":"18,988"}},{"v":18989,"d":"18,989"},"& HIGHER"]
[3,0,"TO",{"v":4803,"d":"4,803"},{"v":4804,"d":"4,804"},"TO",{"v":9605,"d":"9,605"},{"v":9606,"d":"9,606"},"TO",{"v":14408,"d":"14,408"},{"v":14409,"d":"14,409"},"TO",{"v":19530,"d":"19,530"},{"v":19531,"d":"19,531"},"TO",{"v":24013,"d":"24,013"},{"v":24014,"d":"24,014"},"& HIGHER"]
[4,0,"TO",{"v":5808,"d":"5,808"},{"v":5809,"d":"5,809"},"TO",{"v":11615,"d":"11,615"},{"v":11616,"d":"11,616"},"TO",{"v":17423,"d":"17,423"},{"v":17424,"d":"17,424"},"TO",{"v":23550,"d":"23,550"},{"v":23551,"d":"23,551"},"TO",{"v":29038,"d":"29,038"},{"v":29039,"d":"29,039"},"& HIGHER"]
[5,0,"TO",{"v":6813,"d":"6,813"},{"v":6814,"d":"6,814"},"TO",{"v":13625,"d":"13,625"},{"v":13626,"d":"13,626"},"TO",{"v":20438,"d":"20,438"},{"v":20439,"d":"20,439"},"TO",{"v":27570,"d":"27,570"},{"v":27571,"d":"27,571"},"TO",{"v":34063,"d":"34,063"},{"v":34064,"d":"34,064"},"& HIGHER"]
[6,0,"TO",{"v":7818,"d":"7,818"},{"v":7819,"d":"7,819"},"TO",{"v":15635,"d":"15,635"},{"v":15636,"d":"15,636"},"TO",{"v":23453,"d":"23,453"},{"v":23454,"d":"23,454"},"TO",{"v":31590,"d":"31,590"},{"v":31591,"d":"31,591"},"TO",{"v":39088,"d":"39,088"},{"v":39089,"d":"39,089"},"& HIGHER"]
[7,0,"TO",{"v":8823,"d":"8,823"},{"v":8824,"d":"8,824"},"TO",{"v":17645,"d":"17,645"},{"v":17646,"d":"17,646"},"TO",{"v":26468,"d":"26,468"},{"v":26469,"d":"26,469"},"TO",{"v":35610,"d":"35,610"},{"v":35611,"d":"35,611"},"TO",{"v":44113,"d":"44,113"},{"v":44114,"d":"44,114"},"& HIGHER"]
[8,0,"TO",{"v":9828,"d":"9,828"},{"v":9829,"d":"9,829"},"TO",{"v":19655,"d":"19,655"},{"v":19656,"d":"19,656"},"TO",{"v":29483,"d":"29,483"},{"v":29484,"d":"29,484"},"TO",{"v":39630,"d":"39,630"},{"v":39631,"d":"39,631"},"TO",{"v":49138,"d":"49,138"},{"v":49139,"d":"49,139"},"& HIGHER"]
[9,0,"TO",{"v":10833,"d":"10,833"},{"v":10834,"d":"10,834"},"TO",{"v":21665,"d":"21,665"},{"v":21666,"d":"21,666"},"TO",{"v":32498,"d":"32,498"},{"v":32499,"d":"32,499"},"TO",{"v":43650,"d":"43,650"},{"v":43651,"d":"43,651"},"TO",{"v":54163,"d":"54,163"},{"v":54164,"d":"54,164"},"& HIGHER"]
[10,0,"TO",{"v":11838,"d":"11,838"},{"v":11839,"d":"11,839"},"TO",{"v":23675,"d":"23,675"},{"v":23676,"d":"23,676"},"TO",{"v":35513,"d":"35,513"},{"v":35514,"d":"35,514"},"TO",{"v":47670,"d":"47,670"},{"v":47671,"d":"47,671"},"TO",{"v":59188,"d":"59,188"},{"v":59189,"d":"59,189"},"& HIGHER"]
[11,0,"TO",{"v":12843,"d":"12,843"},{"v":12844,"d":"12,844"},"TO",{"v":25685,"d":"25,685"},{"v":25686,"d":"25,686"},"TO",{"v":38528,"d":"38,528"},{"v":38529,"d":"38,529"},"TO",{"v":51690,"d":"51,690"},{"v":51691,"d":"51,691"},"TO",{"v":64213,"d":"64,213"},{"v":64214,"d":"64,214"},"& HIGHER"]
[12,0,"TO",{"v":13848,"d":"13,848"},{"v":13849,"d":"13,849"},"TO",{"v":27695,"d":"27,695"},{"v":27696,"d":"27,696"},"TO",{"v":41543,"d":"41,543"},{"v":41544,"d":"41,544"},"TO",{"v":55710,"d":"55,710"},{"v":55711,"d":"55,711"},"TO",{"v":69238,"d":"69,238"},{"v":69239,"d":"69,239"},"& HIGHER"]
["EACH PERSON OVER 12 ADD",null,null,{"$f":"D39","v":{"v":1005,"d":"1,005"}},null,null,{"$f":"G39","v":{"v":2010,"d":"2,010"}},null,null,{"$f":"J39","v":{"v":3015,"d":"3,015"}},null,null,{"$f":"M39","v":{"v":4020,"d":"4,020"}},null,null,{"$f":"P39","v":{"v":5025,"d":"5,025"}},{"v":5026,"d":"5,026"},"& HIGHER"]
["2013 PG:","@ 25% =",null,{"v":2793,"d":"2,793"},"@ 50% =",null,{"v":5585,"d":"5,585"},"@ 75% =",null,{"v":8378,"d":"8,378 "},"@ 100% =",null,{"v":11490,"d":"11,490"},"@ 125% =",null,{"v":13963,"d":"13,963 "}]
[null,"@ Add'l:",null,{"$f":"M39*0.25","v":{"v":1005,"d":"1,005"}},"@ Add'l:",null,{"$f":"M39*0.5","v":{"v":2010,"d":"2,010"}},"@ Add'l:",null,{"$f":"M39*0.75","v":{"v":3015,"d":"3,015"}},"@ Add'l:",null,{"v":4020,"d":"4,020"},"@ Add'l:",null,{"$f":"M39*1.25","v":{"v":5025,"d":"5,025 "}}]
["PG =","HHS Poverty Guidelines"]
[]
["To view the  2013 Department of Health and Human Services Poverty Income Guideline, go to: ",{"$nulls":11},"http://aspe.hhs.gov/poverty/13poverty.cfm"]

{"sheet":"FPIG 125%","index":11,"n_rows":40,"n_cols":18,"rows_kept":40,"hidden":true,"merged":[[0,0,0,18],[1,0,1,18],[2,1,2,3],[2,4,2,6],[2,7,2,9],[2,10,2,12],[2,13,2,15],[2,16,2,18],[4,17,4,18],[5,17,5,18],[6,17,6,18],[7,17,7,18],[8,17,8,18],[9,17,9,18],[10,17,10,18],[11,17,11,18],[12,17,12,18],[13,17,13,18],[14,17,14,18],[15,17,15,18],[16,1,16,3],[16,4,16,6],[16,7,16,9],[16,10,16,12],[16,13,16,15],[16,17,16,18],[18,1,18,2],[18,4,18,5],[18,7,18,8],[18,10,18,11],[18,13,18,14],[20,0,20,18],[21,0,21,18],[22,1,22,3],[22,4,22,6],[22,7,22,9],[22,10,22,12],[22,13,22,15],[22,16,22,18],[24,17,24,18],[25,17,25,18],[26,17,26,18],[27,17,27,18],[28,17,28,18],[29,17,29,18],[30,17,30,18],[31,17,31,18],[32,17,32,18],[33,17,33,18],[34,17,34,18],[35,17,35,18],[36,17,36,18],[38,1,38,2],[38,4,38,5],[38,7,38,8],[38,10,38,11],[38,13,38,14]]}
["FACTOR NO. 1 - HIP ELIGIBILITY/SELECTION CRITERIA @ 125%"]
["INCOME GUIDELINE POINT SCHEDULE FOR ALL STATES EXCEPT ALASKA "]
["FAMILY SIZE","0% to 25% of PG\n40 POINTS",null,null,"26% to 50% of PG\n30 POINTS",null,null,"51% to 75% of PG\n20 POINTS",null,null,"76% to 100% of PG\n10 POINTS",null,null,"101% to 125% of PG\n0 POINTS",null,null,"OVER 125% of FPIG\nINELIGIBLE"]
[]
[1,0,"TO",{"$f":"D18","v":{"v":2872.5,"d":"2,873 "}},{"$f":"D5+1","v":{"v":2873.5,"d":"2,874"}},"TO",{"$f":"G18","v":{"v":5745,"d":"5,745 "}},{"$f":"G5+1","v":{"v":5746,"d":"5,746"}},"TO",{"$f":"J18","v":{"v":8617.5,"d":"8,618"}},{"$f":"J5+1","v":{"v":8618.5,"d":"8,619"}},"TO",{"$f":"M18","v":{"v":11490,"d":"11,490"}},{"$f":"M5+1","v":{"v":11491,"d":"11,491"}},"TO",{"$f":"P18","v":{"v":14362.5,"d":"14,363"}},{"$f":"P5+1","v":{"v":14363.5,"d":"14,364"}},"& HIGHER"]
[2,0,"TO",{"$f":"D5+B$17","v":{"v":3877.5,"d":"3,878"}},{"v":3878.5,"d":"3,879"},"TO",{"$f":"G5+E$17","v":{"v":7755,"d":"7,755"}},{"v":7756,"d":"7,756"},"TO",{"$f":"J5+H$17","v":{"v":11632.5,"d":"11,633"}},{"v":11633.5,"d":"11,634"},"TO",{"$f":"M5+K$17","v":{"v":15510,"d":"15,510"}},{"v":15511,"d":"15,511"},"TO",{"$f":"P5+N$17","v":{"v":19387.5,"d":"19,388"}},{"v":19388.5,"d":"19,389"},"& HIGHER"]
[3,0,"TO",{"v":4882.5,"d":"4,883"},{"v":4883.5,"d":"4,884"},"TO",{"v":9765,"d":"9,765"},{"v":9766,"d":"9,766"},"TO",{"v":14647.5,"d":"14,648"},{"v":14648.5,"d":"14,649"},"TO",{"v":19530,"d":"19,530"},{"v":19531,"d":"19,531"},"TO",{"v":24412.5,"d":"24,413"},{"v":24413.5,"d":"24,414"},"& HIGHER"]
[4,0,"TO",{"v":5887.5,"d":"5,888"},{"v":5888.5,"d":"5,889"},"TO",{"v":11775,"d":"11,775"},{"v":11776,"d":"11,776"},"TO",{"v":17662.5,"d":"17,663"},{"v":17663.5,"d":"17,664"},"TO",{"v":23550,"d":"23,550"},{"v":23551,"d":"23,551"},"TO",{"v":29437.5,"d":"29,438"},{"v":29438.5,"d":"29,439"},"& HIGHER"]
[5,0,"TO",{"v":6892.5,"d":"6,893"},{"v":6893.5,"d":"6,894"},"TO",{"v":13785,"d":"13,785"},{"v":13786,"d":"13,786"},"TO",{"v":20677.5,"d":"20,678"},{"v":20678.5,"d":"20,679"},"TO",{"v":27570,"d":"27,570"},{"v":27571,"d":"27,571"},"TO",{"v":34462.5,"d":"34,463"},{"v":34463.5,"d":"34,464"},"& HIGHER"]
[6,0,"TO",{"v":7897.5,"d":"7,898"},{"v":7898.5,"d":"7,899"},"TO",{"v":15795,"d":"15,795"},{"v":15796,"d":"15,796"},"TO",{"v":23692.5,"d":"23,693"},{"v":23693.5,"d":"23,694"},"TO",{"v":31590,"d":"31,590"},{"v":31591,"d":"31,591"},"TO",{"v":39487.5,"d":"39,488"},{"v":39488.5,"d":"39,489"},"& HIGHER"]
[7,0,"TO",{"v":8902.5,"d":"8,903"},{"v":8903.5,"d":"8,904"},"TO",{"v":17805,"d":"17,805"},{"v":17806,"d":"17,806"},"TO",{"v":26707.5,"d":"26,708"},{"v":26708.5,"d":"26,709"},"TO",{"v":35610,"d":"35,610"},{"v":35611,"d":"35,611"},"TO",{"v":44512.5,"d":"44,513"},{"v":44513.5,"d":"44,514"},"& HIGHER"]
[8,0,"TO",{"v":9907.5,"d":"9,908"},{"v":9908.5,"d":"9,909"},"TO",{"v":19815,"d":"19,815"},{"v":19816,"d":"19,816"},"TO",{"v":29722.5,"d":"29,723"},{"v":29723.5,"d":"29,724"},"TO",{"v":39630,"d":"39,630"},{"v":39631,"d":"39,631"},"TO",{"v":49537.5,"d":"49,538"},{"v":49538.5,"d":"49,539"},"& HIGHER"]
[9,0,"TO",{"v":10912.5,"d":"10,913"},{"v":10913.5,"d":"10,914"},"TO",{"v":21825,"d":"21,825"},{"v":21826,"d":"21,826"},"TO",{"v":32737.5,"d":"32,738"},{"v":32738.5,"d":"32,739"},"TO",{"v":43650,"d":"43,650"},{"v":43651,"d":"43,651"},"TO",{"v":54562.5,"d":"54,563"},{"v":54563.5,"d":"54,564"},"& HIGHER"]
[10,0,"TO",{"v":11917.5,"d":"11,918"},{"v":11918.5,"d":"11,919"},"TO",{"v":23835,"d":"23,835"},{"v":23836,"d":"23,836"},"TO",{"v":35752.5,"d":"35,753"},{"v":35753.5,"d":"35,754"},"TO",{"v":47670,"d":"47,670"},{"v":47671,"d":"47,671"},"TO",{"v":59587.5,"d":"59,588"},{"v":59588.5,"d":"59,589"},"& HIGHER"]
[11,0,"TO",{"v":12922.5,"d":"12,923"},{"v":12923.5,"d":"12,924"},"TO",{"v":25845,"d":"25,845"},{"v":25846,"d":"25,846"},"TO",{"v":38767.5,"d":"38,768"},{"v":38768.5,"d":"38,769"},"TO",{"v":51690,"d":"51,690"},{"v":51691,"d":"51,691"},"TO",{"v":64612.5,"d":"64,613"},{"v":64613.5,"d":"64,614"},"& HIGHER"]
[12,0,"TO",{"v":13927.5,"d":"13,928"},{"v":13928.5,"d":"13,929"},"TO",{"v":27855,"d":"27,855"},{"v":27856,"d":"27,856"},"TO",{"v":41782.5,"d":"41,783"},{"v":41783.5,"d":"41,784"},"TO",{"v":55710,"d":"55,710"},{"v":55711,"d":"55,711"},"TO",{"v":69637.5,"d":"69,638"},{"v":69638.5,"d":"69,639"},"& HIGHER"]
["EACH PERSON OVER 12 ADD",{"$f":"D19","v":{"v":1005,"d":"1,005"}},null,null,{"$f":"G19","v":{"v":2010,"d":"2,010"}},null,null,{"$f":"J19","v":{"v":3015,"d":"3,015"}},null,null,{"$f":"$M$19","v":{"v":4020,"d":"4,020"}},null,null,{"$f":"P19","v":{"v":5025,"d":"5,025"}},null,null,{"$f":"N17+1","v":{"v":5026,"d":"5,026"}},"& HIGHER"]
["2012 PG:","25%=",null,{"$f":"$M$18*0.25","v":{"v":2872.5,"d":"2,873"}},"50%=",null,{"$f":"$M$18*0.5","v":{"v":5745,"d":"5,745"}},"75%=",null,{"$f":"$M$18*0.75","v":{"v":8617.5,"d":"8,618 "}},"100%=",null,{"v":11490,"d":"11,490"},"125% =",null,{"$f":"M18*1.25","v":{"v":14362.5,"d":"14,363"}}]
[null,"@ Add'l:",null,{"$f":"M19*0.25","v":{"v":1005,"d":"1,005"}},"@ Add'l:",null,{"$f":"M19*0.5","v":{"v":2010,"d":"2,010"}},"@ Add'l:",null,{"$f":"M19*0.75","v":{"v":3015,"d":"3,015"}},"@ Add'l:",null,{"v":4020,"d":"4,020"},"@ Add'l:",null,{"$f":"M19*1.25","v":{"v":5025,"d":"5,025"}}]
["PG =","HHS Poverty Guidelines"]
["FACTOR NO. 1 - HIP ELIGIBILITY/SELECTION CRITERIA @ 125%"]
["INCOME GUIDELINE POINT SCHEDULE FOR ALASKA"]
["FAMILY SIZE","0% to 25% of FPIG\n40 POINTS",null,null,"26% to 50% of FPIG\n30 POINTS",null,null,"51% to 75% of FPIG\n20 POINTS",null,null,"76% to 100% of FPIG\n10 POINTS",null,null,"101% to 125% of FPIG\n0 POINTS",null,null,"OVER 125% of FPIG\nINELIGIBLE"]
[]
[1,0,"TO",{"$f":"D38","v":{"v":3587.5,"d":"3,588"}},{"$f":"D25+1","v":{"v":3588.5,"d":"3,589"}},"TO",{"$f":"G38","v":{"v":7175,"d":"7,175"}},{"$f":"G25+1","v":{"v":7176,"d":"7,176"}},"TO",{"$f":"J38","v":{"v":10762.5,"d":"10,763"}},{"$f":"J25+1","v":{"v":10763.5,"d":"10,764"}},"TO",{"$f":"M38","v":{"v":14350,"d":"14,350"}},{"$f":"M25+1","v":{"v":14351,"d":"14,351"}},"TO",{"$f":"P38","v":{"v":17937.5,"d":"17,938"}},{"$f":"P25+1","v":{"v":17938.5,"d":"17,939"}},"& HIGHER"]
[2,0,"TO",{"$f":"D25+D$37","v":{"v":4845,"d":"4,845"}},{"v":4846,"d":"4,846"},"TO",{"$f":"G25+G$37","v":{"v":9690,"d":"9,690"}},{"v":9691,"d":"9,691"},"TO",{"$f":"J25+J$37","v":{"v":14535,"d":"14,535"}},{"v":14536,"d":"14,536"},"TO",{"$f":"M25+M$37","v":{"v":19380,"d":"19,380"}},{"v":19381,"d":"19,381"},"TO",{"$f":"P25+P$37","v":{"v":24225,"d":"24,225"}},{"v":24226,"d":"24,226"},"& HIGHER"]
[3,0,"TO",{"v":6102.5,"d":"6,103"},{"v":6103.5,"d":"6,104"},"TO",{"v":12205,"d":"12,205"},{"v":12206,"d":"12,206"},"TO",{"v":18307.5,"d":"18,308"},{"v":18308.5,"d":"18,309"},"TO",{"v":24410,"d":"24,410"},{"v":24411,"d":"24,411"},"TO",{"v":30512.5,"d":"30,513"},{"v":30513.5,"d":"30,514"},"& HIGHER"]
[4,0,"TO",{"v":7360,"d":"7,360"},{"v":7361,"d":"7,361"},"TO",{"v":14720,"d":"14,720"},{"v":14721,"d":"14,721"},"TO",{"v":22080,"d":"22,080"},{"v":22081,"d":"22,081"},"TO",{"v":29440,"d":"29,440"},{"v":29441,"d":"29,441"},"TO",{"v":36800,"d":"36,800"},{"v":36801,"d":"36,801"},"& HIGHER"]
[5,0,"TO",{"v":8617.5,"d":"8,618"},{"v":8618.5,"d":"8,619"},"TO",{"v":17235,"d":"17,235"},{"v":17236,"d":"17,236"},"TO",{"v":25852.5,"d":"25,853"},{"v":25853.5,"d":"25,854"},"TO",{"v":34470,"d":"34,470"},{"v":34471,"d":"34,471"},"TO",{"v":43087.5,"d":"43,088"},{"v":43088.5,"d":"43,089"},"& HIGHER"]
[6,0,"TO",{"v":9875,"d":"9,875"},{"v":9876,"d":"9,876"},"TO",{"v":19750,"d":"19,750"},{"v":19751,"d":"19,751"},"TO",{"v":29625,"d":"29,625"},{"v":29626,"d":"29,626"},"TO",{"v":39500,"d":"39,500"},{"v":39501,"d":"39,501"},"TO",{"v":49375,"d":"49,375"},{"v":49376,"d":"49,376"},"& HIGHER"]
[7,0,"TO",{"v":11132.5,"d":"11,133"},{"v":11133.5,"d":"11,134"},"TO",{"v":22265,"d":"22,265"},{"v":22266,"d":"22,266"},"TO",{"v":33397.5,"d":"33,398"},{"v":33398.5,"d":"33,399"},"TO",{"v":44530,"d":"44,530"},{"v":44531,"d":"44,531"},"TO",{"v":55662.5,"d":"55,663"},{"v":55663.5,"d":"55,664"},"& HIGHER"]
[8,0,"TO",{"v":12390,"d":"12,390"},{"v":12391,"d":"12,391"},"TO",{"v":24780,"d":"24,780"},{"v":24781,"d":"24,781"},"TO",{"v":37170,"d":"37,170"},{"v":37171,"d":"37,171"},"TO",{"v":49560,"d":"49,560"},{"v":49561,"d":"49,561"},"TO",{"v":61950,"d":"61,950"},{"v":61951,"d":"61,951"},"& HIGHER"]
[9,0,"TO",{"v":13647.5,"d":"13,648"},{"v":13648.5,"d":"13,649"},"TO",{"v":27295,"d":"27,295"},{"v":27296,"d":"27,296"},"TO",{"v":40942.5,"d":"40,943"},{"v":40943.5,"d":"40,944"},"TO",{"v":54590,"d":"54,590"},{"v":54591,"d":"54,591"},"TO",{"v":68237.5,"d":"68,238"},{"v":68238.5,"d":"68,239"},"& HIGHER"]
[10,0,"TO",{"v":14905,"d":"14,905"},{"v":14906,"d":"14,906"},"TO",{"v":29810,"d":"29,810"},{"v":29811,"d":"29,811"},"TO",{"v":44715,"d":"44,715"},{"v":44716,"d":"44,716"},"TO",{"v":59620,"d":"59,620"},{"v":59621,"d":"59,621"},"TO",{"v":74525,"d":"74,525"},{"v":74526,"d":"74,526"},"& HIGHER"]
[11,0,"TO",{"v":16162.5,"d":"16,163"},{"v":16163.5,"d":"16,164"},"TO",{"v":32325,"d":"32,325"},{"v":32326,"d":"32,326"},"TO",{"v":48487.5,"d":"48,488"},{"v":48488.5,"d":"48,489"},"TO",{"v":64650,"d":"64,650"},{"v":64651,"d":"64,651"},"TO",{"v":80812.5,"d":"80,813"},{"v":80813.5,"d":"80,814"},"& HIGHER"]
[12,0,"TO",{"v":17420,"d":"17,420"},{"v":17421,"d":"17,421"},"TO",{"v":34840,"d":"34,840"},{"v":34841,"d":"34,841"},"TO",{"v":52260,"d":"52,260"},{"v":52261,"d":"52,261"},"TO",{"v":69680,"d":"69,680"},{"v":69681,"d":"69,681"},"TO",{"v":87100,"d":"87,100"},{"v":87101,"d":"87,101"},"& HIGHER"]
["EACH PERSON OVER 12 ADD",null,null,{"$f":"D39","v":{"v":1257.5,"d":"1,258"}},null,null,{"$f":"G39","v":{"v":2515,"d":"2,515"}},null,null,{"$f":"J39","v":{"v":3772.5,"d":"3,773"}},null,null,{"$f":"M39","v":{"v":5030,"d":"5,030"}},null,null,{"$f":"P39","v":{"v":6287.5,"d":"6,288"}},{"v":6288.5,"d":"6,289"},"& HIGHER"]
["2014 PG:","@ 25% =",null,{"$f":"$M$38*0.25","v":{"v":3587.5,"d":"3,588"}},"@ 50% =",null,{"$f":"$M$38*0.5","v":{"v":7175,"d":"7,175"}},"@ 75% =",null,{"$f":"$M$38*0.75","v":{"v":10762.5,"d":"10,763 "}},"@ 100% =",null,{"v":14350,"d":"14,350"},"@ 125% =",null,{"$f":"M38*1.25","v":{"v":17937.5,"d":"17,938 "}}]
[null,"@ Add'l:",null,{"$f":"M39*0.25","v":{"v":1257.5,"d":"1,258"}},"@ Add'l:",null,{"$f":"M39*0.5","v":{"v":2515,"d":"2,515"}},"@ Add'l:",null,{"$f":"M39*0.75","v":{"v":3772.5,"d":"3,773"}},"@ Add'l:",null,{"v":5030,"d":"5,030"},"@ Add'l:",null,{"$f":"M39*1.25","v":{"v":6287.5,"d":"6,288 "}}]
["PG =","HHS Poverty Guidelines"]

{"sheet":"Sheet1","index":12,"n_rows":7,"n_cols":4,"rows_kept":7,"hidden":true}
[]
[]
[null," formula shows total if all three cell are populated or than zero, other wise blank or zero"]
[]
[null,{"$f":"IF(OR(ISBLANK(B7),ISBLANK(C7),ISBLANK(D7)), \"no data\", IF(OR(B7=0, C7=0, D7=0),\"ZERO\", B7+C7+D7))","v":7}]
[]
[null,1,2,4]

{"sheet":"HIP Home","index":13,"n_rows":0,"n_cols":0,"rows_kept":0}