{"text_format":"3","workbook":"xlsx","n_sheets":8,"sheets":["Instructions","Section 1","Section 2","Section 3","Section 4","Section 5","Reference List","Lists"],"not_rendered":{"macros":1},"read":"whole","date_system":"1900"}

{"sheet":"Instructions","index":0,"n_rows":21,"n_cols":3,"rows_kept":21}
[]
[null,null,"OMB Control Number: xxxx-xxxx"]
[null,null,"Expiration Date: xx/xx/xxxx"]
[null,null,"U.S. Environmental Protection Agency "]
[null,null,"Stratospheric Ozone Protection Program"]
[]
[null,null,"ODS Annual Emissions Report (Sec 82.25)"]
[null,null,"Version 1.0"]
[null,null,"Last Updated: September 2024"]
[]
[null,null,"Instructions"]
[null,null,"Complete and submit an ODS Annual Emissions Report if your company performs an activity listed under 40 CFR 82.25(a). Please provide information for only one facility per reporting form. "]
[null,null,"Complete this form by filling in the data fields that are highlighted in blue.  Guidance on how to complete individual data fields are provided in comment bubbles. Use the arrows to navigate between the tabs. Once completed, use the 'prepare submission' button in Section 4 to generate your CSV file.  "]
[null,null,"Copying and Pasting Data: If data are pasted into this reporting form from another spreadsheet, the formatting of specific cells must be consistent with the requirements of the form in order to be "]
[null,null,"accepted into EPA’s ODS Tracking System. Refer to the Reference List to identify the valid naming scheme for specific data fields. Additionally, select \"Paste As Values\" when pasting data into the form."]
[null,null,"Report Submission: This Excel file, the generated CSV file, and all supporting attachments should be submitted to EPA through the Central Data Exchange (CDX). Refer to EPA's website for additional information on form submission:"]
[null,null,"https://www.epa.gov/ods-phaseout/ods-recordkeeping-and-reporting"]
[]
[null,null,"This collection of information is approved by OMB under the Paperwork Reduction Act, 44 U.S.C. 3501 et seq. (OMB Control No. XXXX-XXXX). Responses to this collection of information are mandatory (40 CFR 82.25). An agency may not conduct or sponsor, and a person is not required to respond to, a collection of information unless it displays a currently valid OMB control number. The number and expiration date are displayed in the upper right corner of the form. The public reporting and recordkeeping burden for this collection of information is estimated to be X hours per response. Send comments on the Agency’s need this formation, the accuracy of the provided burden estimates and any suggested methods for minimizing respondent burden including through the use of automated collection techniques to the Director, Regulatory Support Division, U.S. Environmental Protection Agency (2821T), 1200 Pennsylvania Ave., NW, Washington, D.C. 20460.  Include the OMB control number in any correspondence.  Do not send the completed form to this address."]
[]
[null,null,"EPA Form #xxxx-xxx"]

{"sheet":"Section 1","index":1,"n_rows":13,"n_cols":4,"rows_kept":13,"merged":[[7,2,7,8],[8,3,8,8],[9,3,9,8],[10,3,10,8],[11,3,11,8],[12,3,12,8]]}
[]
[null,null,"U.S. Environmental Protection Agency"]
[null,null,"ODS Annual Emissions Report"]
[]
[null,null,"   Date Prepared:",{"$f":"TODAY()","v":"2024-10-22"}]
[]
[null,null,"Section 1: Report Identification Information "]
[null,null,"Complete all fields below for each facility from which ODS were emitted.  No fields may be left blank."]
[null,null,"Company Name:"]
[null,null,"Submission Type:"]
[null,null,"Reporting Year:"]
[null,null,"Facility Name: "]
[null,null,"Facility Address:"]

{"sheet":"Section 2","index":2,"n_rows":24,"n_cols":11,"rows_kept":24,"merged":[[0,11,0,12],[0,13,0,14],[1,11,1,12],[1,13,1,14],[2,11,2,12],[2,13,2,14],[3,11,3,12],[3,13,3,14],[4,11,4,12],[4,13,4,14],[5,11,5,12],[5,13,5,14],[6,11,6,12],[6,13,6,14],[7,11,7,12],[7,13,7,14],[8,11,8,12],[8,13,8,14],[9,3,9,10],[9,11,9,12],[9,13,9,14],[10,3,10,10],[10,11,10,12],[10,13,10,14],[11,3,13,3],[11,4,13,4],[11,5,13,5],[11,6,13,6],[11,7,12,8],[11,9,13,9],[11,10,13,10],[11,11,11,12],[11,13,11,14],[14,11,14,12],[14,13,14,14],[15,11,15,12],[15,13,15,14],[16,11,16,12],[16,13,16,14],[17,11,17,12],[17,13,17,14],[18,3,20,3],[18,4,20,4],[18,5,20,5],[18,6,20,6],[18,7,19,8],[18,11,18,12],[18,13,18,14],[21,11,21,12],[21,13,21,14],[23,11,23,12],[23,13,23,14],[24,3,24,5],[24,8,24,10],[24,11,24,12],[24,13,24,14]]}
[]
[{"$nulls":3},"U.S. Environmental Protection Agency"]
[{"$nulls":3},{"$f":"'Section 1'!C3","v":"ODS Annual Emissions Report"}]
[]
[{"$nulls":3},"Facility Name:",null,{"$f":"IF('Section 1'!$D$12=0,\"\",'Section 1'!$D$12)","v":""}]
[{"$nulls":3},"Reporting Period:",null,{"$f":"IF('Section 1'!$D$11=0,\"\",'Section 1'!$D$11)","v":""}]
[]
[{"$nulls":3},"Section 2: Process Information"]
[]
[{"$nulls":3},"For all facilities: Complete all fields below for each process listed in 82.25(b)(2) and associated process vents. No fields may be left blank. As part of your submission, please also provide the monitoring plan, as specified in 82.25(f)(6), including any revisions since the prior year’s submission, as applicable."]
[{"$nulls":3},"If copying and pasting data into the table, please refer to the Reference List and the accompanying instructions."]
[{"$nulls":4},"Process Identification\n82.25(e)(1)(ii)(A)","Process Description\n82.25(e)(1)(ii)(A)","Controlled Substance Used\n82.25(e)(1)(iii)","Method(s) Used to Determine the Mass Emissions from Equipment Leaks Associated with the Process\n82.25(e)(1)(ii)(D)",null,"Mass of Controlled Substance Emitted (kg)\n82.25(e)(1)(iii)","Effective Destruction Efficiency (DEeffective)\n82.25(e)(1)(iii)"]
[]
[{"$nulls":7},"Method (1)","Method (2)"]
[{"$nulls":3},"Process (1)"]
[{"$nulls":3},"Process (2)"]
[{"$nulls":3},"Process (3)"]
[]
[{"$nulls":4},"Process Identification","Process Vent Identification\n82.25(e)(1)(ii)(B)","Process Vent Description\n82.25(e)(1)(ii)(B)","Method(s) Used to Determine the Mass Emissions from Each Process Vent\n82.25(e)(1)(ii)(C)"]
[]
[{"$nulls":7},"Method (1)","Method (2)"]
[{"$nulls":3},"Process Vent (1)"]
[{"$nulls":3},"Process Vent (2)"]
[{"$nulls":3},"Process Vent (3)"]

{"sheet":"Section 3","index":3,"n_rows":17,"n_cols":13,"rows_kept":17,"merged":[[0,13,0,14],[0,15,0,16],[1,13,1,14],[1,15,1,16],[2,13,2,14],[2,15,2,16],[3,13,3,14],[3,15,3,16],[4,13,4,14],[4,15,4,16],[5,13,5,14],[5,15,5,16],[6,13,6,14],[6,15,6,16],[7,13,7,14],[7,15,7,16],[8,13,8,14],[8,15,8,16],[9,3,9,12],[9,13,9,14],[9,15,9,16],[10,3,10,11],[10,13,10,14],[10,15,10,16],[11,3,13,3],[11,4,13,4],[11,5,13,5],[11,6,13,6],[11,7,13,7],[11,8,13,8],[11,9,13,9],[11,10,13,10],[11,11,13,11],[11,12,13,12],[11,13,11,14],[11,15,11,16],[14,13,14,14],[14,15,14,16],[15,13,15,14],[15,15,15,16],[16,13,16,14],[16,15,16,16],[17,3,17,5],[17,8,17,11],[17,13,17,14],[17,15,17,16]]}
[]
[{"$nulls":3},"U.S. Environmental Protection Agency"]
[{"$nulls":3},{"$f":"'Section 1'!C3","v":"ODS Annual Emissions Report"}]
[]
[{"$nulls":3},"Facility Name:",null,{"$f":"IF('Section 1'!$D$12=0,\"\",'Section 1'!$D$12)","v":""}]
[{"$nulls":3},"Reporting Period:",null,{"$f":"IF('Section 1'!$D$11=0,\"\",'Section 1'!$D$11)","v":""}]
[]
[{"$nulls":3},"Section 3: Emission Factor and Emission Calculation Factor Approach"]
[]
[{"$nulls":3},"For processes whose emissions are determined using the emission factor approach under 82.25(c)(1)(iii) or the emission calculation factor under 82.25(c)(1)(iv): Complete all fields below for each process vent. No fields may be left blank."]
[{"$nulls":3},"If copying and pasting data into the table, please refer to the Reference List and the accompanying instructions."]
[{"$nulls":4},"Process Identification","Process Vent Identification","Controlled Substance Used","Process Activity Used to Estimate Emissions\n82.25(e)(2)(i)","Quantity of Process Activity Used to Estimate Emissions (tons)\n82.25(e)(2)(i)","Emissions Estimate Approach Used from 82.25(c)(1)\n82.25(e)(2)(ii)","Emission Factor or Emission Calculation Factor Used\n82.25(e)(2)(ii)","Mass of Controlled Substance Emitted (kg)\n82.25(e)(2)(iii)","Mass of Controlled Substance Emitted from Equipment Leaks (kg)\n82.25(e)(2)(iv)"]
[]
[]
[{"$nulls":3},"Process Vent (1)"]
[{"$nulls":3},"Process Vent (2)"]
[{"$nulls":3},"Process Vent (3)"]

{"sheet":"Section 4","index":4,"n_rows":17,"n_cols":26,"rows_kept":17,"merged":[[9,3,9,11],[10,3,10,9],[11,3,13,3],[11,4,13,4],[11,5,13,5],[11,6,13,6],[11,7,13,7],[11,8,13,8],[11,9,13,9],[11,10,13,10],[11,11,13,11],[11,12,13,12],[11,13,13,13],[11,14,12,17],[11,18,13,18],[11,19,12,21],[11,22,12,24],[11,25,13,25],[11,27,11,28],[17,3,17,5],[17,7,17,9]]}
[]
[{"$nulls":3},"U.S. Environmental Protection Agency"]
[{"$nulls":3},{"$f":"'Section 1'!C3","v":"ODS Annual Emissions Report"}]
[]
[{"$nulls":3},"Facility Name:",null,{"$f":"IF('Section 1'!$D$12=0,\"\",'Section 1'!$D$12)","v":""}]
[{"$nulls":3},"Reporting Period:",null,{"$f":"IF('Section 1'!$D$11=0,\"\",'Section 1'!$D$11)","v":""}]
[]
[{"$nulls":3},"Section 4: Mass Balance Approach"]
[]
[{"$nulls":3},"For processes whose emissions are determined using the mass balance approach under 82.25(c)(4): Complete all fields below for each process. No fields may be left blank, insert \"N/A\" if the field is not applicable. As part of your submission, please provide data (include quantities and their accuracies and precisions) if you calculated relative and absolute errors under 82.25(c)(4)(i)/"]
[{"$nulls":3},"If copying and pasting data into the table, please refer to the Reference List and the accompanying instructions."]
[{"$nulls":4},"Controlled Substance Used","Relative Error","Absolute Error","Chemical Reaction for Manufacture","Chemical Reaction for Transformation Product","Mass of Product Emitted (kg)","Mass of Byproduct Emitted (kg) ","Mass of Reactant Emitted (kg)","Mass of Reactant Fed Into Process (kg)","Mass of Product Produced by Process (kg)","If 82.25(c)(4)(iv) used to estimate total mass of halogen in destroyed or recaptured streams, quantity halogen-containing substance removed from the process (kg)",{"$nulls":3},"Demonstrated Destruction Efficiency ","If 82.25(c)(4)(xv) used to estimate the total mass of halogen in destroyed or recaptured streams",null,null,"Mass fraction of emissions consisting of halogen-containing:",null,null,"Method Used to Estimate Total Mass of Halogen in Destroyed or Recaptured Streams"]
[]
[{"$nulls":14},"Product fed into destruction device","Byproduct fed into destruction Device","Reactant Fed Into Destruction Device","Byproduct Recaptured",null,"Mass halogen in stream fed into destruction Device","Mass Halogen Recaptured","Weighted Average Destruction Efficiency of Destruction Device","Reactant","Product","Byproduct"]
[{"$nulls":3},"Process (1)"]
[{"$nulls":3},"Process (2)"]
[{"$nulls":3},"Process (3)"]

{"sheet":"Section 5","index":5,"n_rows":17,"n_cols":7,"rows_kept":17,"merged":[[0,7,0,8],[0,9,0,10],[1,7,1,8],[1,9,1,10],[2,7,2,8],[2,9,2,10],[3,7,3,8],[3,9,3,10],[4,7,4,8],[4,9,4,10],[5,7,5,8],[5,9,5,10],[6,7,6,8],[6,9,6,10],[7,7,7,8],[7,9,7,10],[8,7,8,8],[8,9,8,10],[9,3,9,6],[9,7,9,8],[9,9,9,10],[10,3,10,6],[10,7,10,8],[10,9,10,10],[11,3,13,3],[11,4,13,4],[11,5,13,5],[11,6,13,6],[11,7,11,8],[11,9,11,10],[14,7,14,8],[14,9,14,10],[15,7,15,8],[15,9,15,10],[16,7,16,8],[16,9,16,10],[17,3,17,5],[17,7,17,8],[17,9,17,10]]}
[]
[{"$nulls":3},"U.S. Environmental Protection Agency"]
[{"$nulls":3},{"$f":"'Section 1'!C3","v":"ODS Annual Emissions Report"}]
[]
[{"$nulls":3},"Facility Name:",null,{"$f":"IF('Section 1'!$D$12=0,\"\",'Section 1'!$D$12)","v":""}]
[{"$nulls":3},"Reporting Period:",null,{"$f":"IF('Section 1'!$D$11=0,\"\",'Section 1'!$D$11)","v":""}]
[]
[{"$nulls":3},"Section 5: Destruction and Destruction Unit Excess Emissions"]
[]
[{"$nulls":3},"For facilities that destroy controlled substances: Complete all fields below for each destruction unit. No fields may be left blank."]
[{"$nulls":3},"If copying and pasting data into the table, please refer to the Reference List and the accompanying instructions."]
[{"$nulls":4},"Previously Produced Controlled Substance Destroyed\n82.25(e)(5)","Mass of Controlled Substance Emitted (kg)\n82.25(e)(5)(i)","Mass of Excess Controlled Substance Emitted due to Destruction Unit Malfunctions (kg)\n82.25(e)(3)"]
[]
[]
[{"$nulls":3},"Destruction Unit (1)"]
[{"$nulls":3},"Destruction Unit (2)"]
[{"$nulls":3},"Destruction Unit (3)"]

{"sheet":"Reference List","index":6,"n_rows":25,"n_cols":7,"rows_kept":25,"merged":[[5,2,5,6],[6,2,6,6],[8,2,8,6],[9,2,9,6],[15,2,15,6]]}
[]
[null,null,"U.S. Environmental Protection Agency"]
[null,null,{"$f":"'Section 1'!C3","v":"ODS Annual Emissions Report"}]
[null,null,"Reference List"]
[]
[null,null,"Copying and Pasting Data: If data are pasted into this reporting form from another spreadsheet, the formatting of specific cells must be consistent with the requirements of the form in order to be accepted into EPA’s ODS tracking system.  When copying and pasting data into the form, please ensure consistency with the formatting of the list below."]
[null,null,"Chemical Name List: The table below lists the valid chemical names that may be used when entering data into Section 2, Section 3, and Section 4 of this form. "]
[]
[null,null,"Chemical Name"]
[null,null,"Class I ODS"]
[null,null,"CFC-12","CFC-114","CFC-214","Halon 1211","CH3CCL3"]
[null,null,"CFC-13","CFC-115","CFC-215","Halon 1301","HBFCs"]
[null,null,"CFC-111","CFC-211","CFC-216","Halon 2402"]
[null,null,"CFC-112","CFC-212","CFC-217","CBM"]
[null,null,"CFC-113","CFC-213","Halon 1202","CCL4"]
[null,null,"Class II ODS"]
[null,null,"HCFC-21","HCFC-124a","HCFC-142b","HCFC-231","HCFC-251"]
[null,null,"HCFC-22","HCFC-131","HCFC-151","HCFC-232","HCFC-252"]
[null,null,"HCFC-31","HCFC-132b","HCFC-221","HCFC-233","HCFC-253"]
[null,null,"HCFC-121","HCFC-133a","HCFC-222","HCFC-234","HCFC-261"]
[null,null,"HCFC-122","HCFC-141","HCFC-223","HCFC-235","HCFC-262"]
[null,null,"HCFC-123","HCFC-141a","HCFC-224","HCFC-241","HCFC-271"]
[null,null,"HCFC-123a","HCFC-141b","HCFC-225ca","HCFC-242"]
[null,null,"HCFC-123b","HCFC-142","HCFC-225cb","HCFC-243"]
[null,null,"HCFC-124","HCFC-142a","HCFC-226","HCFC-244"]

{"sheet":"Lists","index":7,"n_rows":66,"n_cols":7,"rows_kept":66}
[]
[null,"Chemical Name","Submission Type","Reporting Year","Current Year","Method used to determine mass of emissions","Process activity used to estimate emissions"]
[null,"CFC-12","Original Submission",2024,{"$f":"YEAR(TODAY())","v":2024},"Process vent-specific emission factor","Tons of product produced"]
[null,"CFC-13","Re-Submittal",2025,null,"Process vent-specific emission calculation factor","Tons of reactant consumed"]
[null,"CFC-111",null,2026]
[null,"CFC-112",null,2027]
[null,"CFC-113",null,2028]
[null,"CFC-114",null,2029]
[null,"CFC-115",null,2030]
[null,"CFC-211",null,2031]
[null,"CFC-212",null,2032]
[null,"CFC-213",null,2033]
[null,"CFC-214",null,2034]
[null,"CFC-215",null,2035]
[null,"CFC-216"]
[null,"CFC-217"]
[null,"Halon 1202"]
[null,"Halon 1211"]
[null,"Halon 1301"]
[null,"Halon 2402"]
[null,"CBM"]
[null,"CCL4"]
[null,"CH3CCL3"]
[null,"HBFCs"]
[null,"HCFC-21"]
[null,"HCFC-22"]
[null,"HCFC-31"]
[null,"HCFC-121"]
[null,"HCFC-122"]
[null,"HCFC-123"]
[null,"HCFC-123a"]
[null,"HCFC-123b"]
[null,"HCFC-124"]
[null,"HCFC-124a"]
[null,"HCFC-131"]
[null,"HCFC-132b"]
[null,"HCFC-133a"]
[null,"HCFC-141"]
[null,"HCFC-141a"]
[null,"HCFC-141b"]
[null,"HCFC-142"]
[null,"HCFC-142a"]
[null,"HCFC-142b"]
[null,"HCFC-151"]
[null,"HCFC-221"]
[null,"HCFC-222"]
[null,"HCFC-223"]
[null,"HCFC-224"]
[null,"HCFC-225ca"]
[null,"HCFC-225cb"]
[null,"HCFC-226"]
[null,"HCFC-231"]
[null,"HCFC-232"]
[null,"HCFC-233"]
[null,"HCFC-234"]
[null,"HCFC-235"]
[null,"HCFC-241"]
[null,"HCFC-242"]
[null,"HCFC-243"]
[null,"HCFC-244"]
[null,"HCFC-251"]
[null,"HCFC-252"]
[null,"HCFC-253"]
[null,"HCFC-261"]
[null,"HCFC-262"]
[null,"HCFC-271"]